[INFO] fetching crate set-trie 0.2.3...
[INFO] testing set-trie-0.2.3 against 1.100.0-beta.1+cargoflags=--release for beta-release-1.100-2
[INFO] extracting crate set-trie 0.2.3 into /workspace/builds/worker-4-tc2/source
[INFO] started tweaking crates.io crate set-trie 0.2.3
[INFO] finished tweaking crates.io crate set-trie 0.2.3
[INFO] tweaked toml for crates.io crate set-trie 0.2.3 written to /workspace/builds/worker-4-tc2/source/Cargo.toml
[INFO] validating manifest of crates.io crate set-trie 0.2.3 on toolchain 1.100.0-beta.1
[INFO] running `Command { std: CARGO_HOME="/workspace/cargo-home" RUSTUP_HOME="/workspace/rustup-home" "/workspace/cargo-home/bin/cargo" "+1.100.0-beta.1" "metadata" "--manifest-path" "Cargo.toml" "--no-deps", kill_on_drop: false }`
[INFO] running `Command { std: CARGO_HOME="/workspace/cargo-home" RUSTUP_HOME="/workspace/rustup-home" "/workspace/cargo-home/bin/cargo" "+1.100.0-beta.1" "generate-lockfile" "--manifest-path" "Cargo.toml", kill_on_drop: false }`
[INFO] [stderr]     Updating crates.io index
[INFO] [stderr]      Locking 112 packages to highest compatible versions
[INFO] [stderr]       Adding criterion v0.3.6 (available: v0.8.2)
[INFO] [stderr]       Adding proptest v0.10.1 (available: v1.12.0)
[INFO] [stderr]       Adding proptest-derive v0.1.2 (available: v0.9.0)
[INFO] [stderr]       Adding skeptic v0.13.7 (available: v0.14.1)
[INFO] running `Command { std: CARGO_HOME="/workspace/cargo-home" RUSTUP_HOME="/workspace/rustup-home" "/workspace/cargo-home/bin/cargo" "+1.100.0-beta.1" "fetch" "--manifest-path" "Cargo.toml", kill_on_drop: false }`
[INFO] running `Command { std: "docker" "create" "-v" "/var/lib/crater-agent-workspace/builds/worker-4-tc2/source:/opt/rustwide/workdir:ro,Z" "-v" "/var/lib/crater-agent-workspace/builds/worker-4-tc2/target:/opt/rustwide/target:rw,Z" "-v" "/var/lib/crater-agent-workspace/cargo-home:/opt/rustwide/cargo-home:ro,Z" "-v" "/var/lib/crater-agent-workspace/rustup-home:/opt/rustwide/rustup-home:ro,Z" "-m" "1610612736" "--network" "none" "ghcr.io/rust-lang/crates-build-env/linux@sha256:77db811e55d90add9212f6832c23229e3de5f1c1f9905e8cb07319ea15df73ac" "sleep" "infinity", kill_on_drop: false }`
[INFO] [stdout] 8fcdbfba9f1318ed7792722beacacacc0c4809c4770abc6ff6322479ca789612
[INFO] running `Command { std: "docker" "start" "8fcdbfba9f1318ed7792722beacacacc0c4809c4770abc6ff6322479ca789612", kill_on_drop: false }`
[INFO] running `Command { std: "docker" "inspect" "8fcdbfba9f1318ed7792722beacacacc0c4809c4770abc6ff6322479ca789612", kill_on_drop: false }`
[INFO] running `Command { std: "docker" "exec" "-e" "SOURCE_DIR=/opt/rustwide/workdir" "-e" "CARGO_HOME=/opt/rustwide/cargo-home" "-e" "RUSTUP_HOME=/opt/rustwide/rustup-home" "-e" "CARGO_TARGET_DIR=/opt/rustwide/target" "-w" "/opt/rustwide/workdir" "--user" "0:0" "8fcdbfba9f1318ed7792722beacacacc0c4809c4770abc6ff6322479ca789612" "/opt/rustwide/cargo-home/bin/cargo" "+1.100.0-beta.1" "metadata" "--no-deps" "--format-version=1", kill_on_drop: false }`
[INFO] running `Command { std: "docker" "inspect" "8fcdbfba9f1318ed7792722beacacacc0c4809c4770abc6ff6322479ca789612", kill_on_drop: false }`
[INFO] running `Command { std: "docker" "exec" "-e" "SOURCE_DIR=/opt/rustwide/workdir" "-e" "CARGO_HOME=/opt/rustwide/cargo-home" "-e" "RUSTUP_HOME=/opt/rustwide/rustup-home" "-e" "CARGO_TARGET_DIR=/opt/rustwide/target" "-e" "CARGO_INCREMENTAL=0" "-e" "RUST_BACKTRACE=full" "-e" "RUSTFLAGS=--cap-lints=warn" "-e" "RUSTDOCFLAGS=--cap-lints=warn" "-w" "/opt/rustwide/workdir" "--user" "0:0" "8fcdbfba9f1318ed7792722beacacacc0c4809c4770abc6ff6322479ca789612" "/opt/rustwide/cargo-home/bin/cargo" "+1.100.0-beta.1" "build" "--frozen" "--message-format=json" "--release", kill_on_drop: false }`
[INFO] [stderr]    Compiling rustix v1.1.5
[INFO] [stderr]    Compiling serde_json v1.0.154
[INFO] [stderr]    Compiling camino v1.2.6
[INFO] [stderr]    Compiling bitflags v2.13.2
[INFO] [stderr]    Compiling itoa v1.0.18
[INFO] [stderr]    Compiling serde v1.0.229
[INFO] [stderr]    Compiling zmij v1.0.23
[INFO] [stderr]    Compiling libc v0.2.191
[INFO] [stderr]    Compiling error-chain v0.12.4
[INFO] [stderr]    Compiling getrandom v0.4.3
[INFO] [stderr]    Compiling linux-raw-sys v0.12.1
[INFO] [stderr]    Compiling pulldown-cmark v0.9.6
[INFO] [stderr]    Compiling unicase v2.10.0
[INFO] [stderr]    Compiling semver v1.0.28
[INFO] [stderr]    Compiling syn v3.0.9
[INFO] [stderr]    Compiling fastrand v2.5.0
[INFO] [stderr]    Compiling once_cell v1.21.4
[INFO] [stderr]    Compiling bytecount v0.6.9
[INFO] [stderr]    Compiling tempfile v3.27.0
[INFO] [stderr]    Compiling serde_derive v1.0.229
[INFO] [stderr]    Compiling cargo-platform v0.1.9
[INFO] [stderr]    Compiling cargo_metadata v0.14.2
[INFO] [stderr]    Compiling skeptic v0.13.7
[INFO] [stderr]    Compiling set-trie v0.2.3 (/opt/rustwide/workdir)
[INFO] [stdout] warning: hiding a lifetime that's elided elsewhere is confusing
[INFO] [stdout]    --> src/lib.rs:132:9
[INFO] [stdout]     |
[INFO] [stdout] 132 |         &mut self,
[INFO] [stdout]     |         ^^^^^^^^^ the lifetime is elided here
[INFO] [stdout] 133 |         keys: IK,
[INFO] [stdout] 134 |     ) -> EntryBuilder<K, T, IK::IntoIter> {
[INFO] [stdout]     |          ^^^^^^^^^^^^^^^^^^^^^^^^^^^^^^^^ the same lifetime is hidden here
[INFO] [stdout]     |
[INFO] [stdout]     = help: the same lifetime is referred to in inconsistent ways, making the signature confusing
[INFO] [stdout]     = note: `#[warn(mismatched_lifetime_syntaxes)]` on by default
[INFO] [stdout] help: use `'_` for type paths
[INFO] [stdout]     |
[INFO] [stdout] 134 |     ) -> EntryBuilder<'_, K, T, IK::IntoIter> {
[INFO] [stdout]     |                       +++
[INFO] [stdout] 
[INFO] [stdout] 
[INFO] [stdout] warning: hiding a lifetime that's elided elsewhere is confusing
[INFO] [stdout]    --> src/lib.rs:181:19
[INFO] [stdout]     |
[INFO] [stdout] 181 |     pub fn values(&self) -> Values<K, T> {
[INFO] [stdout]     |                   ^^^^^     ^^^^^^^^^^^^ the same lifetime is hidden here
[INFO] [stdout]     |                   |
[INFO] [stdout]     |                   the lifetime is elided here
[INFO] [stdout]     |
[INFO] [stdout]     = help: the same lifetime is referred to in inconsistent ways, making the signature confusing
[INFO] [stdout] help: use `'_` for type paths
[INFO] [stdout]     |
[INFO] [stdout] 181 |     pub fn values(&self) -> Values<'_, K, T> {
[INFO] [stdout]     |                                    +++
[INFO] [stdout] 
[INFO] [stdout] 
[INFO] [stdout] warning: hiding a lifetime that's elided elsewhere is confusing
[INFO] [stdout]   --> src/values.rs:12:35
[INFO] [stdout]    |
[INFO] [stdout] 12 |     pub(crate) const fn new(trie: &SetTrie<K, T>) -> Values<K, T> {
[INFO] [stdout]    |                                   ^^^^^^^^^^^^^^     ^^^^^^^^^^^^ the same lifetime is hidden here
[INFO] [stdout]    |                                   |
[INFO] [stdout]    |                                   the lifetime is elided here
[INFO] [stdout]    |
[INFO] [stdout]    = help: the same lifetime is referred to in inconsistent ways, making the signature confusing
[INFO] [stdout] help: use `'_` for type paths
[INFO] [stdout]    |
[INFO] [stdout] 12 |     pub(crate) const fn new(trie: &SetTrie<K, T>) -> Values<'_, K, T> {
[INFO] [stdout]    |                                                             +++
[INFO] [stdout] 
[INFO] [stdout] 
[INFO] [stderr]     Finished `release` profile [optimized] target(s) in 15.17s
[INFO] running `Command { std: "docker" "inspect" "8fcdbfba9f1318ed7792722beacacacc0c4809c4770abc6ff6322479ca789612", kill_on_drop: false }`
[INFO] running `Command { std: "docker" "exec" "-e" "SOURCE_DIR=/opt/rustwide/workdir" "-e" "CARGO_HOME=/opt/rustwide/cargo-home" "-e" "RUSTUP_HOME=/opt/rustwide/rustup-home" "-e" "CARGO_TARGET_DIR=/opt/rustwide/target" "-e" "CARGO_INCREMENTAL=0" "-e" "RUST_BACKTRACE=full" "-e" "RUSTFLAGS=--cap-lints=warn" "-e" "RUSTDOCFLAGS=--cap-lints=warn" "-w" "/opt/rustwide/workdir" "--user" "0:0" "8fcdbfba9f1318ed7792722beacacacc0c4809c4770abc6ff6322479ca789612" "/opt/rustwide/cargo-home/bin/cargo" "+1.100.0-beta.1" "test" "--frozen" "--no-run" "--message-format=json" "--release", kill_on_drop: false }`
[INFO] [stderr]    Compiling serde_core v1.0.229
[INFO] [stderr]    Compiling getrandom v0.1.16
[INFO] [stderr]    Compiling bitflags v2.13.2
[INFO] [stderr]    Compiling zerocopy v0.8.63
[INFO] [stderr]    Compiling num-traits v0.2.19
[INFO] [stderr]    Compiling rustix v1.1.5
[INFO] [stderr]    Compiling serde_json v1.0.154
[INFO] [stderr]    Compiling proc-macro2 v0.4.30
[INFO] [stderr]    Compiling getrandom v0.4.3
[INFO] [stderr]    Compiling fastrand v2.5.0
[INFO] [stderr]    Compiling camino v1.2.6
[INFO] [stderr]    Compiling syn v0.15.44
[INFO] [stderr]    Compiling plotters-backend v0.3.7
[INFO] [stderr]    Compiling textwrap v0.11.0
[INFO] [stderr]    Compiling wait-timeout v0.2.1
[INFO] [stderr]    Compiling error-chain v0.12.4
[INFO] [stderr]    Compiling pulldown-cmark v0.9.6
[INFO] [stderr]    Compiling csv-core v0.1.13
[INFO] [stderr]    Compiling bit-vec v0.6.3
[INFO] [stderr]    Compiling half v1.8.3
[INFO] [stderr]    Compiling quick-error v1.2.3
[INFO] [stderr]    Compiling unicase v2.10.0
[INFO] [stderr]    Compiling rand_core v0.5.1
[INFO] [stderr]    Compiling plotters-svg v0.3.7
[INFO] [stderr]    Compiling bit-set v0.5.3
[INFO] [stderr]    Compiling rand_xorshift v0.2.0
[INFO] [stderr]    Compiling clap v2.34.0
[INFO] [stderr]    Compiling criterion-plot v0.4.5
[INFO] [stderr]    Compiling rayon v1.12.0
[INFO] [stderr]    Compiling atty v0.2.14
[INFO] [stderr]    Compiling regex-syntax v0.6.29
[INFO] [stderr]    Compiling glob v0.3.4
[INFO] [stderr]    Compiling bytecount v0.6.9
[INFO] [stdout] warning: hiding a lifetime that's elided elsewhere is confusing
[INFO] [stdout]    --> src/lib.rs:132:9
[INFO] [stdout]     |
[INFO] [stdout] 132 |         &mut self,
[INFO] [stdout]     |         ^^^^^^^^^ the lifetime is elided here
[INFO] [stdout] 133 |         keys: IK,
[INFO] [stdout] 134 |     ) -> EntryBuilder<K, T, IK::IntoIter> {
[INFO] [stdout]     |          ^^^^^^^^^^^^^^^^^^^^^^^^^^^^^^^^ the same lifetime is hidden here
[INFO] [stdout]     |
[INFO] [stdout]     = help: the same lifetime is referred to in inconsistent ways, making the signature confusing
[INFO] [stdout]     = note: `#[warn(mismatched_lifetime_syntaxes)]` on by default
[INFO] [stdout] help: use `'_` for type paths
[INFO] [stdout]     |
[INFO] [stdout] 134 |     ) -> EntryBuilder<'_, K, T, IK::IntoIter> {
[INFO] [stdout]     |                       +++
[INFO] [stdout] 
[INFO] [stdout] 
[INFO] [stdout] warning: hiding a lifetime that's elided elsewhere is confusing
[INFO] [stdout]    --> src/lib.rs:181:19
[INFO] [stdout]     |
[INFO] [stdout] 181 |     pub fn values(&self) -> Values<K, T> {
[INFO] [stdout]     |                   ^^^^^     ^^^^^^^^^^^^ the same lifetime is hidden here
[INFO] [stdout]     |                   |
[INFO] [stdout]     |                   the lifetime is elided here
[INFO] [stdout]     |
[INFO] [stdout]     = help: the same lifetime is referred to in inconsistent ways, making the signature confusing
[INFO] [stdout] help: use `'_` for type paths
[INFO] [stdout]     |
[INFO] [stdout] 181 |     pub fn values(&self) -> Values<'_, K, T> {
[INFO] [stdout]     |                                    +++
[INFO] [stdout] 
[INFO] [stdout] 
[INFO] [stdout] warning: hiding a lifetime that's elided elsewhere is confusing
[INFO] [stdout]   --> src/values.rs:12:35
[INFO] [stdout]    |
[INFO] [stdout] 12 |     pub(crate) const fn new(trie: &SetTrie<K, T>) -> Values<K, T> {
[INFO] [stdout]    |                                   ^^^^^^^^^^^^^^     ^^^^^^^^^^^^ the same lifetime is hidden here
[INFO] [stdout]    |                                   |
[INFO] [stdout]    |                                   the lifetime is elided here
[INFO] [stdout]    |
[INFO] [stdout]    = help: the same lifetime is referred to in inconsistent ways, making the signature confusing
[INFO] [stdout] help: use `'_` for type paths
[INFO] [stdout]    |
[INFO] [stdout] 12 |     pub(crate) const fn new(trie: &SetTrie<K, T>) -> Values<'_, K, T> {
[INFO] [stdout]    |                                                             +++
[INFO] [stdout] 
[INFO] [stdout] 
[INFO] [stderr]    Compiling quote v0.6.13
[INFO] [stderr]    Compiling plotters v0.3.7
[INFO] [stderr]    Compiling tempfile v3.27.0
[INFO] [stderr]    Compiling rusty-fork v0.3.1
[INFO] [stderr]    Compiling serde v1.0.229
[INFO] [stderr]    Compiling semver v1.0.28
[INFO] [stderr]    Compiling csv v1.4.0
[INFO] [stderr]    Compiling cargo-platform v0.1.9
[INFO] [stderr]    Compiling serde_cbor v0.11.2
[INFO] [stderr]    Compiling cargo_metadata v0.14.2
[INFO] [stderr]    Compiling tinytemplate v1.2.1
[INFO] [stderr]    Compiling criterion v0.3.6
[INFO] [stderr]    Compiling ppv-lite86 v0.2.21
[INFO] [stderr]    Compiling proptest-derive v0.1.2
[INFO] [stderr]    Compiling rand_chacha v0.2.2
[INFO] [stderr]    Compiling rand v0.7.3
[INFO] [stderr]    Compiling skeptic v0.13.7
[INFO] [stderr]    Compiling proptest v0.10.1
[INFO] [stderr]    Compiling set-trie v0.2.3 (/opt/rustwide/workdir)
[INFO] [stdout] warning: hiding a lifetime that's elided elsewhere is confusing
[INFO] [stdout]    --> src/lib.rs:132:9
[INFO] [stdout]     |
[INFO] [stdout] 132 |         &mut self,
[INFO] [stdout]     |         ^^^^^^^^^ the lifetime is elided here
[INFO] [stdout] 133 |         keys: IK,
[INFO] [stdout] 134 |     ) -> EntryBuilder<K, T, IK::IntoIter> {
[INFO] [stdout]     |          ^^^^^^^^^^^^^^^^^^^^^^^^^^^^^^^^ the same lifetime is hidden here
[INFO] [stdout]     |
[INFO] [stdout]     = help: the same lifetime is referred to in inconsistent ways, making the signature confusing
[INFO] [stdout]     = note: `#[warn(mismatched_lifetime_syntaxes)]` on by default
[INFO] [stdout] help: use `'_` for type paths
[INFO] [stdout]     |
[INFO] [stdout] 134 |     ) -> EntryBuilder<'_, K, T, IK::IntoIter> {
[INFO] [stdout]     |                       +++
[INFO] [stdout] 
[INFO] [stdout] 
[INFO] [stdout] warning: hiding a lifetime that's elided elsewhere is confusing
[INFO] [stdout]    --> src/lib.rs:181:19
[INFO] [stdout]     |
[INFO] [stdout] 181 |     pub fn values(&self) -> Values<K, T> {
[INFO] [stdout]     |                   ^^^^^     ^^^^^^^^^^^^ the same lifetime is hidden here
[INFO] [stdout]     |                   |
[INFO] [stdout]     |                   the lifetime is elided here
[INFO] [stdout]     |
[INFO] [stdout]     = help: the same lifetime is referred to in inconsistent ways, making the signature confusing
[INFO] [stdout] help: use `'_` for type paths
[INFO] [stdout]     |
[INFO] [stdout] 181 |     pub fn values(&self) -> Values<'_, K, T> {
[INFO] [stdout]     |                                    +++
[INFO] [stdout] 
[INFO] [stdout] 
[INFO] [stdout] warning: hiding a lifetime that's elided elsewhere is confusing
[INFO] [stdout]   --> src/values.rs:12:35
[INFO] [stdout]    |
[INFO] [stdout] 12 |     pub(crate) const fn new(trie: &SetTrie<K, T>) -> Values<K, T> {
[INFO] [stdout]    |                                   ^^^^^^^^^^^^^^     ^^^^^^^^^^^^ the same lifetime is hidden here
[INFO] [stdout]    |                                   |
[INFO] [stdout]    |                                   the lifetime is elided here
[INFO] [stdout]    |
[INFO] [stdout]    = help: the same lifetime is referred to in inconsistent ways, making the signature confusing
[INFO] [stdout] help: use `'_` for type paths
[INFO] [stdout]    |
[INFO] [stdout] 12 |     pub(crate) const fn new(trie: &SetTrie<K, T>) -> Values<'_, K, T> {
[INFO] [stdout]    |                                                             +++
[INFO] [stdout] 
[INFO] [stdout] 
[INFO] [stderr]     Finished `release` profile [optimized] target(s) in 1m 01s
[INFO] running `Command { std: "docker" "inspect" "8fcdbfba9f1318ed7792722beacacacc0c4809c4770abc6ff6322479ca789612", kill_on_drop: false }`
[INFO] running `Command { std: "docker" "exec" "-e" "SOURCE_DIR=/opt/rustwide/workdir" "-e" "CARGO_HOME=/opt/rustwide/cargo-home" "-e" "RUSTUP_HOME=/opt/rustwide/rustup-home" "-e" "CARGO_TARGET_DIR=/opt/rustwide/target" "-e" "CARGO_INCREMENTAL=0" "-e" "RUST_BACKTRACE=full" "-e" "RUSTFLAGS=--cap-lints=warn" "-e" "RUSTDOCFLAGS=--cap-lints=warn" "-w" "/opt/rustwide/workdir" "--user" "0:0" "8fcdbfba9f1318ed7792722beacacacc0c4809c4770abc6ff6322479ca789612" "/opt/rustwide/cargo-home/bin/cargo" "+1.100.0-beta.1" "test" "--frozen" "--release", kill_on_drop: false }`
[INFO] [stderr] warning: hiding a lifetime that's elided elsewhere is confusing
[INFO] [stderr]    --> src/lib.rs:132:9
[INFO] [stderr]     |
[INFO] [stderr] 132 |         &mut self,
[INFO] [stderr]     |         ^^^^^^^^^ the lifetime is elided here
[INFO] [stderr] 133 |         keys: IK,
[INFO] [stderr] 134 |     ) -> EntryBuilder<K, T, IK::IntoIter> {
[INFO] [stderr]     |          ^^^^^^^^^^^^^^^^^^^^^^^^^^^^^^^^ the same lifetime is hidden here
[INFO] [stderr]     |
[INFO] [stderr]     = help: the same lifetime is referred to in inconsistent ways, making the signature confusing
[INFO] [stderr]     = note: `#[warn(mismatched_lifetime_syntaxes)]` on by default
[INFO] [stderr] help: use `'_` for type paths
[INFO] [stderr]     |
[INFO] [stderr] 134 |     ) -> EntryBuilder<'_, K, T, IK::IntoIter> {
[INFO] [stderr]     |                       +++
[INFO] [stderr] 
[INFO] [stderr] warning: hiding a lifetime that's elided elsewhere is confusing
[INFO] [stderr]    --> src/lib.rs:181:19
[INFO] [stderr]     |
[INFO] [stderr] 181 |     pub fn values(&self) -> Values<K, T> {
[INFO] [stderr]     |                   ^^^^^     ^^^^^^^^^^^^ the same lifetime is hidden here
[INFO] [stderr]     |                   |
[INFO] [stderr]     |                   the lifetime is elided here
[INFO] [stderr]     |
[INFO] [stderr]     = help: the same lifetime is referred to in inconsistent ways, making the signature confusing
[INFO] [stderr] help: use `'_` for type paths
[INFO] [stderr]     |
[INFO] [stderr] 181 |     pub fn values(&self) -> Values<'_, K, T> {
[INFO] [stderr]     |                                    +++
[INFO] [stderr] 
[INFO] [stderr] warning: hiding a lifetime that's elided elsewhere is confusing
[INFO] [stderr]   --> src/values.rs:12:35
[INFO] [stderr]    |
[INFO] [stderr] 12 |     pub(crate) const fn new(trie: &SetTrie<K, T>) -> Values<K, T> {
[INFO] [stderr]    |                                   ^^^^^^^^^^^^^^     ^^^^^^^^^^^^ the same lifetime is hidden here
[INFO] [stderr]    |                                   |
[INFO] [stderr]    |                                   the lifetime is elided here
[INFO] [stderr]    |
[INFO] [stderr]    = help: the same lifetime is referred to in inconsistent ways, making the signature confusing
[INFO] [stderr] help: use `'_` for type paths
[INFO] [stderr]    |
[INFO] [stderr] 12 |     pub(crate) const fn new(trie: &SetTrie<K, T>) -> Values<'_, K, T> {
[INFO] [stderr]    |                                                             +++
[INFO] [stderr] 
[INFO] [stderr] warning: `set-trie` (lib) generated 3 warnings (run `cargo fix --lib -p set-trie` to apply 3 suggestions)
[INFO] [stderr] warning: `set-trie` (lib test) generated 3 warnings (3 duplicates)
[INFO] [stderr]     Finished `release` profile [optimized] target(s) in 0.14s
[INFO] [stderr]      Running unittests src/lib.rs (/opt/rustwide/target/release/build/set-trie/1d75baf76661f0f5/out/set_trie-1d75baf76661f0f5)
[INFO] [stdout] 
[INFO] [stdout] running 10 tests
[INFO] [stdout] test subset::tests::proptest::subset ... ignored
[INFO] [stdout] test superset::tests::proptest::superset ... ignored
[INFO] [stdout] test values::tests::proptest::values ... ignored
[INFO] [stdout] test tests::insert ... ok
[INFO] [stdout] test superset::tests::superset_small ... ok
[INFO] [stdout] test subset::tests::subsets_small ... ok
[INFO] [stdout] test superset::tests::superset_medium ... ok
[INFO] [stdout] test tests::doctests::readme_sect_set_trie_line_10 ... FAILED
[INFO] [stdout] test tests::doctests::readme_sect_restrictions_line_29 ... FAILED
[INFO] [stdout] test tests::test_stack_overflow ... ok
[INFO] [stdout] 
[INFO] [stdout] failures:
[INFO] [stdout] 
[INFO] [stdout] ---- tests::doctests::readme_sect_set_trie_line_10 stdout ----
[INFO] [stdout] error[E0432]: unresolved import `set_trie`
[INFO] [stdout]  --> /tmp/rust-skepticTM7U91/test.rs:2:5
[INFO] [stdout]   |
[INFO] [stdout] 2 | use set_trie::SetTrie;
[INFO] [stdout]   |     ^^^^^^^^ use of unresolved module or unlinked crate `set_trie`
[INFO] [stdout]   |
[INFO] [stdout]   = help: you might be missing a crate named `set_trie`
[INFO] [stdout] 
[INFO] [stdout] error: aborting due to 1 previous error
[INFO] [stdout] 
[INFO] [stdout] For more information about this error, try `rustc --explain E0432`.
[INFO] [stdout] 
[INFO] [stdout] thread 'tests::doctests::readme_sect_set_trie_line_10' (1510) panicked at /opt/rustwide/cargo-home/registry/src/index.crates.io-1949cf8c6b5b557f/skeptic-0.13.7/src/rt.rs:127:9:
[INFO] [stdout] Command failed:
[INFO] [stdout] "rustc" "/tmp/rust-skepticTM7U91/test.rs" "--verbose" "--crate-type=bin" "--edition=2024" "-L" "/opt/rustwide/target/release/build" "-L" "/opt/rustwide/target/release/build/deps" "--target" "x86_64-unknown-linux-gnu" "-o" "/tmp/rust-skepticTM7U91/out.exe"
[INFO] [stdout] stack backtrace:
[INFO] [stdout]    0:     0x5e0cad1dd981 - <<std[617be2ca0a6fd877]::sys::backtrace::BacktraceLock>::print::DisplayBacktrace as core[a373ad73a504971]::fmt::Display>::fmt
[INFO] [stdout]    1:     0x5e0cad1f475a - core[a373ad73a504971]::fmt::write
[INFO] [stdout]    2:     0x5e0cad1e355c - <alloc[2e1b2a31b91974c5]::vec::Vec<u8> as core[a373ad73a504971]::io::write::Write>::write_fmt
[INFO] [stdout]    3:     0x5e0cad1b76f6 - std[617be2ca0a6fd877]::panicking::default_hook::{closure#0}
[INFO] [stdout]    4:     0x5e0cad1d51b9 - std[617be2ca0a6fd877]::panicking::default_hook
[INFO] [stdout]    5:     0x5e0cad158fa0 - test[aada8e7e76ba119b]::test_main_inner::{closure#0}
[INFO] [stdout]    6:     0x5e0cad1d5372 - std[617be2ca0a6fd877]::panicking::panic_with_hook
[INFO] [stdout]    7:     0x5e0cad1b77a2 - std[617be2ca0a6fd877]::panicking::panic_handler::{closure#0}
[INFO] [stdout]    8:     0x5e0cad1b02c9 - std[617be2ca0a6fd877]::sys::backtrace::__rust_end_short_backtrace::<std[617be2ca0a6fd877]::panicking::panic_handler::{closure#0}, !>
[INFO] [stdout]    9:     0x5e0cad1b83ad - __rustc[ea4f61d10b84890b]::rust_begin_unwind
[INFO] [stdout]   10:     0x5e0cad1f4ebc - core[a373ad73a504971]::panicking::panic_fmt
[INFO] [stdout]   11:     0x5e0cad11129a - skeptic[62b4a10eaabaf7b0]::rt::interpret_output
[INFO] [stdout]   12:     0x5e0cad110595 - skeptic[62b4a10eaabaf7b0]::rt::handle_test
[INFO] [stdout]   13:     0x5e0cad1113da - skeptic[62b4a10eaabaf7b0]::rt::run_test
[INFO] [stdout]   14:     0x5e0cad1014dc - <set_trie[471c905401eb3411]::tests::doctests::readme_sect_set_trie_line_10::{closure#0} as core[a373ad73a504971]::ops::function::FnOnce<()>>::call_once
[INFO] [stdout]   15:     0x5e0cad14c3eb - test[aada8e7e76ba119b]::__rust_begin_short_backtrace::<core[a373ad73a504971]::result::Result<(), alloc[2e1b2a31b91974c5]::string::String>, fn() -> core[a373ad73a504971]::result::Result<(), alloc[2e1b2a31b91974c5]::string::String>>
[INFO] [stdout]   16:     0x5e0cad1595c5 - test[aada8e7e76ba119b]::run_test::{closure#0}
[INFO] [stdout]   17:     0x5e0cad152eb4 - std[617be2ca0a6fd877]::sys::backtrace::__rust_begin_short_backtrace::<test[aada8e7e76ba119b]::run_test::{closure#1}, ()>
[INFO] [stdout]   18:     0x5e0cad15c652 - <std[617be2ca0a6fd877]::thread::lifecycle::spawn_unchecked<test[aada8e7e76ba119b]::run_test::{closure#1}, ()>::{closure#1} as core[a373ad73a504971]::ops::function::FnOnce<()>>::call_once::{shim:vtable#0}
[INFO] [stdout]   19:     0x5e0cad1dcf7f - <std[617be2ca0a6fd877]::sys::thread::unix::Thread>::new::thread_start
[INFO] [stdout]   20:     0x738da68a1dfa - <unknown>
[INFO] [stdout]   21:     0x738da69353d4 - clone
[INFO] [stdout]   22:                0x0 - <unknown>
[INFO] [stdout] 
[INFO] [stdout] ---- tests::doctests::readme_sect_restrictions_line_29 stdout ----
[INFO] [stdout] error[E0432]: unresolved import `set_trie`
[INFO] [stdout]  --> /tmp/rust-skepticvJ164k/test.rs:2:5
[INFO] [stdout]   |
[INFO] [stdout] 2 | use set_trie::SetTrie;
[INFO] [stdout]   |     ^^^^^^^^ use of unresolved module or unlinked crate `set_trie`
[INFO] [stdout]   |
[INFO] [stdout]   = help: you might be missing a crate named `set_trie`
[INFO] [stdout] 
[INFO] [stdout] error: aborting due to 1 previous error
[INFO] [stdout] 
[INFO] [stdout] For more information about this error, try `rustc --explain E0432`.
[INFO] [stdout] 
[INFO] [stdout] thread 'tests::doctests::readme_sect_restrictions_line_29' (1509) panicked at /opt/rustwide/cargo-home/registry/src/index.crates.io-1949cf8c6b5b557f/skeptic-0.13.7/src/rt.rs:127:9:
[INFO] [stdout] Command failed:
[INFO] [stdout] "rustc" "/tmp/rust-skepticvJ164k/test.rs" "--verbose" "--crate-type=bin" "--edition=2024" "-L" "/opt/rustwide/target/release/build" "-L" "/opt/rustwide/target/release/build/deps" "--target" "x86_64-unknown-linux-gnu" "-o" "/tmp/rust-skepticvJ164k/out.exe"
[INFO] [stdout] stack backtrace:
[INFO] [stdout]    0:     0x5e0cad1dd981 - <<std[617be2ca0a6fd877]::sys::backtrace::BacktraceLock>::print::DisplayBacktrace as core[a373ad73a504971]::fmt::Display>::fmt
[INFO] [stdout]    1:     0x5e0cad1f475a - core[a373ad73a504971]::fmt::write
[INFO] [stdout]    2:     0x5e0cad1e355c - <alloc[2e1b2a31b91974c5]::vec::Vec<u8> as core[a373ad73a504971]::io::write::Write>::write_fmt
[INFO] [stdout]    3:     0x5e0cad1b76f6 - std[617be2ca0a6fd877]::panicking::default_hook::{closure#0}
[INFO] [stdout]    4:     0x5e0cad1d51b9 - std[617be2ca0a6fd877]::panicking::default_hook
[INFO] [stdout]    5:     0x5e0cad158fa0 - test[aada8e7e76ba119b]::test_main_inner::{closure#0}
[INFO] [stdout]    6:     0x5e0cad1d5372 - std[617be2ca0a6fd877]::panicking::panic_with_hook
[INFO] [stdout]    7:     0x5e0cad1b77a2 - std[617be2ca0a6fd877]::panicking::panic_handler::{closure#0}
[INFO] [stdout]    8:     0x5e0cad1b02c9 - std[617be2ca0a6fd877]::sys::backtrace::__rust_end_short_backtrace::<std[617be2ca0a6fd877]::panicking::panic_handler::{closure#0}, !>
[INFO] [stdout]    9:     0x5e0cad1b83ad - __rustc[ea4f61d10b84890b]::rust_begin_unwind
[INFO] [stdout]   10:     0x5e0cad1f4ebc - core[a373ad73a504971]::panicking::panic_fmt
[INFO] [stdout]   11:     0x5e0cad11129a - skeptic[62b4a10eaabaf7b0]::rt::interpret_output
[INFO] [stdout]   12:     0x5e0cad110595 - skeptic[62b4a10eaabaf7b0]::rt::handle_test
[INFO] [stdout]   13:     0x5e0cad1113da - skeptic[62b4a10eaabaf7b0]::rt::run_test
[INFO] [stdout]   14:     0x5e0cad1015ac - <set_trie[471c905401eb3411]::tests::doctests::readme_sect_restrictions_line_29::{closure#0} as core[a373ad73a504971]::ops::function::FnOnce<()>>::call_once
[INFO] [stdout]   15:     0x5e0cad14c3eb - test[aada8e7e76ba119b]::__rust_begin_short_backtrace::<core[a373ad73a504971]::result::Result<(), alloc[2e1b2a31b91974c5]::string::String>, fn() -> core[a373ad73a504971]::result::Result<(), alloc[2e1b2a31b91974c5]::string::String>>
[INFO] [stdout]   16:     0x5e0cad1595c5 - test[aada8e7e76ba119b]::run_test::{closure#0}
[INFO] [stdout]   17:     0x5e0cad152eb4 - std[617be2ca0a6fd877]::sys::backtrace::__rust_begin_short_backtrace::<test[aada8e7e76ba119b]::run_test::{closure#1}, ()>
[INFO] [stdout]   18:     0x5e0cad15c652 - <std[617be2ca0a6fd877]::thread::lifecycle::spawn_unchecked<test[aada8e7e76ba119b]::run_test::{closure#1}, ()>::{closure#1} as core[a373ad73a504971]::ops::function::FnOnce<()>>::call_once::{shim:vtable#0}
[INFO] [stdout]   19:     0x5e0cad1dcf7f - <std[617be2ca0a6fd877]::sys::thread::unix::Thread>::new::thread_start
[INFO] [stdout]   20:     0x738da68a1dfa - <unknown>
[INFO] [stdout]   21:     0x738da69353d4 - clone
[INFO] [stdout]   22:                0x0 - <unknown>
[INFO] [stdout] 
[INFO] [stdout] 
[INFO] [stdout] failures:
[INFO] [stdout]     tests::doctests::readme_sect_restrictions_line_29
[INFO] [stdout]     tests::doctests::readme_sect_set_trie_line_10
[INFO] [stdout] 
[INFO] [stdout] test result: FAILED. 5 passed; 2 failed; 3 ignored; 0 measured; 0 filtered out; finished in 1.43s
[INFO] [stdout] 
[INFO] [stderr] error: test failed, to rerun pass `--lib`
[INFO] running `Command { std: "docker" "inspect" "8fcdbfba9f1318ed7792722beacacacc0c4809c4770abc6ff6322479ca789612", kill_on_drop: false }`
[INFO] running `Command { std: "docker" "rm" "-f" "8fcdbfba9f1318ed7792722beacacacc0c4809c4770abc6ff6322479ca789612", kill_on_drop: false }`
[INFO] [stdout] 8fcdbfba9f1318ed7792722beacacacc0c4809c4770abc6ff6322479ca789612
