[INFO] fetching crate servlin 0.8.0...
[INFO] testing servlin-0.8.0 against 1.99.0-beta.8+cargoflags=--release for beta-release-1.100-2
[INFO] extracting crate servlin 0.8.0 into /workspace/builds/worker-2-tc1/source
[INFO] started tweaking crates.io crate servlin 0.8.0
[INFO] removed 0 missing examples
[INFO] removed 0 missing tests
[INFO] finished tweaking crates.io crate servlin 0.8.0
[INFO] tweaked toml for crates.io crate servlin 0.8.0 written to /workspace/builds/worker-2-tc1/source/Cargo.toml
[INFO] validating manifest of crates.io crate servlin 0.8.0 on toolchain 1.99.0-beta.8
[INFO] running `Command { std: CARGO_HOME="/workspace/cargo-home" RUSTUP_HOME="/workspace/rustup-home" "/workspace/cargo-home/bin/cargo" "+1.99.0-beta.8" "metadata" "--manifest-path" "Cargo.toml" "--no-deps", kill_on_drop: false }`
[INFO] crate crates.io crate servlin 0.8.0 already has a lockfile, it will not be regenerated
[INFO] running `Command { std: CARGO_HOME="/workspace/cargo-home" RUSTUP_HOME="/workspace/rustup-home" "/workspace/cargo-home/bin/cargo" "+1.99.0-beta.8" "fetch" "--manifest-path" "Cargo.toml", kill_on_drop: false }`
[INFO] [stderr]     Updating crates.io index
[INFO] [stderr]  Downloading crates ...
[INFO] [stderr]   Downloaded temp-file v0.1.9
[INFO] [stderr]   Downloaded safina-macros v0.1.3
[INFO] [stderr]   Downloaded temp-dir v0.1.16
[INFO] [stderr]   Downloaded safina v0.7.0
[INFO] [stderr]   Downloaded safe-quote v1.0.40
[INFO] [stderr]   Downloaded safe-proc-macro2 v1.0.95
[INFO] [stderr]   Downloaded safe-regex-macro v0.3.0
[INFO] [stderr]   Downloaded permit v0.2.1
[INFO] [stderr]   Downloaded fixed-buffer v1.0.2
[INFO] [stderr]   Downloaded safe-regex v0.3.0
[INFO] [stderr]   Downloaded safe-regex-compiler v0.3.0
[INFO] running `Command { std: "docker" "create" "-v" "/var/lib/crater-agent-workspace/builds/worker-2-tc1/source:/opt/rustwide/workdir:ro,Z" "-v" "/var/lib/crater-agent-workspace/builds/worker-2-tc1/target:/opt/rustwide/target:rw,Z" "-v" "/var/lib/crater-agent-workspace/cargo-home:/opt/rustwide/cargo-home:ro,Z" "-v" "/var/lib/crater-agent-workspace/rustup-home:/opt/rustwide/rustup-home:ro,Z" "-m" "1610612736" "--network" "none" "ghcr.io/rust-lang/crates-build-env/linux@sha256:77db811e55d90add9212f6832c23229e3de5f1c1f9905e8cb07319ea15df73ac" "sleep" "infinity", kill_on_drop: false }`
[INFO] [stdout] c741dcadb31e46974f69f72e3b090f078c4519c6f1426676397a6ae26138ed33
[INFO] running `Command { std: "docker" "start" "c741dcadb31e46974f69f72e3b090f078c4519c6f1426676397a6ae26138ed33", kill_on_drop: false }`
[INFO] running `Command { std: "docker" "inspect" "c741dcadb31e46974f69f72e3b090f078c4519c6f1426676397a6ae26138ed33", kill_on_drop: false }`
[INFO] running `Command { std: "docker" "exec" "-e" "SOURCE_DIR=/opt/rustwide/workdir" "-e" "CARGO_HOME=/opt/rustwide/cargo-home" "-e" "RUSTUP_HOME=/opt/rustwide/rustup-home" "-e" "CARGO_TARGET_DIR=/opt/rustwide/target" "-w" "/opt/rustwide/workdir" "--user" "0:0" "c741dcadb31e46974f69f72e3b090f078c4519c6f1426676397a6ae26138ed33" "/opt/rustwide/cargo-home/bin/cargo" "+1.99.0-beta.8" "metadata" "--no-deps" "--format-version=1", kill_on_drop: false }`
[INFO] running `Command { std: "docker" "inspect" "c741dcadb31e46974f69f72e3b090f078c4519c6f1426676397a6ae26138ed33", kill_on_drop: false }`
[INFO] running `Command { std: "docker" "exec" "-e" "SOURCE_DIR=/opt/rustwide/workdir" "-e" "CARGO_HOME=/opt/rustwide/cargo-home" "-e" "RUSTUP_HOME=/opt/rustwide/rustup-home" "-e" "CARGO_TARGET_DIR=/opt/rustwide/target" "-e" "CARGO_INCREMENTAL=0" "-e" "RUST_BACKTRACE=full" "-e" "RUSTFLAGS=--cap-lints=warn" "-e" "RUSTDOCFLAGS=--cap-lints=warn" "-w" "/opt/rustwide/workdir" "--user" "0:0" "c741dcadb31e46974f69f72e3b090f078c4519c6f1426676397a6ae26138ed33" "/opt/rustwide/cargo-home/bin/cargo" "+1.99.0-beta.8" "build" "--frozen" "--message-format=json" "--release", kill_on_drop: false }`
[INFO] [stderr]    Compiling crossbeam-utils v0.8.21
[INFO] [stderr]    Compiling futures-io v0.3.31
[INFO] [stderr]    Compiling futures-core v0.3.31
[INFO] [stderr]    Compiling safe-proc-macro2 v1.0.95
[INFO] [stderr]    Compiling cfg-if v1.0.1
[INFO] [stderr]    Compiling libc v0.2.174
[INFO] [stderr]    Compiling rustix v1.0.7
[INFO] [stderr]    Compiling linux-raw-sys v0.9.4
[INFO] [stderr]    Compiling tracing-core v0.1.34
[INFO] [stderr]    Compiling slab v0.4.10
[INFO] [stderr]    Compiling permit v0.2.1
[INFO] [stderr]    Compiling safina v0.7.0
[INFO] [stderr]    Compiling temp-dir v0.1.16
[INFO] [stderr]    Compiling temp-file v0.1.9
[INFO] [stderr]    Compiling futures-lite v2.6.0
[INFO] [stderr]    Compiling piper v0.2.4
[INFO] [stderr]    Compiling fixed-buffer v1.0.2
[INFO] [stderr]    Compiling tracing v0.1.41
[INFO] [stderr]    Compiling concurrent-queue v2.5.0
[INFO] [stderr]    Compiling safe-quote v1.0.40
[INFO] [stderr]    Compiling event-listener v5.4.0
[INFO] [stderr]    Compiling safe-regex-compiler v0.3.0
[INFO] [stderr]    Compiling event-listener-strategy v0.5.4
[INFO] [stderr]    Compiling async-channel v2.5.0
[INFO] [stderr]    Compiling async-lock v3.4.0
[INFO] [stderr]    Compiling getrandom v0.2.16
[INFO] [stderr]    Compiling blocking v1.6.2
[INFO] [stderr]    Compiling rand_core v0.6.4
[INFO] [stderr]    Compiling rand v0.8.5
[INFO] [stderr]    Compiling safe-regex-macro v0.3.0
[INFO] [stderr]    Compiling async-fs v2.1.2
[INFO] [stderr]    Compiling safe-regex v0.3.0
[INFO] [stderr]    Compiling polling v3.8.0
[INFO] [stderr]    Compiling async-io v2.4.1
[INFO] [stderr]    Compiling async-net v2.0.0
[INFO] [stderr]    Compiling servlin v0.8.0 (/opt/rustwide/workdir)
[INFO] [stderr]     Finished `release` profile [optimized] target(s) in 17.82s
[INFO] running `Command { std: "docker" "inspect" "c741dcadb31e46974f69f72e3b090f078c4519c6f1426676397a6ae26138ed33", kill_on_drop: false }`
[INFO] running `Command { std: "docker" "exec" "-e" "SOURCE_DIR=/opt/rustwide/workdir" "-e" "CARGO_HOME=/opt/rustwide/cargo-home" "-e" "RUSTUP_HOME=/opt/rustwide/rustup-home" "-e" "CARGO_TARGET_DIR=/opt/rustwide/target" "-e" "CARGO_INCREMENTAL=0" "-e" "RUST_BACKTRACE=full" "-e" "RUSTFLAGS=--cap-lints=warn" "-e" "RUSTDOCFLAGS=--cap-lints=warn" "-w" "/opt/rustwide/workdir" "--user" "0:0" "c741dcadb31e46974f69f72e3b090f078c4519c6f1426676397a6ae26138ed33" "/opt/rustwide/cargo-home/bin/cargo" "+1.99.0-beta.8" "test" "--frozen" "--no-run" "--message-format=json" "--release", kill_on_drop: false }`
[INFO] [stderr]    Compiling libc v0.2.174
[INFO] [stderr]    Compiling signal-hook v0.3.18
[INFO] [stderr]    Compiling safina-macros v0.1.3
[INFO] [stderr]    Compiling safina v0.7.0
[INFO] [stderr]    Compiling getrandom v0.2.16
[INFO] [stderr]    Compiling signal-hook-registry v1.4.5
[INFO] [stderr]    Compiling rand_core v0.6.4
[INFO] [stderr]    Compiling rand v0.8.5
[INFO] [stderr]    Compiling servlin v0.8.0 (/opt/rustwide/workdir)
[INFO] [stderr]     Finished `release` profile [optimized] target(s) in 49.86s
[INFO] running `Command { std: "docker" "inspect" "c741dcadb31e46974f69f72e3b090f078c4519c6f1426676397a6ae26138ed33", kill_on_drop: false }`
[INFO] running `Command { std: "docker" "exec" "-e" "SOURCE_DIR=/opt/rustwide/workdir" "-e" "CARGO_HOME=/opt/rustwide/cargo-home" "-e" "RUSTUP_HOME=/opt/rustwide/rustup-home" "-e" "CARGO_TARGET_DIR=/opt/rustwide/target" "-e" "CARGO_INCREMENTAL=0" "-e" "RUST_BACKTRACE=full" "-e" "RUSTFLAGS=--cap-lints=warn" "-e" "RUSTDOCFLAGS=--cap-lints=warn" "-w" "/opt/rustwide/workdir" "--user" "0:0" "c741dcadb31e46974f69f72e3b090f078c4519c6f1426676397a6ae26138ed33" "/opt/rustwide/cargo-home/bin/cargo" "+1.99.0-beta.8" "test" "--frozen" "--release", kill_on_drop: false }`
[INFO] [stderr]     Finished `release` profile [optimized] target(s) in 0.08s
[INFO] [stderr]      Running unittests src/lib.rs (/opt/rustwide/target/release/deps/servlin-7ab8b3463713558d)
[INFO] [stdout] 
[INFO] [stdout] running 0 tests
[INFO] [stdout] 
[INFO] [stdout] test result: ok. 0 passed; 0 failed; 0 ignored; 0 measured; 0 filtered out; finished in 0.00s
[INFO] [stdout] 
[INFO] [stderr]      Running tests/cookie.rs (/opt/rustwide/target/release/deps/cookie-01266546d233ce27)
[INFO] [stdout] 
[INFO] [stdout] running 10 tests
[INFO] [stdout] test new ... ok
[INFO] [stdout] test with_max_age ... ok
[INFO] [stdout] test with_expires ... ok
[INFO] [stdout] test empty_value ... ok
[INFO] [stdout] test with_same_site ... ok
[INFO] [stdout] test with_path ... ok
[INFO] [stdout] test with_http_only_true ... ok
[INFO] [stdout] test with_secure ... ok
[INFO] [stdout] test empty_name_should_panic - should panic ... ok
[INFO] [stdout] test with_domain ... ok
[INFO] [stdout] 
[INFO] [stdout] test result: ok. 10 passed; 0 failed; 0 ignored; 0 measured; 0 filtered out; finished in 0.00s
[INFO] [stdout] 
[INFO] [stderr]      Running tests/event.rs (/opt/rustwide/target/release/deps/event-95d239506e3acf00)
[INFO] [stdout] 
[INFO] [stdout] running 4 tests
[INFO] [stdout] test already_closed ... ok
[INFO] [stdout] test single_message ... ok
[INFO] [stdout] test empty ... ok
[INFO] [stdout] test multiple_messages ... ok
[INFO] [stdout] 
[INFO] [stdout] test result: ok. 4 passed; 0 failed; 0 ignored; 0 measured; 0 filtered out; finished in 0.44s
[INFO] [stdout] 
[INFO] [stderr]      Running tests/handler.rs (/opt/rustwide/target/release/deps/handler-c92fc64636b7fce5)
[INFO] [stdout] 
[INFO] [stdout] running 30 tests
[INFO] [stdout] test connection_close_on_5xx ... ok
[INFO] [stdout] test chunked_not_last ... ok
[INFO] [stdout] test fast_reply ... ok
[INFO] [stdout] test chunked_not_supported ... ok
[INFO] [stdout] test duplicate_content_type_header ... ok
[INFO] [stdout] test body_not_pending ... ok
[INFO] [stdout] test method_not_allowed_405 ... ok
[INFO] [stdout] test duplicate_content_length_header ... ok
[INFO] [stdout] test text ... ok
[INFO] [stdout] test content_length_zero ... ok
[INFO] [stdout] test unsupported_transfer_encoding ... ok
[INFO] [stdout] test return_drop ... ok
[INFO] [stdout] test get_body_then_drop ... ok
[INFO] [stdout] test with_duplicate_header ... ok
[INFO] [stdout] test with_body ... ok
[INFO] [stdout] test with_duplicate_header_different_case ... ok
[INFO] [stdout] test with_header ... ok
[INFO] [stdout] test with_type ... ok
[INFO] [stdout] test with_type_and_body ... ok
[INFO] [stdout] test panics ... ok
[INFO] [stdout] test with_status ... ok
[INFO] [stdout] test already_got_body ... ok
[INFO] [stdout] test empty ... ok
[INFO] [stdout] test unknown_code ... ok
[INFO] [stdout] test client_incomplete_read ... ok
[INFO] [stdout] test error_writing_body_file ... ok
[INFO] [stdout] test slow_reply ... ok
[INFO] [stdout] test error_reading_body_file ... ok
[INFO] [stdout] test expect_100_continue ... ok
[INFO] [stdout] test get_body ... ok
[INFO] [stdout] 
[INFO] [stdout] test result: ok. 30 passed; 0 failed; 0 ignored; 0 measured; 0 filtered out; finished in 0.69s
[INFO] [stdout] 
[INFO] [stderr]      Running tests/head.rs (/opt/rustwide/target/release/deps/head-51c19693f469089e)
[INFO] [stdout] 
[INFO] [stdout] running 14 tests
[INFO] [stdout] test try_read_url ... ok
[INFO] [stdout] test head_try_read_reads ... ok
[INFO] [stdout] test try_read_request_line ... ok
[INFO] [stdout] test head_try_read_headers ... ok
[INFO] [stdout] test head_derive ... ok
[INFO] [stdout] test read_http_head_subsequent ... ok
[INFO] [stdout] test read_http_head_error ... ok
[INFO] [stdout] test read_http_head_ok ... ok
[INFO] [stdout] test try_read_method ... ok
[INFO] [stdout] test try_read_proto ... ok
[INFO] [stdout] test read_http_head_too_long ... ok
[INFO] [stdout] test request_line ... ok
[INFO] [stdout] test read_http_head_truncated ... ok
[INFO] [stdout] test read_http_head_multiple_writes ... ok
[INFO] [stdout] 
[INFO] [stdout] test result: ok. 14 passed; 0 failed; 0 ignored; 0 measured; 0 filtered out; finished in 0.13s
[INFO] [stdout] 
[INFO] [stderr]      Running tests/http_conn.rs (/opt/rustwide/target/release/deps/http_conn-e02ac7f46c7ef643)
[INFO] [stdout] 
[INFO] [stdout] running 4 tests
[INFO] [stdout] test handle_http_conn_shutdown ... ok
[INFO] [stdout] test handle_http_conn_ok ... ok
[INFO] [stdout] test handle_http_conn_upload ... ok
[INFO] [stdout] test handle_http_conn_upload_large ... ok
[INFO] [stdout] 
[INFO] [stdout] test result: ok. 4 passed; 0 failed; 0 ignored; 0 measured; 0 filtered out; finished in 3.05s
[INFO] [stdout] 
[INFO] [stderr]      Running tests/json.rs (/opt/rustwide/target/release/deps/json-e0353f3d050c4a11)
[INFO] [stdout] 
[INFO] [stdout] running 0 tests
[INFO] [stdout] 
[INFO] [stdout] test result: ok. 0 passed; 0 failed; 0 ignored; 0 measured; 0 filtered out; finished in 0.00s
[INFO] [stdout] 
[INFO] [stderr]      Running tests/request.rs (/opt/rustwide/target/release/deps/request-ca7115784b395562)
[INFO] [stdout] 
[INFO] [stdout] running 8 tests
[INFO] [stdout] test content_length ... ok
[INFO] [stdout] test transfer_encoding ... ok
[INFO] [stdout] test expect_continue ... ok
[INFO] [stdout] test method ... ok
[INFO] [stdout] test content_type ... ok
[INFO] [stdout] test read_http_request_ok ... ok
[INFO] [stdout] test head ... ok
[INFO] [stdout] test read_http_request_multiple_writes ... ok
[INFO] [stdout] 
[INFO] [stdout] test result: ok. 8 passed; 0 failed; 0 ignored; 0 measured; 0 filtered out; finished in 0.12s
[INFO] [stdout] 
[INFO] [stderr]      Running tests/request_cookies.rs (/opt/rustwide/target/release/deps/request_cookies-3aeb86e5a4ca85a6)
[INFO] [stdout] 
[INFO] [stdout] running 1 test
[INFO] [stdout] test cookie_header ... ok
[INFO] [stdout] 
[INFO] [stdout] test result: ok. 1 passed; 0 failed; 0 ignored; 0 measured; 0 filtered out; finished in 0.03s
[INFO] [stdout] 
[INFO] [stderr]      Running tests/server.rs (/opt/rustwide/target/release/deps/server-880d6d0977b443ce)
[INFO] [stdout] 
[INFO] [stdout] running 1 test
[INFO] [stdout] test server_quick_shutdown ... ok
[INFO] [stdout] 
[INFO] [stdout] test result: ok. 1 passed; 0 failed; 0 ignored; 0 measured; 0 filtered out; finished in 0.10s
[INFO] [stdout] 
[INFO] [stderr]      Running tests/speed_test.rs (/opt/rustwide/target/release/deps/speed_test-3a447239aac73f22)
[INFO] [stdout] 
[INFO] [stdout] running 2 tests
[INFO] [stdout] test drop_connection ... ok
[INFO] [stdout] test client_timeout ... ok
[INFO] [stdout] 
[INFO] [stdout] test result: ok. 2 passed; 0 failed; 0 ignored; 0 measured; 0 filtered out; finished in 1.05s
[INFO] [stdout] 
[INFO] [stderr]      Running tests/test_util.rs (/opt/rustwide/target/release/deps/test_util-8e560abb1da30ddd)
[INFO] [stdout] 
[INFO] [stdout] running 0 tests
[INFO] [stdout] 
[INFO] [stdout] test result: ok. 0 passed; 0 failed; 0 ignored; 0 measured; 0 filtered out; finished in 0.00s
[INFO] [stdout] 
[INFO] [stderr]      Running tests/time.rs (/opt/rustwide/target/release/deps/time-6c9fcde3032c84ec)
[INFO] [stdout] 
[INFO] [stdout] running 3 tests
[INFO] [stdout] test test_iso8601_utc ... ok
[INFO] [stderr]      Running tests/url_test.rs (/opt/rustwide/target/release/deps/url_test-59240234bfe0aa27)
[INFO] [stdout] test date_time_new ... ok
[INFO] [stdout] test date_time_add ... ok
[INFO] [stdout] 
[INFO] [stdout] test result: ok. 3 passed; 0 failed; 0 ignored; 0 measured; 0 filtered out; finished in 0.00s
[INFO] [stdout] 
[INFO] [stdout] 
[INFO] [stdout] running 15 tests
[INFO] [stdout] test parse_absolute_host ... ok
[INFO] [stdout] test display ... ok
[INFO] [stdout] test parse_absolute_fragment ... ok
[INFO] [stdout] test parse_absolute ... ok
[INFO] [stdout] test parse_absolute_port ... ok
[INFO] [stdout] test percent_encode_test ... ok
[INFO] [stdout] test parse_relative_query ... ok
[INFO] [stdout] test parse_absolute_user ... ok
[INFO] [stdout] test parse_relative_fragment ... ok
[INFO] [stdout] test parse_relative_path ... ok
[INFO] [stdout] test percent_decode_test ... ok
[INFO] [stdout] test parse_absolute_query ... ok
[INFO] [stdout] test parse_absolute_path ... ok
[INFO] [stdout] test parse_absolute_scheme ... ok
[INFO] [stdout] test parse_absolute_ip ... ok
[INFO] [stdout] 
[INFO] [stdout] test result: ok. 15 passed; 0 failed; 0 ignored; 0 measured; 0 filtered out; finished in 0.01s
[INFO] [stdout] 
[INFO] [stderr]      Running tests/urlencoded.rs (/opt/rustwide/target/release/deps/urlencoded-c1c75bf15914adab)
[INFO] [stdout] 
[INFO] [stdout] running 0 tests
[INFO] [stdout] 
[INFO] [stdout] test result: ok. 0 passed; 0 failed; 0 ignored; 0 measured; 0 filtered out; finished in 0.00s
[INFO] [stdout] 
[INFO] [stderr]      Running tests/with_set_cookie.rs (/opt/rustwide/target/release/deps/with_set_cookie-32f8c33c6356ac2c)
[INFO] [stdout] 
[INFO] [stdout] running 5 tests
[INFO] [stdout] test duplicate ... ok
[INFO] [stdout] test empty ... ok
[INFO] [stdout] test two ... ok
[INFO] [stdout] test empty_name ... ok
[INFO] [stdout] test one ... ok
[INFO] [stderr]    Doc-tests servlin
[INFO] [stdout] 
[INFO] [stdout] test result: ok. 5 passed; 0 failed; 0 ignored; 0 measured; 0 filtered out; finished in 0.01s
[INFO] [stdout] 
[INFO] [stdout] 
[INFO] [stdout] running 7 tests
[INFO] [stdout] test src/log/log_file_writer.rs - log::log_file_writer::LogFileWriter::new_builder (line 93) - compile ... ok
[INFO] [stdout] test src/ascii_string.rs - ascii_string::AsciiString (line 16) ... ok
[INFO] [stdout] test src/util.rs - util::escape_ascii (line 128) ... ok
[INFO] [stdout] test src/response.rs - response::Response::with_header (line 306) ... ok
[INFO] [stdout] test src/lib.rs - (line 43) ... FAILED
[INFO] [stdout] test src/lib.rs - HttpServerBuilder::receive_large_bodies (line 296) ... ok
[INFO] [stderr] error: doctest failed, to rerun pass `--doc`
[INFO] [stdout] test src/lib.rs - HttpServerBuilder::permit (line 353) ... ok
[INFO] [stdout] 
[INFO] [stdout] failures:
[INFO] [stdout] 
[INFO] [stdout] ---- src/lib.rs - (line 43) stdout ----
[INFO] [stdout] error[E0432]: unresolved import `serde`
[INFO] [stdout]   --> src/lib.rs:45:5
[INFO] [stdout]    |
[INFO] [stdout] 45 | use serde::Deserialize;
[INFO] [stdout]    |     ^^^^^ use of unresolved module or unlinked crate `serde`
[INFO] [stdout]    |
[INFO] [stdout]    = help: if you wanted to use a crate named `serde`, use `cargo add serde` to add it to your `Cargo.toml`
[INFO] [stdout] 
[INFO] [stdout] error[E0432]: unresolved import `serde_json`
[INFO] [stdout]   --> src/lib.rs:46:5
[INFO] [stdout]    |
[INFO] [stdout] 46 | use serde_json::json;
[INFO] [stdout]    |     ^^^^^^^^^^ use of unresolved module or unlinked crate `serde_json`
[INFO] [stdout]    |
[INFO] [stdout]    = help: if you wanted to use a crate named `serde_json`, use `cargo add serde_json` to add it to your `Cargo.toml`
[INFO] [stdout] 
[INFO] [stdout] error[E0599]: no method named `json` found for struct `servlin::Request` in the current scope
[INFO] [stdout]   --> src/lib.rs:65:28
[INFO] [stdout]    |
[INFO] [stdout] 65 |     let input: Input = req.json()?;
[INFO] [stdout]    |                            ^^^^ method not found in `servlin::Request`
[INFO] [stdout] 
[INFO] [stdout] error[E0599]: no associated function or constant named `json` found for struct `servlin::Response` in the current scope
[INFO] [stdout]    --> src/lib.rs:66:18
[INFO] [stdout]     |
[INFO] [stdout]  66 |     Ok(Response::json(200, json!({"message": format!("Hello, {}!", input.name)}))?)
[INFO] [stdout]     |                  ^^^^ associated function or constant not found in `servlin::Response`
[INFO] [stdout]     |
[INFO] [stdout] note: if you're trying to build a new `servlin::Response` consider using one of the following associated functions:
[INFO] [stdout]       servlin::Response::new
[INFO] [stdout]       servlin::Response::drop_connection
[INFO] [stdout]       servlin::Response::get_body_and_reprocess
[INFO] [stdout]       servlin::Response::html
[INFO] [stdout]       and 16 others
[INFO] [stdout]    --> src/response.rs:39:5
[INFO] [stdout]     |
[INFO] [stdout]  39 |     pub fn new(code: u16) -> Self {
[INFO] [stdout]     |     ^^^^^^^^^^^^^^^^^^^^^^^^^^^^^
[INFO] [stdout] ...
[INFO] [stdout]  51 |     pub fn drop_connection() -> Self {
[INFO] [stdout]     |     ^^^^^^^^^^^^^^^^^^^^^^^^^^^^^^^^
[INFO] [stdout] ...
[INFO] [stdout]  66 |     pub fn get_body_and_reprocess(max_len: u64) -> Self {
[INFO] [stdout]     |     ^^^^^^^^^^^^^^^^^^^^^^^^^^^^^^^^^^^^^^^^^^^^^^^^^^^
[INFO] [stdout] ...
[INFO] [stdout] 129 |     pub fn html(code: u16, body: impl Into<ResponseBody>) -> Self {
[INFO] [stdout]     |     ^^^^^^^^^^^^^^^^^^^^^^^^^^^^^^^^^^^^^^^^^^^^^^^^^^^^^^^^^^^^^
[INFO] [stdout] 
[INFO] [stdout] error: aborting due to 4 previous errors
[INFO] [stdout] 
[INFO] [stdout] Some errors have detailed explanations: E0432, E0599.
[INFO] [stdout] For more information about an error, try `rustc --explain E0432`.
[INFO] [stdout] Couldn't compile the test.
[INFO] [stdout] 
[INFO] [stdout] failures:
[INFO] [stdout]     src/lib.rs - (line 43)
[INFO] [stdout] 
[INFO] [stdout] test result: FAILED. 6 passed; 1 failed; 0 ignored; 0 measured; 0 filtered out; finished in 1.77s
[INFO] [stdout] 
[INFO] [stdout] all doctests ran in 1.91s; merged doctests compilation took 0.14s
[INFO] running `Command { std: "docker" "inspect" "c741dcadb31e46974f69f72e3b090f078c4519c6f1426676397a6ae26138ed33", kill_on_drop: false }`
[INFO] running `Command { std: "docker" "rm" "-f" "c741dcadb31e46974f69f72e3b090f078c4519c6f1426676397a6ae26138ed33", kill_on_drop: false }`
[INFO] [stdout] c741dcadb31e46974f69f72e3b090f078c4519c6f1426676397a6ae26138ed33
