[INFO] fetching crate service-bindings 1.0.0...
[INFO] testing service-bindings-1.0.0 against 1.99.0-beta.8+cargoflags=--release for beta-release-1.100-2
[INFO] extracting crate service-bindings 1.0.0 into /workspace/builds/worker-0-tc1/source
[INFO] started tweaking crates.io crate service-bindings 1.0.0
[INFO] finished tweaking crates.io crate service-bindings 1.0.0
[INFO] tweaked toml for crates.io crate service-bindings 1.0.0 written to /workspace/builds/worker-0-tc1/source/Cargo.toml
[INFO] validating manifest of crates.io crate service-bindings 1.0.0 on toolchain 1.99.0-beta.8
[INFO] running `Command { std: CARGO_HOME="/workspace/cargo-home" RUSTUP_HOME="/workspace/rustup-home" "/workspace/cargo-home/bin/cargo" "+1.99.0-beta.8" "metadata" "--manifest-path" "Cargo.toml" "--no-deps", kill_on_drop: false }`
[INFO] running `Command { std: CARGO_HOME="/workspace/cargo-home" RUSTUP_HOME="/workspace/rustup-home" "/workspace/cargo-home/bin/cargo" "+1.99.0-beta.8" "generate-lockfile" "--manifest-path" "Cargo.toml", kill_on_drop: false }`
[INFO] [stderr]     Blocking waiting for file lock on package cache
[INFO] [stderr]     Updating crates.io index
[INFO] [stderr]     Blocking waiting for file lock on package cache
[INFO] [stderr]      Locking 89 packages to highest compatible versions
[INFO] running `Command { std: CARGO_HOME="/workspace/cargo-home" RUSTUP_HOME="/workspace/rustup-home" "/workspace/cargo-home/bin/cargo" "+1.99.0-beta.8" "fetch" "--manifest-path" "Cargo.toml", kill_on_drop: false }`
[INFO] [stderr]  Downloading crates ...
[INFO] [stderr]   Downloaded postgres v0.19.14
[INFO] [stderr]   Downloaded tokio-postgres v0.7.18
[INFO] [stderr]   Downloaded whoami v2.1.3
[INFO] [stderr]   Downloaded fallible-iterator v0.2.0
[INFO] [stderr]   Downloaded phf v0.13.1
[INFO] [stderr]   Downloaded phf_shared v0.13.1
[INFO] [stderr]   Downloaded postgres-protocol v0.6.12
[INFO] [stderr]   Downloaded postgres-types v0.2.14
[INFO] running `Command { std: "docker" "create" "-v" "/var/lib/crater-agent-workspace/builds/worker-0-tc1/source:/opt/rustwide/workdir:ro,Z" "-v" "/var/lib/crater-agent-workspace/builds/worker-0-tc1/target:/opt/rustwide/target:rw,Z" "-v" "/var/lib/crater-agent-workspace/cargo-home:/opt/rustwide/cargo-home:ro,Z" "-v" "/var/lib/crater-agent-workspace/rustup-home:/opt/rustwide/rustup-home:ro,Z" "-m" "1610612736" "--network" "none" "ghcr.io/rust-lang/crates-build-env/linux@sha256:77db811e55d90add9212f6832c23229e3de5f1c1f9905e8cb07319ea15df73ac" "sleep" "infinity", kill_on_drop: false }`
[INFO] [stdout] d7697e8d9cc99ea9ff3311c865f213e6fe625d4a15d374841ecc12e97ed0b343
[INFO] running `Command { std: "docker" "start" "d7697e8d9cc99ea9ff3311c865f213e6fe625d4a15d374841ecc12e97ed0b343", kill_on_drop: false }`
[INFO] running `Command { std: "docker" "inspect" "d7697e8d9cc99ea9ff3311c865f213e6fe625d4a15d374841ecc12e97ed0b343", kill_on_drop: false }`
[INFO] running `Command { std: "docker" "exec" "-e" "SOURCE_DIR=/opt/rustwide/workdir" "-e" "CARGO_HOME=/opt/rustwide/cargo-home" "-e" "RUSTUP_HOME=/opt/rustwide/rustup-home" "-e" "CARGO_TARGET_DIR=/opt/rustwide/target" "-w" "/opt/rustwide/workdir" "--user" "0:0" "d7697e8d9cc99ea9ff3311c865f213e6fe625d4a15d374841ecc12e97ed0b343" "/opt/rustwide/cargo-home/bin/cargo" "+1.99.0-beta.8" "metadata" "--no-deps" "--format-version=1", kill_on_drop: false }`
[INFO] running `Command { std: "docker" "inspect" "d7697e8d9cc99ea9ff3311c865f213e6fe625d4a15d374841ecc12e97ed0b343", kill_on_drop: false }`
[INFO] running `Command { std: "docker" "exec" "-e" "SOURCE_DIR=/opt/rustwide/workdir" "-e" "CARGO_HOME=/opt/rustwide/cargo-home" "-e" "RUSTUP_HOME=/opt/rustwide/rustup-home" "-e" "CARGO_TARGET_DIR=/opt/rustwide/target" "-e" "CARGO_INCREMENTAL=0" "-e" "RUST_BACKTRACE=full" "-e" "RUSTFLAGS=--cap-lints=warn" "-e" "RUSTDOCFLAGS=--cap-lints=warn" "-w" "/opt/rustwide/workdir" "--user" "0:0" "d7697e8d9cc99ea9ff3311c865f213e6fe625d4a15d374841ecc12e97ed0b343" "/opt/rustwide/cargo-home/bin/cargo" "+1.99.0-beta.8" "build" "--frozen" "--message-format=json" "--release", kill_on_drop: false }`
[INFO] [stderr]    Compiling memchr v2.8.3
[INFO] [stderr]    Compiling lazy_static v1.5.1
[INFO] [stderr]    Compiling aho-corasick v1.1.5
[INFO] [stderr]    Compiling regex-automata v0.4.18
[INFO] [stderr]    Compiling regex v1.13.1
[INFO] [stderr]    Compiling service-bindings v1.0.0 (/opt/rustwide/workdir)
[INFO] [stderr]     Finished `release` profile [optimized] target(s) in 14.80s
[INFO] running `Command { std: "docker" "inspect" "d7697e8d9cc99ea9ff3311c865f213e6fe625d4a15d374841ecc12e97ed0b343", kill_on_drop: false }`
[INFO] running `Command { std: "docker" "exec" "-e" "SOURCE_DIR=/opt/rustwide/workdir" "-e" "CARGO_HOME=/opt/rustwide/cargo-home" "-e" "RUSTUP_HOME=/opt/rustwide/rustup-home" "-e" "CARGO_TARGET_DIR=/opt/rustwide/target" "-e" "CARGO_INCREMENTAL=0" "-e" "RUST_BACKTRACE=full" "-e" "RUSTFLAGS=--cap-lints=warn" "-e" "RUSTDOCFLAGS=--cap-lints=warn" "-w" "/opt/rustwide/workdir" "--user" "0:0" "d7697e8d9cc99ea9ff3311c865f213e6fe625d4a15d374841ecc12e97ed0b343" "/opt/rustwide/cargo-home/bin/cargo" "+1.99.0-beta.8" "test" "--frozen" "--no-run" "--message-format=json" "--release", kill_on_drop: false }`
[INFO] [stderr]    Compiling typenum v1.20.1
[INFO] [stderr]    Compiling cmov v0.5.4
[INFO] [stderr]    Compiling rand_core v0.10.1
[INFO] [stderr]    Compiling cpufeatures v0.3.1
[INFO] [stderr]    Compiling getrandom v0.4.3
[INFO] [stderr]    Compiling tinyvec v1.13.3
[INFO] [stderr]    Compiling unicode-bidi v0.3.18
[INFO] [stderr]    Compiling unicode-properties v0.1.4
[INFO] [stderr]    Compiling mio v1.2.4
[INFO] [stderr]    Compiling byteorder v1.5.0
[INFO] [stderr]    Compiling fallible-iterator v0.2.0
[INFO] [stderr]    Compiling smallvec v1.16.3
[INFO] [stderr]    Compiling siphasher v1.0.4
[INFO] [stderr]    Compiling futures-task v0.3.34
[INFO] [stderr]    Compiling syn v3.0.9
[INFO] [stderr]    Compiling slab v0.4.12
[INFO] [stderr]    Compiling futures-channel v0.3.34
[INFO] [stderr]    Compiling phf_shared v0.13.1
[INFO] [stderr]    Compiling whoami v2.1.3
[INFO] [stderr]    Compiling futures-util v0.3.34
[INFO] [stderr]    Compiling chacha20 v0.10.2
[INFO] [stderr]    Compiling parking_lot_core v0.9.12
[INFO] [stderr]    Compiling phf v0.13.1
[INFO] [stderr]    Compiling ctutils v0.4.3
[INFO] [stderr]    Compiling rand v0.10.3
[INFO] [stderr]    Compiling parking_lot v0.12.5
[INFO] [stderr]    Compiling tokio v1.53.3
[INFO] [stderr]    Compiling hybrid-array v0.4.15
[INFO] [stderr]    Compiling unicode-normalization v0.1.26
[INFO] [stderr]    Compiling crypto-common v0.2.2
[INFO] [stderr]    Compiling block-buffer v0.12.1
[INFO] [stderr]    Compiling stringprep v0.1.5
[INFO] [stderr]    Compiling digest v0.11.3
[INFO] [stderr]    Compiling hmac v0.13.0
[INFO] [stderr]    Compiling sha2 v0.11.1
[INFO] [stderr]    Compiling md-5 v0.11.0
[INFO] [stderr]    Compiling postgres-protocol v0.6.12
[INFO] [stderr]    Compiling postgres-types v0.2.14
[INFO] [stderr]    Compiling async-trait v0.1.92
[INFO] [stderr]    Compiling tokio-util v0.7.20
[INFO] [stderr]    Compiling tokio-postgres v0.7.18
[INFO] [stderr]    Compiling postgres v0.19.14
[INFO] [stderr]    Compiling service-bindings v1.0.0 (/opt/rustwide/workdir)
[INFO] [stderr]     Finished `release` profile [optimized] target(s) in 32.56s
[INFO] running `Command { std: "docker" "inspect" "d7697e8d9cc99ea9ff3311c865f213e6fe625d4a15d374841ecc12e97ed0b343", kill_on_drop: false }`
[INFO] running `Command { std: "docker" "exec" "-e" "SOURCE_DIR=/opt/rustwide/workdir" "-e" "CARGO_HOME=/opt/rustwide/cargo-home" "-e" "RUSTUP_HOME=/opt/rustwide/rustup-home" "-e" "CARGO_TARGET_DIR=/opt/rustwide/target" "-e" "CARGO_INCREMENTAL=0" "-e" "RUST_BACKTRACE=full" "-e" "RUSTFLAGS=--cap-lints=warn" "-e" "RUSTDOCFLAGS=--cap-lints=warn" "-w" "/opt/rustwide/workdir" "--user" "0:0" "d7697e8d9cc99ea9ff3311c865f213e6fe625d4a15d374841ecc12e97ed0b343" "/opt/rustwide/cargo-home/bin/cargo" "+1.99.0-beta.8" "test" "--frozen" "--release", kill_on_drop: false }`
[INFO] [stderr]     Finished `release` profile [optimized] target(s) in 0.12s
[INFO] [stderr]      Running unittests src/lib.rs (/opt/rustwide/target/release/deps/service_bindings-abc8c244ac732592)
[INFO] [stdout] 
[INFO] [stdout] running 33 tests
[INFO] [stdout] test binding::tests::cache_binding_valid ... ok
[INFO] [stdout] test binding::tests::config_tree_binding_invalid ... ok
[INFO] [stdout] test binding::tests::config_tree_binding_directory ... ok
[INFO] [stdout] test binding::tests::cache_binding_get_name ... ok
[INFO] [stdout] test binding::tests::cache_binding_missing ... ok
[INFO] [stdout] test binding::tests::get_type_valid ... ok
[INFO] [stdout] test binding::tests::get_provider_missing ... ok
[INFO] [stdout] test binding::tests::hash_map_binding_invalid ... ok
[INFO] [stdout] test binding::tests::get_valid ... ok
[INFO] [stdout] test binding::tests::hash_map_binding_get_name ... ok
[INFO] [stdout] test binding::tests::config_tree_binding_valid ... FAILED
[INFO] [stdout] test binding::tests::get_type_invalid ... ok
[INFO] [stdout] test binding::tests::hash_map_binding_missing ... ok
[INFO] [stdout] test binding::tests::config_tree_binding_get_name ... ok
[INFO] [stdout] test bindings::tests::cached ... ok
[INFO] [stdout] test bindings::tests::filter_none ... ok
[INFO] [stdout] test bindings::tests::filter_overload ... ok
[INFO] [stdout] test binding::tests::config_tree_binding_missing ... ok
[INFO] [stdout] test binding::tests::get_missing ... ok
[INFO] [stdout] test bindings::tests::filter_type_and_provider ... ok
[INFO] [stdout] test secret::tests::is_valid_secret_key_invalid ... ok
[INFO] [stdout] test secret::tests::is_valid_secret_key_valid ... ok
[INFO] [stdout] test bindings::tests::filter_provider ... ok
[INFO] [stdout] test bindings::tests::from_service_binding_root_unset ... ok
[INFO] [stdout] test bindings::tests::find_missing ... ok
[INFO] [stdout] test binding::tests::hash_map_binding_valid ... ok
[INFO] [stdout] test bindings::tests::from_file ... ok
[INFO] [stdout] test bindings::tests::find_valid ... ok
[INFO] [stdout] test bindings::tests::from_service_binding_root_set ... FAILED
[INFO] [stdout] test bindings::tests::filter_type ... ok
[INFO] [stdout] test bindings::tests::from_invalid ... ok
[INFO] [stdout] test binding::tests::get_provider_valid ... ok
[INFO] [stdout] test bindings::tests::from_valid ... FAILED
[INFO] [stderr] error: test failed, to rerun pass `--lib`
[INFO] [stdout] 
[INFO] [stdout] failures:
[INFO] [stdout] 
[INFO] [stdout] ---- binding::tests::config_tree_binding_valid stdout ----
[INFO] [stdout] 
[INFO] [stdout] thread 'binding::tests::config_tree_binding_valid' (854) panicked at src/binding.rs:316:9:
[INFO] [stdout] assertion `left == right` failed
[INFO] [stdout]   left: Some([116, 101, 115, 116, 45, 115, 101, 99, 114, 101, 116, 45, 118, 97, 108, 117, 101, 10])
[INFO] [stdout]  right: None
[INFO] [stdout] stack backtrace:
[INFO] [stdout]    0:     0x643032eed011 - <<std[70759c8f55707aa4]::sys::backtrace::BacktraceLock>::print::DisplayBacktrace as core[df12db4294e9bfd3]::fmt::Display>::fmt
[INFO] [stdout]    1:     0x643032f02c1a - core[df12db4294e9bfd3]::fmt::write
[INFO] [stdout]    2:     0x643032ef177c - <alloc[2182bb758b4b3781]::vec::Vec<u8> as core[df12db4294e9bfd3]::io::write::Write>::write_fmt
[INFO] [stdout]    3:     0x643032ec8836 - std[70759c8f55707aa4]::panicking::default_hook::{closure#0}
[INFO] [stdout]    4:     0x643032ee5099 - std[70759c8f55707aa4]::panicking::default_hook
[INFO] [stdout]    5:     0x643032dbaec0 - test[9d35eded1c95d3be]::test_main_inner::<test[9d35eded1c95d3be]::test_main_static::{closure#0}>::{closure#0}
[INFO] [stdout]    6:     0x643032ee5252 - std[70759c8f55707aa4]::panicking::panic_with_hook
[INFO] [stdout]    7:     0x643032ec88e2 - std[70759c8f55707aa4]::panicking::panic_handler::{closure#0}
[INFO] [stdout]    8:     0x643032ec11f9 - std[70759c8f55707aa4]::sys::backtrace::__rust_end_short_backtrace::<std[70759c8f55707aa4]::panicking::panic_handler::{closure#0}, !>
[INFO] [stdout]    9:     0x643032ec96fd - __rustc[8fa7c3cbc660c2b3]::rust_begin_unwind
[INFO] [stdout]   10:     0x643032f033fc - core[df12db4294e9bfd3]::panicking::panic_fmt
[INFO] [stdout]   11:     0x643032f03313 - core[df12db4294e9bfd3]::panicking::assert_failed_inner
[INFO] [stdout]   12:     0x643032da88ce - core[df12db4294e9bfd3]::panicking::assert_failed::<core[df12db4294e9bfd3]::option::Option<alloc[2182bb758b4b3781]::vec::Vec<u8>>, core[df12db4294e9bfd3]::option::Option<alloc[2182bb758b4b3781]::vec::Vec<u8>>>
[INFO] [stdout]   13:     0x643032dad2d5 - service_bindings[db44f4aa21ccb5a5]::binding::tests::config_tree_binding_valid
[INFO] [stdout]   14:     0x643032da7e79 - <service_bindings[db44f4aa21ccb5a5]::binding::tests::config_tree_binding_valid::{closure#0} as core[df12db4294e9bfd3]::ops::function::FnOnce<()>>::call_once
[INFO] [stdout]   15:     0x643032dae1ab - test[9d35eded1c95d3be]::__rust_begin_short_backtrace::<core[df12db4294e9bfd3]::result::Result<(), alloc[2182bb758b4b3781]::string::String>, fn() -> core[df12db4294e9bfd3]::result::Result<(), alloc[2182bb758b4b3781]::string::String>>
[INFO] [stdout]   16:     0x643032dbb815 - test[9d35eded1c95d3be]::run_test::{closure#0}
[INFO] [stdout]   17:     0x643032db50d4 - std[70759c8f55707aa4]::sys::backtrace::__rust_begin_short_backtrace::<test[9d35eded1c95d3be]::run_test::{closure#1}, ()>
[INFO] [stdout]   18:     0x643032dbe972 - <std[70759c8f55707aa4]::thread::lifecycle::spawn_unchecked<test[9d35eded1c95d3be]::run_test::{closure#1}, ()>::{closure#1} as core[df12db4294e9bfd3]::ops::function::FnOnce<()>>::call_once::{shim:vtable#0}
[INFO] [stdout]   19:     0x643032eec5c9 - <std[70759c8f55707aa4]::sys::thread::unix::Thread>::new::thread_start
[INFO] [stdout]   20:     0x7dd627af4dfa - <unknown>
[INFO] [stdout]   21:     0x7dd627b883d4 - clone
[INFO] [stdout]   22:                0x0 - <unknown>
[INFO] [stdout] 
[INFO] [stdout] ---- bindings::tests::from_service_binding_root_set stdout ----
[INFO] [stdout] 
[INFO] [stdout] thread 'bindings::tests::from_service_binding_root_set' (875) panicked at src/bindings.rs:182:9:
[INFO] [stdout] assertion `left == right` failed
[INFO] [stdout]   left: 3
[INFO] [stdout]  right: 0
[INFO] [stdout] stack backtrace:
[INFO] [stdout]    0:     0x643032eed011 - <<std[70759c8f55707aa4]::sys::backtrace::BacktraceLock>::print::DisplayBacktrace as core[df12db4294e9bfd3]::fmt::Display>::fmt
[INFO] [stdout]    1:     0x643032f02c1a - core[df12db4294e9bfd3]::fmt::write
[INFO] [stdout]    2:     0x643032ef177c - <alloc[2182bb758b4b3781]::vec::Vec<u8> as core[df12db4294e9bfd3]::io::write::Write>::write_fmt
[INFO] [stdout]    3:     0x643032ec8836 - std[70759c8f55707aa4]::panicking::default_hook::{closure#0}
[INFO] [stdout]    4:     0x643032ee5099 - std[70759c8f55707aa4]::panicking::default_hook
[INFO] [stdout]    5:     0x643032dbaec0 - test[9d35eded1c95d3be]::test_main_inner::<test[9d35eded1c95d3be]::test_main_static::{closure#0}>::{closure#0}
[INFO] [stdout]    6:     0x643032ee5252 - std[70759c8f55707aa4]::panicking::panic_with_hook
[INFO] [stdout]    7:     0x643032ec88e2 - std[70759c8f55707aa4]::panicking::panic_handler::{closure#0}
[INFO] [stdout]    8:     0x643032ec11f9 - std[70759c8f55707aa4]::sys::backtrace::__rust_end_short_backtrace::<std[70759c8f55707aa4]::panicking::panic_handler::{closure#0}, !>
[INFO] [stdout]    9:     0x643032ec96fd - __rustc[8fa7c3cbc660c2b3]::rust_begin_unwind
[INFO] [stdout]   10:     0x643032f033fc - core[df12db4294e9bfd3]::panicking::panic_fmt
[INFO] [stdout]   11:     0x643032f03313 - core[df12db4294e9bfd3]::panicking::assert_failed_inner
[INFO] [stdout]   12:     0x643032efebcd - core[df12db4294e9bfd3]::panicking::assert_failed::<usize, usize>
[INFO] [stdout]   13:     0x643032da61b8 - service_bindings[db44f4aa21ccb5a5]::bindings::tests::from_service_binding_root_set
[INFO] [stdout]   14:     0x643032da80d9 - <service_bindings[db44f4aa21ccb5a5]::bindings::tests::from_service_binding_root_set::{closure#0} as core[df12db4294e9bfd3]::ops::function::FnOnce<()>>::call_once
[INFO] [stdout]   15:     0x643032dae1ab - test[9d35eded1c95d3be]::__rust_begin_short_backtrace::<core[df12db4294e9bfd3]::result::Result<(), alloc[2182bb758b4b3781]::string::String>, fn() -> core[df12db4294e9bfd3]::result::Result<(), alloc[2182bb758b4b3781]::string::String>>
[INFO] [stdout]   16:     0x643032dbb815 - test[9d35eded1c95d3be]::run_test::{closure#0}
[INFO] [stdout]   17:     0x643032db50d4 - std[70759c8f55707aa4]::sys::backtrace::__rust_begin_short_backtrace::<test[9d35eded1c95d3be]::run_test::{closure#1}, ()>
[INFO] [stdout]   18:     0x643032dbe972 - <std[70759c8f55707aa4]::thread::lifecycle::spawn_unchecked<test[9d35eded1c95d3be]::run_test::{closure#1}, ()>::{closure#1} as core[df12db4294e9bfd3]::ops::function::FnOnce<()>>::call_once::{shim:vtable#0}
[INFO] [stdout]   19:     0x643032eec5c9 - <std[70759c8f55707aa4]::sys::thread::unix::Thread>::new::thread_start
[INFO] [stdout]   20:     0x7dd627af4dfa - <unknown>
[INFO] [stdout]   21:     0x7dd627b883d4 - clone
[INFO] [stdout]   22:                0x0 - <unknown>
[INFO] [stdout] 
[INFO] [stdout] ---- bindings::tests::from_valid stdout ----
[INFO] [stdout] 
[INFO] [stdout] thread 'bindings::tests::from_valid' (877) panicked at src/bindings.rs:166:9:
[INFO] [stdout] assertion `left == right` failed
[INFO] [stdout]   left: 3
[INFO] [stdout]  right: 0
[INFO] [stdout] stack backtrace:
[INFO] [stdout]    0:     0x643032eed011 - <<std[70759c8f55707aa4]::sys::backtrace::BacktraceLock>::print::DisplayBacktrace as core[df12db4294e9bfd3]::fmt::Display>::fmt
[INFO] [stdout]    1:     0x643032f02c1a - core[df12db4294e9bfd3]::fmt::write
[INFO] [stdout]    2:     0x643032ef177c - <alloc[2182bb758b4b3781]::vec::Vec<u8> as core[df12db4294e9bfd3]::io::write::Write>::write_fmt
[INFO] [stdout]    3:     0x643032ec8836 - std[70759c8f55707aa4]::panicking::default_hook::{closure#0}
[INFO] [stdout]    4:     0x643032ee5099 - std[70759c8f55707aa4]::panicking::default_hook
[INFO] [stdout]    5:     0x643032dbaec0 - test[9d35eded1c95d3be]::test_main_inner::<test[9d35eded1c95d3be]::test_main_static::{closure#0}>::{closure#0}
[INFO] [stdout]    6:     0x643032ee5252 - std[70759c8f55707aa4]::panicking::panic_with_hook
[INFO] [stdout]    7:     0x643032ec88e2 - std[70759c8f55707aa4]::panicking::panic_handler::{closure#0}
[INFO] [stdout]    8:     0x643032ec11f9 - std[70759c8f55707aa4]::sys::backtrace::__rust_end_short_backtrace::<std[70759c8f55707aa4]::panicking::panic_handler::{closure#0}, !>
[INFO] [stdout]    9:     0x643032ec96fd - __rustc[8fa7c3cbc660c2b3]::rust_begin_unwind
[INFO] [stdout]   10:     0x643032f033fc - core[df12db4294e9bfd3]::panicking::panic_fmt
[INFO] [stdout]   11:     0x643032f03313 - core[df12db4294e9bfd3]::panicking::assert_failed_inner
[INFO] [stdout]   12:     0x643032efebcd - core[df12db4294e9bfd3]::panicking::assert_failed::<usize, usize>
[INFO] [stdout]   13:     0x643032da0c66 - service_bindings[db44f4aa21ccb5a5]::bindings::tests::from_valid
[INFO] [stdout]   14:     0x643032da7f79 - <service_bindings[db44f4aa21ccb5a5]::bindings::tests::from_valid::{closure#0} as core[df12db4294e9bfd3]::ops::function::FnOnce<()>>::call_once
[INFO] [stdout]   15:     0x643032dae1ab - test[9d35eded1c95d3be]::__rust_begin_short_backtrace::<core[df12db4294e9bfd3]::result::Result<(), alloc[2182bb758b4b3781]::string::String>, fn() -> core[df12db4294e9bfd3]::result::Result<(), alloc[2182bb758b4b3781]::string::String>>
[INFO] [stdout]   16:     0x643032dbb815 - test[9d35eded1c95d3be]::run_test::{closure#0}
[INFO] [stdout]   17:     0x643032db50d4 - std[70759c8f55707aa4]::sys::backtrace::__rust_begin_short_backtrace::<test[9d35eded1c95d3be]::run_test::{closure#1}, ()>
[INFO] [stdout]   18:     0x643032dbe972 - <std[70759c8f55707aa4]::thread::lifecycle::spawn_unchecked<test[9d35eded1c95d3be]::run_test::{closure#1}, ()>::{closure#1} as core[df12db4294e9bfd3]::ops::function::FnOnce<()>>::call_once::{shim:vtable#0}
[INFO] [stdout]   19:     0x643032eec5c9 - <std[70759c8f55707aa4]::sys::thread::unix::Thread>::new::thread_start
[INFO] [stdout]   20:     0x7dd627af4dfa - <unknown>
[INFO] [stdout]   21:     0x7dd627b883d4 - clone
[INFO] [stdout]   22:                0x0 - <unknown>
[INFO] [stdout] 
[INFO] [stdout] 
[INFO] [stdout] failures:
[INFO] [stdout]     binding::tests::config_tree_binding_valid
[INFO] [stdout]     bindings::tests::from_service_binding_root_set
[INFO] [stdout]     bindings::tests::from_valid
[INFO] [stdout] 
[INFO] [stdout] test result: FAILED. 30 passed; 3 failed; 0 ignored; 0 measured; 0 filtered out; finished in 0.01s
[INFO] [stdout] 
[INFO] running `Command { std: "docker" "inspect" "d7697e8d9cc99ea9ff3311c865f213e6fe625d4a15d374841ecc12e97ed0b343", kill_on_drop: false }`
[INFO] running `Command { std: "docker" "rm" "-f" "d7697e8d9cc99ea9ff3311c865f213e6fe625d4a15d374841ecc12e97ed0b343", kill_on_drop: false }`
[INFO] [stdout] d7697e8d9cc99ea9ff3311c865f213e6fe625d4a15d374841ecc12e97ed0b343
