[INFO] fetching crate server-watchdog 0.1.2...
[INFO] testing server-watchdog-0.1.2 against 1.100.0-beta.1+cargoflags=--release for beta-release-1.100-2
[INFO] extracting crate server-watchdog 0.1.2 into /workspace/builds/worker-7-tc2/source
[INFO] started tweaking crates.io crate server-watchdog 0.1.2
[INFO] finished tweaking crates.io crate server-watchdog 0.1.2
[INFO] tweaked toml for crates.io crate server-watchdog 0.1.2 written to /workspace/builds/worker-7-tc2/source/Cargo.toml
[INFO] validating manifest of crates.io crate server-watchdog 0.1.2 on toolchain 1.100.0-beta.1
[INFO] running `Command { std: CARGO_HOME="/workspace/cargo-home" RUSTUP_HOME="/workspace/rustup-home" "/workspace/cargo-home/bin/cargo" "+1.100.0-beta.1" "metadata" "--manifest-path" "Cargo.toml" "--no-deps", kill_on_drop: false }`
[INFO] crate crates.io crate server-watchdog 0.1.2 already has a lockfile, it will not be regenerated
[INFO] running `Command { std: CARGO_HOME="/workspace/cargo-home" RUSTUP_HOME="/workspace/rustup-home" "/workspace/cargo-home/bin/cargo" "+1.100.0-beta.1" "fetch" "--manifest-path" "Cargo.toml", kill_on_drop: false }`
[INFO] running `Command { std: "docker" "create" "-v" "/var/lib/crater-agent-workspace/builds/worker-7-tc2/source:/opt/rustwide/workdir:ro,Z" "-v" "/var/lib/crater-agent-workspace/builds/worker-7-tc2/target:/opt/rustwide/target:rw,Z" "-v" "/var/lib/crater-agent-workspace/cargo-home:/opt/rustwide/cargo-home:ro,Z" "-v" "/var/lib/crater-agent-workspace/rustup-home:/opt/rustwide/rustup-home:ro,Z" "-m" "1610612736" "--network" "none" "ghcr.io/rust-lang/crates-build-env/linux@sha256:77db811e55d90add9212f6832c23229e3de5f1c1f9905e8cb07319ea15df73ac" "sleep" "infinity", kill_on_drop: false }`
[INFO] [stdout] fb76f86d2432f6340db6cfd8570856c2134ff563d7c7562363daa9d9a68a64f9
[INFO] running `Command { std: "docker" "start" "fb76f86d2432f6340db6cfd8570856c2134ff563d7c7562363daa9d9a68a64f9", kill_on_drop: false }`
[INFO] running `Command { std: "docker" "inspect" "fb76f86d2432f6340db6cfd8570856c2134ff563d7c7562363daa9d9a68a64f9", kill_on_drop: false }`
[INFO] running `Command { std: "docker" "exec" "-e" "SOURCE_DIR=/opt/rustwide/workdir" "-e" "CARGO_HOME=/opt/rustwide/cargo-home" "-e" "RUSTUP_HOME=/opt/rustwide/rustup-home" "-e" "CARGO_TARGET_DIR=/opt/rustwide/target" "-w" "/opt/rustwide/workdir" "--user" "0:0" "fb76f86d2432f6340db6cfd8570856c2134ff563d7c7562363daa9d9a68a64f9" "/opt/rustwide/cargo-home/bin/cargo" "+1.100.0-beta.1" "metadata" "--no-deps" "--format-version=1", kill_on_drop: false }`
[INFO] running `Command { std: "docker" "inspect" "fb76f86d2432f6340db6cfd8570856c2134ff563d7c7562363daa9d9a68a64f9", kill_on_drop: false }`
[INFO] running `Command { std: "docker" "exec" "-e" "SOURCE_DIR=/opt/rustwide/workdir" "-e" "CARGO_HOME=/opt/rustwide/cargo-home" "-e" "RUSTUP_HOME=/opt/rustwide/rustup-home" "-e" "CARGO_TARGET_DIR=/opt/rustwide/target" "-e" "CARGO_INCREMENTAL=0" "-e" "RUST_BACKTRACE=full" "-e" "RUSTFLAGS=--cap-lints=warn" "-e" "RUSTDOCFLAGS=--cap-lints=warn" "-w" "/opt/rustwide/workdir" "--user" "0:0" "fb76f86d2432f6340db6cfd8570856c2134ff563d7c7562363daa9d9a68a64f9" "/opt/rustwide/cargo-home/bin/cargo" "+1.100.0-beta.1" "build" "--frozen" "--message-format=json" "--release", kill_on_drop: false }`
[INFO] [stderr]    Compiling syn v2.0.114
[INFO] [stderr]    Compiling libc v0.2.180
[INFO] [stderr]    Compiling futures-core v0.3.31
[INFO] [stderr]    Compiling aws-lc-rs v1.15.4
[INFO] [stderr]    Compiling parking_lot_core v0.9.12
[INFO] [stderr]    Compiling socket2 v0.6.2
[INFO] [stderr]    Compiling mio v1.1.1
[INFO] [stderr]    Compiling futures-task v0.3.31
[INFO] [stderr]    Compiling rustls v0.23.36
[INFO] [stderr]    Compiling futures-sink v0.3.31
[INFO] [stderr]    Compiling tracing v0.1.44
[INFO] [stderr]    Compiling aho-corasick v1.1.4
[INFO] [stderr]    Compiling regex-syntax v0.8.9
[INFO] [stderr]    Compiling futures-channel v0.3.31
[INFO] [stderr]    Compiling sync_wrapper v1.0.2
[INFO] [stderr]    Compiling ipnet v2.11.0
[INFO] [stderr]    Compiling bitflags v2.10.0
[INFO] [stderr]    Compiling anyhow v1.0.101
[INFO] [stderr]    Compiling clap_lex v0.7.7
[INFO] [stderr]    Compiling serde_json v1.0.149
[INFO] [stderr]    Compiling parking_lot v0.12.5
[INFO] [stderr]    Compiling futures-util v0.3.31
[INFO] [stderr]    Compiling clap_builder v4.5.57
[INFO] [stderr]    Compiling getrandom v0.3.4
[INFO] [stderr]    Compiling http-body-util v0.1.3
[INFO] [stderr]    Compiling jiff v0.2.19
[INFO] [stderr]    Compiling uuid v1.20.0
[INFO] [stderr]    Compiling dotenv v0.15.0
[INFO] [stderr]    Compiling jobserver v0.1.34
[INFO] [stderr]    Compiling cc v1.2.55
[INFO] [stderr]    Compiling regex-automata v0.4.14
[INFO] [stderr]    Compiling cmake v0.1.57
[INFO] [stderr]    Compiling aws-lc-sys v0.37.0
[INFO] [stderr]    Compiling regex v1.12.3
[INFO] [stderr]    Compiling synstructure v0.13.2
[INFO] [stderr]    Compiling darling_core v0.23.0
[INFO] [stderr]    Compiling env_filter v0.1.4
[INFO] [stderr]    Compiling zerofrom-derive v0.1.6
[INFO] [stderr]    Compiling yoke-derive v0.8.1
[INFO] [stderr]    Compiling tokio-macros v2.6.0
[INFO] [stderr]    Compiling zerovec-derive v0.11.2
[INFO] [stderr]    Compiling displaydoc v0.2.5
[INFO] [stderr]    Compiling serde_derive v1.0.228
[INFO] [stderr]    Compiling clap_derive v4.5.55
[INFO] [stderr]    Compiling tokio v1.49.0
[INFO] [stderr]    Compiling async-trait v0.1.89
[INFO] [stderr]    Compiling derive-new v0.7.0
[INFO] [stderr]    Compiling zerofrom v0.1.6
[INFO] [stderr]    Compiling yoke v0.8.1
[INFO] [stderr]    Compiling env_logger v0.11.8
[INFO] [stderr]    Compiling zerotrie v0.2.3
[INFO] [stderr]    Compiling zerovec v0.11.5
[INFO] [stderr]    Compiling darling_macro v0.23.0
[INFO] [stderr]    Compiling clap v4.5.57
[INFO] [stderr]    Compiling darling v0.23.0
[INFO] [stderr]    Compiling struct-input-derive v0.1.1
[INFO] [stderr]    Compiling tinystr v0.8.2
[INFO] [stderr]    Compiling potential_utf v0.1.4
[INFO] [stderr]    Compiling icu_locale_core v2.1.1
[INFO] [stderr]    Compiling icu_collections v2.1.1
[INFO] [stderr]    Compiling icu_provider v2.1.1
[INFO] [stderr]    Compiling serde v1.0.228
[INFO] [stderr]    Compiling icu_normalizer v2.1.1
[INFO] [stderr]    Compiling icu_properties v2.1.2
[INFO] [stderr]    Compiling serde_urlencoded v0.7.1
[INFO] [stderr]    Compiling idna_adapter v1.2.1
[INFO] [stderr]    Compiling idna v1.1.0
[INFO] [stderr]    Compiling url v2.5.8
[INFO] [stderr]    Compiling tokio-util v0.7.18
[INFO] [stderr]    Compiling tower v0.5.3
[INFO] [stderr]    Compiling struct-input v0.1.2
[INFO] [stderr]    Compiling tokio-stream v0.1.18
[INFO] [stderr]    Compiling tower-http v0.6.8
[INFO] [stderr]    Compiling h2 v0.4.13
[INFO] [stderr]    Compiling hyper v1.8.1
[INFO] [stderr]    Compiling hyper-util v0.1.20
[INFO] [stderr]    Compiling rustls-webpki v0.103.9
[INFO] [stderr]    Compiling tokio-rustls v0.26.4
[INFO] [stderr]    Compiling rustls-platform-verifier v0.6.2
[INFO] [stderr]    Compiling hyper-rustls v0.27.7
[INFO] [stderr]    Compiling reqwest v0.13.2
[INFO] [stderr]    Compiling server-watchdog v0.1.2 (/opt/rustwide/workdir)
[INFO] [stdout] warning: unused imports: `FormatChecker`, `read_string_option`, and `read_string`
[INFO] [stdout]  --> src/infrastructure/cli/server.rs:7:40
[INFO] [stdout]   |
[INFO] [stdout] 7 | use crate::infrastructure::cli::util::{read_string, read_string_option, FormatChecker};
[INFO] [stdout]   |                                        ^^^^^^^^^^^  ^^^^^^^^^^^^^^^^^^  ^^^^^^^^^^^^^
[INFO] [stdout]   |
[INFO] [stdout]   = note: `#[warn(unused_imports)]` (part of `#[warn(unused)]`) on by default
[INFO] [stdout] 
[INFO] [stdout] 
[INFO] [stdout] warning: unused imports: `FormatChecker`, `read_string_option`, and `read_string`
[INFO] [stdout]  --> src/infrastructure/cli/client.rs:6:40
[INFO] [stdout]   |
[INFO] [stdout] 6 | use crate::infrastructure::cli::util::{read_string, read_string_option, FormatChecker};
[INFO] [stdout]   |                                        ^^^^^^^^^^^  ^^^^^^^^^^^^^^^^^^  ^^^^^^^^^^^^^
[INFO] [stdout] 
[INFO] [stdout] 
[INFO] [stdout] warning: unused imports: `FormatChecker` and `read_string`
[INFO] [stdout]  --> src/infrastructure/cli/event.rs:6:40
[INFO] [stdout]   |
[INFO] [stdout] 6 | use crate::infrastructure::cli::util::{read_string, FormatChecker};
[INFO] [stdout]   |                                        ^^^^^^^^^^^  ^^^^^^^^^^^^^
[INFO] [stdout] 
[INFO] [stdout] 
[INFO] [stdout] warning: function `read_string_option` is never used
[INFO] [stdout]  --> src/infrastructure/cli/util.rs:5:14
[INFO] [stdout]   |
[INFO] [stdout] 5 | pub async fn read_string_option(name: &str, format_checker: FormatChecker) -> Option<String> {
[INFO] [stdout]   |              ^^^^^^^^^^^^^^^^^^
[INFO] [stdout]   |
[INFO] [stdout]   = note: `#[warn(dead_code)]` (part of `#[warn(unused)]`) on by default
[INFO] [stdout] 
[INFO] [stdout] 
[INFO] [stdout] warning: function `read_string` is never used
[INFO] [stdout]   --> src/infrastructure/cli/util.rs:30:14
[INFO] [stdout]    |
[INFO] [stdout] 30 | pub async fn read_string(name: &str, format_checker: FormatChecker) -> String {
[INFO] [stdout]    |              ^^^^^^^^^^^
[INFO] [stdout] 
[INFO] [stdout] 
[INFO] [stdout] warning: function `read_int` is never used
[INFO] [stdout]   --> src/infrastructure/cli/util.rs:50:14
[INFO] [stdout]    |
[INFO] [stdout] 50 | pub async fn read_int(name: &str) -> i32 {
[INFO] [stdout]    |              ^^^^^^^^
[INFO] [stdout] 
[INFO] [stdout] 
[INFO] [stdout] warning: enum `FormatChecker` is never used
[INFO] [stdout]   --> src/infrastructure/cli/util.rs:74:10
[INFO] [stdout]    |
[INFO] [stdout] 74 | pub enum FormatChecker {
[INFO] [stdout]    |          ^^^^^^^^^^^^^
[INFO] [stdout] 
[INFO] [stdout] 
[INFO] [stdout] warning: method `valid` is never used
[INFO] [stdout]   --> src/infrastructure/cli/util.rs:82:12
[INFO] [stdout]    |
[INFO] [stdout] 81 | impl FormatChecker {
[INFO] [stdout]    | ------------------ method in this implementation
[INFO] [stdout] 82 |     pub fn valid(&self, text: &str) -> bool {
[INFO] [stdout]    |            ^^^^^
[INFO] [stdout] 
[INFO] [stdout] 
[INFO] [stdout] warning: method `execute` is never used
[INFO] [stdout]   --> src/infrastructure/server/util.rs:16:18
[INFO] [stdout]    |
[INFO] [stdout] 14 | impl SystemCommandExecutor {
[INFO] [stdout]    | -------------------------- method in this implementation
[INFO] [stdout] 15 |     
[INFO] [stdout] 16 |     pub async fn execute(&self, cmd: &str, args: &[&str]) -> bool {
[INFO] [stdout]    |                  ^^^^^^^
[INFO] [stdout] 
[INFO] [stdout] 
[INFO] [stderr] warning: unused dependency `dotenv`
[INFO] [stderr]   --> Cargo.toml:18:15
[INFO] [stderr]    |
[INFO] [stderr] 18 | [dependencies.dotenv]
[INFO] [stderr]    |               ^^^^^^^
[INFO] [stderr]    |
[INFO] [stderr]    = note: `cargo::unused_dependencies` is set to `warn` by default
[INFO] [stderr] help: consider removing the dependency on `dotenv`
[INFO] [stderr] warning: `server-watchdog` (manifest) generated 1 warning
[INFO] [stderr]     Finished `release` profile [optimized] target(s) in 2m 12s
[INFO] running `Command { std: "docker" "inspect" "fb76f86d2432f6340db6cfd8570856c2134ff563d7c7562363daa9d9a68a64f9", kill_on_drop: false }`
[INFO] running `Command { std: "docker" "exec" "-e" "SOURCE_DIR=/opt/rustwide/workdir" "-e" "CARGO_HOME=/opt/rustwide/cargo-home" "-e" "RUSTUP_HOME=/opt/rustwide/rustup-home" "-e" "CARGO_TARGET_DIR=/opt/rustwide/target" "-e" "CARGO_INCREMENTAL=0" "-e" "RUST_BACKTRACE=full" "-e" "RUSTFLAGS=--cap-lints=warn" "-e" "RUSTDOCFLAGS=--cap-lints=warn" "-w" "/opt/rustwide/workdir" "--user" "0:0" "fb76f86d2432f6340db6cfd8570856c2134ff563d7c7562363daa9d9a68a64f9" "/opt/rustwide/cargo-home/bin/cargo" "+1.100.0-beta.1" "test" "--frozen" "--no-run" "--message-format=json" "--release", kill_on_drop: false }`
[INFO] [stdout] warning: unused imports: `FormatChecker`, `read_string_option`, and `read_string`
[INFO] [stdout]  --> src/infrastructure/cli/server.rs:7:40
[INFO] [stdout]   |
[INFO] [stdout] 7 | use crate::infrastructure::cli::util::{read_string, read_string_option, FormatChecker};
[INFO] [stdout]   |                                        ^^^^^^^^^^^  ^^^^^^^^^^^^^^^^^^  ^^^^^^^^^^^^^
[INFO] [stdout]   |
[INFO] [stdout]   = note: `#[warn(unused_imports)]` (part of `#[warn(unused)]`) on by default
[INFO] [stdout] 
[INFO] [stdout] 
[INFO] [stdout] warning: unused imports: `FormatChecker`, `read_string_option`, and `read_string`
[INFO] [stdout]  --> src/infrastructure/cli/client.rs:6:40
[INFO] [stdout]   |
[INFO] [stdout] 6 | use crate::infrastructure::cli::util::{read_string, read_string_option, FormatChecker};
[INFO] [stdout]   |                                        ^^^^^^^^^^^  ^^^^^^^^^^^^^^^^^^  ^^^^^^^^^^^^^
[INFO] [stdout] 
[INFO] [stdout] 
[INFO] [stdout] warning: unused imports: `FormatChecker` and `read_string`
[INFO] [stdout]  --> src/infrastructure/cli/event.rs:6:40
[INFO] [stdout]   |
[INFO] [stdout] 6 | use crate::infrastructure::cli::util::{read_string, FormatChecker};
[INFO] [stdout]   |                                        ^^^^^^^^^^^  ^^^^^^^^^^^^^
[INFO] [stdout] 
[INFO] [stdout] 
[INFO] [stdout] warning: function `read_string_option` is never used
[INFO] [stdout]  --> src/infrastructure/cli/util.rs:5:14
[INFO] [stdout]   |
[INFO] [stdout] 5 | pub async fn read_string_option(name: &str, format_checker: FormatChecker) -> Option<String> {
[INFO] [stdout]   |              ^^^^^^^^^^^^^^^^^^
[INFO] [stdout]   |
[INFO] [stdout]   = note: `#[warn(dead_code)]` (part of `#[warn(unused)]`) on by default
[INFO] [stdout] 
[INFO] [stdout] 
[INFO] [stdout] warning: function `read_string` is never used
[INFO] [stdout]   --> src/infrastructure/cli/util.rs:30:14
[INFO] [stdout]    |
[INFO] [stdout] 30 | pub async fn read_string(name: &str, format_checker: FormatChecker) -> String {
[INFO] [stdout]    |              ^^^^^^^^^^^
[INFO] [stdout] 
[INFO] [stdout] 
[INFO] [stdout] warning: function `read_int` is never used
[INFO] [stdout]   --> src/infrastructure/cli/util.rs:50:14
[INFO] [stdout]    |
[INFO] [stdout] 50 | pub async fn read_int(name: &str) -> i32 {
[INFO] [stdout]    |              ^^^^^^^^
[INFO] [stdout] 
[INFO] [stdout] 
[INFO] [stdout] warning: enum `FormatChecker` is never used
[INFO] [stdout]   --> src/infrastructure/cli/util.rs:74:10
[INFO] [stdout]    |
[INFO] [stdout] 74 | pub enum FormatChecker {
[INFO] [stdout]    |          ^^^^^^^^^^^^^
[INFO] [stdout] 
[INFO] [stdout] 
[INFO] [stdout] warning: method `valid` is never used
[INFO] [stdout]   --> src/infrastructure/cli/util.rs:82:12
[INFO] [stdout]    |
[INFO] [stdout] 81 | impl FormatChecker {
[INFO] [stdout]    | ------------------ method in this implementation
[INFO] [stdout] 82 |     pub fn valid(&self, text: &str) -> bool {
[INFO] [stdout]    |            ^^^^^
[INFO] [stdout] 
[INFO] [stdout] 
[INFO] [stdout] warning: method `execute` is never used
[INFO] [stdout]   --> src/infrastructure/server/util.rs:16:18
[INFO] [stdout]    |
[INFO] [stdout] 14 | impl SystemCommandExecutor {
[INFO] [stdout]    | -------------------------- method in this implementation
[INFO] [stdout] 15 |     
[INFO] [stdout] 16 |     pub async fn execute(&self, cmd: &str, args: &[&str]) -> bool {
[INFO] [stdout]    |                  ^^^^^^^
[INFO] [stdout] 
[INFO] [stdout] 
[INFO] [stderr]    Compiling server-watchdog v0.1.2 (/opt/rustwide/workdir)
[INFO] [stdout] warning: unused import: `dyn_clone::clone_trait_object`
[INFO] [stdout]   --> src/application/worker/runner.rs:52:9
[INFO] [stdout]    |
[INFO] [stdout] 52 |     use dyn_clone::clone_trait_object;
[INFO] [stdout]    |         ^^^^^^^^^^^^^^^^^^^^^^^^^^^^^
[INFO] [stdout]    |
[INFO] [stdout]    = note: `#[warn(unused_imports)]` (part of `#[warn(unused)]`) on by default
[INFO] [stdout] 
[INFO] [stdout] 
[INFO] [stdout] warning: unused imports: `FormatChecker`, `read_string_option`, and `read_string`
[INFO] [stdout]  --> src/infrastructure/cli/server.rs:7:40
[INFO] [stdout]   |
[INFO] [stdout] 7 | use crate::infrastructure::cli::util::{read_string, read_string_option, FormatChecker};
[INFO] [stdout]   |                                        ^^^^^^^^^^^  ^^^^^^^^^^^^^^^^^^  ^^^^^^^^^^^^^
[INFO] [stdout] 
[INFO] [stdout] 
[INFO] [stdout] warning: unused imports: `FormatChecker`, `read_string_option`, and `read_string`
[INFO] [stdout]  --> src/infrastructure/cli/client.rs:6:40
[INFO] [stdout]   |
[INFO] [stdout] 6 | use crate::infrastructure::cli::util::{read_string, read_string_option, FormatChecker};
[INFO] [stdout]   |                                        ^^^^^^^^^^^  ^^^^^^^^^^^^^^^^^^  ^^^^^^^^^^^^^
[INFO] [stdout] 
[INFO] [stdout] 
[INFO] [stdout] warning: unused imports: `FormatChecker` and `read_string`
[INFO] [stdout]  --> src/infrastructure/cli/event.rs:6:40
[INFO] [stdout]   |
[INFO] [stdout] 6 | use crate::infrastructure::cli::util::{read_string, FormatChecker};
[INFO] [stdout]   |                                        ^^^^^^^^^^^  ^^^^^^^^^^^^^
[INFO] [stdout] 
[INFO] [stdout] 
[INFO] [stdout] warning: unused import: `Client`
[INFO] [stdout]   --> src/application/worker/runner.rs:56:49
[INFO] [stdout]    |
[INFO] [stdout] 56 |     use crate::infrastructure::client::common::{Client};
[INFO] [stdout]    |                                                 ^^^^^^
[INFO] [stdout] 
[INFO] [stdout] 
[INFO] [stdout] warning: function `read_string_option` is never used
[INFO] [stdout]  --> src/infrastructure/cli/util.rs:5:14
[INFO] [stdout]   |
[INFO] [stdout] 5 | pub async fn read_string_option(name: &str, format_checker: FormatChecker) -> Option<String> {
[INFO] [stdout]   |              ^^^^^^^^^^^^^^^^^^
[INFO] [stdout]   |
[INFO] [stdout]   = note: `#[warn(dead_code)]` (part of `#[warn(unused)]`) on by default
[INFO] [stdout] 
[INFO] [stdout] 
[INFO] [stdout] warning: function `read_string` is never used
[INFO] [stdout]   --> src/infrastructure/cli/util.rs:30:14
[INFO] [stdout]    |
[INFO] [stdout] 30 | pub async fn read_string(name: &str, format_checker: FormatChecker) -> String {
[INFO] [stdout]    |              ^^^^^^^^^^^
[INFO] [stdout] 
[INFO] [stdout] 
[INFO] [stdout] warning: function `read_int` is never used
[INFO] [stdout]   --> src/infrastructure/cli/util.rs:50:14
[INFO] [stdout]    |
[INFO] [stdout] 50 | pub async fn read_int(name: &str) -> i32 {
[INFO] [stdout]    |              ^^^^^^^^
[INFO] [stdout] 
[INFO] [stdout] 
[INFO] [stdout] warning: enum `FormatChecker` is never used
[INFO] [stdout]   --> src/infrastructure/cli/util.rs:74:10
[INFO] [stdout]    |
[INFO] [stdout] 74 | pub enum FormatChecker {
[INFO] [stdout]    |          ^^^^^^^^^^^^^
[INFO] [stdout] 
[INFO] [stdout] 
[INFO] [stdout] warning: method `valid` is never used
[INFO] [stdout]   --> src/infrastructure/cli/util.rs:82:12
[INFO] [stdout]    |
[INFO] [stdout] 81 | impl FormatChecker {
[INFO] [stdout]    | ------------------ method in this implementation
[INFO] [stdout] 82 |     pub fn valid(&self, text: &str) -> bool {
[INFO] [stdout]    |            ^^^^^
[INFO] [stdout] 
[INFO] [stdout] 
[INFO] [stdout] warning: method `execute` is never used
[INFO] [stdout]   --> src/infrastructure/server/util.rs:16:18
[INFO] [stdout]    |
[INFO] [stdout] 14 | impl SystemCommandExecutor {
[INFO] [stdout]    | -------------------------- method in this implementation
[INFO] [stdout] 15 |     
[INFO] [stdout] 16 |     pub async fn execute(&self, cmd: &str, args: &[&str]) -> bool {
[INFO] [stdout]    |                  ^^^^^^^
[INFO] [stdout] 
[INFO] [stdout] 
[INFO] [stderr] warning: unused dependency `dotenv`
[INFO] [stderr]   --> Cargo.toml:18:15
[INFO] [stderr]    |
[INFO] [stderr] 18 | [dependencies.dotenv]
[INFO] [stderr]    |               ^^^^^^^
[INFO] [stderr]    |
[INFO] [stderr]    = note: `cargo::unused_dependencies` is set to `warn` by default
[INFO] [stderr] help: consider removing the dependency on `dotenv`
[INFO] [stderr] help: to still use for development builds, move to `dev-dependencies`
[INFO] [stderr] warning: `server-watchdog` (manifest) generated 1 warning
[INFO] [stderr]     Finished `release` profile [optimized] target(s) in 7.11s
[INFO] running `Command { std: "docker" "inspect" "fb76f86d2432f6340db6cfd8570856c2134ff563d7c7562363daa9d9a68a64f9", kill_on_drop: false }`
[INFO] running `Command { std: "docker" "exec" "-e" "SOURCE_DIR=/opt/rustwide/workdir" "-e" "CARGO_HOME=/opt/rustwide/cargo-home" "-e" "RUSTUP_HOME=/opt/rustwide/rustup-home" "-e" "CARGO_TARGET_DIR=/opt/rustwide/target" "-e" "CARGO_INCREMENTAL=0" "-e" "RUST_BACKTRACE=full" "-e" "RUSTFLAGS=--cap-lints=warn" "-e" "RUSTDOCFLAGS=--cap-lints=warn" "-w" "/opt/rustwide/workdir" "--user" "0:0" "fb76f86d2432f6340db6cfd8570856c2134ff563d7c7562363daa9d9a68a64f9" "/opt/rustwide/cargo-home/bin/cargo" "+1.100.0-beta.1" "test" "--frozen" "--release", kill_on_drop: false }`
[INFO] [stderr] warning: unused imports: `FormatChecker`, `read_string_option`, and `read_string`
[INFO] [stderr]  --> src/infrastructure/cli/server.rs:7:40
[INFO] [stderr]   |
[INFO] [stderr] 7 | use crate::infrastructure::cli::util::{read_string, read_string_option, FormatChecker};
[INFO] [stderr]   |                                        ^^^^^^^^^^^  ^^^^^^^^^^^^^^^^^^  ^^^^^^^^^^^^^
[INFO] [stderr]   |
[INFO] [stderr]   = note: `#[warn(unused_imports)]` (part of `#[warn(unused)]`) on by default
[INFO] [stderr] 
[INFO] [stderr] warning: unused imports: `FormatChecker`, `read_string_option`, and `read_string`
[INFO] [stderr]  --> src/infrastructure/cli/client.rs:6:40
[INFO] [stderr]   |
[INFO] [stderr] 6 | use crate::infrastructure::cli::util::{read_string, read_string_option, FormatChecker};
[INFO] [stderr]   |                                        ^^^^^^^^^^^  ^^^^^^^^^^^^^^^^^^  ^^^^^^^^^^^^^
[INFO] [stderr] 
[INFO] [stderr] warning: unused imports: `FormatChecker` and `read_string`
[INFO] [stderr]  --> src/infrastructure/cli/event.rs:6:40
[INFO] [stderr]   |
[INFO] [stderr] 6 | use crate::infrastructure::cli::util::{read_string, FormatChecker};
[INFO] [stderr]   |                                        ^^^^^^^^^^^  ^^^^^^^^^^^^^
[INFO] [stderr] 
[INFO] [stderr] warning: function `read_string_option` is never used
[INFO] [stderr]  --> src/infrastructure/cli/util.rs:5:14
[INFO] [stderr]   |
[INFO] [stderr] 5 | pub async fn read_string_option(name: &str, format_checker: FormatChecker) -> Option<String> {
[INFO] [stderr]   |              ^^^^^^^^^^^^^^^^^^
[INFO] [stderr]   |
[INFO] [stderr]   = note: `#[warn(dead_code)]` (part of `#[warn(unused)]`) on by default
[INFO] [stderr] 
[INFO] [stderr] warning: function `read_string` is never used
[INFO] [stderr]   --> src/infrastructure/cli/util.rs:30:14
[INFO] [stderr]    |
[INFO] [stderr] 30 | pub async fn read_string(name: &str, format_checker: FormatChecker) -> String {
[INFO] [stderr]    |              ^^^^^^^^^^^
[INFO] [stderr] 
[INFO] [stderr] warning: function `read_int` is never used
[INFO] [stderr]   --> src/infrastructure/cli/util.rs:50:14
[INFO] [stderr]    |
[INFO] [stderr] 50 | pub async fn read_int(name: &str) -> i32 {
[INFO] [stderr]    |              ^^^^^^^^
[INFO] [stderr] 
[INFO] [stderr] warning: enum `FormatChecker` is never used
[INFO] [stderr]   --> src/infrastructure/cli/util.rs:74:10
[INFO] [stderr]    |
[INFO] [stderr] 74 | pub enum FormatChecker {
[INFO] [stderr]    |          ^^^^^^^^^^^^^
[INFO] [stderr] 
[INFO] [stderr] warning: method `valid` is never used
[INFO] [stderr]   --> src/infrastructure/cli/util.rs:82:12
[INFO] [stderr]    |
[INFO] [stderr] 81 | impl FormatChecker {
[INFO] [stderr]    | ------------------ method in this implementation
[INFO] [stderr] 82 |     pub fn valid(&self, text: &str) -> bool {
[INFO] [stderr]    |            ^^^^^
[INFO] [stderr] 
[INFO] [stderr] warning: method `execute` is never used
[INFO] [stderr]   --> src/infrastructure/server/util.rs:16:18
[INFO] [stderr]    |
[INFO] [stderr] 14 | impl SystemCommandExecutor {
[INFO] [stderr]    | -------------------------- method in this implementation
[INFO] [stderr] 15 |     
[INFO] [stderr] 16 |     pub async fn execute(&self, cmd: &str, args: &[&str]) -> bool {
[INFO] [stderr]    |                  ^^^^^^^
[INFO] [stderr] 
[INFO] [stderr] warning: unused import: `dyn_clone::clone_trait_object`
[INFO] [stderr]   --> src/application/worker/runner.rs:52:9
[INFO] [stderr]    |
[INFO] [stderr] 52 |     use dyn_clone::clone_trait_object;
[INFO] [stderr]    |         ^^^^^^^^^^^^^^^^^^^^^^^^^^^^^
[INFO] [stderr]    |
[INFO] [stderr]    = note: `#[warn(unused_imports)]` (part of `#[warn(unused)]`) on by default
[INFO] [stderr] 
[INFO] [stderr] warning: unused imports: `FormatChecker`, `read_string_option`, and `read_string`
[INFO] [stderr]  --> src/infrastructure/cli/server.rs:7:40
[INFO] [stderr]   |
[INFO] [stderr] 7 | use crate::infrastructure::cli::util::{read_string, read_string_option, FormatChecker};
[INFO] [stderr]   |                                        ^^^^^^^^^^^  ^^^^^^^^^^^^^^^^^^  ^^^^^^^^^^^^^
[INFO] [stderr] 
[INFO] [stderr] warning: unused import: `Client`
[INFO] [stderr]   --> src/application/worker/runner.rs:56:49
[INFO] [stderr]    |
[INFO] [stderr] 56 |     use crate::infrastructure::client::common::{Client};
[INFO] [stderr]    |                                                 ^^^^^^
[INFO] [stderr] 
[INFO] [stderr] warning: `server-watchdog` (lib) generated 9 warnings (run `cargo fix --lib -p server-watchdog` to apply 3 suggestions)
[INFO] [stderr] warning: `server-watchdog` (lib test) generated 11 warnings (8 duplicates) (run `cargo fix --lib -p server-watchdog --tests` to apply 2 suggestions)
[INFO] [stderr] warning: unused dependency `dotenv`
[INFO] [stderr]   --> Cargo.toml:18:15
[INFO] [stderr]    |
[INFO] [stderr] 18 | [dependencies.dotenv]
[INFO] [stderr]    |               ^^^^^^^
[INFO] [stderr]    |
[INFO] [stderr]    = note: `cargo::unused_dependencies` is set to `warn` by default
[INFO] [stderr] help: consider removing the dependency on `dotenv`
[INFO] [stderr] help: to still use for development builds, move to `dev-dependencies`
[INFO] [stderr] warning: `server-watchdog` (manifest) generated 1 warning
[INFO] [stderr]     Finished `release` profile [optimized] target(s) in 0.20s
[INFO] [stderr]      Running unittests src/lib.rs (/opt/rustwide/target/release/build/server-watchdog/ffa89f571e928ad7/out/server_watchdog-ffa89f571e928ad7)
[INFO] [stdout] 
[INFO] [stdout] running 3 tests
[INFO] [stdout] test infrastructure::client::telegram::tests::send_message ... FAILED
[INFO] [stderr] error: test failed, to rerun pass `--lib`
[INFO] [stdout] test application::worker::runner::tests::run_work ... FAILED
[INFO] [stdout] test infrastructure::client::telegram::tests::get_update ... FAILED
[INFO] [stdout] 
[INFO] [stdout] failures:
[INFO] [stdout] 
[INFO] [stdout] ---- infrastructure::client::telegram::tests::send_message stdout ----
[INFO] [stdout] 
[INFO] [stdout] thread 'infrastructure::client::telegram::tests::send_message' (2936) panicked at src/infrastructure/client/telegram.rs:172:48:
[INFO] [stdout] called `Result::unwrap()` on an `Err` value: NotPresent
[INFO] [stdout] stack backtrace:
[INFO] [stdout]    0:     0x5bba1804ecf1 - <<std[617be2ca0a6fd877]::sys::backtrace::BacktraceLock>::print::DisplayBacktrace as core[a373ad73a504971]::fmt::Display>::fmt
[INFO] [stdout]    1:     0x5bba180657ea - core[a373ad73a504971]::fmt::write
[INFO] [stdout]    2:     0x5bba18053f5c - <alloc[2e1b2a31b91974c5]::vec::Vec<u8> as core[a373ad73a504971]::io::write::Write>::write_fmt
[INFO] [stdout]    3:     0x5bba18029256 - std[617be2ca0a6fd877]::panicking::default_hook::{closure#0}
[INFO] [stdout]    4:     0x5bba180468a9 - std[617be2ca0a6fd877]::panicking::default_hook
[INFO] [stdout]    5:     0x5bba17be4260 - test[aada8e7e76ba119b]::test_main_inner::{closure#0}
[INFO] [stdout]    6:     0x5bba18046bd2 - std[617be2ca0a6fd877]::panicking::panic_with_hook
[INFO] [stdout]    7:     0x5bba18029302 - std[617be2ca0a6fd877]::panicking::panic_handler::{closure#0}
[INFO] [stdout]    8:     0x5bba180216c9 - std[617be2ca0a6fd877]::sys::backtrace::__rust_end_short_backtrace::<std[617be2ca0a6fd877]::panicking::panic_handler::{closure#0}, !>
[INFO] [stdout]    9:     0x5bba1802a2ad - __rustc[ea4f61d10b84890b]::rust_begin_unwind
[INFO] [stdout]   10:     0x5bba18065f4c - core[a373ad73a504971]::panicking::panic_fmt
[INFO] [stdout]   11:     0x5bba18065d22 - core[a373ad73a504971]::result::unwrap_failed
[INFO] [stdout]   12:     0x5bba17bc169d - server_watchdog[2bcd6702d068a69]::infrastructure::client::telegram::tests::send_message::{closure#0}
[INFO] [stdout]   13:     0x5bba17bcbab3 - <tokio[de70e981a346e433]::runtime::scheduler::current_thread::Context>::enter::<core[a373ad73a504971]::task::poll::Poll<()>, <tokio[de70e981a346e433]::runtime::scheduler::current_thread::CoreGuard>::block_on<core[a373ad73a504971]::pin::Pin<&mut core[a373ad73a504971]::pin::Pin<&mut dyn core[a373ad73a504971]::future::future::Future<Output = ()>>>>::{closure#0}::{closure#0}>
[INFO] [stdout]   14:     0x5bba17bcf0ac - <tokio[de70e981a346e433]::runtime::context::scoped::Scoped<tokio[de70e981a346e433]::runtime::scheduler::Context>>::set::<<tokio[de70e981a346e433]::runtime::scheduler::current_thread::CoreGuard>::enter<<tokio[de70e981a346e433]::runtime::scheduler::current_thread::CoreGuard>::block_on<core[a373ad73a504971]::pin::Pin<&mut core[a373ad73a504971]::pin::Pin<&mut dyn core[a373ad73a504971]::future::future::Future<Output = ()>>>>::{closure#0}, core[a373ad73a504971]::option::Option<()>>::{closure#0}, (alloc[2e1b2a31b91974c5]::boxed::Box<tokio[de70e981a346e433]::runtime::scheduler::current_thread::Core>, core[a373ad73a504971]::option::Option<()>)>
[INFO] [stdout]   15:     0x5bba17bcc2d7 - <tokio[de70e981a346e433]::runtime::scheduler::current_thread::CoreGuard>::block_on::<core[a373ad73a504971]::pin::Pin<&mut core[a373ad73a504971]::pin::Pin<&mut dyn core[a373ad73a504971]::future::future::Future<Output = ()>>>>
[INFO] [stdout]   16:     0x5bba17bd0f67 - tokio[de70e981a346e433]::runtime::context::runtime::enter_runtime::<<tokio[de70e981a346e433]::runtime::scheduler::current_thread::CurrentThread>::block_on<core[a373ad73a504971]::pin::Pin<&mut dyn core[a373ad73a504971]::future::future::Future<Output = ()>>>::{closure#0}, ()>
[INFO] [stdout]   17:     0x5bba17bc3e85 - <tokio[de70e981a346e433]::runtime::runtime::Runtime>::block_on::<core[a373ad73a504971]::pin::Pin<&mut dyn core[a373ad73a504971]::future::future::Future<Output = ()>>>
[INFO] [stdout]   18:     0x5bba17bc1aee - <server_watchdog[2bcd6702d068a69]::infrastructure::client::telegram::tests::send_message::{closure#0} as core[a373ad73a504971]::ops::function::FnOnce<()>>::call_once
[INFO] [stdout]   19:     0x5bba17bd76ab - test[aada8e7e76ba119b]::__rust_begin_short_backtrace::<core[a373ad73a504971]::result::Result<(), alloc[2e1b2a31b91974c5]::string::String>, fn() -> core[a373ad73a504971]::result::Result<(), alloc[2e1b2a31b91974c5]::string::String>>
[INFO] [stdout]   20:     0x5bba17be4885 - test[aada8e7e76ba119b]::run_test::{closure#0}
[INFO] [stdout]   21:     0x5bba17bde174 - std[617be2ca0a6fd877]::sys::backtrace::__rust_begin_short_backtrace::<test[aada8e7e76ba119b]::run_test::{closure#1}, ()>
[INFO] [stdout]   22:     0x5bba17be7912 - <std[617be2ca0a6fd877]::thread::lifecycle::spawn_unchecked<test[aada8e7e76ba119b]::run_test::{closure#1}, ()>::{closure#1} as core[a373ad73a504971]::ops::function::FnOnce<()>>::call_once::{shim:vtable#0}
[INFO] [stdout]   23:     0x5bba1804e19f - <std[617be2ca0a6fd877]::sys::thread::unix::Thread>::new::thread_start
[INFO] [stdout]   24:     0x701452f22dfa - <unknown>
[INFO] [stdout]   25:     0x701452fb63d4 - clone
[INFO] [stdout]   26:                0x0 - <unknown>
[INFO] [stdout] 
[INFO] [stdout] ---- application::worker::runner::tests::run_work stdout ----
[INFO] [stdout] 
[INFO] [stdout] thread 'application::worker::runner::tests::run_work' (2934) panicked at src/application/worker/runner.rs:62:48:
[INFO] [stdout] called `Result::unwrap()` on an `Err` value: NotPresent
[INFO] [stdout] stack backtrace:
[INFO] [stdout]    0:     0x5bba1804ecf1 - <<std[617be2ca0a6fd877]::sys::backtrace::BacktraceLock>::print::DisplayBacktrace as core[a373ad73a504971]::fmt::Display>::fmt
[INFO] [stdout]    1:     0x5bba180657ea - core[a373ad73a504971]::fmt::write
[INFO] [stdout]    2:     0x5bba18053f5c - <alloc[2e1b2a31b91974c5]::vec::Vec<u8> as core[a373ad73a504971]::io::write::Write>::write_fmt
[INFO] [stdout]    3:     0x5bba18029256 - std[617be2ca0a6fd877]::panicking::default_hook::{closure#0}
[INFO] [stdout]    4:     0x5bba180468a9 - std[617be2ca0a6fd877]::panicking::default_hook
[INFO] [stdout]    5:     0x5bba17be4260 - test[aada8e7e76ba119b]::test_main_inner::{closure#0}
[INFO] [stdout]    6:     0x5bba18046bd2 - std[617be2ca0a6fd877]::panicking::panic_with_hook
[INFO] [stdout]    7:     0x5bba18029302 - std[617be2ca0a6fd877]::panicking::panic_handler::{closure#0}
[INFO] [stdout]    8:     0x5bba180216c9 - std[617be2ca0a6fd877]::sys::backtrace::__rust_end_short_backtrace::<std[617be2ca0a6fd877]::panicking::panic_handler::{closure#0}, !>
[INFO] [stdout]    9:     0x5bba1802a2ad - __rustc[ea4f61d10b84890b]::rust_begin_unwind
[INFO] [stdout]   10:     0x5bba18065f4c - core[a373ad73a504971]::panicking::panic_fmt
[INFO] [stdout]   11:     0x5bba18065d22 - core[a373ad73a504971]::result::unwrap_failed
[INFO] [stdout]   12:     0x5bba17bc2e56 - server_watchdog[2bcd6702d068a69]::application::worker::runner::tests::run_work::{closure#0}
[INFO] [stdout]   13:     0x5bba17bcbab3 - <tokio[de70e981a346e433]::runtime::scheduler::current_thread::Context>::enter::<core[a373ad73a504971]::task::poll::Poll<()>, <tokio[de70e981a346e433]::runtime::scheduler::current_thread::CoreGuard>::block_on<core[a373ad73a504971]::pin::Pin<&mut core[a373ad73a504971]::pin::Pin<&mut dyn core[a373ad73a504971]::future::future::Future<Output = ()>>>>::{closure#0}::{closure#0}>
[INFO] [stdout]   14:     0x5bba17bcf0ac - <tokio[de70e981a346e433]::runtime::context::scoped::Scoped<tokio[de70e981a346e433]::runtime::scheduler::Context>>::set::<<tokio[de70e981a346e433]::runtime::scheduler::current_thread::CoreGuard>::enter<<tokio[de70e981a346e433]::runtime::scheduler::current_thread::CoreGuard>::block_on<core[a373ad73a504971]::pin::Pin<&mut core[a373ad73a504971]::pin::Pin<&mut dyn core[a373ad73a504971]::future::future::Future<Output = ()>>>>::{closure#0}, core[a373ad73a504971]::option::Option<()>>::{closure#0}, (alloc[2e1b2a31b91974c5]::boxed::Box<tokio[de70e981a346e433]::runtime::scheduler::current_thread::Core>, core[a373ad73a504971]::option::Option<()>)>
[INFO] [stdout]   15:     0x5bba17bcc2d7 - <tokio[de70e981a346e433]::runtime::scheduler::current_thread::CoreGuard>::block_on::<core[a373ad73a504971]::pin::Pin<&mut core[a373ad73a504971]::pin::Pin<&mut dyn core[a373ad73a504971]::future::future::Future<Output = ()>>>>
[INFO] [stdout]   16:     0x5bba17bd0f67 - tokio[de70e981a346e433]::runtime::context::runtime::enter_runtime::<<tokio[de70e981a346e433]::runtime::scheduler::current_thread::CurrentThread>::block_on<core[a373ad73a504971]::pin::Pin<&mut dyn core[a373ad73a504971]::future::future::Future<Output = ()>>>::{closure#0}, ()>
[INFO] [stdout]   17:     0x5bba17bc3e85 - <tokio[de70e981a346e433]::runtime::runtime::Runtime>::block_on::<core[a373ad73a504971]::pin::Pin<&mut dyn core[a373ad73a504971]::future::future::Future<Output = ()>>>
[INFO] [stdout]   18:     0x5bba17bc3bbe - <server_watchdog[2bcd6702d068a69]::application::worker::runner::tests::run_work::{closure#0} as core[a373ad73a504971]::ops::function::FnOnce<()>>::call_once
[INFO] [stdout]   19:     0x5bba17bd76ab - test[aada8e7e76ba119b]::__rust_begin_short_backtrace::<core[a373ad73a504971]::result::Result<(), alloc[2e1b2a31b91974c5]::string::String>, fn() -> core[a373ad73a504971]::result::Result<(), alloc[2e1b2a31b91974c5]::string::String>>
[INFO] [stdout]   20:     0x5bba17be4885 - test[aada8e7e76ba119b]::run_test::{closure#0}
[INFO] [stdout]   21:     0x5bba17bde174 - std[617be2ca0a6fd877]::sys::backtrace::__rust_begin_short_backtrace::<test[aada8e7e76ba119b]::run_test::{closure#1}, ()>
[INFO] [stdout]   22:     0x5bba17be7912 - <std[617be2ca0a6fd877]::thread::lifecycle::spawn_unchecked<test[aada8e7e76ba119b]::run_test::{closure#1}, ()>::{closure#1} as core[a373ad73a504971]::ops::function::FnOnce<()>>::call_once::{shim:vtable#0}
[INFO] [stdout]   23:     0x5bba1804e19f - <std[617be2ca0a6fd877]::sys::thread::unix::Thread>::new::thread_start
[INFO] [stdout]   24:     0x701452f22dfa - <unknown>
[INFO] [stdout]   25:     0x701452fb63d4 - clone
[INFO] [stdout]   26:                0x0 - <unknown>
[INFO] [stdout] 
[INFO] [stdout] ---- infrastructure::client::telegram::tests::get_update stdout ----
[INFO] [stdout] 
[INFO] [stdout] thread 'infrastructure::client::telegram::tests::get_update' (2935) panicked at src/infrastructure/client/telegram.rs:156:48:
[INFO] [stdout] called `Result::unwrap()` on an `Err` value: NotPresent
[INFO] [stdout] stack backtrace:
[INFO] [stdout]    0:     0x5bba1804ecf1 - <<std[617be2ca0a6fd877]::sys::backtrace::BacktraceLock>::print::DisplayBacktrace as core[a373ad73a504971]::fmt::Display>::fmt
[INFO] [stdout]    1:     0x5bba180657ea - core[a373ad73a504971]::fmt::write
[INFO] [stdout]    2:     0x5bba18053f5c - <alloc[2e1b2a31b91974c5]::vec::Vec<u8> as core[a373ad73a504971]::io::write::Write>::write_fmt
[INFO] [stdout]    3:     0x5bba18029256 - std[617be2ca0a6fd877]::panicking::default_hook::{closure#0}
[INFO] [stdout]    4:     0x5bba180468a9 - std[617be2ca0a6fd877]::panicking::default_hook
[INFO] [stdout]    5:     0x5bba17be4260 - test[aada8e7e76ba119b]::test_main_inner::{closure#0}
[INFO] [stdout]    6:     0x5bba18046bd2 - std[617be2ca0a6fd877]::panicking::panic_with_hook
[INFO] [stdout]    7:     0x5bba18029302 - std[617be2ca0a6fd877]::panicking::panic_handler::{closure#0}
[INFO] [stdout]    8:     0x5bba180216c9 - std[617be2ca0a6fd877]::sys::backtrace::__rust_end_short_backtrace::<std[617be2ca0a6fd877]::panicking::panic_handler::{closure#0}, !>
[INFO] [stdout]    9:     0x5bba1802a2ad - __rustc[ea4f61d10b84890b]::rust_begin_unwind
[INFO] [stdout]   10:     0x5bba18065f4c - core[a373ad73a504971]::panicking::panic_fmt
[INFO] [stdout]   11:     0x5bba18065d22 - core[a373ad73a504971]::result::unwrap_failed
[INFO] [stdout]   12:     0x5bba17bc11b2 - server_watchdog[2bcd6702d068a69]::infrastructure::client::telegram::tests::get_update::{closure#0}
[INFO] [stdout]   13:     0x5bba17bcbab3 - <tokio[de70e981a346e433]::runtime::scheduler::current_thread::Context>::enter::<core[a373ad73a504971]::task::poll::Poll<()>, <tokio[de70e981a346e433]::runtime::scheduler::current_thread::CoreGuard>::block_on<core[a373ad73a504971]::pin::Pin<&mut core[a373ad73a504971]::pin::Pin<&mut dyn core[a373ad73a504971]::future::future::Future<Output = ()>>>>::{closure#0}::{closure#0}>
[INFO] [stdout]   14:     0x5bba17bcf0ac - <tokio[de70e981a346e433]::runtime::context::scoped::Scoped<tokio[de70e981a346e433]::runtime::scheduler::Context>>::set::<<tokio[de70e981a346e433]::runtime::scheduler::current_thread::CoreGuard>::enter<<tokio[de70e981a346e433]::runtime::scheduler::current_thread::CoreGuard>::block_on<core[a373ad73a504971]::pin::Pin<&mut core[a373ad73a504971]::pin::Pin<&mut dyn core[a373ad73a504971]::future::future::Future<Output = ()>>>>::{closure#0}, core[a373ad73a504971]::option::Option<()>>::{closure#0}, (alloc[2e1b2a31b91974c5]::boxed::Box<tokio[de70e981a346e433]::runtime::scheduler::current_thread::Core>, core[a373ad73a504971]::option::Option<()>)>
[INFO] [stdout]   15:     0x5bba17bcc2d7 - <tokio[de70e981a346e433]::runtime::scheduler::current_thread::CoreGuard>::block_on::<core[a373ad73a504971]::pin::Pin<&mut core[a373ad73a504971]::pin::Pin<&mut dyn core[a373ad73a504971]::future::future::Future<Output = ()>>>>
[INFO] [stdout]   16:     0x5bba17bd0f67 - tokio[de70e981a346e433]::runtime::context::runtime::enter_runtime::<<tokio[de70e981a346e433]::runtime::scheduler::current_thread::CurrentThread>::block_on<core[a373ad73a504971]::pin::Pin<&mut dyn core[a373ad73a504971]::future::future::Future<Output = ()>>>::{closure#0}, ()>
[INFO] [stdout]   17:     0x5bba17bc3e85 - <tokio[de70e981a346e433]::runtime::runtime::Runtime>::block_on::<core[a373ad73a504971]::pin::Pin<&mut dyn core[a373ad73a504971]::future::future::Future<Output = ()>>>
[INFO] [stdout]   18:     0x5bba17bc192e - <server_watchdog[2bcd6702d068a69]::infrastructure::client::telegram::tests::get_update::{closure#0} as core[a373ad73a504971]::ops::function::FnOnce<()>>::call_once
[INFO] [stdout]   19:     0x5bba17bd76ab - test[aada8e7e76ba119b]::__rust_begin_short_backtrace::<core[a373ad73a504971]::result::Result<(), alloc[2e1b2a31b91974c5]::string::String>, fn() -> core[a373ad73a504971]::result::Result<(), alloc[2e1b2a31b91974c5]::string::String>>
[INFO] [stdout]   20:     0x5bba17be4885 - test[aada8e7e76ba119b]::run_test::{closure#0}
[INFO] [stdout]   21:     0x5bba17bde174 - std[617be2ca0a6fd877]::sys::backtrace::__rust_begin_short_backtrace::<test[aada8e7e76ba119b]::run_test::{closure#1}, ()>
[INFO] [stdout]   22:     0x5bba17be7912 - <std[617be2ca0a6fd877]::thread::lifecycle::spawn_unchecked<test[aada8e7e76ba119b]::run_test::{closure#1}, ()>::{closure#1} as core[a373ad73a504971]::ops::function::FnOnce<()>>::call_once::{shim:vtable#0}
[INFO] [stdout]   23:     0x5bba1804e19f - <std[617be2ca0a6fd877]::sys::thread::unix::Thread>::new::thread_start
[INFO] [stdout]   24:     0x701452f22dfa - <unknown>
[INFO] [stdout]   25:     0x701452fb63d4 - clone
[INFO] [stdout]   26:                0x0 - <unknown>
[INFO] [stdout] 
[INFO] [stdout] 
[INFO] [stdout] failures:
[INFO] [stdout]     application::worker::runner::tests::run_work
[INFO] [stdout]     infrastructure::client::telegram::tests::get_update
[INFO] [stdout]     infrastructure::client::telegram::tests::send_message
[INFO] [stdout] 
[INFO] [stdout] test result: FAILED. 0 passed; 3 failed; 0 ignored; 0 measured; 0 filtered out; finished in 0.00s
[INFO] [stdout] 
[INFO] running `Command { std: "docker" "inspect" "fb76f86d2432f6340db6cfd8570856c2134ff563d7c7562363daa9d9a68a64f9", kill_on_drop: false }`
[INFO] running `Command { std: "docker" "rm" "-f" "fb76f86d2432f6340db6cfd8570856c2134ff563d7c7562363daa9d9a68a64f9", kill_on_drop: false }`
[INFO] [stdout] fb76f86d2432f6340db6cfd8570856c2134ff563d7c7562363daa9d9a68a64f9
