[INFO] fetching crate server-ast-routes 0.6.0...
[INFO] testing server-ast-routes-0.6.0 against 1.100.0-beta.1+cargoflags=--release for beta-release-1.100-2
[INFO] extracting crate server-ast-routes 0.6.0 into /workspace/builds/worker-6-tc2/source
[INFO] started tweaking crates.io crate server-ast-routes 0.6.0
[INFO] removed 0 missing tests
[INFO] finished tweaking crates.io crate server-ast-routes 0.6.0
[INFO] tweaked toml for crates.io crate server-ast-routes 0.6.0 written to /workspace/builds/worker-6-tc2/source/Cargo.toml
[INFO] validating manifest of crates.io crate server-ast-routes 0.6.0 on toolchain 1.100.0-beta.1
[INFO] running `Command { std: CARGO_HOME="/workspace/cargo-home" RUSTUP_HOME="/workspace/rustup-home" "/workspace/cargo-home/bin/cargo" "+1.100.0-beta.1" "metadata" "--manifest-path" "Cargo.toml" "--no-deps", kill_on_drop: false }`
[INFO] crate crates.io crate server-ast-routes 0.6.0 already has a lockfile, it will not be regenerated
[INFO] running `Command { std: CARGO_HOME="/workspace/cargo-home" RUSTUP_HOME="/workspace/rustup-home" "/workspace/cargo-home/bin/cargo" "+1.100.0-beta.1" "fetch" "--manifest-path" "Cargo.toml", kill_on_drop: false }`
[INFO] running `Command { std: "docker" "create" "-v" "/var/lib/crater-agent-workspace/builds/worker-6-tc2/source:/opt/rustwide/workdir:ro,Z" "-v" "/var/lib/crater-agent-workspace/builds/worker-6-tc2/target:/opt/rustwide/target:rw,Z" "-v" "/var/lib/crater-agent-workspace/cargo-home:/opt/rustwide/cargo-home:ro,Z" "-v" "/var/lib/crater-agent-workspace/rustup-home:/opt/rustwide/rustup-home:ro,Z" "-m" "1610612736" "--network" "none" "ghcr.io/rust-lang/crates-build-env/linux@sha256:77db811e55d90add9212f6832c23229e3de5f1c1f9905e8cb07319ea15df73ac" "sleep" "infinity", kill_on_drop: false }`
[INFO] [stdout] 3a1af7ab7c5f3e6dd9536737642d5a6a337af1b8bd6f4129bfc8c6588db52ec5
[INFO] running `Command { std: "docker" "start" "3a1af7ab7c5f3e6dd9536737642d5a6a337af1b8bd6f4129bfc8c6588db52ec5", kill_on_drop: false }`
[INFO] running `Command { std: "docker" "inspect" "3a1af7ab7c5f3e6dd9536737642d5a6a337af1b8bd6f4129bfc8c6588db52ec5", kill_on_drop: false }`
[INFO] running `Command { std: "docker" "exec" "-e" "SOURCE_DIR=/opt/rustwide/workdir" "-e" "CARGO_HOME=/opt/rustwide/cargo-home" "-e" "RUSTUP_HOME=/opt/rustwide/rustup-home" "-e" "CARGO_TARGET_DIR=/opt/rustwide/target" "-w" "/opt/rustwide/workdir" "--user" "0:0" "3a1af7ab7c5f3e6dd9536737642d5a6a337af1b8bd6f4129bfc8c6588db52ec5" "/opt/rustwide/cargo-home/bin/cargo" "+1.100.0-beta.1" "metadata" "--no-deps" "--format-version=1", kill_on_drop: false }`
[INFO] running `Command { std: "docker" "inspect" "3a1af7ab7c5f3e6dd9536737642d5a6a337af1b8bd6f4129bfc8c6588db52ec5", kill_on_drop: false }`
[INFO] running `Command { std: "docker" "exec" "-e" "SOURCE_DIR=/opt/rustwide/workdir" "-e" "CARGO_HOME=/opt/rustwide/cargo-home" "-e" "RUSTUP_HOME=/opt/rustwide/rustup-home" "-e" "CARGO_TARGET_DIR=/opt/rustwide/target" "-e" "CARGO_INCREMENTAL=0" "-e" "RUST_BACKTRACE=full" "-e" "RUSTFLAGS=--cap-lints=warn" "-e" "RUSTDOCFLAGS=--cap-lints=warn" "-w" "/opt/rustwide/workdir" "--user" "0:0" "3a1af7ab7c5f3e6dd9536737642d5a6a337af1b8bd6f4129bfc8c6588db52ec5" "/opt/rustwide/cargo-home/bin/cargo" "+1.100.0-beta.1" "build" "--frozen" "--message-format=json" "--release", kill_on_drop: false }`
[INFO] [stderr]    Compiling phf_shared v0.13.1
[INFO] [stderr]    Compiling allocator-api2 v0.2.21
[INFO] [stderr]    Compiling str_indices v0.4.4
[INFO] [stderr]    Compiling smawk v0.3.2
[INFO] [stderr]    Compiling unicode-segmentation v1.13.2
[INFO] [stderr]    Compiling oxc_estree v0.130.0
[INFO] [stderr]    Compiling syn v2.0.117
[INFO] [stderr]    Compiling cow-utils v0.1.3
[INFO] [stderr]    Compiling dragonbox_ecma v0.1.12
[INFO] [stderr]    Compiling bitflags v2.11.1
[INFO] [stderr]    Compiling unicode-id-start v1.4.0
[INFO] [stderr]    Compiling nonmax v0.5.5
[INFO] [stderr]    Compiling castaway v0.2.4
[INFO] [stderr]    Compiling num-bigint v0.4.6
[INFO] [stderr]    Compiling itertools v0.14.0
[INFO] [stderr]    Compiling self_cell v1.2.2
[INFO] [stderr]    Compiling compact_str v0.9.0
[INFO] [stderr]    Compiling textwrap v0.16.2
[INFO] [stderr]    Compiling crypto-common v0.2.1
[INFO] [stderr]    Compiling aho-corasick v1.1.4
[INFO] [stderr]    Compiling phf_generator v0.13.1
[INFO] [stderr]    Compiling phf v0.13.1
[INFO] [stderr]    Compiling ropey v1.6.1
[INFO] [stderr]    Compiling vsimd v0.8.0
[INFO] [stderr]    Compiling proc-macro2 v1.0.106
[INFO] [stderr]    Compiling seq-macro v0.3.6
[INFO] [stderr]    Compiling oxc_sourcemap v6.1.1
[INFO] [stderr]    Compiling outref v0.5.2
[INFO] [stderr]    Compiling json-escape-simd v3.0.2
[INFO] [stderr]    Compiling unicode-ident v1.0.24
[INFO] [stderr]    Compiling quote v1.0.45
[INFO] [stderr]    Compiling bstr v1.12.1
[INFO] [stderr]    Compiling hashbrown v0.17.1
[INFO] [stderr]    Compiling oxc_data_structures v0.130.0
[INFO] [stderr]    Compiling base64-simd v0.8.0
[INFO] [stderr]    Compiling digest v0.11.3
[INFO] [stderr]    Compiling sha1 v0.11.0
[INFO] [stderr]    Compiling pulldown-cmark v0.13.3
[INFO] [stderr]    Compiling winnow v1.0.3
[INFO] [stderr]    Compiling toml_datetime v1.1.1+spec-1.1.0
[INFO] [stderr]    Compiling hashbrown v0.14.5
[INFO] [stderr]    Compiling pulldown-cmark-escape v0.11.0
[INFO] [stderr]    Compiling oxc_allocator v0.130.0
[INFO] [stderr]    Compiling indexmap v2.14.0
[INFO] [stderr]    Compiling unicase v2.9.0
[INFO] [stderr]    Compiling unsafe-libyaml v0.2.11
[INFO] [stderr]    Compiling toml_parser v1.1.2+spec-1.1.0
[INFO] [stderr]    Compiling dashmap v6.2.1
[INFO] [stderr]    Compiling rayon v1.12.0
[INFO] [stderr]    Compiling oxc_str v0.130.0
[INFO] [stderr]    Compiling regex-automata v0.4.14
[INFO] [stderr]    Compiling toml v1.1.2+spec-1.1.0
[INFO] [stderr]    Compiling is-terminal v0.4.17
[INFO] [stderr]    Compiling thiserror-impl v2.0.18
[INFO] [stderr]    Compiling serde_derive v1.0.228
[INFO] [stderr]    Compiling oxc-miette-derive v2.7.1
[INFO] [stderr]    Compiling oxc_ast_macros v0.130.0
[INFO] [stderr]    Compiling phf_macros v0.13.1
[INFO] [stderr]    Compiling clap_derive v4.6.1
[INFO] [stderr]    Compiling thiserror v2.0.18
[INFO] [stderr]    Compiling oxc-miette v2.7.1
[INFO] [stderr]    Compiling cobs v0.3.0
[INFO] [stderr]    Compiling oxc_span v0.130.0
[INFO] [stderr]    Compiling oxc_diagnostics v0.130.0
[INFO] [stderr]    Compiling clap v4.6.1
[INFO] [stderr]    Compiling oxc_regular_expression v0.130.0
[INFO] [stderr]    Compiling globset v0.4.18
[INFO] [stderr]    Compiling regex v1.12.3
[INFO] [stderr]    Compiling ignore v0.4.25
[INFO] [stderr]    Compiling serde v1.0.228
[INFO] [stderr]    Compiling oxc_index v4.1.0
[INFO] [stderr]    Compiling postcard v1.1.3
[INFO] [stderr]    Compiling jsonc-parser v0.32.4
[INFO] [stderr]    Compiling serde_yaml v0.9.34+deprecated
[INFO] [stderr]    Compiling oxc-browserslist v3.0.2
[INFO] [stderr]    Compiling oxc_syntax v0.130.0
[INFO] [stderr]    Compiling oxc_ast v0.130.0
[INFO] [stderr]    Compiling oxc_compat v0.130.0
[INFO] [stderr]    Compiling oxc_ecmascript v0.130.0
[INFO] [stderr]    Compiling oxc_ast_visit v0.130.0
[INFO] [stderr]    Compiling oxc_parser v0.130.0
[INFO] [stderr]    Compiling oxc_semantic v0.130.0
[INFO] [stderr]    Compiling oxc_isolated_declarations v0.130.0
[INFO] [stderr]    Compiling oxc_traverse v0.130.0
[INFO] [stderr]    Compiling oxc_mangler v0.130.0
[INFO] [stderr]    Compiling oxc_codegen v0.130.0
[INFO] [stderr]    Compiling oxc_transformer v0.130.0
[INFO] [stderr]    Compiling oxc_minifier v0.130.0
[INFO] [stderr]    Compiling oxc_transformer_plugins v0.130.0
[INFO] [stderr]    Compiling oxc v0.130.0
[INFO] [stderr]    Compiling no-mistakes-core v0.6.0
[INFO] [stderr]    Compiling server-ast-routes v0.6.0 (/opt/rustwide/workdir)
[INFO] [stderr]     Finished `release` profile [optimized] target(s) in 3m 23s
[INFO] running `Command { std: "docker" "inspect" "3a1af7ab7c5f3e6dd9536737642d5a6a337af1b8bd6f4129bfc8c6588db52ec5", kill_on_drop: false }`
[INFO] running `Command { std: "docker" "exec" "-e" "SOURCE_DIR=/opt/rustwide/workdir" "-e" "CARGO_HOME=/opt/rustwide/cargo-home" "-e" "RUSTUP_HOME=/opt/rustwide/rustup-home" "-e" "CARGO_TARGET_DIR=/opt/rustwide/target" "-e" "CARGO_INCREMENTAL=0" "-e" "RUST_BACKTRACE=full" "-e" "RUSTFLAGS=--cap-lints=warn" "-e" "RUSTDOCFLAGS=--cap-lints=warn" "-w" "/opt/rustwide/workdir" "--user" "0:0" "3a1af7ab7c5f3e6dd9536737642d5a6a337af1b8bd6f4129bfc8c6588db52ec5" "/opt/rustwide/cargo-home/bin/cargo" "+1.100.0-beta.1" "test" "--frozen" "--no-run" "--message-format=json" "--release", kill_on_drop: false }`
[INFO] [stderr]    Compiling regex-automata v0.4.14
[INFO] [stderr]    Compiling float-cmp v0.10.0
[INFO] [stderr]    Compiling bstr v1.12.1
[INFO] [stderr]    Compiling regex v1.12.3
[INFO] [stderr]    Compiling predicates v3.1.4
[INFO] [stderr]    Compiling globset v0.4.18
[INFO] [stderr]    Compiling assert_cmd v2.2.2
[INFO] [stderr]    Compiling ignore v0.4.25
[INFO] [stderr]    Compiling no-mistakes-core v0.6.0
[INFO] [stderr]    Compiling server-ast-routes v0.6.0 (/opt/rustwide/workdir)
[INFO] [stderr]     Finished `release` profile [optimized] target(s) in 1m 20s
[INFO] running `Command { std: "docker" "inspect" "3a1af7ab7c5f3e6dd9536737642d5a6a337af1b8bd6f4129bfc8c6588db52ec5", kill_on_drop: false }`
[INFO] running `Command { std: "docker" "exec" "-e" "SOURCE_DIR=/opt/rustwide/workdir" "-e" "CARGO_HOME=/opt/rustwide/cargo-home" "-e" "RUSTUP_HOME=/opt/rustwide/rustup-home" "-e" "CARGO_TARGET_DIR=/opt/rustwide/target" "-e" "CARGO_INCREMENTAL=0" "-e" "RUST_BACKTRACE=full" "-e" "RUSTFLAGS=--cap-lints=warn" "-e" "RUSTDOCFLAGS=--cap-lints=warn" "-w" "/opt/rustwide/workdir" "--user" "0:0" "3a1af7ab7c5f3e6dd9536737642d5a6a337af1b8bd6f4129bfc8c6588db52ec5" "/opt/rustwide/cargo-home/bin/cargo" "+1.100.0-beta.1" "test" "--frozen" "--release", kill_on_drop: false }`
[INFO] [stderr]     Finished `release` profile [optimized] target(s) in 0.20s
[INFO] [stderr]      Running unittests src/lib.rs (/opt/rustwide/target/release/build/server-ast-routes/c9877ae927926cbe/out/server_ast_routes-c9877ae927926cbe)
[INFO] [stderr]      Running unittests src/main.rs (/opt/rustwide/target/release/build/server-ast-routes/f601f9b778c437d9/out/server_ast_routes-f601f9b778c437d9)
[INFO] [stdout] 
[INFO] [stdout] running 0 tests
[INFO] [stdout] 
[INFO] [stdout] test result: ok. 0 passed; 0 failed; 0 ignored; 0 measured; 0 filtered out; finished in 0.00s
[INFO] [stdout] 
[INFO] [stdout] 
[INFO] [stderr]      Running tests/cli.rs (/opt/rustwide/target/release/build/server-ast-routes/0563539c7ef36246/out/cli-0563539c7ef36246)
[INFO] [stdout] running 0 tests
[INFO] [stdout] 
[INFO] [stdout] test result: ok. 0 passed; 0 failed; 0 ignored; 0 measured; 0 filtered out; finished in 0.00s
[INFO] [stdout] 
[INFO] [stdout] 
[INFO] [stdout] running 11 tests
[INFO] [stdout] test invalid_filter_surfaces_main_error_exit ... ok
[INFO] [stdout] test edges_json_honors_roots_and_depth ... FAILED
[INFO] [stdout] test related_with_unmatched_root_stops_when_frontier_is_empty ... ok
[INFO] [stdout] test routes_json_reports_normalized_routes ... FAILED
[INFO] [stdout] test timings_and_jobs_env_are_accepted ... ok
[INFO] [stdout] test edges_depth_walk_stops_after_leaf_frontier ... FAILED
[INFO] [stdout] test related_supports_directions_and_formats ... FAILED
[INFO] [stdout] test related_supports_dependents_and_both_directions ... ok
[INFO] [stdout] test edges_formats_are_rendered ... FAILED
[INFO] [stdout] test edges_paths_can_start_from_file ... FAILED
[INFO] [stdout] test routes_formats_are_rendered ... FAILED
[INFO] [stdout] 
[INFO] [stdout] failures:
[INFO] [stdout] 
[INFO] [stdout] ---- edges_json_honors_roots_and_depth stdout ----
[INFO] [stdout] 
[INFO] [stdout] thread 'edges_json_honors_roots_and_depth' (2388) panicked at tests/cli.rs:89:10:
[INFO] [stdout] Unexpected stdout, failed var.contains(/api/v1/users/*)
[INFO] [stdout] ├── var: {
[INFO] [stdout] │     "roots": [
[INFO] [stdout] │       "backend/api/users.ts"
[INFO] [stdout] │     ],
[INFO] [stdout] │     "depth": 1,
[INFO] [stdout] │     "edges": []
[INFO] [stdout] │   }
[INFO] [stdout] └── var as str: {
[INFO] [stdout]       "roots": [
[INFO] [stdout]         "backend/api/users.ts"
[INFO] [stdout]       ],
[INFO] [stdout]       "depth": 1,
[INFO] [stdout]       "edges": []
[INFO] [stdout]     }
[INFO] [stdout] 
[INFO] [stdout] command=`"/opt/rustwide/target/release/server-ast-routes" "--root" "/opt/rustwide/workdir/../../fixtures/server-ast-routes/express" "--format" "json" "--depth" "1" "edges" "backend/api/users.ts"`
[INFO] [stdout] code=0
[INFO] [stdout] stdout=```
[INFO] [stdout] {
[INFO] [stdout]   \"roots\": [
[INFO] [stdout]     \"backend/api/users.ts\"
[INFO] [stdout]   ],
[INFO] [stdout]   \"depth\": 1,
[INFO] [stderr] error: test failed, to rerun pass `--test cli`
[INFO] [stdout]   \"edges\": []
[INFO] [stdout] }
[INFO] [stdout] ```
[INFO] [stdout] 
[INFO] [stdout] stderr=""
[INFO] [stdout] 
[INFO] [stdout] stack backtrace:
[INFO] [stdout]    0:     0x650638735771 - <<std[617be2ca0a6fd877]::sys::backtrace::BacktraceLock>::print::DisplayBacktrace as core[a373ad73a504971]::fmt::Display>::fmt
[INFO] [stdout]    1:     0x65063874befa - core[a373ad73a504971]::fmt::write
[INFO] [stdout]    2:     0x65063873ae0c - <alloc[2e1b2a31b91974c5]::vec::Vec<u8> as core[a373ad73a504971]::io::write::Write>::write_fmt
[INFO] [stdout]    3:     0x650638711286 - std[617be2ca0a6fd877]::panicking::default_hook::{closure#0}
[INFO] [stdout]    4:     0x65063872dd89 - std[617be2ca0a6fd877]::panicking::default_hook
[INFO] [stdout]    5:     0x6506386b96f0 - test[aada8e7e76ba119b]::test_main_inner::{closure#0}
[INFO] [stdout]    6:     0x65063872df42 - std[617be2ca0a6fd877]::panicking::panic_with_hook
[INFO] [stdout]    7:     0x650638711332 - std[617be2ca0a6fd877]::panicking::panic_handler::{closure#0}
[INFO] [stdout]    8:     0x65063870a049 - std[617be2ca0a6fd877]::sys::backtrace::__rust_end_short_backtrace::<std[617be2ca0a6fd877]::panicking::panic_handler::{closure#0}, !>
[INFO] [stdout]    9:     0x650638711f3d - __rustc[ea4f61d10b84890b]::rust_begin_unwind
[INFO] [stdout]   10:     0x65063874c6ac - core[a373ad73a504971]::panicking::panic_fmt
[INFO] [stdout]   11:     0x6506386a7660 - <assert_cmd[c91624f670ca4ad3]::assert::AssertError>::panic::<assert_cmd[c91624f670ca4ad3]::assert::Assert>
[INFO] [stdout]   12:     0x6506386aa825 - <cli[18a425104c6fbd48]::edges_json_honors_roots_and_depth::{closure#0} as core[a373ad73a504971]::ops::function::FnOnce<()>>::call_once
[INFO] [stdout]   13:     0x6506386acb3b - test[aada8e7e76ba119b]::__rust_begin_short_backtrace::<core[a373ad73a504971]::result::Result<(), alloc[2e1b2a31b91974c5]::string::String>, fn() -> core[a373ad73a504971]::result::Result<(), alloc[2e1b2a31b91974c5]::string::String>>
[INFO] [stdout]   14:     0x6506386b9d15 - test[aada8e7e76ba119b]::run_test::{closure#0}
[INFO] [stdout]   15:     0x6506386b3604 - std[617be2ca0a6fd877]::sys::backtrace::__rust_begin_short_backtrace::<test[aada8e7e76ba119b]::run_test::{closure#1}, ()>
[INFO] [stdout]   16:     0x6506386bcda2 - <std[617be2ca0a6fd877]::thread::lifecycle::spawn_unchecked<test[aada8e7e76ba119b]::run_test::{closure#1}, ()>::{closure#1} as core[a373ad73a504971]::ops::function::FnOnce<()>>::call_once::{shim:vtable#0}
[INFO] [stdout]   17:     0x650638734f4f - <std[617be2ca0a6fd877]::sys::thread::unix::Thread>::new::thread_start
[INFO] [stdout]   18:     0x75da9cc39dfa - <unknown>
[INFO] [stdout]   19:     0x75da9cccd3d4 - clone
[INFO] [stdout]   20:                0x0 - <unknown>
[INFO] [stdout] 
[INFO] [stdout] ---- routes_json_reports_normalized_routes stdout ----
[INFO] [stdout] 
[INFO] [stdout] thread 'routes_json_reports_normalized_routes' (2396) panicked at tests/cli.rs:21:10:
[INFO] [stdout] Unexpected stdout, failed var.contains("route": "/api/v1/users/*")
[INFO] [stdout] ├── var: []
[INFO] [stdout] └── var as str: []
[INFO] [stdout] 
[INFO] [stdout] command=`"/opt/rustwide/target/release/server-ast-routes" "--root" "/opt/rustwide/workdir/../../fixtures/server-ast-routes/express" "--json" "routes"`
[INFO] [stdout] code=0
[INFO] [stdout] stdout="[]\n"
[INFO] [stdout] stderr=""
[INFO] [stdout] 
[INFO] [stdout] stack backtrace:
[INFO] [stdout]    0:     0x650638735771 - <<std[617be2ca0a6fd877]::sys::backtrace::BacktraceLock>::print::DisplayBacktrace as core[a373ad73a504971]::fmt::Display>::fmt
[INFO] [stdout]    1:     0x65063874befa - core[a373ad73a504971]::fmt::write
[INFO] [stdout]    2:     0x65063873ae0c - <alloc[2e1b2a31b91974c5]::vec::Vec<u8> as core[a373ad73a504971]::io::write::Write>::write_fmt
[INFO] [stdout]    3:     0x650638711286 - std[617be2ca0a6fd877]::panicking::default_hook::{closure#0}
[INFO] [stdout]    4:     0x65063872dd89 - std[617be2ca0a6fd877]::panicking::default_hook
[INFO] [stdout]    5:     0x6506386b96f0 - test[aada8e7e76ba119b]::test_main_inner::{closure#0}
[INFO] [stdout]    6:     0x65063872df42 - std[617be2ca0a6fd877]::panicking::panic_with_hook
[INFO] [stdout]    7:     0x650638711332 - std[617be2ca0a6fd877]::panicking::panic_handler::{closure#0}
[INFO] [stdout]    8:     0x65063870a049 - std[617be2ca0a6fd877]::sys::backtrace::__rust_end_short_backtrace::<std[617be2ca0a6fd877]::panicking::panic_handler::{closure#0}, !>
[INFO] [stdout]    9:     0x650638711f3d - __rustc[ea4f61d10b84890b]::rust_begin_unwind
[INFO] [stdout]   10:     0x65063874c6ac - core[a373ad73a504971]::panicking::panic_fmt
[INFO] [stdout]   11:     0x6506386a7660 - <assert_cmd[c91624f670ca4ad3]::assert::AssertError>::panic::<assert_cmd[c91624f670ca4ad3]::assert::Assert>
[INFO] [stdout]   12:     0x6506386ab08c - <cli[18a425104c6fbd48]::routes_json_reports_normalized_routes::{closure#0} as core[a373ad73a504971]::ops::function::FnOnce<()>>::call_once
[INFO] [stdout]   13:     0x6506386acb3b - test[aada8e7e76ba119b]::__rust_begin_short_backtrace::<core[a373ad73a504971]::result::Result<(), alloc[2e1b2a31b91974c5]::string::String>, fn() -> core[a373ad73a504971]::result::Result<(), alloc[2e1b2a31b91974c5]::string::String>>
[INFO] [stdout]   14:     0x6506386b9d15 - test[aada8e7e76ba119b]::run_test::{closure#0}
[INFO] [stdout]   15:     0x6506386b3604 - std[617be2ca0a6fd877]::sys::backtrace::__rust_begin_short_backtrace::<test[aada8e7e76ba119b]::run_test::{closure#1}, ()>
[INFO] [stdout]   16:     0x6506386bcda2 - <std[617be2ca0a6fd877]::thread::lifecycle::spawn_unchecked<test[aada8e7e76ba119b]::run_test::{closure#1}, ()>::{closure#1} as core[a373ad73a504971]::ops::function::FnOnce<()>>::call_once::{shim:vtable#0}
[INFO] [stdout]   17:     0x650638734f4f - <std[617be2ca0a6fd877]::sys::thread::unix::Thread>::new::thread_start
[INFO] [stdout]   18:     0x75da9cc39dfa - <unknown>
[INFO] [stdout]   19:     0x75da9cccd3d4 - clone
[INFO] [stdout]   20:                0x0 - <unknown>
[INFO] [stdout] 
[INFO] [stdout] ---- edges_depth_walk_stops_after_leaf_frontier stdout ----
[INFO] [stdout] 
[INFO] [stdout] thread 'edges_depth_walk_stops_after_leaf_frontier' (2386) panicked at tests/cli.rs:107:10:
[INFO] [stdout] Unexpected stdout, failed var.contains(/api/v1/users/*)
[INFO] [stdout] ├── var: {
[INFO] [stdout] │     "roots": [
[INFO] [stdout] │       "backend/api/users.ts"
[INFO] [stdout] │     ],
[INFO] [stdout] │     "depth": 2,
[INFO] [stdout] │     "edges": []
[INFO] [stdout] │   }
[INFO] [stdout] └── var as str: {
[INFO] [stdout]       "roots": [
[INFO] [stdout]         "backend/api/users.ts"
[INFO] [stdout]       ],
[INFO] [stdout]       "depth": 2,
[INFO] [stdout]       "edges": []
[INFO] [stdout]     }
[INFO] [stdout] 
[INFO] [stdout] command=`"/opt/rustwide/target/release/server-ast-routes" "--root" "/opt/rustwide/workdir/../../fixtures/server-ast-routes/express" "--format" "json" "--depth" "2" "edges" "backend/api/users.ts"`
[INFO] [stdout] code=0
[INFO] [stdout] stdout=```
[INFO] [stdout] {
[INFO] [stdout]   \"roots\": [
[INFO] [stdout]     \"backend/api/users.ts\"
[INFO] [stdout]   ],
[INFO] [stdout]   \"depth\": 2,
[INFO] [stdout]   \"edges\": []
[INFO] [stdout] }
[INFO] [stdout] ```
[INFO] [stdout] 
[INFO] [stdout] stderr=""
[INFO] [stdout] 
[INFO] [stdout] stack backtrace:
[INFO] [stdout]    0:     0x650638735771 - <<std[617be2ca0a6fd877]::sys::backtrace::BacktraceLock>::print::DisplayBacktrace as core[a373ad73a504971]::fmt::Display>::fmt
[INFO] [stdout]    1:     0x65063874befa - core[a373ad73a504971]::fmt::write
[INFO] [stdout]    2:     0x65063873ae0c - <alloc[2e1b2a31b91974c5]::vec::Vec<u8> as core[a373ad73a504971]::io::write::Write>::write_fmt
[INFO] [stdout]    3:     0x650638711286 - std[617be2ca0a6fd877]::panicking::default_hook::{closure#0}
[INFO] [stdout]    4:     0x65063872dd89 - std[617be2ca0a6fd877]::panicking::default_hook
[INFO] [stdout]    5:     0x6506386b96f0 - test[aada8e7e76ba119b]::test_main_inner::{closure#0}
[INFO] [stdout]    6:     0x65063872df42 - std[617be2ca0a6fd877]::panicking::panic_with_hook
[INFO] [stdout]    7:     0x650638711332 - std[617be2ca0a6fd877]::panicking::panic_handler::{closure#0}
[INFO] [stdout]    8:     0x65063870a049 - std[617be2ca0a6fd877]::sys::backtrace::__rust_end_short_backtrace::<std[617be2ca0a6fd877]::panicking::panic_handler::{closure#0}, !>
[INFO] [stdout]    9:     0x650638711f3d - __rustc[ea4f61d10b84890b]::rust_begin_unwind
[INFO] [stdout]   10:     0x65063874c6ac - core[a373ad73a504971]::panicking::panic_fmt
[INFO] [stdout]   11:     0x6506386a7660 - <assert_cmd[c91624f670ca4ad3]::assert::AssertError>::panic::<assert_cmd[c91624f670ca4ad3]::assert::Assert>
[INFO] [stdout]   12:     0x6506386abe7a - <cli[18a425104c6fbd48]::edges_depth_walk_stops_after_leaf_frontier::{closure#0} as core[a373ad73a504971]::ops::function::FnOnce<()>>::call_once
[INFO] [stdout]   13:     0x6506386acb3b - test[aada8e7e76ba119b]::__rust_begin_short_backtrace::<core[a373ad73a504971]::result::Result<(), alloc[2e1b2a31b91974c5]::string::String>, fn() -> core[a373ad73a504971]::result::Result<(), alloc[2e1b2a31b91974c5]::string::String>>
[INFO] [stdout]   14:     0x6506386b9d15 - test[aada8e7e76ba119b]::run_test::{closure#0}
[INFO] [stdout]   15:     0x6506386b3604 - std[617be2ca0a6fd877]::sys::backtrace::__rust_begin_short_backtrace::<test[aada8e7e76ba119b]::run_test::{closure#1}, ()>
[INFO] [stdout]   16:     0x6506386bcda2 - <std[617be2ca0a6fd877]::thread::lifecycle::spawn_unchecked<test[aada8e7e76ba119b]::run_test::{closure#1}, ()>::{closure#1} as core[a373ad73a504971]::ops::function::FnOnce<()>>::call_once::{shim:vtable#0}
[INFO] [stdout]   17:     0x650638734f4f - <std[617be2ca0a6fd877]::sys::thread::unix::Thread>::new::thread_start
[INFO] [stdout]   18:     0x75da9cc39dfa - <unknown>
[INFO] [stdout]   19:     0x75da9cccd3d4 - clone
[INFO] [stdout]   20:                0x0 - <unknown>
[INFO] [stdout] 
[INFO] [stdout] ---- related_supports_directions_and_formats stdout ----
[INFO] [stdout] 
[INFO] [stdout] thread 'related_supports_directions_and_formats' (2392) panicked at tests/cli.rs:125:14:
[INFO] [stdout] Unexpected stdout, failed var.contains(/api/v1/users)
[INFO] [stdout] ├── var: {
[INFO] [stdout] │     "roots": [
[INFO] [stdout] │       "backend/api/users.ts"
[INFO] [stdout] │     ],
[INFO] [stdout] │     "edges": []
[INFO] [stdout] │   }
[INFO] [stdout] └── var as str: {
[INFO] [stdout]       "roots": [
[INFO] [stdout]         "backend/api/users.ts"
[INFO] [stdout]       ],
[INFO] [stdout]       "edges": []
[INFO] [stdout]     }
[INFO] [stdout] 
[INFO] [stdout] command=`"/opt/rustwide/target/release/server-ast-routes" "--root" "/opt/rustwide/workdir/../../fixtures/server-ast-routes/express" "--format" "json" "related" "backend/api/users.ts" "--direction" "deps"`
[INFO] [stdout] code=0
[INFO] [stdout] stdout=```
[INFO] [stdout] {
[INFO] [stdout]   \"roots\": [
[INFO] [stdout]     \"backend/api/users.ts\"
[INFO] [stdout]   ],
[INFO] [stdout]   \"edges\": []
[INFO] [stdout] }
[INFO] [stdout] ```
[INFO] [stdout] 
[INFO] [stdout] stderr=""
[INFO] [stdout] 
[INFO] [stdout] stack backtrace:
[INFO] [stdout]    0:     0x650638735771 - <<std[617be2ca0a6fd877]::sys::backtrace::BacktraceLock>::print::DisplayBacktrace as core[a373ad73a504971]::fmt::Display>::fmt
[INFO] [stdout]    1:     0x65063874befa - core[a373ad73a504971]::fmt::write
[INFO] [stdout]    2:     0x65063873ae0c - <alloc[2e1b2a31b91974c5]::vec::Vec<u8> as core[a373ad73a504971]::io::write::Write>::write_fmt
[INFO] [stdout]    3:     0x650638711286 - std[617be2ca0a6fd877]::panicking::default_hook::{closure#0}
[INFO] [stdout]    4:     0x65063872dd89 - std[617be2ca0a6fd877]::panicking::default_hook
[INFO] [stdout]    5:     0x6506386b96f0 - test[aada8e7e76ba119b]::test_main_inner::{closure#0}
[INFO] [stdout]    6:     0x65063872df42 - std[617be2ca0a6fd877]::panicking::panic_with_hook
[INFO] [stdout]    7:     0x650638711332 - std[617be2ca0a6fd877]::panicking::panic_handler::{closure#0}
[INFO] [stdout]    8:     0x65063870a049 - std[617be2ca0a6fd877]::sys::backtrace::__rust_end_short_backtrace::<std[617be2ca0a6fd877]::panicking::panic_handler::{closure#0}, !>
[INFO] [stdout]    9:     0x650638711f3d - __rustc[ea4f61d10b84890b]::rust_begin_unwind
[INFO] [stdout]   10:     0x65063874c6ac - core[a373ad73a504971]::panicking::panic_fmt
[INFO] [stdout]   11:     0x6506386a7660 - <assert_cmd[c91624f670ca4ad3]::assert::AssertError>::panic::<assert_cmd[c91624f670ca4ad3]::assert::Assert>
[INFO] [stdout]   12:     0x6506386aba3e - <cli[18a425104c6fbd48]::related_supports_directions_and_formats::{closure#0} as core[a373ad73a504971]::ops::function::FnOnce<()>>::call_once
[INFO] [stdout]   13:     0x6506386acb3b - test[aada8e7e76ba119b]::__rust_begin_short_backtrace::<core[a373ad73a504971]::result::Result<(), alloc[2e1b2a31b91974c5]::string::String>, fn() -> core[a373ad73a504971]::result::Result<(), alloc[2e1b2a31b91974c5]::string::String>>
[INFO] [stdout]   14:     0x6506386b9d15 - test[aada8e7e76ba119b]::run_test::{closure#0}
[INFO] [stdout]   15:     0x6506386b3604 - std[617be2ca0a6fd877]::sys::backtrace::__rust_begin_short_backtrace::<test[aada8e7e76ba119b]::run_test::{closure#1}, ()>
[INFO] [stdout]   16:     0x6506386bcda2 - <std[617be2ca0a6fd877]::thread::lifecycle::spawn_unchecked<test[aada8e7e76ba119b]::run_test::{closure#1}, ()>::{closure#1} as core[a373ad73a504971]::ops::function::FnOnce<()>>::call_once::{shim:vtable#0}
[INFO] [stdout]   17:     0x650638734f4f - <std[617be2ca0a6fd877]::sys::thread::unix::Thread>::new::thread_start
[INFO] [stdout]   18:     0x75da9cc39dfa - <unknown>
[INFO] [stdout]   19:     0x75da9cccd3d4 - clone
[INFO] [stdout]   20:                0x0 - <unknown>
[INFO] [stdout] 
[INFO] [stdout] ---- edges_formats_are_rendered stdout ----
[INFO] [stdout] 
[INFO] [stdout] thread 'edges_formats_are_rendered' (2387) panicked at tests/cli.rs:53:14:
[INFO] [stdout] Unexpected stdout, failed var.contains(/matched)
[INFO] [stdout] ├── var: {
[INFO] [stdout] │     "roots": [],
[INFO] [stdout] │     "depth": null,
[INFO] [stdout] │     "edges": []
[INFO] [stdout] │   }
[INFO] [stdout] └── var as str: {
[INFO] [stdout]       "roots": [],
[INFO] [stdout]       "depth": null,
[INFO] [stdout]       "edges": []
[INFO] [stdout]     }
[INFO] [stdout] 
[INFO] [stdout] command=`"/opt/rustwide/target/release/server-ast-routes" "--root" "/opt/rustwide/workdir/../../fixtures/server-ast-routes/mixed" "--format" "json" "edges"`
[INFO] [stdout] code=0
[INFO] [stdout] stdout=```
[INFO] [stdout] {
[INFO] [stdout]   \"roots\": [],
[INFO] [stdout]   \"depth\": null,
[INFO] [stdout]   \"edges\": []
[INFO] [stdout] }
[INFO] [stdout] ```
[INFO] [stdout] 
[INFO] [stdout] stderr=""
[INFO] [stdout] 
[INFO] [stdout] stack backtrace:
[INFO] [stdout]    0:     0x650638735771 - <<std[617be2ca0a6fd877]::sys::backtrace::BacktraceLock>::print::DisplayBacktrace as core[a373ad73a504971]::fmt::Display>::fmt
[INFO] [stdout]    1:     0x65063874befa - core[a373ad73a504971]::fmt::write
[INFO] [stdout]    2:     0x65063873ae0c - <alloc[2e1b2a31b91974c5]::vec::Vec<u8> as core[a373ad73a504971]::io::write::Write>::write_fmt
[INFO] [stdout]    3:     0x650638711286 - std[617be2ca0a6fd877]::panicking::default_hook::{closure#0}
[INFO] [stdout]    4:     0x65063872dd89 - std[617be2ca0a6fd877]::panicking::default_hook
[INFO] [stdout]    5:     0x6506386b96f0 - test[aada8e7e76ba119b]::test_main_inner::{closure#0}
[INFO] [stdout]    6:     0x65063872df42 - std[617be2ca0a6fd877]::panicking::panic_with_hook
[INFO] [stdout]    7:     0x650638711332 - std[617be2ca0a6fd877]::panicking::panic_handler::{closure#0}
[INFO] [stdout]    8:     0x65063870a049 - std[617be2ca0a6fd877]::sys::backtrace::__rust_end_short_backtrace::<std[617be2ca0a6fd877]::panicking::panic_handler::{closure#0}, !>
[INFO] [stdout]    9:     0x650638711f3d - __rustc[ea4f61d10b84890b]::rust_begin_unwind
[INFO] [stdout]   10:     0x65063874c6ac - core[a373ad73a504971]::panicking::panic_fmt
[INFO] [stdout]   11:     0x6506386a7660 - <assert_cmd[c91624f670ca4ad3]::assert::AssertError>::panic::<assert_cmd[c91624f670ca4ad3]::assert::Assert>
[INFO] [stdout]   12:     0x6506386a9869 - <cli[18a425104c6fbd48]::edges_formats_are_rendered::{closure#0} as core[a373ad73a504971]::ops::function::FnOnce<()>>::call_once
[INFO] [stdout]   13:     0x6506386acb3b - test[aada8e7e76ba119b]::__rust_begin_short_backtrace::<core[a373ad73a504971]::result::Result<(), alloc[2e1b2a31b91974c5]::string::String>, fn() -> core[a373ad73a504971]::result::Result<(), alloc[2e1b2a31b91974c5]::string::String>>
[INFO] [stdout]   14:     0x6506386b9d15 - test[aada8e7e76ba119b]::run_test::{closure#0}
[INFO] [stdout]   15:     0x6506386b3604 - std[617be2ca0a6fd877]::sys::backtrace::__rust_begin_short_backtrace::<test[aada8e7e76ba119b]::run_test::{closure#1}, ()>
[INFO] [stdout]   16:     0x6506386bcda2 - <std[617be2ca0a6fd877]::thread::lifecycle::spawn_unchecked<test[aada8e7e76ba119b]::run_test::{closure#1}, ()>::{closure#1} as core[a373ad73a504971]::ops::function::FnOnce<()>>::call_once::{shim:vtable#0}
[INFO] [stdout]   17:     0x650638734f4f - <std[617be2ca0a6fd877]::sys::thread::unix::Thread>::new::thread_start
[INFO] [stdout]   18:     0x75da9cc39dfa - <unknown>
[INFO] [stdout]   19:     0x75da9cccd3d4 - clone
[INFO] [stdout]   20:                0x0 - <unknown>
[INFO] [stdout] 
[INFO] [stdout] ---- edges_paths_can_start_from_file stdout ----
[INFO] [stdout] 
[INFO] [stdout] thread 'edges_paths_can_start_from_file' (2389) panicked at tests/cli.rs:71:10:
[INFO] [stdout] Unexpected stdout, failed var.contains(/api/v1/users/*)
[INFO] [stdout] ├── var: 
[INFO] [stdout] └── var as str: 
[INFO] [stdout] 
[INFO] [stdout] command=`"/opt/rustwide/target/release/server-ast-routes" "--root" "/opt/rustwide/workdir/../../fixtures/server-ast-routes/express" "--format" "paths" "--depth" "1" "edges" "backend/api/users.ts"`
[INFO] [stdout] code=0
[INFO] [stdout] stdout=""
[INFO] [stdout] stderr=""
[INFO] [stdout] 
[INFO] [stdout] stack backtrace:
[INFO] [stdout]    0:     0x650638735771 - <<std[617be2ca0a6fd877]::sys::backtrace::BacktraceLock>::print::DisplayBacktrace as core[a373ad73a504971]::fmt::Display>::fmt
[INFO] [stdout]    1:     0x65063874befa - core[a373ad73a504971]::fmt::write
[INFO] [stdout]    2:     0x65063873ae0c - <alloc[2e1b2a31b91974c5]::vec::Vec<u8> as core[a373ad73a504971]::io::write::Write>::write_fmt
[INFO] [stdout]    3:     0x650638711286 - std[617be2ca0a6fd877]::panicking::default_hook::{closure#0}
[INFO] [stdout]    4:     0x65063872dd89 - std[617be2ca0a6fd877]::panicking::default_hook
[INFO] [stdout]    5:     0x6506386b96f0 - test[aada8e7e76ba119b]::test_main_inner::{closure#0}
[INFO] [stdout]    6:     0x65063872df42 - std[617be2ca0a6fd877]::panicking::panic_with_hook
[INFO] [stdout]    7:     0x650638711332 - std[617be2ca0a6fd877]::panicking::panic_handler::{closure#0}
[INFO] [stdout]    8:     0x65063870a049 - std[617be2ca0a6fd877]::sys::backtrace::__rust_end_short_backtrace::<std[617be2ca0a6fd877]::panicking::panic_handler::{closure#0}, !>
[INFO] [stdout]    9:     0x650638711f3d - __rustc[ea4f61d10b84890b]::rust_begin_unwind
[INFO] [stdout]   10:     0x65063874c6ac - core[a373ad73a504971]::panicking::panic_fmt
[INFO] [stdout]   11:     0x6506386a7660 - <assert_cmd[c91624f670ca4ad3]::assert::AssertError>::panic::<assert_cmd[c91624f670ca4ad3]::assert::Assert>
[INFO] [stdout]   12:     0x6506386aa13a - <cli[18a425104c6fbd48]::edges_paths_can_start_from_file::{closure#0} as core[a373ad73a504971]::ops::function::FnOnce<()>>::call_once
[INFO] [stdout]   13:     0x6506386acb3b - test[aada8e7e76ba119b]::__rust_begin_short_backtrace::<core[a373ad73a504971]::result::Result<(), alloc[2e1b2a31b91974c5]::string::String>, fn() -> core[a373ad73a504971]::result::Result<(), alloc[2e1b2a31b91974c5]::string::String>>
[INFO] [stdout]   14:     0x6506386b9d15 - test[aada8e7e76ba119b]::run_test::{closure#0}
[INFO] [stdout]   15:     0x6506386b3604 - std[617be2ca0a6fd877]::sys::backtrace::__rust_begin_short_backtrace::<test[aada8e7e76ba119b]::run_test::{closure#1}, ()>
[INFO] [stdout]   16:     0x6506386bcda2 - <std[617be2ca0a6fd877]::thread::lifecycle::spawn_unchecked<test[aada8e7e76ba119b]::run_test::{closure#1}, ()>::{closure#1} as core[a373ad73a504971]::ops::function::FnOnce<()>>::call_once::{shim:vtable#0}
[INFO] [stdout]   17:     0x650638734f4f - <std[617be2ca0a6fd877]::sys::thread::unix::Thread>::new::thread_start
[INFO] [stdout]   18:     0x75da9cc39dfa - <unknown>
[INFO] [stdout]   19:     0x75da9cccd3d4 - clone
[INFO] [stdout]   20:                0x0 - <unknown>
[INFO] [stdout] 
[INFO] [stdout] ---- routes_formats_are_rendered stdout ----
[INFO] [stdout] 
[INFO] [stdout] thread 'routes_formats_are_rendered' (2394) panicked at tests/cli.rs:37:14:
[INFO] [stdout] Unexpected stdout, failed var.contains(/api-server)
[INFO] [stdout] ├── var: # Server routes
[INFO] [stdout] └── var as str: # Server routes
[INFO] [stdout] 
[INFO] [stdout] command=`"/opt/rustwide/target/release/server-ast-routes" "--root" "/opt/rustwide/workdir/../../fixtures/server-ast-routes/mixed" "--format" "md" "routes" "backend/api/routes.ts"`
[INFO] [stdout] code=0
[INFO] [stdout] stdout="# Server routes\n"
[INFO] [stdout] stderr=""
[INFO] [stdout] 
[INFO] [stdout] stack backtrace:
[INFO] [stdout]    0:     0x650638735771 - <<std[617be2ca0a6fd877]::sys::backtrace::BacktraceLock>::print::DisplayBacktrace as core[a373ad73a504971]::fmt::Display>::fmt
[INFO] [stdout]    1:     0x65063874befa - core[a373ad73a504971]::fmt::write
[INFO] [stdout]    2:     0x65063873ae0c - <alloc[2e1b2a31b91974c5]::vec::Vec<u8> as core[a373ad73a504971]::io::write::Write>::write_fmt
[INFO] [stdout]    3:     0x650638711286 - std[617be2ca0a6fd877]::panicking::default_hook::{closure#0}
[INFO] [stdout]    4:     0x65063872dd89 - std[617be2ca0a6fd877]::panicking::default_hook
[INFO] [stdout]    5:     0x6506386b96f0 - test[aada8e7e76ba119b]::test_main_inner::{closure#0}
[INFO] [stdout]    6:     0x65063872df42 - std[617be2ca0a6fd877]::panicking::panic_with_hook
[INFO] [stdout]    7:     0x650638711332 - std[617be2ca0a6fd877]::panicking::panic_handler::{closure#0}
[INFO] [stdout]    8:     0x65063870a049 - std[617be2ca0a6fd877]::sys::backtrace::__rust_end_short_backtrace::<std[617be2ca0a6fd877]::panicking::panic_handler::{closure#0}, !>
[INFO] [stdout]    9:     0x650638711f3d - __rustc[ea4f61d10b84890b]::rust_begin_unwind
[INFO] [stdout]   10:     0x65063874c6ac - core[a373ad73a504971]::panicking::panic_fmt
[INFO] [stdout]   11:     0x6506386a7660 - <assert_cmd[c91624f670ca4ad3]::assert::AssertError>::panic::<assert_cmd[c91624f670ca4ad3]::assert::Assert>
[INFO] [stdout]   12:     0x6506386a9d05 - <cli[18a425104c6fbd48]::routes_formats_are_rendered::{closure#0} as core[a373ad73a504971]::ops::function::FnOnce<()>>::call_once
[INFO] [stdout]   13:     0x6506386acb3b - test[aada8e7e76ba119b]::__rust_begin_short_backtrace::<core[a373ad73a504971]::result::Result<(), alloc[2e1b2a31b91974c5]::string::String>, fn() -> core[a373ad73a504971]::result::Result<(), alloc[2e1b2a31b91974c5]::string::String>>
[INFO] [stdout]   14:     0x6506386b9d15 - test[aada8e7e76ba119b]::run_test::{closure#0}
[INFO] [stdout]   15:     0x6506386b3604 - std[617be2ca0a6fd877]::sys::backtrace::__rust_begin_short_backtrace::<test[aada8e7e76ba119b]::run_test::{closure#1}, ()>
[INFO] [stdout]   16:     0x6506386bcda2 - <std[617be2ca0a6fd877]::thread::lifecycle::spawn_unchecked<test[aada8e7e76ba119b]::run_test::{closure#1}, ()>::{closure#1} as core[a373ad73a504971]::ops::function::FnOnce<()>>::call_once::{shim:vtable#0}
[INFO] [stdout]   17:     0x650638734f4f - <std[617be2ca0a6fd877]::sys::thread::unix::Thread>::new::thread_start
[INFO] [stdout]   18:     0x75da9cc39dfa - <unknown>
[INFO] [stdout]   19:     0x75da9cccd3d4 - clone
[INFO] [stdout]   20:                0x0 - <unknown>
[INFO] [stdout] 
[INFO] [stdout] 
[INFO] [stdout] failures:
[INFO] [stdout]     edges_depth_walk_stops_after_leaf_frontier
[INFO] [stdout]     edges_formats_are_rendered
[INFO] [stdout]     edges_json_honors_roots_and_depth
[INFO] [stdout]     edges_paths_can_start_from_file
[INFO] [stdout]     related_supports_directions_and_formats
[INFO] [stdout]     routes_formats_are_rendered
[INFO] [stdout]     routes_json_reports_normalized_routes
[INFO] [stdout] 
[INFO] [stdout] test result: FAILED. 4 passed; 7 failed; 0 ignored; 0 measured; 0 filtered out; finished in 0.03s
[INFO] [stdout] 
[INFO] running `Command { std: "docker" "inspect" "3a1af7ab7c5f3e6dd9536737642d5a6a337af1b8bd6f4129bfc8c6588db52ec5", kill_on_drop: false }`
[INFO] running `Command { std: "docker" "rm" "-f" "3a1af7ab7c5f3e6dd9536737642d5a6a337af1b8bd6f4129bfc8c6588db52ec5", kill_on_drop: false }`
[INFO] [stdout] 3a1af7ab7c5f3e6dd9536737642d5a6a337af1b8bd6f4129bfc8c6588db52ec5
