[INFO] fetching crate servant 0.1.0...
[INFO] testing servant-0.1.0 against 1.100.0-beta.1+cargoflags=--release for beta-release-1.100-2
[INFO] extracting crate servant 0.1.0 into /workspace/builds/worker-2-tc2/source
[INFO] started tweaking crates.io crate servant 0.1.0
[INFO] finished tweaking crates.io crate servant 0.1.0
[INFO] tweaked toml for crates.io crate servant 0.1.0 written to /workspace/builds/worker-2-tc2/source/Cargo.toml
[INFO] validating manifest of crates.io crate servant 0.1.0 on toolchain 1.100.0-beta.1
[INFO] running `Command { std: CARGO_HOME="/workspace/cargo-home" RUSTUP_HOME="/workspace/rustup-home" "/workspace/cargo-home/bin/cargo" "+1.100.0-beta.1" "metadata" "--manifest-path" "Cargo.toml" "--no-deps", kill_on_drop: false }`
[INFO] running `Command { std: CARGO_HOME="/workspace/cargo-home" RUSTUP_HOME="/workspace/rustup-home" "/workspace/cargo-home/bin/cargo" "+1.100.0-beta.1" "generate-lockfile" "--manifest-path" "Cargo.toml", kill_on_drop: false }`
[INFO] [stderr]     Updating crates.io index
[INFO] [stderr]      Locking 130 packages to highest compatible versions
[INFO] [stderr]       Adding bincode v1.3.3 (available: v3.0.0)
[INFO] [stderr]       Adding futures_codec v0.3.4 (available: v0.5.0)
[INFO] running `Command { std: CARGO_HOME="/workspace/cargo-home" RUSTUP_HOME="/workspace/rustup-home" "/workspace/cargo-home/bin/cargo" "+1.100.0-beta.1" "fetch" "--manifest-path" "Cargo.toml", kill_on_drop: false }`
[INFO] running `Command { std: "docker" "create" "-v" "/var/lib/crater-agent-workspace/builds/worker-2-tc2/source:/opt/rustwide/workdir:ro,Z" "-v" "/var/lib/crater-agent-workspace/builds/worker-2-tc2/target:/opt/rustwide/target:rw,Z" "-v" "/var/lib/crater-agent-workspace/cargo-home:/opt/rustwide/cargo-home:ro,Z" "-v" "/var/lib/crater-agent-workspace/rustup-home:/opt/rustwide/rustup-home:ro,Z" "-m" "1610612736" "--network" "none" "ghcr.io/rust-lang/crates-build-env/linux@sha256:77db811e55d90add9212f6832c23229e3de5f1c1f9905e8cb07319ea15df73ac" "sleep" "infinity", kill_on_drop: false }`
[INFO] [stdout] dad487987a1045469f91ba63be8397f571d3adfc57f32e58efa8145c9b23e05f
[INFO] running `Command { std: "docker" "start" "dad487987a1045469f91ba63be8397f571d3adfc57f32e58efa8145c9b23e05f", kill_on_drop: false }`
[INFO] running `Command { std: "docker" "inspect" "dad487987a1045469f91ba63be8397f571d3adfc57f32e58efa8145c9b23e05f", kill_on_drop: false }`
[INFO] running `Command { std: "docker" "exec" "-e" "SOURCE_DIR=/opt/rustwide/workdir" "-e" "CARGO_HOME=/opt/rustwide/cargo-home" "-e" "RUSTUP_HOME=/opt/rustwide/rustup-home" "-e" "CARGO_TARGET_DIR=/opt/rustwide/target" "-w" "/opt/rustwide/workdir" "--user" "0:0" "dad487987a1045469f91ba63be8397f571d3adfc57f32e58efa8145c9b23e05f" "/opt/rustwide/cargo-home/bin/cargo" "+1.100.0-beta.1" "metadata" "--no-deps" "--format-version=1", kill_on_drop: false }`
[INFO] running `Command { std: "docker" "inspect" "dad487987a1045469f91ba63be8397f571d3adfc57f32e58efa8145c9b23e05f", kill_on_drop: false }`
[INFO] running `Command { std: "docker" "exec" "-e" "SOURCE_DIR=/opt/rustwide/workdir" "-e" "CARGO_HOME=/opt/rustwide/cargo-home" "-e" "RUSTUP_HOME=/opt/rustwide/rustup-home" "-e" "CARGO_TARGET_DIR=/opt/rustwide/target" "-e" "CARGO_INCREMENTAL=0" "-e" "RUST_BACKTRACE=full" "-e" "RUSTFLAGS=--cap-lints=warn" "-e" "RUSTDOCFLAGS=--cap-lints=warn" "-w" "/opt/rustwide/workdir" "--user" "0:0" "dad487987a1045469f91ba63be8397f571d3adfc57f32e58efa8145c9b23e05f" "/opt/rustwide/cargo-home/bin/cargo" "+1.100.0-beta.1" "build" "--frozen" "--message-format=json" "--release", kill_on_drop: false }`
[INFO] [stderr]    Compiling proc-macro2 v0.4.30
[INFO] [stderr]    Compiling syn v1.0.109
[INFO] [stderr]    Compiling syn v3.0.9
[INFO] [stderr]    Compiling event-listener-strategy v0.5.4
[INFO] [stderr]    Compiling futures-sink-preview v0.3.0-alpha.19
[INFO] [stderr]    Compiling futures-core-preview v0.3.0-alpha.19
[INFO] [stderr]    Compiling futures-channel v0.3.34
[INFO] [stderr]    Compiling syn v0.15.44
[INFO] [stderr]    Compiling pin-project-internal v0.4.30
[INFO] [stderr]    Compiling maybe-uninit v2.0.0
[INFO] [stderr]    Compiling futures-io-preview v0.3.0-alpha.19
[INFO] [stderr]    Compiling futures-channel-preview v0.3.0-alpha.19
[INFO] [stderr]    Compiling log v0.4.34
[INFO] [stderr]    Compiling async-channel v2.5.0
[INFO] [stderr]    Compiling num_cpus v1.17.0
[INFO] [stderr]    Compiling lazy_static v1.5.1
[INFO] [stderr]    Compiling cfg-if v0.1.10
[INFO] [stderr]    Compiling crossbeam-utils v0.6.6
[INFO] [stderr]    Compiling futures-util-preview v0.3.0-alpha.19
[INFO] [stderr]    Compiling ring v0.16.20
[INFO] [stderr]    Compiling async-lock v3.4.2
[INFO] [stderr]    Compiling humantime v1.3.0
[INFO] [stderr]    Compiling quote v0.6.13
[INFO] [stderr]    Compiling smallvec v0.6.14
[INFO] [stderr]    Compiling crossbeam-queue v0.1.2
[INFO] [stderr]    Compiling async-signal v0.2.14
[INFO] [stderr]    Compiling blocking v1.7.0
[INFO] [stderr]    Compiling atty v0.2.14
[INFO] [stderr]    Compiling async-global-executor v2.4.1
[INFO] [stderr]    Compiling env_logger v0.7.1
[INFO] [stderr]    Compiling async-process v2.5.0
[INFO] [stderr]    Compiling futures-executor-preview v0.3.0-alpha.19
[INFO] [stderr]    Compiling kv-log-macro v1.0.7
[INFO] [stderr]    Compiling futures-preview v0.3.0-alpha.19
[INFO] [stderr]    Compiling async-std v1.13.2
[INFO] [stderr]    Compiling derivative v1.0.4
[INFO] [stderr]    Compiling servant-macro v0.1.0
[INFO] [stderr]    Compiling ring-channel v0.7.0
[INFO] [stderr]    Compiling servant-log v0.1.0
[INFO] [stderr]    Compiling pin-project v0.4.30
[INFO] [stderr]    Compiling futures-macro v0.3.34
[INFO] [stderr]    Compiling serde_derive v1.0.229
[INFO] [stderr]    Compiling futures-util v0.3.34
[INFO] [stderr]    Compiling serde v1.0.229
[INFO] [stderr]    Compiling bincode v1.3.3
[INFO] [stderr]    Compiling futures-executor v0.3.34
[INFO] [stderr]    Compiling futures v0.3.34
[INFO] [stderr]    Compiling futures_codec v0.3.4
[INFO] [stderr]    Compiling servant-codec v0.1.0
[INFO] [stderr]    Compiling servant v0.1.0 (/opt/rustwide/workdir)
[INFO] [stdout] warning: unnecessary trailing semicolon
[INFO] [stdout]   --> src/accept.rs:22:6
[INFO] [stdout]    |
[INFO] [stdout] 22 |     };
[INFO] [stdout]    |      ^ help: remove this semicolon
[INFO] [stdout]    |
[INFO] [stdout]    = note: `#[warn(redundant_semicolons)]` (part of `#[warn(unused)]`) on by default
[INFO] [stdout] 
[INFO] [stdout] 
[INFO] [stdout] warning: unnecessary trailing semicolon
[INFO] [stdout]   --> src/adapter.rs:91:10
[INFO] [stdout]    |
[INFO] [stdout] 91 |         };
[INFO] [stdout]    |          ^ help: remove this semicolon
[INFO] [stdout] 
[INFO] [stdout] 
[INFO] [stdout] warning: unused variable: `record`
[INFO] [stdout]   --> src/accept.rs:38:22
[INFO] [stdout]    |
[INFO] [stdout] 38 |                 Some(record) => unreachable!(),
[INFO] [stdout]    |                      ^^^^^^ help: if this is intentional, prefix it with an underscore: `_record`
[INFO] [stdout]    |
[INFO] [stdout]    = note: `#[warn(unused_variables)]` (part of `#[warn(unused)]`) on by default
[INFO] [stdout] 
[INFO] [stdout] 
[INFO] [stdout] warning: type alias `Node` is never used
[INFO] [stdout]   --> src/list.rs:38:10
[INFO] [stdout]    |
[INFO] [stdout] 38 | pub type Node<T> = Rc<RefCell<_Node<T>>>;
[INFO] [stdout]    |          ^^^^
[INFO] [stdout]    |
[INFO] [stdout]    = note: `#[warn(dead_code)]` (part of `#[warn(unused)]`) on by default
[INFO] [stdout] 
[INFO] [stdout] 
[INFO] [stdout] warning: struct `List` is never constructed
[INFO] [stdout]   --> src/list.rs:40:12
[INFO] [stdout]    |
[INFO] [stdout] 40 | pub struct List<T> {
[INFO] [stdout]    |            ^^^^
[INFO] [stdout] 
[INFO] [stdout] 
[INFO] [stdout] warning: multiple associated items are never used
[INFO] [stdout]    --> src/list.rs:47:12
[INFO] [stdout]     |
[INFO] [stdout]  46 | impl<T: Clone> List<T> {
[INFO] [stdout]     | ---------------------- associated items in this implementation
[INFO] [stdout]  47 |     pub fn new() -> Self {
[INFO] [stdout]     |            ^^^
[INFO] [stdout] ...
[INFO] [stdout]  54 |     pub fn len(&self) -> usize {
[INFO] [stdout]     |            ^^^
[INFO] [stdout] ...
[INFO] [stdout]  57 |     pub fn top(&mut self, node: Node<T>) {
[INFO] [stdout]     |            ^^^
[INFO] [stdout] ...
[INFO] [stdout]  81 |     pub fn bottom(&mut self, node: Node<T>) {
[INFO] [stdout]     |            ^^^^^^
[INFO] [stdout] ...
[INFO] [stdout] 105 |     pub fn remove(&mut self, node: Node<T>) {
[INFO] [stdout]     |            ^^^^^^
[INFO] [stdout] ...
[INFO] [stdout] 118 |     pub fn push_head(&mut self, val: T) -> Node<T> {
[INFO] [stdout]     |            ^^^^^^^^^
[INFO] [stdout] ...
[INFO] [stdout] 134 |     pub fn push_back(&mut self, val: T) -> Node<T> {
[INFO] [stdout]     |            ^^^^^^^^^
[INFO] [stdout] ...
[INFO] [stdout] 150 |     pub fn pop_head(&mut self) -> Option<T> {
[INFO] [stdout]     |            ^^^^^^^^
[INFO] [stdout] ...
[INFO] [stdout] 165 |     pub fn pop_back(&mut self) -> Option<T> {
[INFO] [stdout]     |            ^^^^^^^^
[INFO] [stdout] 
[INFO] [stdout] 
[INFO] [stdout] warning: constant `DEFAULT_TIMEOUT_MS` is never used
[INFO] [stdout]   --> src/servant.rs:63:7
[INFO] [stdout]    |
[INFO] [stdout] 63 | const DEFAULT_TIMEOUT_MS: usize = 5000;
[INFO] [stdout]    |       ^^^^^^^^^^^^^^^^^^
[INFO] [stdout] 
[INFO] [stdout] 
[INFO] [stderr]     Finished `release` profile [optimized] target(s) in 1m 03s
[INFO] running `Command { std: "docker" "inspect" "dad487987a1045469f91ba63be8397f571d3adfc57f32e58efa8145c9b23e05f", kill_on_drop: false }`
[INFO] running `Command { std: "docker" "exec" "-e" "SOURCE_DIR=/opt/rustwide/workdir" "-e" "CARGO_HOME=/opt/rustwide/cargo-home" "-e" "RUSTUP_HOME=/opt/rustwide/rustup-home" "-e" "CARGO_TARGET_DIR=/opt/rustwide/target" "-e" "CARGO_INCREMENTAL=0" "-e" "RUST_BACKTRACE=full" "-e" "RUSTFLAGS=--cap-lints=warn" "-e" "RUSTDOCFLAGS=--cap-lints=warn" "-w" "/opt/rustwide/workdir" "--user" "0:0" "dad487987a1045469f91ba63be8397f571d3adfc57f32e58efa8145c9b23e05f" "/opt/rustwide/cargo-home/bin/cargo" "+1.100.0-beta.1" "test" "--frozen" "--no-run" "--message-format=json" "--release", kill_on_drop: false }`
[INFO] [stdout] warning: unnecessary trailing semicolon
[INFO] [stdout]   --> src/accept.rs:22:6
[INFO] [stdout]    |
[INFO] [stdout] 22 |     };
[INFO] [stdout]    |      ^ help: remove this semicolon
[INFO] [stdout]    |
[INFO] [stdout]    = note: `#[warn(redundant_semicolons)]` (part of `#[warn(unused)]`) on by default
[INFO] [stdout] 
[INFO] [stdout] 
[INFO] [stdout] warning: unnecessary trailing semicolon
[INFO] [stdout]   --> src/adapter.rs:91:10
[INFO] [stdout]    |
[INFO] [stdout] 91 |         };
[INFO] [stdout]    |          ^ help: remove this semicolon
[INFO] [stdout] 
[INFO] [stdout] 
[INFO] [stdout] warning: unused variable: `record`
[INFO] [stdout]   --> src/accept.rs:38:22
[INFO] [stdout]    |
[INFO] [stdout] 38 |                 Some(record) => unreachable!(),
[INFO] [stdout]    |                      ^^^^^^ help: if this is intentional, prefix it with an underscore: `_record`
[INFO] [stdout]    |
[INFO] [stdout]    = note: `#[warn(unused_variables)]` (part of `#[warn(unused)]`) on by default
[INFO] [stdout] 
[INFO] [stdout] 
[INFO] [stdout] warning: type alias `Node` is never used
[INFO] [stdout]   --> src/list.rs:38:10
[INFO] [stdout]    |
[INFO] [stdout] 38 | pub type Node<T> = Rc<RefCell<_Node<T>>>;
[INFO] [stdout]    |          ^^^^
[INFO] [stdout]    |
[INFO] [stdout]    = note: `#[warn(dead_code)]` (part of `#[warn(unused)]`) on by default
[INFO] [stdout] 
[INFO] [stdout] 
[INFO] [stderr]    Compiling servant v0.1.0 (/opt/rustwide/workdir)
[INFO] [stdout] warning: struct `List` is never constructed
[INFO] [stdout]   --> src/list.rs:40:12
[INFO] [stdout]    |
[INFO] [stdout] 40 | pub struct List<T> {
[INFO] [stdout]    |            ^^^^
[INFO] [stdout] 
[INFO] [stdout] 
[INFO] [stdout] warning: multiple associated items are never used
[INFO] [stdout]    --> src/list.rs:47:12
[INFO] [stdout]     |
[INFO] [stdout]  46 | impl<T: Clone> List<T> {
[INFO] [stdout]     | ---------------------- associated items in this implementation
[INFO] [stdout]  47 |     pub fn new() -> Self {
[INFO] [stdout]     |            ^^^
[INFO] [stdout] ...
[INFO] [stdout]  54 |     pub fn len(&self) -> usize {
[INFO] [stdout]     |            ^^^
[INFO] [stdout] ...
[INFO] [stdout]  57 |     pub fn top(&mut self, node: Node<T>) {
[INFO] [stdout]     |            ^^^
[INFO] [stdout] ...
[INFO] [stdout]  81 |     pub fn bottom(&mut self, node: Node<T>) {
[INFO] [stdout]     |            ^^^^^^
[INFO] [stdout] ...
[INFO] [stdout] 105 |     pub fn remove(&mut self, node: Node<T>) {
[INFO] [stdout]     |            ^^^^^^
[INFO] [stdout] ...
[INFO] [stdout] 118 |     pub fn push_head(&mut self, val: T) -> Node<T> {
[INFO] [stdout]     |            ^^^^^^^^^
[INFO] [stdout] ...
[INFO] [stdout] 134 |     pub fn push_back(&mut self, val: T) -> Node<T> {
[INFO] [stdout]     |            ^^^^^^^^^
[INFO] [stdout] ...
[INFO] [stdout] 150 |     pub fn pop_head(&mut self) -> Option<T> {
[INFO] [stdout]     |            ^^^^^^^^
[INFO] [stdout] ...
[INFO] [stdout] 165 |     pub fn pop_back(&mut self) -> Option<T> {
[INFO] [stdout]     |            ^^^^^^^^
[INFO] [stdout] 
[INFO] [stdout] 
[INFO] [stdout] warning: constant `DEFAULT_TIMEOUT_MS` is never used
[INFO] [stdout]   --> src/servant.rs:63:7
[INFO] [stdout]    |
[INFO] [stdout] 63 | const DEFAULT_TIMEOUT_MS: usize = 5000;
[INFO] [stdout]    |       ^^^^^^^^^^^^^^^^^^
[INFO] [stdout] 
[INFO] [stdout] 
[INFO] [stdout] warning: unnecessary trailing semicolon
[INFO] [stdout]   --> src/accept.rs:22:6
[INFO] [stdout]    |
[INFO] [stdout] 22 |     };
[INFO] [stdout]    |      ^ help: remove this semicolon
[INFO] [stdout]    |
[INFO] [stdout]    = note: `#[warn(redundant_semicolons)]` (part of `#[warn(unused)]`) on by default
[INFO] [stdout] 
[INFO] [stdout] 
[INFO] [stdout] warning: unnecessary trailing semicolon
[INFO] [stdout]   --> src/adapter.rs:91:10
[INFO] [stdout]    |
[INFO] [stdout] 91 |         };
[INFO] [stdout]    |          ^ help: remove this semicolon
[INFO] [stdout] 
[INFO] [stdout] 
[INFO] [stdout] warning: unused variable: `record`
[INFO] [stdout]   --> src/accept.rs:38:22
[INFO] [stdout]    |
[INFO] [stdout] 38 |                 Some(record) => unreachable!(),
[INFO] [stdout]    |                      ^^^^^^ help: if this is intentional, prefix it with an underscore: `_record`
[INFO] [stdout]    |
[INFO] [stdout]    = note: `#[warn(unused_variables)]` (part of `#[warn(unused)]`) on by default
[INFO] [stdout] 
[INFO] [stdout] 
[INFO] [stdout] warning: method `len` is never used
[INFO] [stdout]   --> src/list.rs:54:12
[INFO] [stdout]    |
[INFO] [stdout] 46 | impl<T: Clone> List<T> {
[INFO] [stdout]    | ---------------------- method in this implementation
[INFO] [stdout] ...
[INFO] [stdout] 54 |     pub fn len(&self) -> usize {
[INFO] [stdout]    |            ^^^
[INFO] [stdout]    |
[INFO] [stdout]    = note: `#[warn(dead_code)]` (part of `#[warn(unused)]`) on by default
[INFO] [stdout] 
[INFO] [stdout] 
[INFO] [stdout] warning: constant `DEFAULT_TIMEOUT_MS` is never used
[INFO] [stdout]   --> src/servant.rs:63:7
[INFO] [stdout]    |
[INFO] [stdout] 63 | const DEFAULT_TIMEOUT_MS: usize = 5000;
[INFO] [stdout]    |       ^^^^^^^^^^^^^^^^^^
[INFO] [stdout] 
[INFO] [stdout] 
[INFO] [stderr]     Finished `release` profile [optimized] target(s) in 1.64s
[INFO] running `Command { std: "docker" "inspect" "dad487987a1045469f91ba63be8397f571d3adfc57f32e58efa8145c9b23e05f", kill_on_drop: false }`
[INFO] running `Command { std: "docker" "exec" "-e" "SOURCE_DIR=/opt/rustwide/workdir" "-e" "CARGO_HOME=/opt/rustwide/cargo-home" "-e" "RUSTUP_HOME=/opt/rustwide/rustup-home" "-e" "CARGO_TARGET_DIR=/opt/rustwide/target" "-e" "CARGO_INCREMENTAL=0" "-e" "RUST_BACKTRACE=full" "-e" "RUSTFLAGS=--cap-lints=warn" "-e" "RUSTDOCFLAGS=--cap-lints=warn" "-w" "/opt/rustwide/workdir" "--user" "0:0" "dad487987a1045469f91ba63be8397f571d3adfc57f32e58efa8145c9b23e05f" "/opt/rustwide/cargo-home/bin/cargo" "+1.100.0-beta.1" "test" "--frozen" "--release", kill_on_drop: false }`
[INFO] [stderr] warning: unnecessary trailing semicolon
[INFO] [stderr]   --> src/accept.rs:22:6
[INFO] [stderr]    |
[INFO] [stderr] 22 |     };
[INFO] [stderr]    |      ^ help: remove this semicolon
[INFO] [stderr]    |
[INFO] [stderr]    = note: `#[warn(redundant_semicolons)]` (part of `#[warn(unused)]`) on by default
[INFO] [stderr] 
[INFO] [stderr] warning: unnecessary trailing semicolon
[INFO] [stderr]   --> src/adapter.rs:91:10
[INFO] [stderr]    |
[INFO] [stderr] 91 |         };
[INFO] [stderr]    |          ^ help: remove this semicolon
[INFO] [stderr] 
[INFO] [stderr] warning: unused variable: `record`
[INFO] [stderr]   --> src/accept.rs:38:22
[INFO] [stderr]    |
[INFO] [stderr] 38 |                 Some(record) => unreachable!(),
[INFO] [stderr]    |                      ^^^^^^ help: if this is intentional, prefix it with an underscore: `_record`
[INFO] [stderr]    |
[INFO] [stderr]    = note: `#[warn(unused_variables)]` (part of `#[warn(unused)]`) on by default
[INFO] [stderr] 
[INFO] [stderr] warning: type alias `Node` is never used
[INFO] [stderr]   --> src/list.rs:38:10
[INFO] [stderr]    |
[INFO] [stderr] 38 | pub type Node<T> = Rc<RefCell<_Node<T>>>;
[INFO] [stderr]    |          ^^^^
[INFO] [stderr]    |
[INFO] [stderr]    = note: `#[warn(dead_code)]` (part of `#[warn(unused)]`) on by default
[INFO] [stderr] 
[INFO] [stderr] warning: struct `List` is never constructed
[INFO] [stderr]   --> src/list.rs:40:12
[INFO] [stderr]    |
[INFO] [stderr] 40 | pub struct List<T> {
[INFO] [stderr]    |            ^^^^
[INFO] [stderr] 
[INFO] [stderr] warning: multiple associated items are never used
[INFO] [stderr]    --> src/list.rs:47:12
[INFO] [stderr]     |
[INFO] [stderr]  46 | impl<T: Clone> List<T> {
[INFO] [stderr]     | ---------------------- associated items in this implementation
[INFO] [stderr]  47 |     pub fn new() -> Self {
[INFO] [stderr]     |            ^^^
[INFO] [stderr] ...
[INFO] [stderr]  54 |     pub fn len(&self) -> usize {
[INFO] [stderr]     |            ^^^
[INFO] [stderr] ...
[INFO] [stderr]  57 |     pub fn top(&mut self, node: Node<T>) {
[INFO] [stderr]     |            ^^^
[INFO] [stderr] ...
[INFO] [stderr]  81 |     pub fn bottom(&mut self, node: Node<T>) {
[INFO] [stderr]     |            ^^^^^^
[INFO] [stderr] ...
[INFO] [stderr] 105 |     pub fn remove(&mut self, node: Node<T>) {
[INFO] [stderr]     |            ^^^^^^
[INFO] [stderr] ...
[INFO] [stderr] 118 |     pub fn push_head(&mut self, val: T) -> Node<T> {
[INFO] [stderr]     |            ^^^^^^^^^
[INFO] [stderr] ...
[INFO] [stderr] 134 |     pub fn push_back(&mut self, val: T) -> Node<T> {
[INFO] [stderr]     |            ^^^^^^^^^
[INFO] [stderr] ...
[INFO] [stderr] 150 |     pub fn pop_head(&mut self) -> Option<T> {
[INFO] [stderr]     |            ^^^^^^^^
[INFO] [stderr] ...
[INFO] [stderr] 165 |     pub fn pop_back(&mut self) -> Option<T> {
[INFO] [stderr]     |            ^^^^^^^^
[INFO] [stderr] 
[INFO] [stderr] warning: constant `DEFAULT_TIMEOUT_MS` is never used
[INFO] [stderr]   --> src/servant.rs:63:7
[INFO] [stderr]    |
[INFO] [stderr] 63 | const DEFAULT_TIMEOUT_MS: usize = 5000;
[INFO] [stderr]    |       ^^^^^^^^^^^^^^^^^^
[INFO] [stderr] 
[INFO] [stderr] warning: method `len` is never used
[INFO] [stderr]   --> src/list.rs:54:12
[INFO] [stderr]    |
[INFO] [stderr] 46 | impl<T: Clone> List<T> {
[INFO] [stderr]    | ---------------------- method in this implementation
[INFO] [stderr] ...
[INFO] [stderr] 54 |     pub fn len(&self) -> usize {
[INFO] [stderr]    |            ^^^
[INFO] [stderr]    |
[INFO] [stderr]    = note: `#[warn(dead_code)]` (part of `#[warn(unused)]`) on by default
[INFO] [stderr] 
[INFO] [stderr] warning: `servant` (lib) generated 7 warnings (run `cargo fix --lib -p servant` to apply 1 suggestion)
[INFO] [stderr] warning: `servant` (lib test) generated 5 warnings (4 duplicates)
[INFO] [stderr]     Finished `release` profile [optimized] target(s) in 0.15s
[INFO] [stderr]      Running unittests src/lib.rs (/opt/rustwide/target/release/build/servant/2a5483bef051dcc3/out/servant-2a5483bef051dcc3)
[INFO] [stdout] 
[INFO] [stdout] running 8 tests
[INFO] [stdout] test drop_guard::tests::keep_send_shared_data ... ok
[INFO] [stdout] test drop_guard::tests::keep_sync_shared_data ... ok
[INFO] [stdout] test list::test::test1 ... ok
[INFO] [stdout] test list::test::test2 ... ok
[INFO] [stdout] test drop_guard::tests::deref_mut ... ok
[INFO] [stdout] test drop_guard::tests::it_works ... ok
[INFO] [stdout] test drop_guard::tests::drop_change ... ok
[INFO] [stderr]    Doc-tests servant
[INFO] [stdout] test drop_guard::tests::deref ... ok
[INFO] [stdout] 
[INFO] [stdout] test result: ok. 8 passed; 0 failed; 0 ignored; 0 measured; 0 filtered out; finished in 0.00s
[INFO] [stdout] 
[INFO] [stderr] warning: unnecessary trailing semicolon
[INFO] [stderr]   --> src/accept.rs:22:6
[INFO] [stderr]    |
[INFO] [stderr] 22 |     };
[INFO] [stderr]    |      ^ help: remove this semicolon
[INFO] [stderr]    |
[INFO] [stderr]    = note: `#[warn(redundant_semicolons)]` (part of `#[warn(unused)]`) on by default
[INFO] [stderr] 
[INFO] [stderr] warning: unnecessary trailing semicolon
[INFO] [stderr]   --> src/adapter.rs:91:10
[INFO] [stderr]    |
[INFO] [stderr] 91 |         };
[INFO] [stderr]    |          ^ help: remove this semicolon
[INFO] [stderr] 
[INFO] [stderr] warning: 2 warnings emitted
[INFO] [stderr] 
[INFO] [stdout] 
[INFO] [stdout] running 5 tests
[INFO] [stdout] test src/drop_guard.rs - drop_guard::DropGuard<T,F> (line 56) ... FAILED
[INFO] [stdout] test src/drop_guard.rs - drop_guard::DropGuard<T,F> (line 90) ... FAILED
[INFO] [stdout] test src/drop_guard.rs - drop_guard::DropGuard<T,F>::new (line 34) ... FAILED
[INFO] [stdout] test src/drop_guard.rs - drop_guard::DropGuard (line 12) ... FAILED
[INFO] [stdout] test src/drop_guard.rs - drop_guard::DropGuard<T,F> (line 72) ... FAILED
[INFO] [stdout] 
[INFO] [stdout] failures:
[INFO] [stdout] 
[INFO] [stdout] ---- src/drop_guard.rs - drop_guard::DropGuard<T,F> (line 56) stdout ----
[INFO] [stdout] error[E0432]: unresolved import `drop_guard`
[INFO] [stdout]   --> src/drop_guard.rs:57:5
[INFO] [stdout]    |
[INFO] [stdout] 57 | use drop_guard::DropGuard;
[INFO] [stdout]    |     ^^^^^^^^^^ use of unresolved module or unlinked crate `drop_guard`
[INFO] [stdout]    |
[INFO] [stdout] help: to make use of source file src/drop_guard.rs, use `mod drop_guard` in this file to declare the module
[INFO] [stdout]    |
[INFO] [stdout] 56 + mod drop_guard;
[INFO] [stdout]    |
[INFO] [stdout] 
[INFO] [stdout] error: aborting due to 1 previous error
[INFO] [stdout] 
[INFO] [stdout] For more information about this error, try `rustc --explain E0432`.
[INFO] [stdout] Couldn't compile the test.
[INFO] [stdout] ---- src/drop_guard.rs - drop_guard::DropGuard<T,F> (line 90) stdout ----
[INFO] [stdout] error[E0432]: unresolved import `drop_guard`
[INFO] [stdout]   --> src/drop_guard.rs:91:5
[INFO] [stdout]    |
[INFO] [stdout] 91 | use drop_guard::DropGuard;
[INFO] [stdout]    |     ^^^^^^^^^^ use of unresolved module or unlinked crate `drop_guard`
[INFO] [stdout]    |
[INFO] [stdout] help: to make use of source file src/drop_guard.rs, use `mod drop_guard` in this file to declare the module
[INFO] [stdout]    |
[INFO] [stdout] 90 + mod drop_guard;
[INFO] [stdout]    |
[INFO] [stdout] 
[INFO] [stdout] error: aborting due to 1 previous error
[INFO] [stdout] 
[INFO] [stdout] For more information about this error, try `rustc --explain E0432`.
[INFO] [stdout] Couldn't compile the test.
[INFO] [stdout] ---- src/drop_guard.rs - drop_guard::DropGuard<T,F>::new (line 34) stdout ----
[INFO] [stdout] error[E0432]: unresolved import `drop_guard`
[INFO] [stdout]   --> src/drop_guard.rs:35:5
[INFO] [stdout]    |
[INFO] [stdout] 35 | use drop_guard::DropGuard;
[INFO] [stdout]    |     ^^^^^^^^^^ use of unresolved module or unlinked crate `drop_guard`
[INFO] [stdout]    |
[INFO] [stdout] help: to make use of source file src/drop_guard.rs, use `mod drop_guard` in this file to declare the module
[INFO] [stdout]    |
[INFO] [stdout] 34 + mod drop_guard;
[INFO] [stdout]    |
[INFO] [stdout] 
[INFO] [stdout] error: aborting due to 1 previous error
[INFO] [stdout] 
[INFO] [stdout] For more information about this error, try `rustc --explain E0432`.
[INFO] [stdout] Couldn't compile the test.
[INFO] [stdout] ---- src/drop_guard.rs - drop_guard::DropGuard (line 12) stdout ----
[INFO] [stdout] error[E0432]: unresolved import `drop_guard`
[INFO] [stdout]   --> src/drop_guard.rs:13:5
[INFO] [stdout]    |
[INFO] [stdout] 13 | use drop_guard::DropGuard;
[INFO] [stdout]    |     ^^^^^^^^^^ use of unresolved module or unlinked crate `drop_guard`
[INFO] [stdout]    |
[INFO] [stdout] help: to make use of source file src/drop_guard.rs, use `mod drop_guard` in this file to declare the module
[INFO] [stdout]    |
[INFO] [stdout] 12 + mod drop_guard;
[INFO] [stdout]    |
[INFO] [stdout] 
[INFO] [stdout] error: aborting due to 1 previous error
[INFO] [stdout] 
[INFO] [stdout] For more information about this error, try `rustc --explain E0432`.
[INFO] [stdout] Couldn't compile the test.
[INFO] [stdout] ---- src/drop_guard.rs - drop_guard::DropGuard<T,F> (line 72) stdout ----
[INFO] [stdout] error[E0432]: unresolved import `drop_guard`
[INFO] [stdout]   --> src/drop_guard.rs:73:5
[INFO] [stdout]    |
[INFO] [stdout] 73 | use drop_guard::DropGuard;
[INFO] [stdout]    |     ^^^^^^^^^^ use of unresolved module or unlinked crate `drop_guard`
[INFO] [stdout]    |
[INFO] [stdout] help: to make use of source file src/drop_guard.rs, use `mod drop_guard` in this file to declare the module
[INFO] [stdout]    |
[INFO] [stdout] 72 + mod drop_guard;
[INFO] [stdout]    |
[INFO] [stdout] 
[INFO] [stdout] error: aborting due to 1 previous error
[INFO] [stdout] 
[INFO] [stdout] For more information about this error, try `rustc --explain E0432`.
[INFO] [stdout] Couldn't compile the test.
[INFO] [stdout] 
[INFO] [stdout] failures:
[INFO] [stdout]     src/drop_guard.rs - drop_guard::DropGuard (line 12)
[INFO] [stdout]     src/drop_guard.rs - drop_guard::DropGuard<T,F> (line 56)
[INFO] [stdout]     src/drop_guard.rs - drop_guard::DropGuard<T,F> (line 72)
[INFO] [stdout]     src/drop_guard.rs - drop_guard::DropGuard<T,F> (line 90)
[INFO] [stdout]     src/drop_guard.rs - drop_guard::DropGuard<T,F>::new (line 34)
[INFO] [stdout] 
[INFO] [stdout] test result: FAILED. 0 passed; 5 failed; 0 ignored; 0 measured; 0 filtered out; finished in 0.23s
[INFO] [stdout] 
[INFO] [stderr] error: doctest failed, to rerun pass `--doc`
[INFO] running `Command { std: "docker" "inspect" "dad487987a1045469f91ba63be8397f571d3adfc57f32e58efa8145c9b23e05f", kill_on_drop: false }`
[INFO] running `Command { std: "docker" "rm" "-f" "dad487987a1045469f91ba63be8397f571d3adfc57f32e58efa8145c9b23e05f", kill_on_drop: false }`
[INFO] [stdout] dad487987a1045469f91ba63be8397f571d3adfc57f32e58efa8145c9b23e05f
