[INFO] fetching crate serde_with_macros 3.24.0...
[INFO] testing serde_with_macros-3.24.0 against 1.100.0-beta.1+cargoflags=--release for beta-release-1.100-2
[INFO] extracting crate serde_with_macros 3.24.0 into /workspace/builds/worker-6-tc2/source
[INFO] started tweaking crates.io crate serde_with_macros 3.24.0
[INFO] removed 0 missing tests
[INFO] finished tweaking crates.io crate serde_with_macros 3.24.0
[INFO] tweaked toml for crates.io crate serde_with_macros 3.24.0 written to /workspace/builds/worker-6-tc2/source/Cargo.toml
[INFO] validating manifest of crates.io crate serde_with_macros 3.24.0 on toolchain 1.100.0-beta.1
[INFO] running `Command { std: CARGO_HOME="/workspace/cargo-home" RUSTUP_HOME="/workspace/rustup-home" "/workspace/cargo-home/bin/cargo" "+1.100.0-beta.1" "metadata" "--manifest-path" "Cargo.toml" "--no-deps", kill_on_drop: false }`
[INFO] crate crates.io crate serde_with_macros 3.24.0 already has a lockfile, it will not be regenerated
[INFO] running `Command { std: CARGO_HOME="/workspace/cargo-home" RUSTUP_HOME="/workspace/rustup-home" "/workspace/cargo-home/bin/cargo" "+1.100.0-beta.1" "fetch" "--manifest-path" "Cargo.toml", kill_on_drop: false }`
[INFO] [stderr] warning: Cargo.toml: `lints.clippy.manual-unwrap-or-default` is deprecated in favor of `lints.clippy.manual_unwrap_or_default` and will not work in a future edition
[INFO] [stderr] warning: `serde_with_macros` (manifest) generated 1 warning
[INFO] running `Command { std: "docker" "create" "-v" "/var/lib/crater-agent-workspace/builds/worker-6-tc2/source:/opt/rustwide/workdir:ro,Z" "-v" "/var/lib/crater-agent-workspace/builds/worker-6-tc2/target:/opt/rustwide/target:rw,Z" "-v" "/var/lib/crater-agent-workspace/cargo-home:/opt/rustwide/cargo-home:ro,Z" "-v" "/var/lib/crater-agent-workspace/rustup-home:/opt/rustwide/rustup-home:ro,Z" "-m" "1610612736" "--network" "none" "ghcr.io/rust-lang/crates-build-env/linux@sha256:77db811e55d90add9212f6832c23229e3de5f1c1f9905e8cb07319ea15df73ac" "sleep" "infinity", kill_on_drop: false }`
[INFO] [stdout] 7b8a619af9aa64b32d75867f025da1aad598a8a498000122f6f909961239ae6e
[INFO] running `Command { std: "docker" "start" "7b8a619af9aa64b32d75867f025da1aad598a8a498000122f6f909961239ae6e", kill_on_drop: false }`
[INFO] running `Command { std: "docker" "inspect" "7b8a619af9aa64b32d75867f025da1aad598a8a498000122f6f909961239ae6e", kill_on_drop: false }`
[INFO] running `Command { std: "docker" "exec" "-e" "SOURCE_DIR=/opt/rustwide/workdir" "-e" "CARGO_HOME=/opt/rustwide/cargo-home" "-e" "RUSTUP_HOME=/opt/rustwide/rustup-home" "-e" "CARGO_TARGET_DIR=/opt/rustwide/target" "-w" "/opt/rustwide/workdir" "--user" "0:0" "7b8a619af9aa64b32d75867f025da1aad598a8a498000122f6f909961239ae6e" "/opt/rustwide/cargo-home/bin/cargo" "+1.100.0-beta.1" "metadata" "--no-deps" "--format-version=1", kill_on_drop: false }`
[INFO] running `Command { std: "docker" "inspect" "7b8a619af9aa64b32d75867f025da1aad598a8a498000122f6f909961239ae6e", kill_on_drop: false }`
[INFO] running `Command { std: "docker" "exec" "-e" "SOURCE_DIR=/opt/rustwide/workdir" "-e" "CARGO_HOME=/opt/rustwide/cargo-home" "-e" "RUSTUP_HOME=/opt/rustwide/rustup-home" "-e" "CARGO_TARGET_DIR=/opt/rustwide/target" "-e" "CARGO_INCREMENTAL=0" "-e" "RUST_BACKTRACE=full" "-e" "RUSTFLAGS=--cap-lints=warn" "-e" "RUSTDOCFLAGS=--cap-lints=warn" "-w" "/opt/rustwide/workdir" "--user" "0:0" "7b8a619af9aa64b32d75867f025da1aad598a8a498000122f6f909961239ae6e" "/opt/rustwide/cargo-home/bin/cargo" "+1.100.0-beta.1" "build" "--frozen" "--message-format=json" "--release", kill_on_drop: false }`
[INFO] [stderr] warning: Cargo.toml: `lints.clippy.manual-unwrap-or-default` is deprecated in favor of `lints.clippy.manual_unwrap_or_default` and will not work in a future edition
[INFO] [stderr] warning: `serde_with_macros` (manifest) generated 1 warning
[INFO] [stderr]    Compiling syn v3.0.3
[INFO] [stderr]    Compiling darling_core v0.24.0
[INFO] [stderr]    Compiling darling_macro v0.24.0
[INFO] [stderr]    Compiling darling v0.24.0
[INFO] [stderr]    Compiling serde_with_macros v3.24.0 (/opt/rustwide/workdir)
[INFO] [stderr]     Finished `release` profile [optimized] target(s) in 19.62s
[INFO] running `Command { std: "docker" "inspect" "7b8a619af9aa64b32d75867f025da1aad598a8a498000122f6f909961239ae6e", kill_on_drop: false }`
[INFO] running `Command { std: "docker" "exec" "-e" "SOURCE_DIR=/opt/rustwide/workdir" "-e" "CARGO_HOME=/opt/rustwide/cargo-home" "-e" "RUSTUP_HOME=/opt/rustwide/rustup-home" "-e" "CARGO_TARGET_DIR=/opt/rustwide/target" "-e" "CARGO_INCREMENTAL=0" "-e" "RUST_BACKTRACE=full" "-e" "RUSTFLAGS=--cap-lints=warn" "-e" "RUSTDOCFLAGS=--cap-lints=warn" "-w" "/opt/rustwide/workdir" "--user" "0:0" "7b8a619af9aa64b32d75867f025da1aad598a8a498000122f6f909961239ae6e" "/opt/rustwide/cargo-home/bin/cargo" "+1.100.0-beta.1" "test" "--frozen" "--no-run" "--message-format=json" "--release", kill_on_drop: false }`
[INFO] [stderr] warning: Cargo.toml: `lints.clippy.manual-unwrap-or-default` is deprecated in favor of `lints.clippy.manual_unwrap_or_default` and will not work in a future edition
[INFO] [stderr] warning: `serde_with_macros` (manifest) generated 1 warning
[INFO] [stderr]    Compiling target-triple v1.0.1
[INFO] [stderr]    Compiling proc-macro2 v1.0.107
[INFO] [stderr]    Compiling unicode-ident v1.0.24
[INFO] [stderr]    Compiling quote v1.0.47
[INFO] [stderr]    Compiling winnow v1.0.4
[INFO] [stderr]    Compiling serde_derive v1.0.229
[INFO] [stderr]    Compiling toml_datetime v1.1.1+spec-1.1.0
[INFO] [stderr]    Compiling serde_spanned v1.1.1
[INFO] [stderr]    Compiling toml_writer v1.1.2+spec-1.1.0
[INFO] [stderr]    Compiling ident_case v1.0.1
[INFO] [stderr]    Compiling regex-automata v0.4.18
[INFO] [stderr]    Compiling serde_with_macros v3.24.0 (/opt/rustwide/workdir)
[INFO] [stderr]    Compiling once_cell v1.20.2
[INFO] [stderr]    Compiling dissimilar v1.0.7
[INFO] [stderr]    Compiling toml_parser v1.1.3+spec-1.1.0
[INFO] [stderr]    Compiling expect-test v1.5.1
[INFO] [stderr]    Compiling syn v3.0.3
[INFO] [stderr]    Compiling toml v1.1.4+spec-1.1.0
[INFO] [stderr]    Compiling memchr v2.8.3
[INFO] [stderr]    Compiling regex-syntax v0.8.11
[INFO] [stderr]    Compiling serde_json v1.0.151
[INFO] [stderr]    Compiling regex v1.13.1
[INFO] [stderr]    Compiling serde v1.0.229
[INFO] [stderr]    Compiling trybuild v1.0.120
[INFO] [stderr]    Compiling termcolor v1.4.1
[INFO] [stderr]    Compiling glob v0.3.4
[INFO] [stderr]    Compiling pretty_assertions v1.4.1
[INFO] [stderr]    Compiling darling_core v0.24.0
[INFO] [stderr]    Compiling darling v0.24.0
[INFO] [stderr]     Finished `release` profile [optimized] target(s) in 2m 02s
[INFO] running `Command { std: "docker" "inspect" "7b8a619af9aa64b32d75867f025da1aad598a8a498000122f6f909961239ae6e", kill_on_drop: false }`
[INFO] running `Command { std: "docker" "exec" "-e" "SOURCE_DIR=/opt/rustwide/workdir" "-e" "CARGO_HOME=/opt/rustwide/cargo-home" "-e" "RUSTUP_HOME=/opt/rustwide/rustup-home" "-e" "CARGO_TARGET_DIR=/opt/rustwide/target" "-e" "CARGO_INCREMENTAL=0" "-e" "RUST_BACKTRACE=full" "-e" "RUSTFLAGS=--cap-lints=warn" "-e" "RUSTDOCFLAGS=--cap-lints=warn" "-w" "/opt/rustwide/workdir" "--user" "0:0" "7b8a619af9aa64b32d75867f025da1aad598a8a498000122f6f909961239ae6e" "/opt/rustwide/cargo-home/bin/cargo" "+1.100.0-beta.1" "test" "--frozen" "--release", kill_on_drop: false }`
[INFO] [stderr] warning: Cargo.toml: `lints.clippy.manual-unwrap-or-default` is deprecated in favor of `lints.clippy.manual_unwrap_or_default` and will not work in a future edition
[INFO] [stderr] warning: `serde_with_macros` (manifest) generated 1 warning
[INFO] [stderr]     Finished `release` profile [optimized] target(s) in 0.14s
[INFO] [stderr]      Running unittests src/lib.rs (/opt/rustwide/target/release/build/serde_with_macros/6119e269096e0228/out/serde_with_macros-6119e269096e0228)
[INFO] [stdout] 
[INFO] [stdout] running 3 tests
[INFO] [stdout] test apply::test::test_ty_generic ... ok
[INFO] [stdout] test apply::test::test_reference ... ok
[INFO] [stderr]      Running tests/apply.rs (/opt/rustwide/target/release/build/serde_with_macros/db86d894ae9b7044/out/apply-db86d894ae9b7044)
[INFO] [stdout] test apply::test::test_array ... ok
[INFO] [stdout] 
[INFO] [stdout] test result: ok. 3 passed; 0 failed; 0 ignored; 0 measured; 0 filtered out; finished in 0.01s
[INFO] [stdout] 
[INFO] [stdout] 
[INFO] [stdout] running 7 tests
[INFO] [stdout] test test_apply_fully_specified ... ok
[INFO] [stdout] test test_apply_all ... ok
[INFO] [stdout] test test_apply_lifetime ... ok
[INFO] [stdout] test test_apply_partial_generic ... ok
[INFO] [stdout] test test_apply_partial_no_generic ... ok
[INFO] [stdout] test test_apply_no_lifetime ... ok
[INFO] [stdout] test test_apply_mismatched_lifetime ... ok
[INFO] [stdout] 
[INFO] [stdout] test result: ok. 7 passed; 0 failed; 0 ignored; 0 measured; 0 filtered out; finished in 0.00s
[INFO] [stdout] 
[INFO] [stderr]      Running tests/compiler-messages.rs (/opt/rustwide/target/release/build/serde_with_macros/efe3cf64e0bee8e9/out/compiler_messages-efe3cf64e0bee8e9)
[INFO] [stdout] 
[INFO] [stdout] running 1 test
[INFO] [stdout] test compile_test ... ignored
[INFO] [stdout] 
[INFO] [stdout] test result: ok. 0 passed; 0 failed; 1 ignored; 0 measured; 0 filtered out; finished in 0.00s
[INFO] [stdout] 
[INFO] [stderr]      Running tests/serde_as_issue_267.rs (/opt/rustwide/target/release/build/serde_with_macros/31c05cbe9f6d8339/out/serde_as_issue_267-31c05cbe9f6d8339)
[INFO] [stdout] 
[INFO] [stdout] running 0 tests
[INFO] [stdout] 
[INFO] [stdout] test result: ok. 0 passed; 0 failed; 0 ignored; 0 measured; 0 filtered out; finished in 0.00s
[INFO] [stdout] 
[INFO] [stderr]      Running tests/serde_as_issue_538.rs (/opt/rustwide/target/release/build/serde_with_macros/81a907c72069fc20/out/serde_as_issue_538-81a907c72069fc20)
[INFO] [stderr]      Running tests/skip_serializing_null.rs (/opt/rustwide/target/release/build/serde_with_macros/976aad42be5a69b0/out/skip_serializing_null-976aad42be5a69b0)
[INFO] [stdout] 
[INFO] [stdout] running 1 test
[INFO] [stdout] test t ... ok
[INFO] [stdout] 
[INFO] [stdout] test result: ok. 1 passed; 0 failed; 0 ignored; 0 measured; 0 filtered out; finished in 0.00s
[INFO] [stdout] 
[INFO] [stderr]      Running tests/version_numbers.rs (/opt/rustwide/target/release/build/serde_with_macros/40d58f659f283d0d/out/version_numbers-40d58f659f283d0d)
[INFO] [stdout] 
[INFO] [stdout] running 6 tests
[INFO] [stdout] test test_existing_annotation ... ok
[INFO] [stdout] test test_serialize_always ... ok
[INFO] [stdout] test test_tuple ... ok
[INFO] [stdout] test test_basic ... ok
[INFO] [stdout] test test_enum ... ok
[INFO] [stdout] test test_fully_qualified ... ok
[INFO] [stdout] 
[INFO] [stdout] test result: ok. 6 passed; 0 failed; 0 ignored; 0 measured; 0 filtered out; finished in 0.00s
[INFO] [stdout] 
[INFO] [stdout] 
[INFO] [stdout] running 3 tests
[INFO] [stdout] test test_docs_rs_url_point_to_current_version ... FAILED
[INFO] [stdout] test test_changelog ... ok
[INFO] [stdout] test test_serde_with_dependency ... FAILED
[INFO] [stdout] 
[INFO] [stdout] failures:
[INFO] [stdout] 
[INFO] [stdout] ---- test_docs_rs_url_point_to_current_version stdout ----
[INFO] [stdout] Error: Syntax(
[INFO] [stdout] ~~~~~~~~~~~~~~~~~~~~~~~~~~~~~~~~~~~~~~~~~~~~~~~~~~~~~~~~~~~~~~~~~~~~~~~~~~~~~~~
[INFO] [stdout] regex parse error:
[INFO] [stdout]     https?://docs.rs/serde_with_macros/((\d[^/]+|\*|latest))/
[INFO] [stdout]                                          ^^
[INFO] [stdout] error: Unicode-aware Perl class not found (make sure the unicode-perl feature is enabled)
[INFO] [stdout] ~~~~~~~~~~~~~~~~~~~~~~~~~~~~~~~~~~~~~~~~~~~~~~~~~~~~~~~~~~~~~~~~~~~~~~~~~~~~~~~
[INFO] [stdout] )
[INFO] [stdout] 
[INFO] [stdout] ---- test_serde_with_dependency stdout ----
[INFO] [stdout] 
[INFO] [stdout] thread 'test_serde_with_dependency' (1069) panicked at tests/version_numbers.rs:39:5:
[INFO] [stdout] could not read ../serde_with/Cargo.toml: No such file or directory (os error 2)
[INFO] [stdout] stack backtrace:
[INFO] [stdout]    0:     0x592b69a5b541 - <<std[617be2ca0a6fd877]::sys::backtrace::BacktraceLock>::print::DisplayBacktrace as core[a373ad73a504971]::fmt::Display>::fmt
[INFO] [stdout]    1:     0x592b69a700ba - core[a373ad73a504971]::fmt::write
[INFO] [stdout]    2:     0x592b69a5fa4c - <alloc[2e1b2a31b91974c5]::vec::Vec<u8> as core[a373ad73a504971]::io::write::Write>::write_fmt
[INFO] [stdout]    3:     0x592b69a36c86 - std[617be2ca0a6fd877]::panicking::default_hook::{closure#0}
[INFO] [stdout]    4:     0x592b69a53469 - std[617be2ca0a6fd877]::panicking::default_hook
[INFO] [stdout]    5:     0x592b699eef10 - test[aada8e7e76ba119b]::test_main_inner::{closure#0}
[INFO] [stdout]    6:     0x592b69a53622 - std[617be2ca0a6fd877]::panicking::panic_with_hook
[INFO] [stdout]    7:     0x592b69a36d32 - std[617be2ca0a6fd877]::panicking::panic_handler::{closure#0}
[INFO] [stdout]    8:     0x592b69a2f819 - std[617be2ca0a6fd877]::sys::backtrace::__rust_end_short_backtrace::<std[617be2ca0a6fd877]::panicking::panic_handler::{closure#0}, !>
[INFO] [stdout]    9:     0x592b69a3793d - __rustc[ea4f61d10b84890b]::rust_begin_unwind
[INFO] [stdout]   10:     0x592b69a7089c - core[a373ad73a504971]::panicking::panic_fmt
[INFO] [stdout]   11:     0x592b69981363 - version_numbers[2e4527d9f7a08fdd]::check_contains_regex
[INFO] [stdout]   12:     0x592b69982048 - <version_numbers[2e4527d9f7a08fdd]::test_serde_with_dependency::{closure#0} as core[a373ad73a504971]::ops::function::FnOnce<()>>::call_once
[INFO] [stdout]   13:     0x592b699e235b - test[aada8e7e76ba119b]::__rust_begin_short_backtrace::<core[a373ad73a504971]::result::Result<(), alloc[2e1b2a31b91974c5]::string::String>, fn() -> core[a373ad73a504971]::result::Result<(), alloc[2e1b2a31b91974c5]::string::String>>
[INFO] [stdout]   14:     0x592b699ef535 - test[aada8e7e76ba119b]::run_test::{closure#0}
[INFO] [stdout]   15:     0x592b699e8e24 - std[617be2ca0a6fd877]::sys::backtrace::__rust_begin_short_backtrace::<test[aada8e7e76ba119b]::run_test::{closure#1}, ()>
[INFO] [stdout]   16:     0x592b699f25c2 - <std[617be2ca0a6fd877]::thread::lifecycle::spawn_unchecked<test[aada8e7e76ba119b]::run_test::{closure#1}, ()>::{closure#1} as core[a373ad73a504971]::ops::function::FnOnce<()>>::call_once::{shim:vtable#0}
[INFO] [stdout]   17:     0x592b69a5aa3f - <std[617be2ca0a6fd877]::sys::thread::unix::Thread>::new::thread_start
[INFO] [stdout]   18:     0x7563aaa88dfa - <unknown>
[INFO] [stdout]   19:     0x7563aab1c3d4 - clone
[INFO] [stdout]   20:                0x0 - <unknown>
[INFO] [stdout] 
[INFO] [stdout] 
[INFO] [stdout] failures:
[INFO] [stdout]     test_docs_rs_url_point_to_current_version
[INFO] [stdout]     test_serde_with_dependency
[INFO] [stdout] 
[INFO] [stdout] test result: FAILED. 1 passed; 2 failed; 0 ignored; 0 measured; 0 filtered out; finished in 0.00s
[INFO] [stdout] 
[INFO] [stderr] error: test failed, to rerun pass `--test version_numbers`
[INFO] running `Command { std: "docker" "inspect" "7b8a619af9aa64b32d75867f025da1aad598a8a498000122f6f909961239ae6e", kill_on_drop: false }`
[INFO] running `Command { std: "docker" "rm" "-f" "7b8a619af9aa64b32d75867f025da1aad598a8a498000122f6f909961239ae6e", kill_on_drop: false }`
[INFO] [stdout] 7b8a619af9aa64b32d75867f025da1aad598a8a498000122f6f909961239ae6e
