[INFO] fetching crate serde_piecewise_default 0.2.0...
[INFO] testing serde_piecewise_default-0.2.0 against 1.100.0-beta.1+cargoflags=--release for beta-release-1.100-2
[INFO] extracting crate serde_piecewise_default 0.2.0 into /workspace/builds/worker-4-tc2/source
[INFO] started tweaking crates.io crate serde_piecewise_default 0.2.0
[INFO] finished tweaking crates.io crate serde_piecewise_default 0.2.0
[INFO] tweaked toml for crates.io crate serde_piecewise_default 0.2.0 written to /workspace/builds/worker-4-tc2/source/Cargo.toml
[INFO] validating manifest of crates.io crate serde_piecewise_default 0.2.0 on toolchain 1.100.0-beta.1
[INFO] running `Command { std: CARGO_HOME="/workspace/cargo-home" RUSTUP_HOME="/workspace/rustup-home" "/workspace/cargo-home/bin/cargo" "+1.100.0-beta.1" "metadata" "--manifest-path" "Cargo.toml" "--no-deps", kill_on_drop: false }`
[INFO] running `Command { std: CARGO_HOME="/workspace/cargo-home" RUSTUP_HOME="/workspace/rustup-home" "/workspace/cargo-home/bin/cargo" "+1.100.0-beta.1" "generate-lockfile" "--manifest-path" "Cargo.toml", kill_on_drop: false }`
[INFO] [stderr]     Updating crates.io index
[INFO] [stderr]      Locking 58 packages to highest compatible versions
[INFO] [stderr]       Adding compiletest_rs v0.3.26 (available: v0.11.2)
[INFO] running `Command { std: CARGO_HOME="/workspace/cargo-home" RUSTUP_HOME="/workspace/rustup-home" "/workspace/cargo-home/bin/cargo" "+1.100.0-beta.1" "fetch" "--manifest-path" "Cargo.toml", kill_on_drop: false }`
[INFO] running `Command { std: "docker" "create" "-v" "/var/lib/crater-agent-workspace/builds/worker-4-tc2/source:/opt/rustwide/workdir:ro,Z" "-v" "/var/lib/crater-agent-workspace/builds/worker-4-tc2/target:/opt/rustwide/target:rw,Z" "-v" "/var/lib/crater-agent-workspace/cargo-home:/opt/rustwide/cargo-home:ro,Z" "-v" "/var/lib/crater-agent-workspace/rustup-home:/opt/rustwide/rustup-home:ro,Z" "-m" "1610612736" "--network" "none" "ghcr.io/rust-lang/crates-build-env/linux@sha256:77db811e55d90add9212f6832c23229e3de5f1c1f9905e8cb07319ea15df73ac" "sleep" "infinity", kill_on_drop: false }`
[INFO] [stdout] 626e2c54af4034aa94b743d887bfc8a9d8941bce4d9a95f0b712ef570d38d4d1
[INFO] running `Command { std: "docker" "start" "626e2c54af4034aa94b743d887bfc8a9d8941bce4d9a95f0b712ef570d38d4d1", kill_on_drop: false }`
[INFO] running `Command { std: "docker" "inspect" "626e2c54af4034aa94b743d887bfc8a9d8941bce4d9a95f0b712ef570d38d4d1", kill_on_drop: false }`
[INFO] running `Command { std: "docker" "exec" "-e" "SOURCE_DIR=/opt/rustwide/workdir" "-e" "CARGO_HOME=/opt/rustwide/cargo-home" "-e" "RUSTUP_HOME=/opt/rustwide/rustup-home" "-e" "CARGO_TARGET_DIR=/opt/rustwide/target" "-w" "/opt/rustwide/workdir" "--user" "0:0" "626e2c54af4034aa94b743d887bfc8a9d8941bce4d9a95f0b712ef570d38d4d1" "/opt/rustwide/cargo-home/bin/cargo" "+1.100.0-beta.1" "metadata" "--no-deps" "--format-version=1", kill_on_drop: false }`
[INFO] running `Command { std: "docker" "inspect" "626e2c54af4034aa94b743d887bfc8a9d8941bce4d9a95f0b712ef570d38d4d1", kill_on_drop: false }`
[INFO] running `Command { std: "docker" "exec" "-e" "SOURCE_DIR=/opt/rustwide/workdir" "-e" "CARGO_HOME=/opt/rustwide/cargo-home" "-e" "RUSTUP_HOME=/opt/rustwide/rustup-home" "-e" "CARGO_TARGET_DIR=/opt/rustwide/target" "-e" "CARGO_INCREMENTAL=0" "-e" "RUST_BACKTRACE=full" "-e" "RUSTFLAGS=--cap-lints=warn" "-e" "RUSTDOCFLAGS=--cap-lints=warn" "-w" "/opt/rustwide/workdir" "--user" "0:0" "626e2c54af4034aa94b743d887bfc8a9d8941bce4d9a95f0b712ef570d38d4d1" "/opt/rustwide/cargo-home/bin/cargo" "+1.100.0-beta.1" "build" "--frozen" "--message-format=json" "--release", kill_on_drop: false }`
[INFO] [stderr]    Compiling proc-macro2 v0.4.30
[INFO] [stderr]    Compiling unicode-xid v0.1.0
[INFO] [stderr]    Compiling syn v0.15.44
[INFO] [stderr]    Compiling serde v1.0.229
[INFO] [stderr]    Compiling syn v3.0.9
[INFO] [stderr]    Compiling quote v0.6.13
[INFO] [stderr]    Compiling serde_derive v1.0.229
[INFO] [stderr]    Compiling serde_piecewise_default_derive v0.2.0
[INFO] [stderr]    Compiling serde_piecewise_default v0.2.0 (/opt/rustwide/workdir)
[INFO] [stderr]     Finished `release` profile [optimized] target(s) in 7.58s
[INFO] running `Command { std: "docker" "inspect" "626e2c54af4034aa94b743d887bfc8a9d8941bce4d9a95f0b712ef570d38d4d1", kill_on_drop: false }`
[INFO] running `Command { std: "docker" "exec" "-e" "SOURCE_DIR=/opt/rustwide/workdir" "-e" "CARGO_HOME=/opt/rustwide/cargo-home" "-e" "RUSTUP_HOME=/opt/rustwide/rustup-home" "-e" "CARGO_TARGET_DIR=/opt/rustwide/target" "-e" "CARGO_INCREMENTAL=0" "-e" "RUST_BACKTRACE=full" "-e" "RUSTFLAGS=--cap-lints=warn" "-e" "RUSTDOCFLAGS=--cap-lints=warn" "-w" "/opt/rustwide/workdir" "--user" "0:0" "626e2c54af4034aa94b743d887bfc8a9d8941bce4d9a95f0b712ef570d38d4d1" "/opt/rustwide/cargo-home/bin/cargo" "+1.100.0-beta.1" "test" "--frozen" "--no-run" "--message-format=json" "--release", kill_on_drop: false }`
[INFO] [stderr]    Compiling syn v1.0.109
[INFO] [stderr]    Compiling object v0.37.3
[INFO] [stderr]    Compiling failure_derive v0.1.8
[INFO] [stderr]    Compiling gimli v0.32.3
[INFO] [stderr]    Compiling miniz_oxide v0.8.9
[INFO] [stderr]    Compiling rustc-demangle v0.1.28
[INFO] [stderr]    Compiling aho-corasick v1.1.5
[INFO] [stderr]    Compiling dirs-sys v0.3.7
[INFO] [stderr]    Compiling compiletest_rs v0.3.26
[INFO] [stderr]    Compiling filetime v0.2.29
[INFO] [stderr]    Compiling dirs v2.0.2
[INFO] [stderr]    Compiling term v0.6.1
[INFO] [stderr]    Compiling tester v0.6.0
[INFO] [stderr]    Compiling regex-automata v0.4.18
[INFO] [stderr]    Compiling synstructure v0.12.6
[INFO] [stderr]    Compiling addr2line v0.25.1
[INFO] [stderr]    Compiling backtrace v0.3.76
[INFO] [stderr]    Compiling failure v0.1.8
[INFO] [stderr]    Compiling regex v1.13.1
[INFO] [stderr]    Compiling rustfix v0.4.6
[INFO] [stderr]    Compiling serde_piecewise_default v0.2.0 (/opt/rustwide/workdir)
[INFO] [stderr]     Finished `release` profile [optimized] target(s) in 31.89s
[INFO] running `Command { std: "docker" "inspect" "626e2c54af4034aa94b743d887bfc8a9d8941bce4d9a95f0b712ef570d38d4d1", kill_on_drop: false }`
[INFO] running `Command { std: "docker" "exec" "-e" "SOURCE_DIR=/opt/rustwide/workdir" "-e" "CARGO_HOME=/opt/rustwide/cargo-home" "-e" "RUSTUP_HOME=/opt/rustwide/rustup-home" "-e" "CARGO_TARGET_DIR=/opt/rustwide/target" "-e" "CARGO_INCREMENTAL=0" "-e" "RUST_BACKTRACE=full" "-e" "RUSTFLAGS=--cap-lints=warn" "-e" "RUSTDOCFLAGS=--cap-lints=warn" "-w" "/opt/rustwide/workdir" "--user" "0:0" "626e2c54af4034aa94b743d887bfc8a9d8941bce4d9a95f0b712ef570d38d4d1" "/opt/rustwide/cargo-home/bin/cargo" "+1.100.0-beta.1" "test" "--frozen" "--release", kill_on_drop: false }`
[INFO] [stderr]     Finished `release` profile [optimized] target(s) in 0.09s
[INFO] [stderr]      Running unittests src/lib.rs (/opt/rustwide/target/release/build/serde_piecewise_default/115369038877e5bc/out/serde_piecewise_default-115369038877e5bc)
[INFO] [stdout] 
[INFO] [stderr]      Running tests/compiletest.rs (/opt/rustwide/target/release/build/serde_piecewise_default/d353a3fb1decd719/out/compiletest-d353a3fb1decd719)
[INFO] [stdout] running 0 tests
[INFO] [stdout] 
[INFO] [stdout] test result: ok. 0 passed; 0 failed; 0 ignored; 0 measured; 0 filtered out; finished in 0.00s
[INFO] [stdout] 
[INFO] [stdout] 
[INFO] [stdout] running 1 test
[INFO] [stdout] 
[INFO] [stdout] running 2 tests
[INFO] [stdout] test [compile-fail] compile-fail/no_default.rs ... FAILED
[INFO] [stdout] test [compile-fail] compile-fail/unnamed_fields.rs ... FAILED
[INFO] [stdout] 
[INFO] [stdout] failures:
[INFO] [stdout] 
[INFO] [stdout] failures:
[INFO] [stdout]     [compile-fail] compile-fail/no_default.rs
[INFO] [stdout]     [compile-fail] compile-fail/unnamed_fields.rs
[INFO] [stdout] 
[INFO] [stdout] test result: FAILED. 0 passed; 2 failed; 0 ignored; 0 measured; 0 filtered out
[INFO] [stdout] 
[INFO] [stdout] test compile_test ... FAILED
[INFO] [stdout] 
[INFO] [stdout] failures:
[INFO] [stdout] 
[INFO] [stdout] ---- compile_test stdout ----
[INFO] [stdout] 
[INFO] [stdout] error: tests/compile-fail/no_default.rs:4: unexpected error: '4:1: 4:20: can't find crate for `serde` [E0463]'
[INFO] [stdout] 
[INFO] [stdout] error: tests/compile-fail/no_default.rs:5: unexpected error: '5:1: 5:25: can't find crate for `serde_json` [E0463]'
[INFO] [stdout] 
[INFO] [stdout] error: tests/compile-fail/no_default.rs:6: unexpected error: '6:1: 6:38: can't find crate for `serde_piecewise_default` [E0463]'
[INFO] [stdout] 
[INFO] [stdout] error: tests/compile-fail/no_default.rs:8: expected error not found: the trait bound `Example: std::default::Default` is not satisfied [E0277]
[INFO] [stdout] 
[INFO] [stdout] error: 3 unexpected errors found, 1 expected errors not found
[INFO] [stdout] status: exit status: 1
[INFO] [stdout] command: "rustc" "tests/compile-fail/no_default.rs" "-L" "/tmp" "--target=x86_64-unknown-linux-gnu" "--error-format" "json" "-C" "prefer-dynamic" "-o" "/tmp/no_default.stage-id" "-L" "target/debug/deps" "-L" "target/debug" "-L" "/tmp/no_default.stage-id.aux" "-A" "unused"
[INFO] [stdout] unexpected errors (from JSON output): [
[INFO] [stdout]     Error {
[INFO] [stdout]         line_num: 4,
[INFO] [stdout]         kind: Some(
[INFO] [stdout]             Error,
[INFO] [stdout]         ),
[INFO] [stdout]         msg: "4:1: 4:20: can't find crate for `serde` [E0463]",
[INFO] [stdout]     },
[INFO] [stdout]     Error {
[INFO] [stdout]         line_num: 5,
[INFO] [stdout]         kind: Some(
[INFO] [stdout]             Error,
[INFO] [stdout]         ),
[INFO] [stdout]         msg: "5:1: 5:25: can't find crate for `serde_json` [E0463]",
[INFO] [stdout]     },
[INFO] [stdout]     Error {
[INFO] [stdout]         line_num: 6,
[INFO] [stdout]         kind: Some(
[INFO] [stdout]             Error,
[INFO] [stdout]         ),
[INFO] [stdout]         msg: "6:1: 6:38: can't find crate for `serde_piecewise_default` [E0463]",
[INFO] [stdout]     },
[INFO] [stdout] ]
[INFO] [stdout] 
[INFO] [stdout] not found errors (from test file): [
[INFO] [stdout]     Error {
[INFO] [stdout]         line_num: 8,
[INFO] [stdout]         kind: Some(
[INFO] [stdout]             Error,
[INFO] [stdout]         ),
[INFO] [stdout]         msg: "the trait bound `Example: std::default::Default` is not satisfied [E0277]",
[INFO] [stdout]     },
[INFO] [stdout] ]
[INFO] [stdout] 
[INFO] [stdout] 
[INFO] [stdout] thread '[compile-fail] compile-fail/no_default.rs' (946) panicked at /opt/rustwide/cargo-home/registry/src/index.crates.io-1949cf8c6b5b557f/compiletest_rs-0.3.26/src/runtest.rs:1091:13:
[INFO] [stdout] explicit panic
[INFO] [stdout] stack backtrace:
[INFO] [stdout]    0:     0x575f85cad1a1 - <<std[617be2ca0a6fd877]::sys::backtrace::BacktraceLock>::print::DisplayBacktrace as core[a373ad73a504971]::fmt::Display>::fmt
[INFO] [stdout]    1:     0x575f85cc57ba - core[a373ad73a504971]::fmt::write
[INFO] [stdout]    2:     0x575f85cb392c - <alloc[2e1b2a31b91974c5]::vec::Vec<u8> as core[a373ad73a504971]::io::write::Write>::write_fmt
[INFO] [stdout]    3:     0x575f85c860b6 - std[617be2ca0a6fd877]::panicking::default_hook::{closure#0}
[INFO] [stdout]    4:     0x575f85ca4679 - std[617be2ca0a6fd877]::panicking::default_hook
[INFO] [stdout]    5:     0x575f85aac5e0 - test[aada8e7e76ba119b]::test_main_inner::{closure#0}
[INFO] [stdout]    6:     0x575f85ca49a2 - std[617be2ca0a6fd877]::panicking::panic_with_hook
[INFO] [stdout]    7:     0x575f85c8554c - std[617be2ca0a6fd877]::panicking::begin_panic::<&str>::{closure#0}
[INFO] [stdout]    8:     0x575f85c7e949 - std[617be2ca0a6fd877]::sys::backtrace::__rust_end_short_backtrace::<std[617be2ca0a6fd877]::panicking::begin_panic<&str>::{closure#0}, !>
[INFO] [stdout]    9:     0x575f85c7b84b - std[617be2ca0a6fd877]::panicking::begin_panic::<&str>
[INFO] [stdout]   10:     0x575f85b0fcd1 - <compiletest_rs[712114b580f049ea]::runtest::TestCx>::run_cfail_test
[INFO] [stdout]   11:     0x575f85b1ca1f - compiletest_rs[712114b580f049ea]::runtest::run
[INFO] [stdout]   12:     0x575f85ae0ca8 - <compiletest_rs[712114b580f049ea]::make_test_closure::{closure#0} as core[a373ad73a504971]::ops::function::FnOnce<()>>::call_once::{shim:vtable#0}
[INFO] [stdout]   13:     0x575f85c4444e - test[b57b3c817d25560c]::__rust_begin_short_backtrace::<alloc[2e1b2a31b91974c5]::boxed::Box<dyn core[a373ad73a504971]::ops::function::FnOnce<(), Output = ()> + core[a373ad73a504971]::marker::Send>>
[INFO] [stdout]   14:     0x575f85c47a84 - test[b57b3c817d25560c]::run_test_in_process
[INFO] [stdout]   15:     0x575f85c59117 - std[617be2ca0a6fd877]::sys::backtrace::__rust_begin_short_backtrace::<test[b57b3c817d25560c]::run_test::run_test_inner::{closure#0}, ()>
[INFO] [stdout]   16:     0x575f85c5bae6 - <std[617be2ca0a6fd877]::thread::lifecycle::spawn_unchecked<test[b57b3c817d25560c]::run_test::run_test_inner::{closure#0}, ()>::{closure#1} as core[a373ad73a504971]::ops::function::FnOnce<()>>::call_once::{shim:vtable#0}
[INFO] [stdout]   17:     0x575f85cac60f - <std[617be2ca0a6fd877]::sys::thread::unix::Thread>::new::thread_start
[INFO] [stdout]   18:     0x7c6c89160dfa - <unknown>
[INFO] [stdout]   19:     0x7c6c891f43d4 - clone
[INFO] [stdout]   20:                0x0 - <unknown>
[INFO] [stdout] 
[INFO] [stdout] error: tests/compile-fail/unnamed_fields.rs:4: unexpected error: '4:1: 4:25: can't find crate for `serde_json` [E0463]'
[INFO] [stdout] 
[INFO] [stdout] error: tests/compile-fail/unnamed_fields.rs:5: unexpected error: '5:1: 5:38: can't find crate for `serde_piecewise_default` [E0463]'
[INFO] [stdout] 
[INFO] [stdout] error: tests/compile-fail/unnamed_fields.rs:7: expected error not found: proc-macro derive panicked
[INFO] [stdout] 
[INFO] [stdout] error: tests/compile-fail/unnamed_fields.rs:7: expected help message not found: message: can only use piecewise default with named fields
[INFO] [stdout] 
[INFO] [stdout] error: 2 unexpected errors found, 2 expected errors not found
[INFO] [stdout] status: exit status: 1
[INFO] [stdout] command: "rustc" "tests/compile-fail/unnamed_fields.rs" "-L" "/tmp" "--target=x86_64-unknown-linux-gnu" "--error-format" "json" "-C" "prefer-dynamic" "-o" "/tmp/unnamed_fields.stage-id" "-L" "target/debug/deps" "-L" "target/debug" "-L" "/tmp/unnamed_fields.stage-id.aux" "-A" "unused"
[INFO] [stdout] unexpected errors (from JSON output): [
[INFO] [stdout]     Error {
[INFO] [stdout]         line_num: 4,
[INFO] [stdout]         kind: Some(
[INFO] [stdout]             Error,
[INFO] [stdout]         ),
[INFO] [stdout]         msg: "4:1: 4:25: can't find crate for `serde_json` [E0463]",
[INFO] [stdout]     },
[INFO] [stdout]     Error {
[INFO] [stdout]         line_num: 5,
[INFO] [stdout]         kind: Some(
[INFO] [stdout]             Error,
[INFO] [stdout]         ),
[INFO] [stdout]         msg: "5:1: 5:38: can't find crate for `serde_piecewise_default` [E0463]",
[INFO] [stdout]     },
[INFO] [stdout] ]
[INFO] [stdout] 
[INFO] [stdout] not found errors (from test file): [
[INFO] [stdout]     Error {
[INFO] [stdout]         line_num: 7,
[INFO] [stdout]         kind: Some(
[INFO] [stdout]             Error,
[INFO] [stdout]         ),
[INFO] [stdout]         msg: "proc-macro derive panicked",
[INFO] [stdout]     },
[INFO] [stdout]     Error {
[INFO] [stdout]         line_num: 7,
[INFO] [stdout]         kind: Some(
[INFO] [stdout]             Help,
[INFO] [stdout]         ),
[INFO] [stdout]         msg: "message: can only use piecewise default with named fields",
[INFO] [stdout]     },
[INFO] [stdout] ]
[INFO] [stdout] 
[INFO] [stdout] 
[INFO] [stdout] thread '[compile-fail] compile-fail/unnamed_fields.rs' (947) panicked at /opt/rustwide/cargo-home/registry/src/index.crates.io-1949cf8c6b5b557f/compiletest_rs-0.3.26/src/runtest.rs:1091:13:
[INFO] [stdout] explicit panic
[INFO] [stdout] stack backtrace:
[INFO] [stdout]    0:     0x575f85cad1a1 - <<std[617be2ca0a6fd877]::sys::backtrace::BacktraceLock>::print::DisplayBacktrace as core[a373ad73a504971]::fmt::Display>::fmt
[INFO] [stdout]    1:     0x575f85cc57ba - core[a373ad73a504971]::fmt::write
[INFO] [stdout]    2:     0x575f85cb392c - <alloc[2e1b2a31b91974c5]::vec::Vec<u8> as core[a373ad73a504971]::io::write::Write>::write_fmt
[INFO] [stdout]    3:     0x575f85c860b6 - std[617be2ca0a6fd877]::panicking::default_hook::{closure#0}
[INFO] [stdout]    4:     0x575f85ca4679 - std[617be2ca0a6fd877]::panicking::default_hook
[INFO] [stdout]    5:     0x575f85aac5e0 - test[aada8e7e76ba119b]::test_main_inner::{closure#0}
[INFO] [stdout]    6:     0x575f85ca49a2 - std[617be2ca0a6fd877]::panicking::panic_with_hook
[INFO] [stdout]    7:     0x575f85c8554c - std[617be2ca0a6fd877]::panicking::begin_panic::<&str>::{closure#0}
[INFO] [stdout]    8:     0x575f85c7e949 - std[617be2ca0a6fd877]::sys::backtrace::__rust_end_short_backtrace::<std[617be2ca0a6fd877]::panicking::begin_panic<&str>::{closure#0}, !>
[INFO] [stdout]    9:     0x575f85c7b84b - std[617be2ca0a6fd877]::panicking::begin_panic::<&str>
[INFO] [stdout]   10:     0x575f85b0fcd1 - <compiletest_rs[712114b580f049ea]::runtest::TestCx>::run_cfail_test
[INFO] [stdout]   11:     0x575f85b1ca1f - compiletest_rs[712114b580f049ea]::runtest::run
[INFO] [stdout]   12:     0x575f85ae0ca8 - <compiletest_rs[712114b580f049ea]::make_test_closure::{closure#0} as core[a373ad73a504971]::ops::function::FnOnce<()>>::call_once::{shim:vtable#0}
[INFO] [stdout]   13:     0x575f85c4444e - test[b57b3c817d25560c]::__rust_begin_short_backtrace::<alloc[2e1b2a31b91974c5]::boxed::Box<dyn core[a373ad73a504971]::ops::function::FnOnce<(), Output = ()> + core[a373ad73a504971]::marker::Send>>
[INFO] [stdout]   14:     0x575f85c47a84 - test[b57b3c817d25560c]::run_test_in_process
[INFO] [stdout]   15:     0x575f85c59117 - std[617be2ca0a6fd877]::sys::backtrace::__rust_begin_short_backtrace::<test[b57b3c817d25560c]::run_test::run_test_inner::{closure#0}, ()>
[INFO] [stdout]   16:     0x575f85c5bae6 - <std[617be2ca0a6fd877]::thread::lifecycle::spawn_unchecked<test[b57b3c817d25560c]::run_test::run_test_inner::{closure#0}, ()>::{closure#1} as core[a373ad73a504971]::ops::function::FnOnce<()>>::call_once::{shim:vtable#0}
[INFO] [stdout]   17:     0x575f85cac60f - <std[617be2ca0a6fd877]::sys::thread::unix::Thread>::new::thread_start
[INFO] [stdout]   18:     0x7c6c89160dfa - <unknown>
[INFO] [stdout]   19:     0x7c6c891f43d4 - clone
[INFO] [stdout]   20:                0x0 - <unknown>
[INFO] [stdout] 
[INFO] [stdout] thread 'compile_test' (945) panicked at /opt/rustwide/cargo-home/registry/src/index.crates.io-1949cf8c6b5b557f/compiletest_rs-0.3.26/src/lib.rs:101:22:
[INFO] [stdout] Some tests failed
[INFO] [stdout] stack backtrace:
[INFO] [stdout]    0:     0x575f85cad1a1 - <<std[617be2ca0a6fd877]::sys::backtrace::BacktraceLock>::print::DisplayBacktrace as core[a373ad73a504971]::fmt::Display>::fmt
[INFO] [stdout]    1:     0x575f85cc57ba - core[a373ad73a504971]::fmt::write
[INFO] [stdout]    2:     0x575f85cb392c - <alloc[2e1b2a31b91974c5]::vec::Vec<u8> as core[a373ad73a504971]::io::write::Write>::write_fmt
[INFO] [stdout]    3:     0x575f85c860b6 - std[617be2ca0a6fd877]::panicking::default_hook::{closure#0}
[INFO] [stdout]    4:     0x575f85ca4679 - std[617be2ca0a6fd877]::panicking::default_hook
[INFO] [stdout]    5:     0x575f85aac5e0 - test[aada8e7e76ba119b]::test_main_inner::{closure#0}
[INFO] [stdout]    6:     0x575f85ca49a2 - std[617be2ca0a6fd877]::panicking::panic_with_hook
[INFO] [stdout]    7:     0x575f85c8554c - std[617be2ca0a6fd877]::panicking::begin_panic::<&str>::{closure#0}
[INFO] [stdout]    8:     0x575f85c7e949 - std[617be2ca0a6fd877]::sys::backtrace::__rust_end_short_backtrace::<std[617be2ca0a6fd877]::panicking::begin_panic<&str>::{closure#0}, !>
[INFO] [stdout]    9:     0x575f85c7b84b - std[617be2ca0a6fd877]::panicking::begin_panic::<&str>
[INFO] [stdout]   10:     0x575f85ae3aca - compiletest_rs[712114b580f049ea]::run_tests
[INFO] [stdout]   11:     0x575f85a9f959 - <compiletest[4afb997cccd3e5d9]::compile_test::{closure#0} as core[a373ad73a504971]::ops::function::FnOnce<()>>::call_once
[INFO] [stdout]   12:     0x575f85a9fa2b - test[aada8e7e76ba119b]::__rust_begin_short_backtrace::<core[a373ad73a504971]::result::Result<(), alloc[2e1b2a31b91974c5]::string::String>, fn() -> core[a373ad73a504971]::result::Result<(), alloc[2e1b2a31b91974c5]::string::String>>
[INFO] [stdout]   13:     0x575f85aacc05 - test[aada8e7e76ba119b]::run_test::{closure#0}
[INFO] [stdout]   14:     0x575f85aa64f4 - std[617be2ca0a6fd877]::sys::backtrace::__rust_begin_short_backtrace::<test[aada8e7e76ba119b]::run_test::{closure#1}, ()>
[INFO] [stdout]   15:     0x575f85aafc92 - <std[617be2ca0a6fd877]::thread::lifecycle::spawn_unchecked<test[aada8e7e76ba119b]::run_test::{closure#1}, ()>::{closure#1} as core[a373ad73a504971]::ops::function::FnOnce<()>>::call_once::{shim:vtable#0}
[INFO] [stdout]   16:     0x575f85cac60f - <std[617be2ca0a6fd877]::sys::thread::unix::Thread>::new::thread_start
[INFO] [stdout]   17:     0x7c6c89160dfa - <unknown>
[INFO] [stdout]   18:     0x7c6c891f43d4 - clone
[INFO] [stdout]   19:                0x0 - <unknown>
[INFO] [stdout] 
[INFO] [stdout] 
[INFO] [stdout] failures:
[INFO] [stdout]     compile_test
[INFO] [stdout] 
[INFO] [stdout] test result: FAILED. 0 passed; 1 failed; 0 ignored; 0 measured; 0 filtered out; finished in 0.11s
[INFO] [stdout] 
[INFO] [stderr] error: test failed, to rerun pass `--test compiletest`
[INFO] running `Command { std: "docker" "inspect" "626e2c54af4034aa94b743d887bfc8a9d8941bce4d9a95f0b712ef570d38d4d1", kill_on_drop: false }`
[INFO] running `Command { std: "docker" "rm" "-f" "626e2c54af4034aa94b743d887bfc8a9d8941bce4d9a95f0b712ef570d38d4d1", kill_on_drop: false }`
[INFO] [stdout] 626e2c54af4034aa94b743d887bfc8a9d8941bce4d9a95f0b712ef570d38d4d1
