[INFO] fetching crate serde_molecule 1.1.2...
[INFO] testing serde_molecule-1.1.2 against 1.99.0-beta.8+cargoflags=--release for beta-release-1.100-2
[INFO] extracting crate serde_molecule 1.1.2 into /workspace/builds/worker-5-tc1/source
[INFO] started tweaking crates.io crate serde_molecule 1.1.2
[INFO] finished tweaking crates.io crate serde_molecule 1.1.2
[INFO] tweaked toml for crates.io crate serde_molecule 1.1.2 written to /workspace/builds/worker-5-tc1/source/Cargo.toml
[INFO] validating manifest of crates.io crate serde_molecule 1.1.2 on toolchain 1.99.0-beta.8
[INFO] running `Command { std: CARGO_HOME="/workspace/cargo-home" RUSTUP_HOME="/workspace/rustup-home" "/workspace/cargo-home/bin/cargo" "+1.99.0-beta.8" "metadata" "--manifest-path" "Cargo.toml" "--no-deps", kill_on_drop: false }`
[INFO] crate crates.io crate serde_molecule 1.1.2 already has a lockfile, it will not be regenerated
[INFO] running `Command { std: CARGO_HOME="/workspace/cargo-home" RUSTUP_HOME="/workspace/rustup-home" "/workspace/cargo-home/bin/cargo" "+1.99.0-beta.8" "fetch" "--manifest-path" "Cargo.toml", kill_on_drop: false }`
[INFO] running `Command { std: "docker" "create" "-v" "/var/lib/crater-agent-workspace/builds/worker-5-tc1/source:/opt/rustwide/workdir:ro,Z" "-v" "/var/lib/crater-agent-workspace/builds/worker-5-tc1/target:/opt/rustwide/target:rw,Z" "-v" "/var/lib/crater-agent-workspace/cargo-home:/opt/rustwide/cargo-home:ro,Z" "-v" "/var/lib/crater-agent-workspace/rustup-home:/opt/rustwide/rustup-home:ro,Z" "-m" "1610612736" "--network" "none" "ghcr.io/rust-lang/crates-build-env/linux@sha256:77db811e55d90add9212f6832c23229e3de5f1c1f9905e8cb07319ea15df73ac" "sleep" "infinity", kill_on_drop: false }`
[INFO] [stdout] a066ed362d31726f35740d405ca9844ad30701d2ff23ccb75a38ccec6f89423c
[INFO] running `Command { std: "docker" "start" "a066ed362d31726f35740d405ca9844ad30701d2ff23ccb75a38ccec6f89423c", kill_on_drop: false }`
[INFO] running `Command { std: "docker" "inspect" "a066ed362d31726f35740d405ca9844ad30701d2ff23ccb75a38ccec6f89423c", kill_on_drop: false }`
[INFO] running `Command { std: "docker" "exec" "-e" "SOURCE_DIR=/opt/rustwide/workdir" "-e" "CARGO_HOME=/opt/rustwide/cargo-home" "-e" "RUSTUP_HOME=/opt/rustwide/rustup-home" "-e" "CARGO_TARGET_DIR=/opt/rustwide/target" "-w" "/opt/rustwide/workdir" "--user" "0:0" "a066ed362d31726f35740d405ca9844ad30701d2ff23ccb75a38ccec6f89423c" "/opt/rustwide/cargo-home/bin/cargo" "+1.99.0-beta.8" "metadata" "--no-deps" "--format-version=1", kill_on_drop: false }`
[INFO] running `Command { std: "docker" "inspect" "a066ed362d31726f35740d405ca9844ad30701d2ff23ccb75a38ccec6f89423c", kill_on_drop: false }`
[INFO] running `Command { std: "docker" "exec" "-e" "SOURCE_DIR=/opt/rustwide/workdir" "-e" "CARGO_HOME=/opt/rustwide/cargo-home" "-e" "RUSTUP_HOME=/opt/rustwide/rustup-home" "-e" "CARGO_TARGET_DIR=/opt/rustwide/target" "-e" "CARGO_INCREMENTAL=0" "-e" "RUST_BACKTRACE=full" "-e" "RUSTFLAGS=--cap-lints=warn" "-e" "RUSTDOCFLAGS=--cap-lints=warn" "-w" "/opt/rustwide/workdir" "--user" "0:0" "a066ed362d31726f35740d405ca9844ad30701d2ff23ccb75a38ccec6f89423c" "/opt/rustwide/cargo-home/bin/cargo" "+1.99.0-beta.8" "build" "--frozen" "--message-format=json" "--release", kill_on_drop: false }`
[INFO] [stderr]    Compiling serde v1.0.219
[INFO] [stderr]    Compiling serde_molecule v1.1.2 (/opt/rustwide/workdir)
[INFO] [stderr]     Finished `release` profile [optimized] target(s) in 4.62s
[INFO] running `Command { std: "docker" "inspect" "a066ed362d31726f35740d405ca9844ad30701d2ff23ccb75a38ccec6f89423c", kill_on_drop: false }`
[INFO] running `Command { std: "docker" "exec" "-e" "SOURCE_DIR=/opt/rustwide/workdir" "-e" "CARGO_HOME=/opt/rustwide/cargo-home" "-e" "RUSTUP_HOME=/opt/rustwide/rustup-home" "-e" "CARGO_TARGET_DIR=/opt/rustwide/target" "-e" "CARGO_INCREMENTAL=0" "-e" "RUST_BACKTRACE=full" "-e" "RUSTFLAGS=--cap-lints=warn" "-e" "RUSTDOCFLAGS=--cap-lints=warn" "-w" "/opt/rustwide/workdir" "--user" "0:0" "a066ed362d31726f35740d405ca9844ad30701d2ff23ccb75a38ccec6f89423c" "/opt/rustwide/cargo-home/bin/cargo" "+1.99.0-beta.8" "test" "--frozen" "--no-run" "--message-format=json" "--release", kill_on_drop: false }`
[INFO] [stderr]    Compiling serde_molecule v1.1.2 (/opt/rustwide/workdir)
[INFO] [stderr]     Finished `release` profile [optimized] target(s) in 1.01s
[INFO] running `Command { std: "docker" "inspect" "a066ed362d31726f35740d405ca9844ad30701d2ff23ccb75a38ccec6f89423c", kill_on_drop: false }`
[INFO] running `Command { std: "docker" "exec" "-e" "SOURCE_DIR=/opt/rustwide/workdir" "-e" "CARGO_HOME=/opt/rustwide/cargo-home" "-e" "RUSTUP_HOME=/opt/rustwide/rustup-home" "-e" "CARGO_TARGET_DIR=/opt/rustwide/target" "-e" "CARGO_INCREMENTAL=0" "-e" "RUST_BACKTRACE=full" "-e" "RUSTFLAGS=--cap-lints=warn" "-e" "RUSTDOCFLAGS=--cap-lints=warn" "-w" "/opt/rustwide/workdir" "--user" "0:0" "a066ed362d31726f35740d405ca9844ad30701d2ff23ccb75a38ccec6f89423c" "/opt/rustwide/cargo-home/bin/cargo" "+1.99.0-beta.8" "test" "--frozen" "--release", kill_on_drop: false }`
[INFO] [stderr]     Finished `release` profile [optimized] target(s) in 0.05s
[INFO] [stderr]      Running unittests src/lib.rs (/opt/rustwide/target/release/deps/serde_molecule-ec029913eee5491a)
[INFO] [stdout] 
[INFO] [stdout] running 4 tests
[INFO] [stdout] test tests::test_assemble_table ... ok
[INFO] [stdout] test tests::test_disassemble_fixvec ... ok
[INFO] [stdout] test tests::test_disassemble_table ... ok
[INFO] [stdout] test tests::test_assemble_fixvec ... ok
[INFO] [stdout] 
[INFO] [stdout] test result: ok. 4 passed; 0 failed; 0 ignored; 0 measured; 0 filtered out; finished in 0.01s
[INFO] [stdout] 
[INFO] [stderr]    Doc-tests serde_molecule
[INFO] [stdout] 
[INFO] [stdout] running 5 tests
[INFO] [stdout] test src/lib.rs - (line 74) ... ignored
[INFO] [stdout] test src/lib.rs - (line 86) ... ignored
[INFO] [stdout] test src/lib.rs - (line 174) ... FAILED
[INFO] [stdout] test src/lib.rs - (line 13) ... FAILED
[INFO] [stderr] error: doctest failed, to rerun pass `--doc`
[INFO] [stdout] test src/lib.rs - (line 142) ... FAILED
[INFO] [stdout] 
[INFO] [stdout] failures:
[INFO] [stdout] 
[INFO] [stdout] ---- src/lib.rs - (line 174) stdout ----
[INFO] [stdout] error: cannot find derive macro `Serialize` in this scope
[INFO] [stdout]    --> src/lib.rs:181:10
[INFO] [stdout]     |
[INFO] [stdout] 181 | #[derive(Serialize, Deserialize)]
[INFO] [stdout]     |          ^^^^^^^^^
[INFO] [stdout]     |
[INFO] [stdout] note: `Serialize` is a trait, not a derive macro
[INFO] [stdout]    --> /opt/rustwide/cargo-home/registry/src/index.crates.io-1949cf8c6b5b557f/serde-1.0.219/src/ser/mod.rs:225:1
[INFO] [stdout]     |
[INFO] [stdout] 225 | pub trait Serialize {
[INFO] [stdout]     | ^^^^^^^^^^^^^^^^^^^
[INFO] [stdout]     = help: consider implementing `Serialize` for your type manually
[INFO] [stdout] 
[INFO] [stdout] error: cannot find derive macro `Deserialize` in this scope
[INFO] [stdout]    --> src/lib.rs:181:21
[INFO] [stdout]     |
[INFO] [stdout] 181 | #[derive(Serialize, Deserialize)]
[INFO] [stdout]     |                     ^^^^^^^^^^^
[INFO] [stdout]     |
[INFO] [stdout] note: `Deserialize` is a trait, not a derive macro
[INFO] [stdout]    --> /opt/rustwide/cargo-home/registry/src/index.crates.io-1949cf8c6b5b557f/serde-1.0.219/src/de/mod.rs:541:1
[INFO] [stdout]     |
[INFO] [stdout] 541 | pub trait Deserialize<'de>: Sized {
[INFO] [stdout]     | ^^^^^^^^^^^^^^^^^^^^^^^^^^^^^^^^^
[INFO] [stdout]     = help: consider implementing `Deserialize` for your type manually
[INFO] [stdout] 
[INFO] [stdout] error: aborting due to 2 previous errors
[INFO] [stdout] 
[INFO] [stdout] Couldn't compile the test.
[INFO] [stdout] ---- src/lib.rs - (line 13) stdout ----
[INFO] [stdout] error: cannot find derive macro `Serialize` in this scope
[INFO] [stdout]    --> src/lib.rs:18:10
[INFO] [stdout]     |
[INFO] [stdout]  18 | #[derive(Serialize, Deserialize)]
[INFO] [stdout]     |          ^^^^^^^^^
[INFO] [stdout]     |
[INFO] [stdout] note: `Serialize` is a trait, not a derive macro
[INFO] [stdout]    --> /opt/rustwide/cargo-home/registry/src/index.crates.io-1949cf8c6b5b557f/serde-1.0.219/src/ser/mod.rs:225:1
[INFO] [stdout]     |
[INFO] [stdout] 225 | pub trait Serialize {
[INFO] [stdout]     | ^^^^^^^^^^^^^^^^^^^
[INFO] [stdout]     = help: consider implementing `Serialize` for your type manually
[INFO] [stdout] 
[INFO] [stdout] error: cannot find derive macro `Deserialize` in this scope
[INFO] [stdout]    --> src/lib.rs:18:21
[INFO] [stdout]     |
[INFO] [stdout]  18 | #[derive(Serialize, Deserialize)]
[INFO] [stdout]     |                     ^^^^^^^^^^^
[INFO] [stdout]     |
[INFO] [stdout] note: `Deserialize` is a trait, not a derive macro
[INFO] [stdout]    --> /opt/rustwide/cargo-home/registry/src/index.crates.io-1949cf8c6b5b557f/serde-1.0.219/src/de/mod.rs:541:1
[INFO] [stdout]     |
[INFO] [stdout] 541 | pub trait Deserialize<'de>: Sized {
[INFO] [stdout]     | ^^^^^^^^^^^^^^^^^^^^^^^^^^^^^^^^^
[INFO] [stdout]     = help: consider implementing `Deserialize` for your type manually
[INFO] [stdout] 
[INFO] [stdout] error[E0277]: the trait bound `Table1: Serialize` is not satisfied
[INFO] [stdout]   --> src/lib.rs:26:20
[INFO] [stdout]    |
[INFO] [stdout] 26 | let bytes = to_vec(&t1, false).unwrap();
[INFO] [stdout]    |             ------ ^^^ unsatisfied trait bound
[INFO] [stdout]    |             |
[INFO] [stdout]    |             required by a bound introduced by this call
[INFO] [stdout]    |
[INFO] [stdout] help: the trait `Serialize` is not implemented for `Table1`
[INFO] [stdout]   --> src/lib.rs:19:1
[INFO] [stdout]    |
[INFO] [stdout] 19 | pub struct Table1 {
[INFO] [stdout]    | ^^^^^^^^^^^^^^^^^
[INFO] [stdout]    = note: for local types consider adding `#[derive(serde::Serialize)]` to your `Table1` type
[INFO] [stdout]    = note: for types from other crates check whether the crate offers a `serde` feature flag
[INFO] [stdout]    = help: the following other types implement trait `Serialize`:
[INFO] [stdout]              &'a T
[INFO] [stdout]              &'a mut T
[INFO] [stdout]              ()
[INFO] [stdout]              (T,)
[INFO] [stdout]              (T0, T1)
[INFO] [stdout]              (T0, T1, T2)
[INFO] [stdout]              (T0, T1, T2, T3)
[INFO] [stdout]              (T0, T1, T2, T3, T4)
[INFO] [stdout]            and 127 others
[INFO] [stdout] note: required by a bound in `to_vec`
[INFO] [stdout]   --> src/ser.rs:14:17
[INFO] [stdout]    |
[INFO] [stdout] 12 | pub fn to_vec<T>(value: &T, is_struct: bool) -> Result<Vec<u8>>
[INFO] [stdout]    |        ------ required by a bound in this function
[INFO] [stdout] 13 | where
[INFO] [stdout] 14 |     T: ?Sized + Serialize,
[INFO] [stdout]    |                 ^^^^^^^^^ required by this bound in `to_vec`
[INFO] [stdout] 
[INFO] [stdout] error[E0277]: the trait bound `Table1: Deserialize<'_>` is not satisfied
[INFO] [stdout]   --> src/lib.rs:28:18
[INFO] [stdout]    |
[INFO] [stdout] 28 | let t2: Table1 = from_slice(&bytes, false).unwrap();
[INFO] [stdout]    |                  ^^^^^^^^^^^^^^^^^^^^^^^^^ unsatisfied trait bound
[INFO] [stdout]    |
[INFO] [stdout] help: the trait `Deserialize<'_>` is not implemented for `Table1`
[INFO] [stdout]   --> src/lib.rs:19:1
[INFO] [stdout]    |
[INFO] [stdout] 19 | pub struct Table1 {
[INFO] [stdout]    | ^^^^^^^^^^^^^^^^^
[INFO] [stdout]    = note: for local types consider adding `#[derive(serde::Deserialize)]` to your `Table1` type
[INFO] [stdout]    = note: for types from other crates check whether the crate offers a `serde` feature flag
[INFO] [stdout]    = help: the following other types implement trait `Deserialize<'de>`:
[INFO] [stdout]              &'a Path
[INFO] [stdout]              &'a [u8]
[INFO] [stdout]              &'a str
[INFO] [stdout]              ()
[INFO] [stdout]              (T,)
[INFO] [stdout]              (T0, T1)
[INFO] [stdout]              (T0, T1, T2)
[INFO] [stdout]              (T0, T1, T2, T3)
[INFO] [stdout]            and 139 others
[INFO] [stdout] note: required by a bound in `from_slice`
[INFO] [stdout]   --> src/de.rs:22:8
[INFO] [stdout]    |
[INFO] [stdout] 20 | pub fn from_slice<'a, T>(v: &'a [u8], is_struct: bool) -> Result<T>
[INFO] [stdout]    |        ---------- required by a bound in this function
[INFO] [stdout] 21 | where
[INFO] [stdout] 22 |     T: de::Deserialize<'a>,
[INFO] [stdout]    |        ^^^^^^^^^^^^^^^^^^^ required by this bound in `from_slice`
[INFO] [stdout] 
[INFO] [stdout] error: aborting due to 4 previous errors
[INFO] [stdout] 
[INFO] [stdout] For more information about this error, try `rustc --explain E0277`.
[INFO] [stdout] Couldn't compile the test.
[INFO] [stdout] ---- src/lib.rs - (line 142) stdout ----
[INFO] [stdout] error: cannot find derive macro `Serialize` in this scope
[INFO] [stdout]    --> src/lib.rs:147:10
[INFO] [stdout]     |
[INFO] [stdout] 147 | #[derive(Serialize, Deserialize)]
[INFO] [stdout]     |          ^^^^^^^^^
[INFO] [stdout]     |
[INFO] [stdout] note: `Serialize` is a trait, not a derive macro
[INFO] [stdout]    --> /opt/rustwide/cargo-home/registry/src/index.crates.io-1949cf8c6b5b557f/serde-1.0.219/src/ser/mod.rs:225:1
[INFO] [stdout]     |
[INFO] [stdout] 225 | pub trait Serialize {
[INFO] [stdout]     | ^^^^^^^^^^^^^^^^^^^
[INFO] [stdout]     = help: consider implementing `Serialize` for your type manually
[INFO] [stdout] 
[INFO] [stdout] error: cannot find derive macro `Deserialize` in this scope
[INFO] [stdout]    --> src/lib.rs:147:21
[INFO] [stdout]     |
[INFO] [stdout] 147 | #[derive(Serialize, Deserialize)]
[INFO] [stdout]     |                     ^^^^^^^^^^^
[INFO] [stdout]     |
[INFO] [stdout] note: `Deserialize` is a trait, not a derive macro
[INFO] [stdout]    --> /opt/rustwide/cargo-home/registry/src/index.crates.io-1949cf8c6b5b557f/serde-1.0.219/src/de/mod.rs:541:1
[INFO] [stdout]     |
[INFO] [stdout] 541 | pub trait Deserialize<'de>: Sized {
[INFO] [stdout]     | ^^^^^^^^^^^^^^^^^^^^^^^^^^^^^^^^^
[INFO] [stdout]     = help: consider implementing `Deserialize` for your type manually
[INFO] [stdout] 
[INFO] [stdout] error: cannot find attribute `serde` in this scope
[INFO] [stdout]    --> src/lib.rs:150:7
[INFO] [stdout]     |
[INFO] [stdout] 150 |     #[serde(with = "big_array_serde")]
[INFO] [stdout]     |       ^^^^^
[INFO] [stdout]     |
[INFO] [stdout]     = note: `serde` is in scope, but it is a crate, not an attribute
[INFO] [stdout] 
[INFO] [stdout] error: cannot find attribute `serde` in this scope
[INFO] [stdout]    --> src/lib.rs:152:7
[INFO] [stdout]     |
[INFO] [stdout] 152 |     #[serde(with = "big_array_serde")]
[INFO] [stdout]     |       ^^^^^
[INFO] [stdout]     |
[INFO] [stdout]     = note: `serde` is in scope, but it is a crate, not an attribute
[INFO] [stdout] 
[INFO] [stdout] error: aborting due to 4 previous errors
[INFO] [stdout] 
[INFO] [stdout] Couldn't compile the test.
[INFO] [stdout] 
[INFO] [stdout] failures:
[INFO] [stdout]     src/lib.rs - (line 13)
[INFO] [stdout]     src/lib.rs - (line 142)
[INFO] [stdout]     src/lib.rs - (line 174)
[INFO] [stdout] 
[INFO] [stdout] test result: FAILED. 0 passed; 3 failed; 2 ignored; 0 measured; 0 filtered out; finished in 0.28s
[INFO] [stdout] 
[INFO] running `Command { std: "docker" "inspect" "a066ed362d31726f35740d405ca9844ad30701d2ff23ccb75a38ccec6f89423c", kill_on_drop: false }`
[INFO] running `Command { std: "docker" "rm" "-f" "a066ed362d31726f35740d405ca9844ad30701d2ff23ccb75a38ccec6f89423c", kill_on_drop: false }`
[INFO] [stdout] a066ed362d31726f35740d405ca9844ad30701d2ff23ccb75a38ccec6f89423c
