[INFO] fetching crate serde_flat_regex 0.1.2...
[INFO] testing serde_flat_regex-0.1.2 against 1.99.0-beta.8+cargoflags=--release for beta-release-1.100-2
[INFO] extracting crate serde_flat_regex 0.1.2 into /workspace/builds/worker-4-tc1/source
[INFO] started tweaking crates.io crate serde_flat_regex 0.1.2
[INFO] finished tweaking crates.io crate serde_flat_regex 0.1.2
[INFO] tweaked toml for crates.io crate serde_flat_regex 0.1.2 written to /workspace/builds/worker-4-tc1/source/Cargo.toml
[INFO] validating manifest of crates.io crate serde_flat_regex 0.1.2 on toolchain 1.99.0-beta.8
[INFO] running `Command { std: CARGO_HOME="/workspace/cargo-home" RUSTUP_HOME="/workspace/rustup-home" "/workspace/cargo-home/bin/cargo" "+1.99.0-beta.8" "metadata" "--manifest-path" "Cargo.toml" "--no-deps", kill_on_drop: false }`
[INFO] running `Command { std: CARGO_HOME="/workspace/cargo-home" RUSTUP_HOME="/workspace/rustup-home" "/workspace/cargo-home/bin/cargo" "+1.99.0-beta.8" "generate-lockfile" "--manifest-path" "Cargo.toml", kill_on_drop: false }`
[INFO] [stderr]     Blocking waiting for file lock on package cache
[INFO] [stderr]     Updating crates.io index
[INFO] [stderr]      Locking 89 packages to highest compatible versions
[INFO] [stderr]       Adding bson v2.15.0 (available: v3.1.0)
[INFO] [stderr]       Adding darling v0.14.4 (available: v0.24.1)
[INFO] [stderr]       Adding syn v1.0.109 (available: v3.0.9)
[INFO] running `Command { std: CARGO_HOME="/workspace/cargo-home" RUSTUP_HOME="/workspace/rustup-home" "/workspace/cargo-home/bin/cargo" "+1.99.0-beta.8" "fetch" "--manifest-path" "Cargo.toml", kill_on_drop: false }`
[INFO] [stderr]  Downloading crates ...
[INFO] [stderr]   Downloaded trybuild v1.0.122
[INFO] running `Command { std: "docker" "create" "-v" "/var/lib/crater-agent-workspace/builds/worker-4-tc1/source:/opt/rustwide/workdir:ro,Z" "-v" "/var/lib/crater-agent-workspace/builds/worker-4-tc1/target:/opt/rustwide/target:rw,Z" "-v" "/var/lib/crater-agent-workspace/cargo-home:/opt/rustwide/cargo-home:ro,Z" "-v" "/var/lib/crater-agent-workspace/rustup-home:/opt/rustwide/rustup-home:ro,Z" "-m" "1610612736" "--network" "none" "ghcr.io/rust-lang/crates-build-env/linux@sha256:77db811e55d90add9212f6832c23229e3de5f1c1f9905e8cb07319ea15df73ac" "sleep" "infinity", kill_on_drop: false }`
[INFO] [stdout] 7962a9bf177f691e523004a69c7b633fa6bcca401c31a838b3721d04dcc4bad7
[INFO] running `Command { std: "docker" "start" "7962a9bf177f691e523004a69c7b633fa6bcca401c31a838b3721d04dcc4bad7", kill_on_drop: false }`
[INFO] running `Command { std: "docker" "inspect" "7962a9bf177f691e523004a69c7b633fa6bcca401c31a838b3721d04dcc4bad7", kill_on_drop: false }`
[INFO] running `Command { std: "docker" "exec" "-e" "SOURCE_DIR=/opt/rustwide/workdir" "-e" "CARGO_HOME=/opt/rustwide/cargo-home" "-e" "RUSTUP_HOME=/opt/rustwide/rustup-home" "-e" "CARGO_TARGET_DIR=/opt/rustwide/target" "-w" "/opt/rustwide/workdir" "--user" "0:0" "7962a9bf177f691e523004a69c7b633fa6bcca401c31a838b3721d04dcc4bad7" "/opt/rustwide/cargo-home/bin/cargo" "+1.99.0-beta.8" "metadata" "--no-deps" "--format-version=1", kill_on_drop: false }`
[INFO] running `Command { std: "docker" "inspect" "7962a9bf177f691e523004a69c7b633fa6bcca401c31a838b3721d04dcc4bad7", kill_on_drop: false }`
[INFO] running `Command { std: "docker" "exec" "-e" "SOURCE_DIR=/opt/rustwide/workdir" "-e" "CARGO_HOME=/opt/rustwide/cargo-home" "-e" "RUSTUP_HOME=/opt/rustwide/rustup-home" "-e" "CARGO_TARGET_DIR=/opt/rustwide/target" "-e" "CARGO_INCREMENTAL=0" "-e" "RUST_BACKTRACE=full" "-e" "RUSTFLAGS=--cap-lints=warn" "-e" "RUSTDOCFLAGS=--cap-lints=warn" "-w" "/opt/rustwide/workdir" "--user" "0:0" "7962a9bf177f691e523004a69c7b633fa6bcca401c31a838b3721d04dcc4bad7" "/opt/rustwide/cargo-home/bin/cargo" "+1.99.0-beta.8" "build" "--frozen" "--message-format=json" "--release", kill_on_drop: false }`
[INFO] [stderr]    Compiling syn v1.0.109
[INFO] [stderr]    Compiling strsim v0.10.0
[INFO] [stderr]    Compiling regex-syntax v0.8.11
[INFO] [stderr]    Compiling aho-corasick v1.1.5
[INFO] [stderr]    Compiling regex-automata v0.4.18
[INFO] [stderr]    Compiling darling_core v0.14.4
[INFO] [stderr]    Compiling proc-macro-error v1.0.4
[INFO] [stderr]    Compiling darling_macro v0.14.4
[INFO] [stderr]    Compiling regex v1.13.1
[INFO] [stderr]    Compiling darling v0.14.4
[INFO] [stderr]    Compiling serde_flat_regex v0.1.2 (/opt/rustwide/workdir)
[INFO] [stderr]     Finished `release` profile [optimized] target(s) in 12.87s
[INFO] running `Command { std: "docker" "inspect" "7962a9bf177f691e523004a69c7b633fa6bcca401c31a838b3721d04dcc4bad7", kill_on_drop: false }`
[INFO] running `Command { std: "docker" "exec" "-e" "SOURCE_DIR=/opt/rustwide/workdir" "-e" "CARGO_HOME=/opt/rustwide/cargo-home" "-e" "RUSTUP_HOME=/opt/rustwide/rustup-home" "-e" "CARGO_TARGET_DIR=/opt/rustwide/target" "-e" "CARGO_INCREMENTAL=0" "-e" "RUST_BACKTRACE=full" "-e" "RUSTFLAGS=--cap-lints=warn" "-e" "RUSTDOCFLAGS=--cap-lints=warn" "-w" "/opt/rustwide/workdir" "--user" "0:0" "7962a9bf177f691e523004a69c7b633fa6bcca401c31a838b3721d04dcc4bad7" "/opt/rustwide/cargo-home/bin/cargo" "+1.99.0-beta.8" "test" "--frozen" "--no-run" "--message-format=json" "--release", kill_on_drop: false }`
[INFO] [stderr]    Compiling serde_core v1.0.229
[INFO] [stderr]    Compiling libc v0.2.191
[INFO] [stderr]    Compiling target-tuple v1.0.2
[INFO] [stderr]    Compiling zerocopy v0.8.63
[INFO] [stderr]    Compiling getrandom v0.3.4
[INFO] [stderr]    Compiling time-core v0.1.9
[INFO] [stderr]    Compiling proc-macro2 v1.0.107
[INFO] [stderr]    Compiling quote v1.0.47
[INFO] [stderr]    Compiling radium v0.7.0
[INFO] [stderr]    Compiling serde_json v1.0.154
[INFO] [stderr]    Compiling syn v1.0.109
[INFO] [stderr]    Compiling getrandom v0.4.3
[INFO] [stderr]    Compiling tap v1.0.1
[INFO] [stderr]    Compiling winnow v1.0.4
[INFO] [stderr]    Compiling ahash v0.8.12
[INFO] [stderr]    Compiling funty v2.0.0
[INFO] [stderr]    Compiling toml_writer v1.1.3+spec-1.1.0
[INFO] [stderr]    Compiling toml_parser v1.1.5+spec-1.1.0
[INFO] [stderr]    Compiling serde v1.0.229
[INFO] [stderr]    Compiling aho-corasick v1.1.5
[INFO] [stderr]    Compiling serde_spanned v1.1.2
[INFO] [stderr]    Compiling toml_datetime v1.1.2+spec-1.1.0
[INFO] [stderr]    Compiling wyz v0.5.1
[INFO] [stderr]    Compiling time-macros v0.2.32
[INFO] [stderr]    Compiling rand_core v0.9.5
[INFO] [stderr]    Compiling hex v0.4.3
[INFO] [stderr]    Compiling base64 v0.22.1
[INFO] [stderr]    Compiling strsim v0.10.0
[INFO] [stderr]    Compiling ident_case v1.0.1
[INFO] [stderr]    Compiling rand_chacha v0.9.0
[INFO] [stderr]    Compiling termcolor v1.4.1
[INFO] [stderr]    Compiling bitvec v1.1.1
[INFO] [stderr]    Compiling rand v0.9.5
[INFO] [stderr]    Compiling toml v1.1.8+spec-1.1.0
[INFO] [stderr]    Compiling uuid v1.28.0
[INFO] [stderr]    Compiling serde_flat_regex v0.1.2 (/opt/rustwide/workdir)
[INFO] [stderr]    Compiling proc-macro-error v1.0.4
[INFO] [stderr]    Compiling glob v0.3.4
[INFO] [stderr]    Compiling time v0.3.55
[INFO] [stderr]    Compiling regex-automata v0.4.18
[INFO] [stderr]    Compiling trybuild v1.0.122
[INFO] [stderr]    Compiling serde_bytes v0.11.19
[INFO] [stderr]    Compiling ppv-lite86 v0.2.21
[INFO] [stderr]    Compiling bson v2.15.0
[INFO] [stderr]    Compiling regex v1.13.1
[INFO] [stderr]    Compiling darling_core v0.14.4
[INFO] [stderr]    Compiling darling v0.14.4
[INFO] [stdout] warning: function `as_str` is never used
[INFO] [stdout]   --> tests/macro_test.rs:20:8
[INFO] [stdout]    |
[INFO] [stdout] 20 |     fn as_str(s: &String) -> Result<&str, Utf8Error> {
[INFO] [stdout]    |        ^^^^^^
[INFO] [stdout]    |
[INFO] [stdout]    = note: `#[warn(dead_code)]` (part of `#[warn(unused)]`) on by default
[INFO] [stdout] 
[INFO] [stdout] 
[INFO] [stderr]     Finished `release` profile [optimized] target(s) in 1m 18s
[INFO] running `Command { std: "docker" "inspect" "7962a9bf177f691e523004a69c7b633fa6bcca401c31a838b3721d04dcc4bad7", kill_on_drop: false }`
[INFO] running `Command { std: "docker" "exec" "-e" "SOURCE_DIR=/opt/rustwide/workdir" "-e" "CARGO_HOME=/opt/rustwide/cargo-home" "-e" "RUSTUP_HOME=/opt/rustwide/rustup-home" "-e" "CARGO_TARGET_DIR=/opt/rustwide/target" "-e" "CARGO_INCREMENTAL=0" "-e" "RUST_BACKTRACE=full" "-e" "RUSTFLAGS=--cap-lints=warn" "-e" "RUSTDOCFLAGS=--cap-lints=warn" "-w" "/opt/rustwide/workdir" "--user" "0:0" "7962a9bf177f691e523004a69c7b633fa6bcca401c31a838b3721d04dcc4bad7" "/opt/rustwide/cargo-home/bin/cargo" "+1.99.0-beta.8" "test" "--frozen" "--release", kill_on_drop: false }`
[INFO] [stderr] warning: function `as_str` is never used
[INFO] [stderr]   --> tests/macro_test.rs:20:8
[INFO] [stderr]    |
[INFO] [stderr] 20 |     fn as_str(s: &String) -> Result<&str, Utf8Error> {
[INFO] [stderr]    |        ^^^^^^
[INFO] [stderr]    |
[INFO] [stderr]    = note: `#[warn(dead_code)]` (part of `#[warn(unused)]`) on by default
[INFO] [stderr] 
[INFO] [stderr] warning: `serde_flat_regex` (test "macro_test") generated 1 warning
[INFO] [stderr]     Finished `release` profile [optimized] target(s) in 0.18s
[INFO] [stderr]      Running unittests src/lib.rs (/opt/rustwide/target/release/deps/serde_flat_regex-f6abfe04ec32744d)
[INFO] [stderr]      Running tests/macro_test.rs (/opt/rustwide/target/release/deps/macro_test-ce47b104129640b7)
[INFO] [stdout] 
[INFO] [stdout] running 0 tests
[INFO] [stdout] 
[INFO] [stdout] test result: ok. 0 passed; 0 failed; 0 ignored; 0 measured; 0 filtered out; finished in 0.00s
[INFO] [stdout] 
[INFO] [stdout] 
[INFO] [stdout] running 9 tests
[INFO] [stdout] test compile ... ok
[INFO] [stdout] test bson_test ... ok
[INFO] [stdout] test cstr ... ok
[INFO] [stdout] test enum_test ... ok
[INFO] [stdout] test json_test ... ok
[INFO] [stdout] test json ... ok
[INFO] [stdout] test json_borrow_two_lt ... ok
[INFO] [stdout] test json_should_fail ... ok
[INFO] [stderr]    Compiling proc-macro2 v1.0.107
[INFO] [stderr]    Compiling quote v1.0.47
[INFO] [stderr]    Compiling unicode-ident v1.0.27
[INFO] [stderr]    Compiling version_check v0.9.5
[INFO] [stderr]    Compiling syn v1.0.109
[INFO] [stderr]    Compiling libc v0.2.191
[INFO] [stderr]     Checking cfg-if v1.0.5
[INFO] [stderr]    Compiling getrandom v0.3.4
[INFO] [stderr]    Compiling zerocopy v0.8.63
[INFO] [stderr]    Compiling serde_core v1.0.229
[INFO] [stderr]     Checking memchr v2.8.3
[INFO] [stderr]    Compiling strsim v0.10.0
[INFO] [stderr]    Compiling ident_case v1.0.1
[INFO] [stderr]    Compiling fnv v1.0.7
[INFO] [stderr]    Compiling getrandom v0.4.3
[INFO] [stderr]    Compiling radium v0.7.0
[INFO] [stderr]    Compiling zmij v1.0.23
[INFO] [stderr]    Compiling serde_json v1.0.154
[INFO] [stderr]    Compiling time-core v0.1.9
[INFO] [stderr]    Compiling num-conv v0.2.2
[INFO] [stderr]     Checking tap v1.0.1
[INFO] [stderr]    Compiling serde v1.0.229
[INFO] [stderr]    Compiling regex-syntax v0.8.11
[INFO] [stderr]     Checking hashbrown v0.17.1
[INFO] [stderr]     Checking equivalent v1.0.3
[INFO] [stderr]    Compiling time-macros v0.2.32
[INFO] [stderr]    Compiling aho-corasick v1.1.5
[INFO] [stderr]     Checking wyz v0.5.1
[INFO] [stderr]     Checking itoa v1.0.18
[INFO] [stderr]    Compiling proc-macro-error v1.0.4
[INFO] [stderr]    Compiling proc-macro-error-attr v1.0.4
[INFO] [stderr]    Compiling ahash v0.8.12
[INFO] [stderr]     Checking foldhash v0.2.0
[INFO] [stderr]     Checking funty v2.0.0
[INFO] [stderr]     Checking once_cell v1.21.4
[INFO] [stderr]     Checking deranged v0.5.9
[INFO] [stderr]     Checking powerfmt v0.2.1
[INFO] [stderr]     Checking hex v0.4.3
[INFO] [stderr]     Checking base64 v0.22.1
[INFO] [stderr]     Checking bitvec v1.1.1
[INFO] [stderr]    Compiling syn v3.0.9
[INFO] [stderr]     Checking indexmap v2.14.2
[INFO] [stderr]     Checking time v0.3.55
[INFO] [stderr]     Checking rand_core v0.9.5
[INFO] [stderr]    Compiling regex-automata v0.4.18
[INFO] [stderr]     Checking uuid v1.28.0
[INFO] [stderr]     Checking serde_bytes v0.11.19
[INFO] [stderr]    Compiling serde_derive v1.0.229
[INFO] [stderr]     Checking regex v1.13.1
[INFO] [stderr]     Checking darling_core v0.14.4
[INFO] [stderr]     Checking ppv-lite86 v0.2.21
[INFO] [stderr]     Checking rand_chacha v0.9.0
[INFO] [stderr]     Checking rand v0.9.5
[INFO] [stderr]     Checking bson v2.15.0
[INFO] [stderr]    Compiling darling_macro v0.14.4
[INFO] [stderr]    Compiling darling v0.14.4
[INFO] [stderr]    Compiling serde_flat_regex v0.1.2 (/opt/rustwide/workdir)
[INFO] [stderr]     Checking serde_flat_regex-tests v0.0.0 (/opt/rustwide/target/tests/trybuild/serde_flat_regex)
[INFO] [stderr]     Finished `dev` profile [unoptimized + debuginfo] target(s) in 34.24s
[INFO] [stderr] 
[INFO] [stderr] 
[INFO] [stderr] test tests/fail/regex_fail.rs ... ok
[INFO] [stdout] test should_fail_at_compliltime ... FAILED
[INFO] [stderr] test tests/fail/key_access_fail.rs ... mismatch
[INFO] [stdout] 
[INFO] [stderr] 
[INFO] [stdout] failures:
[INFO] [stderr] EXPECTED:
[INFO] [stdout] 
[INFO] [stderr] ┈┈┈┈┈┈┈┈┈┈┈┈┈┈┈┈┈┈┈┈┈┈┈┈┈┈┈┈┈┈┈┈┈┈┈┈┈┈┈┈┈┈┈┈┈┈┈┈┈┈┈┈┈┈┈┈┈┈┈┈
[INFO] [stdout] ---- should_fail_at_compliltime stdout ----
[INFO] [stderr] error[E0308]: mismatched types
[INFO] [stdout] 
[INFO] [stderr]   --> tests/fail/key_access_fail.rs:5:1
[INFO] [stdout] thread 'should_fail_at_compliltime' (1363) panicked at /opt/rustwide/cargo-home/registry/src/index.crates.io-1949cf8c6b5b557f/trybuild-1.0.122/src/run.rs:103:13:
[INFO] [stderr]    |
[INFO] [stdout] 1 of 2 tests failed
[INFO] [stderr] 5  | #[flat_regex]
[INFO] [stdout] stack backtrace:
[INFO] [stderr]    | ^^^^^^^^^^^^^ expected struct `std::string::String`, found struct `CString`
[INFO] [stdout]    0:     0x5cadf4302bb1 - <<std[70759c8f55707aa4]::sys::backtrace::BacktraceLock>::print::DisplayBacktrace as core[df12db4294e9bfd3]::fmt::Display>::fmt
[INFO] [stderr] ...
[INFO] [stdout]    1:     0x5cadf431a2fa - core[df12db4294e9bfd3]::fmt::write
[INFO] [stderr] 11 |         key_access = "some_modul::as_str"
[INFO] [stdout]    2:     0x5cadf430767c - <alloc[2182bb758b4b3781]::vec::Vec<u8> as core[df12db4294e9bfd3]::io::write::Write>::write_fmt
[INFO] [stderr]    |                      -------------------- arguments to this function are incorrect
[INFO] [stdout]    3:     0x5cadf42dbfd6 - std[70759c8f55707aa4]::panicking::default_hook::{closure#0}
[INFO] [stderr]    |
[INFO] [stdout]    4:     0x5cadf42fa169 - std[70759c8f55707aa4]::panicking::default_hook
[INFO] [stderr]    = note: expected reference `&std::string::String`
[INFO] [stdout]    5:     0x5cadf4263870 - test[9d35eded1c95d3be]::test_main_inner::<test[9d35eded1c95d3be]::test_main_static::{closure#0}>::{closure#0}
[INFO] [stderr]               found reference `&CString`
[INFO] [stdout]    6:     0x5cadf42fa322 - std[70759c8f55707aa4]::panicking::panic_with_hook
[INFO] [stderr] note: function defined here
[INFO] [stdout]    7:     0x5cadf42dc082 - std[70759c8f55707aa4]::panicking::panic_handler::{closure#0}
[INFO] [stderr]   --> tests/fail/key_access_fail.rs:20:12
[INFO] [stdout]    8:     0x5cadf42d4949 - std[70759c8f55707aa4]::sys::backtrace::__rust_end_short_backtrace::<std[70759c8f55707aa4]::panicking::panic_handler::{closure#0}, !>
[INFO] [stderr]    |
[INFO] [stdout]    9:     0x5cadf42dcc7d - __rustc[8fa7c3cbc660c2b3]::rust_begin_unwind
[INFO] [stderr] 20 |     pub fn as_str(s: &String) -> Result<&str, Utf8Error> {
[INFO] [stdout]   10:     0x5cadf431ab1c - core[df12db4294e9bfd3]::panicking::panic_fmt
[INFO] [stderr]    |            ^^^^^^ ----------
[INFO] [stdout]   11:     0x5cadf40faaf2 - <trybuild[890a51b423aab6ee]::Runner>::run
[INFO] [stderr]    = note: this error originates in the attribute macro `flat_regex` (in Nightly builds, run with -Z macro-backtrace for more info)
[INFO] [stdout]   12:     0x5cadf40fdec0 - <trybuild[890a51b423aab6ee]::TestCases as core[df12db4294e9bfd3]::ops::drop::Drop>::drop
[INFO] [stderr] ┈┈┈┈┈┈┈┈┈┈┈┈┈┈┈┈┈┈┈┈┈┈┈┈┈┈┈┈┈┈┈┈┈┈┈┈┈┈┈┈┈┈┈┈┈┈┈┈┈┈┈┈┈┈┈┈┈┈┈┈
[INFO] [stdout]   13:     0x5cadf40e4288 - <macro_test[41a8c173473735e3]::should_fail_at_compliltime::{closure#0} as core[df12db4294e9bfd3]::ops::function::FnOnce<()>>::call_once
[INFO] [stderr] 
[INFO] [stdout]   14:     0x5cadf4256b5b - test[9d35eded1c95d3be]::__rust_begin_short_backtrace::<core[df12db4294e9bfd3]::result::Result<(), alloc[2182bb758b4b3781]::string::String>, fn() -> core[df12db4294e9bfd3]::result::Result<(), alloc[2182bb758b4b3781]::string::String>>
[INFO] [stderr] ACTUAL OUTPUT:
[INFO] [stdout]   15:     0x5cadf42641c5 - test[9d35eded1c95d3be]::run_test::{closure#0}
[INFO] [stderr] ┈┈┈┈┈┈┈┈┈┈┈┈┈┈┈┈┈┈┈┈┈┈┈┈┈┈┈┈┈┈┈┈┈┈┈┈┈┈┈┈┈┈┈┈┈┈┈┈┈┈┈┈┈┈┈┈┈┈┈┈
[INFO] [stdout]   16:     0x5cadf425da84 - std[70759c8f55707aa4]::sys::backtrace::__rust_begin_short_backtrace::<test[9d35eded1c95d3be]::run_test::{closure#1}, ()>
[INFO] [stderr] error[E0308]: mismatched types
[INFO] [stdout]   17:     0x5cadf4267322 - <std[70759c8f55707aa4]::thread::lifecycle::spawn_unchecked<test[9d35eded1c95d3be]::run_test::{closure#1}, ()>::{closure#1} as core[df12db4294e9bfd3]::ops::function::FnOnce<()>>::call_once::{shim:vtable#0}
[INFO] [stderr]   --> tests/fail/key_access_fail.rs:5:1
[INFO] [stdout]   18:     0x5cadf4301e69 - <std[70759c8f55707aa4]::sys::thread::unix::Thread>::new::thread_start
[INFO] [stderr]    |
[INFO] [stdout]   19:     0x769b050cadfa - <unknown>
[INFO] [stderr]  5 | #[flat_regex]
[INFO] [stdout]   20:     0x769b0515e3d4 - clone
[INFO] [stderr]    | ^^^^^^^^^^^^^ expected `&String`, found `&CString`
[INFO] [stdout]   21:                0x0 - <unknown>
[INFO] [stderr] ...
[INFO] [stdout] 
[INFO] [stderr] 11 |         key_access = "some_modul::as_str"
[INFO] [stdout] 
[INFO] [stderr]    |                      -------------------- arguments to this function are incorrect
[INFO] [stdout] failures:
[INFO] [stderr]    |
[INFO] [stdout]     should_fail_at_compliltime
[INFO] [stderr]    = note: expected reference `&String`
[INFO] [stdout] 
[INFO] [stderr]               found reference `&CString`
[INFO] [stdout] test result: FAILED. 8 passed; 1 failed; 0 ignored; 0 measured; 0 filtered out; finished in 51.06s
[INFO] [stderr] note: function defined here
[INFO] [stdout] 
[INFO] [stderr]   --> tests/fail/key_access_fail.rs:20:12
[INFO] [stderr]    |
[INFO] [stderr] 20 |     pub fn as_str(s: &String) -> Result<&str, Utf8Error> {
[INFO] [stderr]    |            ^^^^^^ ----------
[INFO] [stderr]    = note: this error originates in the attribute macro `flat_regex` (in Nightly builds, run with -Z macro-backtrace for more info)
[INFO] [stderr] ┈┈┈┈┈┈┈┈┈┈┈┈┈┈┈┈┈┈┈┈┈┈┈┈┈┈┈┈┈┈┈┈┈┈┈┈┈┈┈┈┈┈┈┈┈┈┈┈┈┈┈┈┈┈┈┈┈┈┈┈
[INFO] [stderr] note: If the actual output is the correct output you can bless it by rerunning
[INFO] [stderr]       your test with the environment variable TRYBUILD=overwrite
[INFO] [stderr] 
[INFO] [stderr] 
[INFO] [stderr] 
[INFO] [stderr] error: test failed, to rerun pass `--test macro_test`
[INFO] running `Command { std: "docker" "inspect" "7962a9bf177f691e523004a69c7b633fa6bcca401c31a838b3721d04dcc4bad7", kill_on_drop: false }`
[INFO] running `Command { std: "docker" "rm" "-f" "7962a9bf177f691e523004a69c7b633fa6bcca401c31a838b3721d04dcc4bad7", kill_on_drop: false }`
[INFO] [stdout] 7962a9bf177f691e523004a69c7b633fa6bcca401c31a838b3721d04dcc4bad7
