[INFO] fetching crate serde_dynamo 4.3.0...
[INFO] testing serde_dynamo-4.3.0 against 1.100.0-beta.1+cargoflags=--release for beta-release-1.100-2
[INFO] extracting crate serde_dynamo 4.3.0 into /workspace/builds/worker-1-tc2/source
[INFO] started tweaking crates.io crate serde_dynamo 4.3.0
[INFO] finished tweaking crates.io crate serde_dynamo 4.3.0
[INFO] tweaked toml for crates.io crate serde_dynamo 4.3.0 written to /workspace/builds/worker-1-tc2/source/Cargo.toml
[INFO] validating manifest of crates.io crate serde_dynamo 4.3.0 on toolchain 1.100.0-beta.1
[INFO] running `Command { std: CARGO_HOME="/workspace/cargo-home" RUSTUP_HOME="/workspace/rustup-home" "/workspace/cargo-home/bin/cargo" "+1.100.0-beta.1" "metadata" "--manifest-path" "Cargo.toml" "--no-deps", kill_on_drop: false }`
[INFO] crate crates.io crate serde_dynamo 4.3.0 already has a lockfile, it will not be regenerated
[INFO] running `Command { std: CARGO_HOME="/workspace/cargo-home" RUSTUP_HOME="/workspace/rustup-home" "/workspace/cargo-home/bin/cargo" "+1.100.0-beta.1" "fetch" "--manifest-path" "Cargo.toml", kill_on_drop: false }`
[INFO] [stderr] warning: `package.homepage` is redundant with `package.repository`
[INFO] [stderr]    --> Cargo.toml:574:12
[INFO] [stderr]     |
[INFO] [stderr] 574 | homepage = "https://github.com/zenlist/serde_dynamo"
[INFO] [stderr]     |            ^^^^^^^^^^^^^^^^^^^^^^^^^^^^^^^^^^^^^^^^^
[INFO] [stderr] ...
[INFO] [stderr] 579 | repository = "https://github.com/zenlist/serde_dynamo"
[INFO] [stderr]     |              -----------------------------------------
[INFO] [stderr]     |
[INFO] [stderr]     = note: `cargo::redundant_homepage` is set to `warn` by default
[INFO] [stderr] help: consider removing `package.homepage`
[INFO] [stderr] warning: `serde_dynamo` (manifest) generated 1 warning
[INFO] running `Command { std: "docker" "create" "-v" "/var/lib/crater-agent-workspace/builds/worker-1-tc2/source:/opt/rustwide/workdir:ro,Z" "-v" "/var/lib/crater-agent-workspace/builds/worker-1-tc2/target:/opt/rustwide/target:rw,Z" "-v" "/var/lib/crater-agent-workspace/cargo-home:/opt/rustwide/cargo-home:ro,Z" "-v" "/var/lib/crater-agent-workspace/rustup-home:/opt/rustwide/rustup-home:ro,Z" "-m" "1610612736" "--network" "none" "ghcr.io/rust-lang/crates-build-env/linux@sha256:77db811e55d90add9212f6832c23229e3de5f1c1f9905e8cb07319ea15df73ac" "sleep" "infinity", kill_on_drop: false }`
[INFO] [stdout] e6836d829e82b954e1acaeda8dce205598b0ac0920f5d88da5a7efae07422a60
[INFO] running `Command { std: "docker" "start" "e6836d829e82b954e1acaeda8dce205598b0ac0920f5d88da5a7efae07422a60", kill_on_drop: false }`
[INFO] running `Command { std: "docker" "inspect" "e6836d829e82b954e1acaeda8dce205598b0ac0920f5d88da5a7efae07422a60", kill_on_drop: false }`
[INFO] running `Command { std: "docker" "exec" "-e" "SOURCE_DIR=/opt/rustwide/workdir" "-e" "CARGO_HOME=/opt/rustwide/cargo-home" "-e" "RUSTUP_HOME=/opt/rustwide/rustup-home" "-e" "CARGO_TARGET_DIR=/opt/rustwide/target" "-w" "/opt/rustwide/workdir" "--user" "0:0" "e6836d829e82b954e1acaeda8dce205598b0ac0920f5d88da5a7efae07422a60" "/opt/rustwide/cargo-home/bin/cargo" "+1.100.0-beta.1" "metadata" "--no-deps" "--format-version=1", kill_on_drop: false }`
[INFO] running `Command { std: "docker" "inspect" "e6836d829e82b954e1acaeda8dce205598b0ac0920f5d88da5a7efae07422a60", kill_on_drop: false }`
[INFO] running `Command { std: "docker" "exec" "-e" "SOURCE_DIR=/opt/rustwide/workdir" "-e" "CARGO_HOME=/opt/rustwide/cargo-home" "-e" "RUSTUP_HOME=/opt/rustwide/rustup-home" "-e" "CARGO_TARGET_DIR=/opt/rustwide/target" "-e" "CARGO_INCREMENTAL=0" "-e" "RUST_BACKTRACE=full" "-e" "RUSTFLAGS=--cap-lints=warn" "-e" "RUSTDOCFLAGS=--cap-lints=warn" "-w" "/opt/rustwide/workdir" "--user" "0:0" "e6836d829e82b954e1acaeda8dce205598b0ac0920f5d88da5a7efae07422a60" "/opt/rustwide/cargo-home/bin/cargo" "+1.100.0-beta.1" "build" "--frozen" "--message-format=json" "--release", kill_on_drop: false }`
[INFO] [stderr] warning: `package.homepage` is redundant with `package.repository`
[INFO] [stderr]    --> Cargo.toml:574:12
[INFO] [stderr]     |
[INFO] [stderr] 574 | homepage = "https://github.com/zenlist/serde_dynamo"
[INFO] [stderr]     |            ^^^^^^^^^^^^^^^^^^^^^^^^^^^^^^^^^^^^^^^^^
[INFO] [stderr] ...
[INFO] [stderr] 579 | repository = "https://github.com/zenlist/serde_dynamo"
[INFO] [stderr]     |              -----------------------------------------
[INFO] [stderr]     |
[INFO] [stderr]     = note: `cargo::redundant_homepage` is set to `warn` by default
[INFO] [stderr] help: consider removing `package.homepage`
[INFO] [stderr] warning: `serde_dynamo` (manifest) generated 1 warning
[INFO] [stderr]    Compiling serde_core v1.0.225
[INFO] [stderr]    Compiling serde_dynamo v4.3.0 (/opt/rustwide/workdir)
[INFO] [stderr]     Finished `release` profile [optimized] target(s) in 4.32s
[INFO] running `Command { std: "docker" "inspect" "e6836d829e82b954e1acaeda8dce205598b0ac0920f5d88da5a7efae07422a60", kill_on_drop: false }`
[INFO] running `Command { std: "docker" "exec" "-e" "SOURCE_DIR=/opt/rustwide/workdir" "-e" "CARGO_HOME=/opt/rustwide/cargo-home" "-e" "RUSTUP_HOME=/opt/rustwide/rustup-home" "-e" "CARGO_TARGET_DIR=/opt/rustwide/target" "-e" "CARGO_INCREMENTAL=0" "-e" "RUST_BACKTRACE=full" "-e" "RUSTFLAGS=--cap-lints=warn" "-e" "RUSTDOCFLAGS=--cap-lints=warn" "-w" "/opt/rustwide/workdir" "--user" "0:0" "e6836d829e82b954e1acaeda8dce205598b0ac0920f5d88da5a7efae07422a60" "/opt/rustwide/cargo-home/bin/cargo" "+1.100.0-beta.1" "test" "--frozen" "--no-run" "--message-format=json" "--release", kill_on_drop: false }`
[INFO] [stderr] warning: `package.homepage` is redundant with `package.repository`
[INFO] [stderr]    --> Cargo.toml:574:12
[INFO] [stderr]     |
[INFO] [stderr] 574 | homepage = "https://github.com/zenlist/serde_dynamo"
[INFO] [stderr]     |            ^^^^^^^^^^^^^^^^^^^^^^^^^^^^^^^^^^^^^^^^^
[INFO] [stderr] ...
[INFO] [stderr] 579 | repository = "https://github.com/zenlist/serde_dynamo"
[INFO] [stderr]     |              -----------------------------------------
[INFO] [stderr]     |
[INFO] [stderr]     = note: `cargo::redundant_homepage` is set to `warn` by default
[INFO] [stderr] help: consider removing `package.homepage`
[INFO] [stderr] warning: `serde_dynamo` (manifest) generated 1 warning
[INFO] [stderr]    Compiling proc-macro2 v1.0.101
[INFO] [stderr]    Compiling unicode-ident v1.0.19
[INFO] [stderr]    Compiling serde v1.0.225
[INFO] [stderr]    Compiling serde_json v1.0.145
[INFO] [stderr]    Compiling itoa v1.0.15
[INFO] [stderr]    Compiling iana-time-zone v0.1.64
[INFO] [stderr]    Compiling ryu v1.0.20
[INFO] [stderr]    Compiling memchr v2.7.5
[INFO] [stderr]    Compiling serde_bytes v0.11.19
[INFO] [stderr]    Compiling quote v1.0.40
[INFO] [stderr]    Compiling syn v2.0.106
[INFO] [stderr]    Compiling chrono v0.4.42
[INFO] [stderr]    Compiling serde_derive v1.0.225
[INFO] [stderr]    Compiling serde_dynamo v4.3.0 (/opt/rustwide/workdir)
[INFO] [stderr]     Finished `release` profile [optimized] target(s) in 27.71s
[INFO] running `Command { std: "docker" "inspect" "e6836d829e82b954e1acaeda8dce205598b0ac0920f5d88da5a7efae07422a60", kill_on_drop: false }`
[INFO] running `Command { std: "docker" "exec" "-e" "SOURCE_DIR=/opt/rustwide/workdir" "-e" "CARGO_HOME=/opt/rustwide/cargo-home" "-e" "RUSTUP_HOME=/opt/rustwide/rustup-home" "-e" "CARGO_TARGET_DIR=/opt/rustwide/target" "-e" "CARGO_INCREMENTAL=0" "-e" "RUST_BACKTRACE=full" "-e" "RUSTFLAGS=--cap-lints=warn" "-e" "RUSTDOCFLAGS=--cap-lints=warn" "-w" "/opt/rustwide/workdir" "--user" "0:0" "e6836d829e82b954e1acaeda8dce205598b0ac0920f5d88da5a7efae07422a60" "/opt/rustwide/cargo-home/bin/cargo" "+1.100.0-beta.1" "test" "--frozen" "--release", kill_on_drop: false }`
[INFO] [stderr] warning: `package.homepage` is redundant with `package.repository`
[INFO] [stderr]    --> Cargo.toml:574:12
[INFO] [stderr]     |
[INFO] [stderr] 574 | homepage = "https://github.com/zenlist/serde_dynamo"
[INFO] [stderr]     |            ^^^^^^^^^^^^^^^^^^^^^^^^^^^^^^^^^^^^^^^^^
[INFO] [stderr] ...
[INFO] [stderr] 579 | repository = "https://github.com/zenlist/serde_dynamo"
[INFO] [stderr]     |              -----------------------------------------
[INFO] [stderr]     |
[INFO] [stderr]     = note: `cargo::redundant_homepage` is set to `warn` by default
[INFO] [stderr] help: consider removing `package.homepage`
[INFO] [stderr] warning: `serde_dynamo` (manifest) generated 1 warning
[INFO] [stderr]     Finished `release` profile [optimized] target(s) in 0.18s
[INFO] [stderr]      Running unittests src/lib.rs (/opt/rustwide/target/release/build/serde_dynamo/c828c11b21529a00/out/serde_dynamo-c828c11b21529a00)
[INFO] [stdout] 
[INFO] [stdout] running 110 tests
[INFO] [stdout] test attribute_value::tests::deserialize_expecting ... ok
[INFO] [stdout] test attribute_value::tests::deserialize_exhaustive ... ok
[INFO] [stdout] test attribute_value::tests::serialize_exhaustive ... ok
[INFO] [stdout] test attribute_value::tests::deserialize_error_zero_keys ... ok
[INFO] [stdout] test attribute_value::tests::deserialize_error_base64_b ... ok
[INFO] [stdout] test binary_set::tests::newtype_binaries_set_in_struct ... ok
[INFO] [stdout] test binary_set::tests::newtype_set_for_binaries ... ok
[INFO] [stdout] test de::tests::deserialize_array_of_struct_with_string ... ok
[INFO] [stdout] test de::tests::deserialize_chrono_datetime ... ok
[INFO] [stdout] test de::tests::deserialize_byte_arrays ... ok
[INFO] [stdout] test de::tests::deserialize_bytes ... ok
[INFO] [stdout] test attribute_value::tests::deserialize_from_example ... ok
[INFO] [stdout] test de::tests::deserialize_char ... ok
[INFO] [stdout] test attribute_value::tests::deserialize_error_base64_bs ... ok
[INFO] [stdout] test de::tests::deserialize_bool ... ok
[INFO] [stdout] test de::tests::deserialize_enum_unit ... ok
[INFO] [stdout] test de::tests::deserialize_float_list ... ok
[INFO] [stdout] test de::tests::deserialize_int_list ... ok
[INFO] [stdout] test de::tests::deserialize_map_with_strings ... ok
[INFO] [stdout] test de::tests::deserialize_num ... ok
[INFO] [stdout] test de::tests::deserialize_option ... ok
[INFO] [stdout] test de::tests::deserialize_string ... ok
[INFO] [stdout] test de::tests::deserialize_string_list ... ok
[INFO] [stdout] test de::tests::deserialize_list ... ok
[INFO] [stdout] test de::tests::deserialize_newtype_struct ... ok
[INFO] [stdout] test de::tests::deserialize_internally_tagged_enum ... ok
[INFO] [stdout] test de::tests::deserialize_tuple ... ok
[INFO] [stdout] test de::tests::deserialize_tuple_struct ... ok
[INFO] [stdout] test attribute_value::tests::deserialize_error_multiple_keys ... ok
[INFO] [stdout] test de::tests::deserialize_unit ... ok
[INFO] [stdout] test de::tests::deserialize_unit_struct ... ok
[INFO] [stdout] test de::tests::deserialize_struct_with_aws_extra_data ... ok
[INFO] [stdout] test de::tests::deserialize_enum_newtype ... ok
[INFO] [stdout] test number_set::tests::newtype_numbers_set_in_struct ... ok
[INFO] [stdout] test attribute_value::tests::deserialize_error_invalid_key ... ok
[INFO] [stdout] test de::tests::issue_27 ... ok
[INFO] [stdout] test ser::tests::issue_27 ... ok
[INFO] [stdout] test ser::tests::serialize_array_of_structs ... ok
[INFO] [stdout] test de::tests::issue_87::deserialize_struct_from_list ... ok
[INFO] [stdout] test ser::tests::serialize_bytes ... ok
[INFO] [stdout] test ser::tests::serialize_char ... ok
[INFO] [stdout] test de::tests::deserialize_enum_tuple ... ok
[INFO] [stdout] test de::tests::issue_87::deserialize_enum_newtype_from_list ... ok
[INFO] [stdout] test de::tests::issue_87::deserialize_enum_tuple_from_list ... ok
[INFO] [stdout] test number_set::tests::newtype_set_for_numbers ... ok
[INFO] [stdout] test de::tests::issue_87::deserialize_enum_struct_variant_from_list ... ok
[INFO] [stdout] test ser::tests::internally_tagged_enum ... ok
[INFO] [stdout] test ser::tests::serialize_bool ... ok
[INFO] [stdout] test de::tests::deserialize_struct_with_string ... ok
[INFO] [stdout] test de::tests::deserialize_maps_of_various_types ... ok
[INFO] [stdout] test de::tests::deserialize_enum_struct_variant ... ok
[INFO] [stdout] test ser::tests::serialize_num ... ok
[INFO] [stdout] test string_set::tests::newtype_set_for_strings ... ok
[INFO] [stdout] test ser::tests::serialize_enum_newtype ... ok
[INFO] [stdout] test ser::tests::serialize_map_with_strings ... ok
[INFO] [stdout] test ser::tests::serialize_maps_with_various_types ... ok
[INFO] [stdout] test ser::tests::serialize_enum_struct_variant ... ok
[INFO] [stdout] test ser::tests::serialize_struct ... ok
[INFO] [stdout] test ser::tests::serialize_tuple_struct ... ok
[INFO] [stdout] test ser::tests::serialize_string ... ok
[INFO] [stdout] test ser::tests::serialize_unit_struct ... ok
[INFO] [stdout] test ser::tests::serialize_option ... ok
[INFO] [stdout] test ser::tests::serialize_enum_unit ... ok
[INFO] [stdout] test ser::tests::serialize_enum_tuple ... ok
[INFO] [stdout] test ser::tests::serialize_unit ... ok
[INFO] [stdout] test ser::tests::serialize_tuple ... ok
[INFO] [stdout] test ser::tests::serialize_newtype_struct ... ok
[INFO] [stdout] test string_set::tests::newtype_strings_set_in_struct ... ok
[INFO] [stdout] test tests::map_key::enum_variant::adjacently_tagged::unit_variant ... ok
[INFO] [stdout] test tests::map_key::enum_variant::adjacently_tagged::tuple_struct ... ok
[INFO] [stdout] test tests::map_key::enum_variant::externally_tagged::struct_variant ... ok
[INFO] [stdout] test tests::internally_tagged_enum ... ok
[INFO] [stdout] test tests::map_key::enum_variant::adjacently_tagged::struct_variant ... ok
[INFO] [stdout] test tests::map_key::enum_variant::externally_tagged::tuple_struct ... ok
[INFO] [stdout] test tests::error_eq ... ok
[INFO] [stdout] test tests::from_items::wrong_types ... ok
[INFO] [stdout] test tests::from_items::same_types ... ok
[INFO] [stdout] test tests::map_key::enum_variant::externally_tagged::unit_variant ... ok
[INFO] [stdout] test tests::adjacently_tagged_enum ... ok
[INFO] [stdout] test tests::map_key::enum_variant::externally_tagged::newtype_variant ... ok
[INFO] [stdout] test tests::map_key::bool ... ok
[INFO] [stdout] test tests::map_key::char ... ok
[INFO] [stdout] test tests::map_key::enum_variant::adjacently_tagged::newtype_variant ... ok
[INFO] [stdout] test tests::map_key::enum_variant::untagged::newtype_variant ... ok
[INFO] [stdout] test tests::map_key::enum_variant::untagged::tuple_struct ... ok
[INFO] [stdout] test tests::map_key::enum_variant::internally_tagged::newtype_variant ... ok
[INFO] [stdout] test tests::map_key::enum_variant::internally_tagged::struct_variant ... ok
[INFO] [stdout] test tests::map_key::enum_variant::internally_tagged::unit_variant ... ok
[INFO] [stdout] test tests::map_key::i16 ... ok
[INFO] [stdout] test tests::map_key::i32 ... ok
[INFO] [stdout] test tests::map_key::i64 ... ok
[INFO] [stdout] test tests::map_key::enum_variant::untagged::unit_variant ... ok
[INFO] [stdout] test tests::map_key::i8 ... ok
[INFO] [stdout] test tests::map_key::enum_variant::untagged::struct_variant ... ok
[INFO] [stdout] test tests::map_key::i128 ... ok
[INFO] [stdout] test tests::map_key::none ... ok
[INFO] [stdout] test tests::map_key::some ... ok
[INFO] [stdout] test tests::map_key::tuple ... ok
[INFO] [stdout] test tests::map_key::struct_ ... ok
[INFO] [stdout] test tests::map_key::tuple_struct ... ok
[INFO] [stdout] test tests::map_key::u128 ... ok
[INFO] [stdout] test tests::map_key::unit_struct ... ok
[INFO] [stdout] test tests::map_key::u64 ... ok
[INFO] [stdout] test tests::sets::assert_newtype_addresses_different ... ok
[INFO] [stdout] test tests::map_key::u32 ... ok
[INFO] [stdout] test tests::map_key::u8 ... ok
[INFO] [stdout] test tests::map_key::newtype_struct ... ok
[INFO] [stdout] test tests::map_key::u16 ... ok
[INFO] [stdout] test tests::subsequent_flattened ... ok
[INFO] [stdout] test tests::untagged_enum ... ok
[INFO] [stdout] 
[INFO] [stdout] test result: ok. 110 passed; 0 failed; 0 ignored; 0 measured; 0 filtered out; finished in 0.03s
[INFO] [stdout] 
[INFO] [stderr]    Doc-tests serde_dynamo
[INFO] [stdout] 
[INFO] [stdout] running 16 tests
[INFO] [stdout] test src/ser/mod.rs - ser::to_attribute_value (line 51) - compile ... FAILED
[INFO] [stdout] test src/ser/mod.rs - ser::to_attribute_value (line 28) - compile ... FAILED
[INFO] [stdout] test src/ser/mod.rs - ser::to_item (line 96) - compile ... FAILED
[INFO] [stdout] test src/lib.rs - (line 161) ... ok
[INFO] [stdout] test src/binary_set.rs - binary_set::BinarySet (line 93) ... ok
[INFO] [stdout] test src/string_set.rs - string_set::StringSet (line 89) ... ok
[INFO] [stdout] test src/de/mod.rs - de::from_items (line 70) - compile ... FAILED
[INFO] [stdout] test src/lib.rs - (line 145) ... ok
[INFO] [stdout] test src/de/mod.rs - de::from_item (line 34) - compile ... FAILED
[INFO] [stdout] test src/lib.rs - (line 17) ... ok
[INFO] [stdout] test src/number_set.rs - number_set (line 25) ... ok
[INFO] [stdout] test src/number_set.rs - number_set::NumberSet (line 89) ... ok
[INFO] [stdout] test src/string_set.rs - string_set (line 25) ... ok
[INFO] [stdout] test src/binary_set.rs - binary_set (line 25) ... ok
[INFO] [stdout] test src/lib.rs - (line 222) ... ok
[INFO] [stdout] test src/lib.rs - (line 37) ... ok
[INFO] [stdout] 
[INFO] [stdout] failures:
[INFO] [stdout] 
[INFO] [stdout] ---- src/ser/mod.rs - ser::to_attribute_value (line 51) stdout ----
[INFO] [stdout] error[E0433]: cannot find module or crate `__aws_sdk_dynamodb_1` in this scope
[INFO] [stdout]   --> src/ser/mod.rs:54:5
[INFO] [stdout]    |
[INFO] [stdout] 54 | use __aws_sdk_dynamodb_1::client::Client;
[INFO] [stdout]    |     ^^^^^^^^^^^^^^^^^^^^ use of unresolved module or unlinked crate `__aws_sdk_dynamodb_1`
[INFO] [stdout]    |
[INFO] [stdout]    = help: if you wanted to use a crate named `__aws_sdk_dynamodb_1`, use `cargo add __aws_sdk_dynamodb_1` to add it to your `Cargo.toml`
[INFO] [stdout] 
[INFO] [stdout] error: aborting due to 1 previous error
[INFO] [stdout] 
[INFO] [stdout] For more information about this error, try `rustc --explain E0433`.
[INFO] [stdout] Couldn't compile the test.
[INFO] [stdout] ---- src/ser/mod.rs - ser::to_attribute_value (line 28) stdout ----
[INFO] [stdout] error[E0433]: cannot find module or crate `__aws_sdk_dynamodb_1` in this scope
[INFO] [stdout]   --> src/ser/mod.rs:31:5
[INFO] [stdout]    |
[INFO] [stdout] 31 | use __aws_sdk_dynamodb_1::client::Client;
[INFO] [stdout]    |     ^^^^^^^^^^^^^^^^^^^^ use of unresolved module or unlinked crate `__aws_sdk_dynamodb_1`
[INFO] [stdout]    |
[INFO] [stdout]    = help: if you wanted to use a crate named `__aws_sdk_dynamodb_1`, use `cargo add __aws_sdk_dynamodb_1` to add it to your `Cargo.toml`
[INFO] [stdout] 
[INFO] [stdout] error: aborting due to 1 previous error
[INFO] [stdout] 
[INFO] [stdout] For more information about this error, try `rustc --explain E0433`.
[INFO] [stdout] Couldn't compile the test.
[INFO] [stdout] ---- src/ser/mod.rs - ser::to_item (line 96) stdout ----
[INFO] [stdout] error[E0433]: cannot find module or crate `__aws_sdk_dynamodb_1` in this scope
[INFO] [stdout]   --> src/ser/mod.rs:98:5
[INFO] [stdout]    |
[INFO] [stdout] 98 | use __aws_sdk_dynamodb_1::client::Client;
[INFO] [stdout]    |     ^^^^^^^^^^^^^^^^^^^^ use of unresolved module or unlinked crate `__aws_sdk_dynamodb_1`
[INFO] [stdout]    |
[INFO] [stdout]    = help: if you wanted to use a crate named `__aws_sdk_dynamodb_1`, use `cargo add __aws_sdk_dynamodb_1` to add it to your `Cargo.toml`
[INFO] [stdout] 
[INFO] [stdout] error: aborting due to 1 previous error
[INFO] [stdout] 
[INFO] [stdout] For more information about this error, try `rustc --explain E0433`.
[INFO] [stdout] Couldn't compile the test.
[INFO] [stdout] ---- src/de/mod.rs - de::from_items (line 70) stdout ----
[INFO] [stdout] error[E0433]: cannot find module or crate `__aws_sdk_dynamodb_1` in this scope
[INFO] [stdout]   --> src/de/mod.rs:72:5
[INFO] [stdout]    |
[INFO] [stdout] 72 | use __aws_sdk_dynamodb_1::client::Client;
[INFO] [stdout]    |     ^^^^^^^^^^^^^^^^^^^^ use of unresolved module or unlinked crate `__aws_sdk_dynamodb_1`
[INFO] [stdout]    |
[INFO] [stdout]    = help: if you wanted to use a crate named `__aws_sdk_dynamodb_1`, use `cargo add __aws_sdk_dynamodb_1` to add it to your `Cargo.toml`
[INFO] [stdout] 
[INFO] [stdout] warning: method call on a diverging inference variable
[INFO] [stdout]   --> src/de/mod.rs:88:20
[INFO] [stdout]    |
[INFO] [stdout] 88 | let items = result.items().to_vec();
[INFO] [stdout]    |                    ^^^^^
[INFO] [stdout]    |
[INFO] [stdout]    = help: consider providing a type annotation
[INFO] [stdout]    = warning: this was previously accepted by the compiler but is being phased out; it will become a hard error in a future release!
[INFO] [stdout]    = note: for more information, see issue #156047 <https://github.com/rust-lang/rust/issues/156047>
[INFO] [stdout]    = note: `#[warn(method_call_on_diverging_infer_var)]` (part of `#[warn(future_incompatible)]`) on by default
[INFO] [stdout] 
[INFO] [stdout] error[E0599]: no method named `items` found for type `!` in the current scope
[INFO] [stdout]   --> src/de/mod.rs:88:20
[INFO] [stdout]    |
[INFO] [stdout] 88 | let items = result.items().to_vec();
[INFO] [stdout]    |                    ^^^^^ method not found in `!`
[INFO] [stdout] 
[INFO] [stdout] error: aborting due to 2 previous errors; 1 warning emitted
[INFO] [stdout] 
[INFO] [stdout] Some errors have detailed explanations: E0433, E0599.
[INFO] [stdout] For more information about an error, try `rustc --explain E0433`.
[INFO] [stdout] Couldn't compile the test.
[INFO] [stdout] ---- src/de/mod.rs - de::from_item (line 34) stdout ----
[INFO] [stdout] error[E0433]: cannot find module or crate `__aws_sdk_dynamodb_1` in this scope
[INFO] [stdout]   --> src/de/mod.rs:36:5
[INFO] [stdout]    |
[INFO] [stdout] 36 | use __aws_sdk_dynamodb_1::client::Client;
[INFO] [stdout]    |     ^^^^^^^^^^^^^^^^^^^^ use of unresolved module or unlinked crate `__aws_sdk_dynamodb_1`
[INFO] [stdout]    |
[INFO] [stdout]    = help: if you wanted to use a crate named `__aws_sdk_dynamodb_1`, use `cargo add __aws_sdk_dynamodb_1` to add it to your `Cargo.toml`
[INFO] [stdout] 
[INFO] [stdout] warning: method call on a diverging inference variable
[INFO] [stdout]   --> src/de/mod.rs:52:20
[INFO] [stdout]    |
[INFO] [stdout] 52 | for item in result.items().to_vec() {
[INFO] [stdout]    |                    ^^^^^
[INFO] [stdout]    |
[INFO] [stdout]    = help: consider providing a type annotation
[INFO] [stdout]    = warning: this was previously accepted by the compiler but is being phased out; it will become a hard error in a future release!
[INFO] [stdout]    = note: for more information, see issue #156047 <https://github.com/rust-lang/rust/issues/156047>
[INFO] [stdout]    = note: `#[warn(method_call_on_diverging_infer_var)]` (part of `#[warn(future_incompatible)]`) on by default
[INFO] [stdout] 
[INFO] [stdout] error[E0599]: no method named `items` found for type `!` in the current scope
[INFO] [stdout]   --> src/de/mod.rs:52:20
[INFO] [stdout]    |
[INFO] [stdout] 52 | for item in result.items().to_vec() {
[INFO] [stdout]    |                    ^^^^^ method not found in `!`
[INFO] [stdout] 
[INFO] [stdout] error: aborting due to 2 previous errors; 1 warning emitted
[INFO] [stdout] 
[INFO] [stdout] Some errors have detailed explanations: E0433, E0599.
[INFO] [stdout] For more information about an error, try `rustc --explain E0433`.
[INFO] [stdout] Couldn't compile the test.
[INFO] [stdout] 
[INFO] [stdout] failures:
[INFO] [stdout]     src/de/mod.rs - de::from_item (line 34)
[INFO] [stdout]     src/de/mod.rs - de::from_items (line 70)
[INFO] [stdout]     src/ser/mod.rs - ser::to_attribute_value (line 28)
[INFO] [stdout]     src/ser/mod.rs - ser::to_attribute_value (line 51)
[INFO] [stdout]     src/ser/mod.rs - ser::to_item (line 96)
[INFO] [stdout] 
[INFO] [stdout] test result: FAILED. 11 passed; 5 failed; 0 ignored; 0 measured; 0 filtered out; finished in 0.96s
[INFO] [stdout] 
[INFO] [stderr] error: doctest failed, to rerun pass `--doc`
[INFO] running `Command { std: "docker" "inspect" "e6836d829e82b954e1acaeda8dce205598b0ac0920f5d88da5a7efae07422a60", kill_on_drop: false }`
[INFO] running `Command { std: "docker" "rm" "-f" "e6836d829e82b954e1acaeda8dce205598b0ac0920f5d88da5a7efae07422a60", kill_on_drop: false }`
[INFO] [stdout] e6836d829e82b954e1acaeda8dce205598b0ac0920f5d88da5a7efae07422a60
