[INFO] fetching crate serde_bytes_wrapper 0.1.0...
[INFO] testing serde_bytes_wrapper-0.1.0 against 1.99.0-beta.8+cargoflags=--release for beta-release-1.100-2
[INFO] extracting crate serde_bytes_wrapper 0.1.0 into /workspace/builds/worker-1-tc1/source
[INFO] started tweaking crates.io crate serde_bytes_wrapper 0.1.0
[INFO] finished tweaking crates.io crate serde_bytes_wrapper 0.1.0
[INFO] tweaked toml for crates.io crate serde_bytes_wrapper 0.1.0 written to /workspace/builds/worker-1-tc1/source/Cargo.toml
[INFO] validating manifest of crates.io crate serde_bytes_wrapper 0.1.0 on toolchain 1.99.0-beta.8
[INFO] running `Command { std: CARGO_HOME="/workspace/cargo-home" RUSTUP_HOME="/workspace/rustup-home" "/workspace/cargo-home/bin/cargo" "+1.99.0-beta.8" "metadata" "--manifest-path" "Cargo.toml" "--no-deps", kill_on_drop: false }`
[INFO] running `Command { std: CARGO_HOME="/workspace/cargo-home" RUSTUP_HOME="/workspace/rustup-home" "/workspace/cargo-home/bin/cargo" "+1.99.0-beta.8" "generate-lockfile" "--manifest-path" "Cargo.toml", kill_on_drop: false }`
[INFO] [stderr]     Updating crates.io index
[INFO] [stderr]      Locking 17 packages to highest compatible versions
[INFO] [stderr]       Adding base64 v0.13.1 (available: v0.23.1)
[INFO] [stderr]       Adding serde-bytes-repr v0.1.5 (available: v0.3.0)
[INFO] running `Command { std: CARGO_HOME="/workspace/cargo-home" RUSTUP_HOME="/workspace/rustup-home" "/workspace/cargo-home/bin/cargo" "+1.99.0-beta.8" "fetch" "--manifest-path" "Cargo.toml", kill_on_drop: false }`
[INFO] [stderr]  Downloading crates ...
[INFO] [stderr]   Downloaded serde-bytes-repr v0.1.5
[INFO] running `Command { std: "docker" "create" "-v" "/var/lib/crater-agent-workspace/builds/worker-1-tc1/source:/opt/rustwide/workdir:ro,Z" "-v" "/var/lib/crater-agent-workspace/builds/worker-1-tc1/target:/opt/rustwide/target:rw,Z" "-v" "/var/lib/crater-agent-workspace/cargo-home:/opt/rustwide/cargo-home:ro,Z" "-v" "/var/lib/crater-agent-workspace/rustup-home:/opt/rustwide/rustup-home:ro,Z" "-m" "1610612736" "--network" "none" "ghcr.io/rust-lang/crates-build-env/linux@sha256:77db811e55d90add9212f6832c23229e3de5f1c1f9905e8cb07319ea15df73ac" "sleep" "infinity", kill_on_drop: false }`
[INFO] [stdout] ef97faee51494266a89a5e1647b6215a5609009e944209f7c818d2d3f1dba989
[INFO] running `Command { std: "docker" "start" "ef97faee51494266a89a5e1647b6215a5609009e944209f7c818d2d3f1dba989", kill_on_drop: false }`
[INFO] running `Command { std: "docker" "inspect" "ef97faee51494266a89a5e1647b6215a5609009e944209f7c818d2d3f1dba989", kill_on_drop: false }`
[INFO] running `Command { std: "docker" "exec" "-e" "SOURCE_DIR=/opt/rustwide/workdir" "-e" "CARGO_HOME=/opt/rustwide/cargo-home" "-e" "RUSTUP_HOME=/opt/rustwide/rustup-home" "-e" "CARGO_TARGET_DIR=/opt/rustwide/target" "-w" "/opt/rustwide/workdir" "--user" "0:0" "ef97faee51494266a89a5e1647b6215a5609009e944209f7c818d2d3f1dba989" "/opt/rustwide/cargo-home/bin/cargo" "+1.99.0-beta.8" "metadata" "--no-deps" "--format-version=1", kill_on_drop: false }`
[INFO] running `Command { std: "docker" "inspect" "ef97faee51494266a89a5e1647b6215a5609009e944209f7c818d2d3f1dba989", kill_on_drop: false }`
[INFO] running `Command { std: "docker" "exec" "-e" "SOURCE_DIR=/opt/rustwide/workdir" "-e" "CARGO_HOME=/opt/rustwide/cargo-home" "-e" "RUSTUP_HOME=/opt/rustwide/rustup-home" "-e" "CARGO_TARGET_DIR=/opt/rustwide/target" "-e" "CARGO_INCREMENTAL=0" "-e" "RUST_BACKTRACE=full" "-e" "RUSTFLAGS=--cap-lints=warn" "-e" "RUSTDOCFLAGS=--cap-lints=warn" "-w" "/opt/rustwide/workdir" "--user" "0:0" "ef97faee51494266a89a5e1647b6215a5609009e944209f7c818d2d3f1dba989" "/opt/rustwide/cargo-home/bin/cargo" "+1.99.0-beta.8" "build" "--frozen" "--message-format=json" "--release", kill_on_drop: false }`
[INFO] [stderr]    Compiling proc-macro2 v1.0.107
[INFO] [stderr]    Compiling quote v1.0.47
[INFO] [stderr]    Compiling serde_bytes v0.11.19
[INFO] [stderr]    Compiling syn v3.0.9
[INFO] [stderr]    Compiling serde_derive v1.0.229
[INFO] [stderr]    Compiling serde v1.0.229
[INFO] [stderr]    Compiling serde_bytes_wrapper v0.1.0 (/opt/rustwide/workdir)
[INFO] [stderr]     Finished `release` profile [optimized] target(s) in 8.71s
[INFO] running `Command { std: "docker" "inspect" "ef97faee51494266a89a5e1647b6215a5609009e944209f7c818d2d3f1dba989", kill_on_drop: false }`
[INFO] running `Command { std: "docker" "exec" "-e" "SOURCE_DIR=/opt/rustwide/workdir" "-e" "CARGO_HOME=/opt/rustwide/cargo-home" "-e" "RUSTUP_HOME=/opt/rustwide/rustup-home" "-e" "CARGO_TARGET_DIR=/opt/rustwide/target" "-e" "CARGO_INCREMENTAL=0" "-e" "RUST_BACKTRACE=full" "-e" "RUSTFLAGS=--cap-lints=warn" "-e" "RUSTDOCFLAGS=--cap-lints=warn" "-w" "/opt/rustwide/workdir" "--user" "0:0" "ef97faee51494266a89a5e1647b6215a5609009e944209f7c818d2d3f1dba989" "/opt/rustwide/cargo-home/bin/cargo" "+1.99.0-beta.8" "test" "--frozen" "--no-run" "--message-format=json" "--release", kill_on_drop: false }`
[INFO] [stderr]    Compiling half v1.8.3
[INFO] [stderr]    Compiling serde-bytes-repr v0.1.5
[INFO] [stderr]    Compiling serde_cbor v0.11.2
[INFO] [stderr]    Compiling serde_bytes_wrapper v0.1.0 (/opt/rustwide/workdir)
[INFO] [stderr]     Finished `release` profile [optimized] target(s) in 4.23s
[INFO] running `Command { std: "docker" "inspect" "ef97faee51494266a89a5e1647b6215a5609009e944209f7c818d2d3f1dba989", kill_on_drop: false }`
[INFO] running `Command { std: "docker" "exec" "-e" "SOURCE_DIR=/opt/rustwide/workdir" "-e" "CARGO_HOME=/opt/rustwide/cargo-home" "-e" "RUSTUP_HOME=/opt/rustwide/rustup-home" "-e" "CARGO_TARGET_DIR=/opt/rustwide/target" "-e" "CARGO_INCREMENTAL=0" "-e" "RUST_BACKTRACE=full" "-e" "RUSTFLAGS=--cap-lints=warn" "-e" "RUSTDOCFLAGS=--cap-lints=warn" "-w" "/opt/rustwide/workdir" "--user" "0:0" "ef97faee51494266a89a5e1647b6215a5609009e944209f7c818d2d3f1dba989" "/opt/rustwide/cargo-home/bin/cargo" "+1.99.0-beta.8" "test" "--frozen" "--release", kill_on_drop: false }`
[INFO] [stderr]     Finished `release` profile [optimized] target(s) in 0.05s
[INFO] [stderr]      Running unittests src/lib.rs (/opt/rustwide/target/release/deps/serde_bytes_wrapper-751a728576b9918d)
[INFO] [stdout] 
[INFO] [stdout] running 5 tests
[INFO] [stderr]    Doc-tests serde_bytes_wrapper
[INFO] [stdout] test tests::test_deserialize_cbor ... ok
[INFO] [stdout] test tests::test_deserialize_json ... ok
[INFO] [stdout] test tests::test_serialize_json ... ok
[INFO] [stdout] test tests::test_serialize_cbor ... ok
[INFO] [stdout] test tests::test_deref ... ok
[INFO] [stdout] 
[INFO] [stdout] test result: ok. 5 passed; 0 failed; 0 ignored; 0 measured; 0 filtered out; finished in 0.00s
[INFO] [stdout] 
[INFO] [stdout] 
[INFO] [stdout] running 3 tests
[INFO] [stdout] test src/lib.rs - (line 17) ... FAILED
[INFO] [stdout] test src/lib.rs - (line 36) ... ok
[INFO] [stdout] test src/lib.rs - (line 25) ... ok
[INFO] [stderr] error: doctest failed, to rerun pass `--doc`
[INFO] [stdout] 
[INFO] [stdout] failures:
[INFO] [stdout] 
[INFO] [stdout] ---- src/lib.rs - (line 17) stdout ----
[INFO] [stdout] error[E0277]: the trait bound `Vec<Vec<u8>>: serde_bytes::Deserialize<'_>` is not satisfied
[INFO] [stdout]    --> src/lib.rs:20:20
[INFO] [stdout]     |
[INFO] [stdout]  20 |     #[serde(with = "serde_bytes")]
[INFO] [stdout]     |                    ^^^^^^^^^^^^^ the trait `serde_bytes::Deserialize<'_>` is not implemented for `Vec<Vec<u8>>`
[INFO] [stdout]     |
[INFO] [stdout]     = note: `Vec<Vec<u8>>` implements similarly named trait `_doctest_main_src_lib_rs_17_0::_::_serde::Deserialize`, but not `serde_bytes::Deserialize<'_>`
[INFO] [stdout] help: the trait `serde_bytes::Deserialize<'_>` is not implemented for `Vec<Vec<u8>>`
[INFO] [stdout]       but it is implemented for `Vec<u8>`
[INFO] [stdout]    --> /opt/rustwide/cargo-home/registry/src/index.crates.io-1949cf8c6b5b557f/serde_bytes-0.11.19/src/de.rs:47:1
[INFO] [stdout]     |
[INFO] [stdout]  47 | impl<'de> Deserialize<'de> for Vec<u8> {
[INFO] [stdout]     | ^^^^^^^^^^^^^^^^^^^^^^^^^^^^^^^^^^^^^^
[INFO] [stdout]     = help: for that trait implementation, expected `u8`, found `Vec<u8>`
[INFO] [stdout]     = note: required for `std::option::Option<Vec<Vec<u8>>>` to implement `serde_bytes::Deserialize<'_>`
[INFO] [stdout] note: required by a bound in `serde_bytes::deserialize`
[INFO] [stdout]    --> /opt/rustwide/cargo-home/registry/src/index.crates.io-1949cf8c6b5b557f/serde_bytes-0.11.19/src/lib.rs:122:8
[INFO] [stdout]     |
[INFO] [stdout] 120 | pub fn deserialize<'de, T, D>(deserializer: D) -> Result<T, D::Error>
[INFO] [stdout]     |        ----------- required by a bound in this function
[INFO] [stdout] 121 | where
[INFO] [stdout] 122 |     T: Deserialize<'de>,
[INFO] [stdout]     |        ^^^^^^^^^^^^^^^^ required by this bound in `deserialize`
[INFO] [stdout] 
[INFO] [stdout] error[E0277]: the trait bound `Vec<Vec<u8>>: serde_bytes::Serialize` is not satisfied
[INFO] [stdout]   --> src/lib.rs:18:30
[INFO] [stdout]    |
[INFO] [stdout] 18 | #[derive(serde::Deserialize, serde::Serialize, Debug)]
[INFO] [stdout]    |                              ^^^^^^^^^^^^^^^^ the trait `serde_bytes::Serialize` is not implemented for `Vec<Vec<u8>>`
[INFO] [stdout] 19 | struct Val {
[INFO] [stdout] 20 |     #[serde(with = "serde_bytes")]
[INFO] [stdout]    |                    ------------- required by a bound introduced by this call
[INFO] [stdout]    |
[INFO] [stdout]    = note: `Vec<Vec<u8>>` implements similarly named trait `_doctest_main_src_lib_rs_17_0::_::_serde::Serialize`, but not `serde_bytes::Serialize`
[INFO] [stdout] help: the trait `serde_bytes::Serialize` is implemented for `Vec<u8>`
[INFO] [stdout]   --> /opt/rustwide/cargo-home/registry/src/index.crates.io-1949cf8c6b5b557f/serde_bytes-0.11.19/src/ser.rs:36:1
[INFO] [stdout]    |
[INFO] [stdout] 36 | impl Serialize for Vec<u8> {
[INFO] [stdout]    | ^^^^^^^^^^^^^^^^^^^^^^^^^^
[INFO] [stdout]    = note: required for `std::option::Option<Vec<Vec<u8>>>` to implement `serde_bytes::Serialize`
[INFO] [stdout] note: required by a bound in `serde_bytes::serialize`
[INFO] [stdout]   --> /opt/rustwide/cargo-home/registry/src/index.crates.io-1949cf8c6b5b557f/serde_bytes-0.11.19/src/lib.rs:94:17
[INFO] [stdout]    |
[INFO] [stdout] 92 | pub fn serialize<T, S>(bytes: &T, serializer: S) -> Result<S::Ok, S::Error>
[INFO] [stdout]    |        --------- required by a bound in this function
[INFO] [stdout] 93 | where
[INFO] [stdout] 94 |     T: ?Sized + Serialize,
[INFO] [stdout]    |                 ^^^^^^^^^ required by this bound in `serialize`
[INFO] [stdout] 
[INFO] [stdout] error: aborting due to 2 previous errors
[INFO] [stdout] 
[INFO] [stdout] For more information about this error, try `rustc --explain E0277`.
[INFO] [stdout] Couldn't compile the test.
[INFO] [stdout] 
[INFO] [stdout] failures:
[INFO] [stdout]     src/lib.rs - (line 17)
[INFO] [stdout] 
[INFO] [stdout] test result: FAILED. 2 passed; 1 failed; 0 ignored; 0 measured; 0 filtered out; finished in 0.40s
[INFO] [stdout] 
[INFO] running `Command { std: "docker" "inspect" "ef97faee51494266a89a5e1647b6215a5609009e944209f7c818d2d3f1dba989", kill_on_drop: false }`
[INFO] running `Command { std: "docker" "rm" "-f" "ef97faee51494266a89a5e1647b6215a5609009e944209f7c818d2d3f1dba989", kill_on_drop: false }`
[INFO] [stdout] ef97faee51494266a89a5e1647b6215a5609009e944209f7c818d2d3f1dba989
