[INFO] fetching crate serde_args 0.2.0...
[INFO] testing serde_args-0.2.0 against 1.99.0-beta.8+cargoflags=--release for beta-release-1.100-2
[INFO] extracting crate serde_args 0.2.0 into /workspace/builds/worker-2-tc1/source
[INFO] started tweaking crates.io crate serde_args 0.2.0
[INFO] removed 0 missing tests
[INFO] finished tweaking crates.io crate serde_args 0.2.0
[INFO] tweaked toml for crates.io crate serde_args 0.2.0 written to /workspace/builds/worker-2-tc1/source/Cargo.toml
[INFO] validating manifest of crates.io crate serde_args 0.2.0 on toolchain 1.99.0-beta.8
[INFO] running `Command { std: CARGO_HOME="/workspace/cargo-home" RUSTUP_HOME="/workspace/rustup-home" "/workspace/cargo-home/bin/cargo" "+1.99.0-beta.8" "metadata" "--manifest-path" "Cargo.toml" "--no-deps", kill_on_drop: false }`
[INFO] crate crates.io crate serde_args 0.2.0 already has a lockfile, it will not be regenerated
[INFO] running `Command { std: CARGO_HOME="/workspace/cargo-home" RUSTUP_HOME="/workspace/rustup-home" "/workspace/cargo-home/bin/cargo" "+1.99.0-beta.8" "fetch" "--manifest-path" "Cargo.toml", kill_on_drop: false }`
[INFO] [stderr]     Updating crates.io index
[INFO] [stderr]  Downloading crates ...
[INFO] [stderr]   Downloaded quote v1.0.36
[INFO] [stderr]   Downloaded serde_derive v1.0.216
[INFO] [stderr]   Downloaded claims v0.8.0
[INFO] [stderr]   Downloaded serde_args_macros v0.1.0
[INFO] [stderr]   Downloaded serde v1.0.216
[INFO] running `Command { std: "docker" "create" "-v" "/var/lib/crater-agent-workspace/builds/worker-2-tc1/source:/opt/rustwide/workdir:ro,Z" "-v" "/var/lib/crater-agent-workspace/builds/worker-2-tc1/target:/opt/rustwide/target:rw,Z" "-v" "/var/lib/crater-agent-workspace/cargo-home:/opt/rustwide/cargo-home:ro,Z" "-v" "/var/lib/crater-agent-workspace/rustup-home:/opt/rustwide/rustup-home:ro,Z" "-m" "1610612736" "--network" "none" "ghcr.io/rust-lang/crates-build-env/linux@sha256:77db811e55d90add9212f6832c23229e3de5f1c1f9905e8cb07319ea15df73ac" "sleep" "infinity", kill_on_drop: false }`
[INFO] [stdout] 3bcff01d4c5b9e0b6aad51a137d06c4aba6429e46c2d30e28b1757abc449deb5
[INFO] running `Command { std: "docker" "start" "3bcff01d4c5b9e0b6aad51a137d06c4aba6429e46c2d30e28b1757abc449deb5", kill_on_drop: false }`
[INFO] running `Command { std: "docker" "inspect" "3bcff01d4c5b9e0b6aad51a137d06c4aba6429e46c2d30e28b1757abc449deb5", kill_on_drop: false }`
[INFO] running `Command { std: "docker" "exec" "-e" "SOURCE_DIR=/opt/rustwide/workdir" "-e" "CARGO_HOME=/opt/rustwide/cargo-home" "-e" "RUSTUP_HOME=/opt/rustwide/rustup-home" "-e" "CARGO_TARGET_DIR=/opt/rustwide/target" "-w" "/opt/rustwide/workdir" "--user" "0:0" "3bcff01d4c5b9e0b6aad51a137d06c4aba6429e46c2d30e28b1757abc449deb5" "/opt/rustwide/cargo-home/bin/cargo" "+1.99.0-beta.8" "metadata" "--no-deps" "--format-version=1", kill_on_drop: false }`
[INFO] running `Command { std: "docker" "inspect" "3bcff01d4c5b9e0b6aad51a137d06c4aba6429e46c2d30e28b1757abc449deb5", kill_on_drop: false }`
[INFO] running `Command { std: "docker" "exec" "-e" "SOURCE_DIR=/opt/rustwide/workdir" "-e" "CARGO_HOME=/opt/rustwide/cargo-home" "-e" "RUSTUP_HOME=/opt/rustwide/rustup-home" "-e" "CARGO_TARGET_DIR=/opt/rustwide/target" "-e" "CARGO_INCREMENTAL=0" "-e" "RUST_BACKTRACE=full" "-e" "RUSTFLAGS=--cap-lints=warn" "-e" "RUSTDOCFLAGS=--cap-lints=warn" "-w" "/opt/rustwide/workdir" "--user" "0:0" "3bcff01d4c5b9e0b6aad51a137d06c4aba6429e46c2d30e28b1757abc449deb5" "/opt/rustwide/cargo-home/bin/cargo" "+1.99.0-beta.8" "build" "--frozen" "--message-format=json" "--release", kill_on_drop: false }`
[INFO] [stderr]    Compiling proc-macro2 v1.0.86
[INFO] [stderr]    Compiling unicode-ident v1.0.12
[INFO] [stderr]    Compiling serde v1.0.216
[INFO] [stderr]    Compiling unicode-width v0.2.0
[INFO] [stderr]    Compiling quote v1.0.36
[INFO] [stderr]    Compiling syn v2.0.87
[INFO] [stderr]    Compiling serde_args_macros v0.1.0
[INFO] [stderr]    Compiling serde_args v0.2.0 (/opt/rustwide/workdir)
[INFO] [stderr]     Finished `release` profile [optimized] target(s) in 14.69s
[INFO] running `Command { std: "docker" "inspect" "3bcff01d4c5b9e0b6aad51a137d06c4aba6429e46c2d30e28b1757abc449deb5", kill_on_drop: false }`
[INFO] running `Command { std: "docker" "exec" "-e" "SOURCE_DIR=/opt/rustwide/workdir" "-e" "CARGO_HOME=/opt/rustwide/cargo-home" "-e" "RUSTUP_HOME=/opt/rustwide/rustup-home" "-e" "CARGO_TARGET_DIR=/opt/rustwide/target" "-e" "CARGO_INCREMENTAL=0" "-e" "RUST_BACKTRACE=full" "-e" "RUSTFLAGS=--cap-lints=warn" "-e" "RUSTDOCFLAGS=--cap-lints=warn" "-w" "/opt/rustwide/workdir" "--user" "0:0" "3bcff01d4c5b9e0b6aad51a137d06c4aba6429e46c2d30e28b1757abc449deb5" "/opt/rustwide/cargo-home/bin/cargo" "+1.99.0-beta.8" "test" "--frozen" "--no-run" "--message-format=json" "--release", kill_on_drop: false }`
[INFO] [stderr]    Compiling syn v2.0.87
[INFO] [stderr]    Compiling claims v0.8.0
[INFO] [stderr]    Compiling serde_args_macros v0.1.0
[INFO] [stderr]    Compiling serde_derive v1.0.216
[INFO] [stderr]    Compiling serde_args v0.2.0 (/opt/rustwide/workdir)
[INFO] [stderr]     Finished `release` profile [optimized] target(s) in 45.39s
[INFO] running `Command { std: "docker" "inspect" "3bcff01d4c5b9e0b6aad51a137d06c4aba6429e46c2d30e28b1757abc449deb5", kill_on_drop: false }`
[INFO] running `Command { std: "docker" "exec" "-e" "SOURCE_DIR=/opt/rustwide/workdir" "-e" "CARGO_HOME=/opt/rustwide/cargo-home" "-e" "RUSTUP_HOME=/opt/rustwide/rustup-home" "-e" "CARGO_TARGET_DIR=/opt/rustwide/target" "-e" "CARGO_INCREMENTAL=0" "-e" "RUST_BACKTRACE=full" "-e" "RUSTFLAGS=--cap-lints=warn" "-e" "RUSTDOCFLAGS=--cap-lints=warn" "-w" "/opt/rustwide/workdir" "--user" "0:0" "3bcff01d4c5b9e0b6aad51a137d06c4aba6429e46c2d30e28b1757abc449deb5" "/opt/rustwide/cargo-home/bin/cargo" "+1.99.0-beta.8" "test" "--frozen" "--release", kill_on_drop: false }`
[INFO] [stderr]     Finished `release` profile [optimized] target(s) in 0.06s
[INFO] [stderr]      Running unittests src/lib.rs (/opt/rustwide/target/release/deps/serde_args-6c39e6d8e068050d)
[INFO] [stdout] 
[INFO] [stdout] running 529 tests
[INFO] [stdout] test de::error::tests::error_display_invalid_value ... ok
[INFO] [stdout] test de::error::tests::error_display_unknown_field ... ok
[INFO] [stdout] test de::error::tests::error_display_duplicate_field ... ok
[INFO] [stdout] test de::error::tests::error_display_invalid_length ... ok
[INFO] [stdout] test de::error::tests::error_custom ... ok
[INFO] [stdout] test de::error::tests::error_display_missing_field ... ok
[INFO] [stdout] test de::error::tests::error_invalid_length ... ok
[INFO] [stdout] test de::error::tests::error_missing_field ... ok
[INFO] [stdout] test de::error::tests::error_display_custom ... ok
[INFO] [stdout] test de::error::tests::error_invalid_type ... ok
[INFO] [stdout] test de::error::tests::error_invalid_value ... ok
[INFO] [stdout] test de::error::tests::error_unknown_field ... ok
[INFO] [stdout] test de::error::tests::error_unknown_variant ... ok
[INFO] [stdout] test de::tests::any - should panic ... ok
[INFO] [stdout] test de::error::tests::error_display_unknown_variant ... ok
[INFO] [stdout] test de::tests::bool_false ... ok
[INFO] [stdout] test de::tests::bytes ... ok
[INFO] [stdout] test de::error::tests::error_display_invalid_type ... ok
[INFO] [stdout] test de::tests::bytes_non_utf8 ... ok
[INFO] [stdout] test de::tests::bool_invalid_type ... ok
[INFO] [stdout] test de::tests::char ... ok
[INFO] [stdout] test de::tests::bool_true ... ok
[INFO] [stdout] test de::tests::char_from_empty ... ok
[INFO] [stdout] test de::error::tests::error_duplicate_field ... ok
[INFO] [stdout] test de::tests::enum_access_variant ... ok
[INFO] [stdout] test de::tests::enum_newtype ... ok
[INFO] [stdout] test de::tests::char_from_string ... ok
[INFO] [stdout] test de::tests::char_not_utf8 ... ok
[INFO] [stdout] test de::tests::f32 ... ok
[INFO] [stdout] test de::tests::f64_invalid_type ... ok
[INFO] [stdout] test de::tests::f32_invalid_type ... ok
[INFO] [stdout] test de::tests::f64_invalid_type_not_utf8 ... ok
[INFO] [stdout] test de::tests::f32_invalid_type_not_utf8 ... ok
[INFO] [stdout] test de::tests::f64 ... ok
[INFO] [stdout] test de::tests::i128 ... ok
[INFO] [stdout] test de::tests::i128_invalid_type ... ok
[INFO] [stdout] test de::tests::field_deserializer_option ... ok
[INFO] [stdout] test de::tests::i128_invalid_type_not_utf8 ... ok
[INFO] [stdout] test de::tests::i128_invalid_value_negative ... ok
[INFO] [stdout] test de::tests::i128_invalid_value_positive ... ok
[INFO] [stdout] test de::tests::enum_struct ... ok
[INFO] [stdout] test de::tests::i16_invalid_value_out_of_i64_range ... ok
[INFO] [stdout] test de::tests::enum_unit ... ok
[INFO] [stdout] test de::tests::enum_unknown_variant ... ok
[INFO] [stdout] test de::tests::i16_invalid_value_positive ... ok
[INFO] [stdout] test de::tests::i32 ... ok
[INFO] [stdout] test de::tests::i32_invalid_type ... ok
[INFO] [stdout] test de::tests::i32_invalid_type_not_utf8 ... ok
[INFO] [stdout] test de::tests::i32_invalid_value_positive ... ok
[INFO] [stdout] test de::tests::i16 ... ok
[INFO] [stdout] test de::tests::i16_invalid_type ... ok
[INFO] [stdout] test de::tests::i16_invalid_type_not_utf8 ... ok
[INFO] [stdout] test de::tests::i64 ... ok
[INFO] [stdout] test de::tests::i64_invalid_type ... ok
[INFO] [stdout] test de::tests::i64_invalid_type_not_utf8 ... ok
[INFO] [stdout] test de::tests::i32_invalid_value_negative ... ok
[INFO] [stdout] test de::tests::i64_invalid_value_negative ... ok
[INFO] [stdout] test de::tests::i32_invalid_value_out_of_i64_range ... ok
[INFO] [stdout] test de::tests::i8_invalid_value_positive ... ok
[INFO] [stdout] test de::tests::i8_invalid_type_not_utf8 ... ok
[INFO] [stdout] test de::tests::i64_invalid_value_positive ... ok
[INFO] [stdout] test de::tests::i16_invalid_value_negative ... ok
[INFO] [stdout] test de::tests::i8_invalid_value_out_of_i64_range ... ok
[INFO] [stdout] test de::tests::i8 ... ok
[INFO] [stdout] test de::tests::i8_invalid_value_negative ... ok
[INFO] [stdout] test de::tests::i8_invalid_type ... ok
[INFO] [stdout] test de::tests::identifier ... ok
[INFO] [stdout] test de::tests::ignored_any - should panic ... ok
[INFO] [stdout] test de::tests::key_deserializer_unsupported - should panic ... ok
[INFO] [stdout] test de::tests::option_primitive_some ... ok
[INFO] [stdout] test de::tests::newtype_struct ... ok
[INFO] [stdout] test de::tests::option_unit_none ... ok
[INFO] [stdout] test de::tests::str ... ok
[INFO] [stdout] test de::tests::option_primitive_none ... ok
[INFO] [stdout] test de::tests::struct_access_next_value ... ok
[INFO] [stdout] test de::tests::option_unit_some ... ok
[INFO] [stdout] test de::tests::struct_access_next_key_some ... ok
[INFO] [stdout] test de::tests::struct_with_boolean_field_false ... ok
[INFO] [stdout] test de::tests::struct_with_optional_field_present ... ok
[INFO] [stdout] test de::tests::struct_with_mixed_fields ... ok
[INFO] [stdout] test de::tests::struct_with_required_field ... ok
[INFO] [stdout] test de::tests::struct_with_optional_field_absent ... ok
[INFO] [stdout] test de::tests::u128 ... ok
[INFO] [stdout] test de::tests::u128_invalid_type ... ok
[INFO] [stdout] test de::tests::u128_invalid_type_not_utf8 ... ok
[INFO] [stdout] test de::tests::u128_invalid_value_positive ... ok
[INFO] [stdout] test de::tests::u128_invalid_value_negative ... ok
[INFO] [stdout] test de::tests::str_not_utf8 ... ok
[INFO] [stdout] test de::tests::struct_missing_boolean_field ... ok
[INFO] [stdout] test de::tests::struct_with_boolean_field_true ... ok
[INFO] [stdout] test de::tests::u16 ... ok
[INFO] [stdout] test de::tests::struct_access_next_key_none ... ok
[INFO] [stdout] test de::tests::struct_missing_required_field ... ok
[INFO] [stdout] test de::tests::u16_invalid_type ... ok
[INFO] [stdout] test de::tests::u16_invalid_type_not_utf8 ... ok
[INFO] [stdout] test de::tests::u32_invalid_type ... ok
[INFO] [stdout] test de::tests::u32_invalid_type_not_utf8 ... ok
[INFO] [stdout] test de::tests::u32_invalid_value_positive ... ok
[INFO] [stdout] test de::tests::u32_invalid_value_negative ... ok
[INFO] [stdout] test de::tests::u64 ... ok
[INFO] [stdout] test de::tests::u16_invalid_value_negative ... ok
[INFO] [stdout] test de::tests::u64_invalid_value_negative ... ok
[INFO] [stdout] test de::tests::u16_invalid_value_out_of_u64_range ... ok
[INFO] [stdout] test de::tests::u8 ... ok
[INFO] [stdout] test de::tests::u64_invalid_type ... ok
[INFO] [stdout] test de::tests::u64_invalid_type_not_utf8 ... ok
[INFO] [stdout] test de::tests::u64_invalid_value_positive ... ok
[INFO] [stdout] test de::tests::u8_invalid_type ... ok
[INFO] [stdout] test de::tests::u16_invalid_value_positive ... ok
[INFO] [stdout] test de::tests::u8_invalid_type_not_utf8 ... ok
[INFO] [stdout] test de::tests::u8_invalid_value_negative ... ok
[INFO] [stdout] test de::tests::unit ... ok
[INFO] [stdout] test de::tests::variant_access_struct_variant ... ok
[INFO] [stdout] test de::tests::u32 ... ok
[INFO] [stdout] test de::tests::u32_invalid_value_out_of_u64_range ... ok
[INFO] [stdout] test error::ansi::tests::ansi_disabled_bright_white ... ok
[INFO] [stdout] test de::tests::u8_invalid_value_out_of_u64_range ... ok
[INFO] [stdout] test de::tests::u8_invalid_value_positive ... ok
[INFO] [stdout] test error::ansi::tests::ansi_disabled_bright_cyan ... ok
[INFO] [stdout] test de::tests::unit_struct ... ok
[INFO] [stdout] test de::tests::variant_access_newtype_variant ... ok
[INFO] [stdout] test error::ansi::tests::ansi_disabled_bright_red ... ok
[INFO] [stdout] test de::tests::variant_access_unit_variant ... ok
[INFO] [stdout] test error::ansi::tests::color_bright_cyan_prefix ... ok
[INFO] [stdout] test error::ansi::tests::color_bright_cyan_suffix ... ok
[INFO] [stdout] test error::ansi::tests::ansi_enabled_cyan ... ok
[INFO] [stdout] test error::ansi::tests::ansi_enabled_bright_red ... ok
[INFO] [stdout] test error::ansi::tests::ansi_enabled_bright_cyan ... ok
[INFO] [stdout] test error::ansi::tests::ansi_enabled_bright_white ... ok
[INFO] [stdout] test error::ansi::tests::ansi_from_alternate_disabled ... ok
[INFO] [stdout] test error::ansi::tests::ansi_from_alternate_enabled ... ok
[INFO] [stdout] test error::ansi::tests::ansi_disabled_cyan ... ok
[INFO] [stdout] test error::ansi::tests::color_none_prefix ... ok
[INFO] [stdout] test error::ansi::tests::color_bright_red_prefix ... ok
[INFO] [stdout] test error::ansi::tests::color_bright_white_suffix ... ok
[INFO] [stdout] test error::ansi::tests::color_bright_red_suffix ... ok
[INFO] [stdout] test error::ansi::tests::color_bright_white_prefix ... ok
[INFO] [stdout] test error::ansi::tests::color_none_suffix ... ok
[INFO] [stdout] test error::ansi::tests::colored_none_display ... ok
[INFO] [stdout] test error::ansi::tests::colored_display ... ok
[INFO] [stdout] test error::ansi::tests::styled_colored_display ... ok
[INFO] [stdout] test error::ansi::tests::colored_width ... ok
[INFO] [stdout] test error::ansi::tests::styled_colored_width ... ok
[INFO] [stdout] test error::ansi::tests::styled_list_empty_display ... ok
[INFO] [stdout] test error::ansi::tests::styled_colored_none_display ... ok
[INFO] [stdout] test error::ansi::tests::styled_list_nonempty_width ... ok
[INFO] [stdout] test error::ansi::tests::color_cyan_prefix ... ok
[INFO] [stdout] test error::ansi::tests::styled_none_display ... ok
[INFO] [stdout] test error::ansi::tests::color_cyan_suffix ... ok
[INFO] [stdout] test error::ansi::tests::styled_none_width ... ok
[INFO] [stdout] test error::intersperse::tests::single_element_iterator ... ok
[INFO] [stdout] test error::tests::display_alternate_usage_error_deserializing ... ok
[INFO] [stdout] test error::tests::display_alternate_usage_error_help_optional ... ok
[INFO] [stdout] test error::tests::display_alternate_usage_error_help_empty ... ok
[INFO] [stdout] test error::intersperse::tests::multiple_element_iterator ... ok
[INFO] [stdout] test error::tests::display_alternate_usage_error_help_enum ... ok
[INFO] [stdout] test error::tests::display_alternate_usage_error_help_primitive ... ok
[INFO] [stdout] test error::tests::display_alternate_usage_error_help_struct ... ok
[INFO] [stdout] test error::tests::display_development_error ... ok
[INFO] [stdout] test error::ansi::tests::styled_list_empty_width ... ok
[INFO] [stdout] test error::tests::display_usage_error_deserializing ... ok
[INFO] [stdout] test error::ansi::tests::styled_list_nonempty_display ... ok
[INFO] [stdout] test error::intersperse::tests::empty_iterator ... ok
[INFO] [stdout] test error::tests::display_alternate_usage_error_parsing ... ok
[INFO] [stdout] test error::tests::display_usage_error_help_empty ... ok
[INFO] [stdout] test error::tests::display_alternate_usage_error_help_variant ... ok
[INFO] [stdout] test error::tests::display_alternate_usage_error_help_with_version ... ok
[INFO] [stdout] test error::tests::display_usage_error_help_variant ... ok
[INFO] [stdout] test error::tests::display_usage_error_help_with_version ... ok
[INFO] [stdout] test error::tests::display_usage_error_version_not_present - should panic ... ok
[INFO] [stdout] test error::width::tests::no_width ... ok
[INFO] [stdout] test error::tests::display_usage_error_help_struct ... ok
[INFO] [stdout] test error::tests::display_usage_error_help_enum ... ok
[INFO] [stdout] test error::tests::display_usage_error_parsing ... ok
[INFO] [stdout] test error::tests::display_usage_error_help_optional ... ok
[INFO] [stdout] test error::tests::display_usage_error_version ... ok
[INFO] [stdout] test error::tests::display_usage_error_help_primitive ... ok
[INFO] [stdout] test key::tests::key_deserialize_bool ... ok
[INFO] [stdout] test key::tests::key_deserialize_byte_buf ... ok
[INFO] [stdout] test error::width::tests::width_ascii ... ok
[INFO] [stdout] test error::width::tests::width_non_ascii ... ok
[INFO] [stdout] test key::tests::key_deserialize_any ... ok
[INFO] [stdout] test key::tests::key_deserialize_char ... ok
[INFO] [stdout] test key::tests::key_deserialize_enum ... ok
[INFO] [stdout] test key::tests::key_deserialize_bytes ... ok
[INFO] [stdout] test key::tests::key_deserialize_f32 ... ok
[INFO] [stdout] test key::tests::key_deserialize_i16 ... ok
[INFO] [stdout] test key::tests::key_deserialize_ignored_any ... ok
[INFO] [stdout] test key::tests::key_deserialize_f64 ... ok
[INFO] [stdout] test key::tests::key_deserialize_map ... ok
[INFO] [stdout] test key::tests::key_deserialize_i8 ... ok
[INFO] [stdout] test key::tests::key_deserialize_i128 ... ok
[INFO] [stdout] test key::tests::key_deserialize_str ... ok
[INFO] [stdout] test key::tests::key_deserialize_string ... ok
[INFO] [stdout] test key::tests::key_deserialize_i32 ... ok
[INFO] [stdout] test key::tests::key_deserialize_i64 ... ok
[INFO] [stdout] test key::tests::key_deserialize_tuple ... ok
[INFO] [stdout] test key::tests::key_deserialize_newtype_struct ... ok
[INFO] [stdout] test key::tests::key_deserialize_option ... ok
[INFO] [stdout] test key::tests::key_deserialize_tuple_struct ... ok
[INFO] [stdout] test key::tests::key_deserialize_seq ... ok
[INFO] [stdout] test key::tests::key_deserialize_struct ... ok
[INFO] [stdout] test key::tests::key_deserialize_u16 ... ok
[INFO] [stdout] test key::tests::key_deserialize_u128 ... ok
[INFO] [stdout] test parse::context::tests::iter_non_empty ... ok
[INFO] [stdout] test key::tests::key_deserialize_unit ... ok
[INFO] [stdout] test parse::error::distance::tests::levenshtein_both_strings_same_length ... ok
[INFO] [stdout] test parse::error::distance::tests::levenshtein_empty ... ok
[INFO] [stdout] test key::tests::key_deserializer_identifier ... ok
[INFO] [stdout] test key::tests::key_deserialize_u32 ... ok
[INFO] [stdout] test parse::context::tests::iter_empty ... ok
[INFO] [stdout] test parse::error::distance::tests::levenshtein_deletion ... ok
[INFO] [stdout] test parse::error::distance::tests::levenshtein_left_string_empty ... ok
[INFO] [stdout] test parse::error::distance::tests::levenshtein_right_string_empty ... ok
[INFO] [stdout] test key::tests::key_deserialize_unit_struct ... ok
[INFO] [stdout] test key::tests::key_deserialize_u64 ... ok
[INFO] [stdout] test parse::error::distance::tests::levenshtein_similar_start_and_end ... ok
[INFO] [stdout] test key::tests::key_deserialize_u8 ... ok
[INFO] [stdout] test parse::error::tests::help_display ... ok
[INFO] [stdout] test parse::error::tests::missing_arguments_empty_display ... ok
[INFO] [stdout] test parse::error::distance::tests::levenshtein_graphemes ... ok
[INFO] [stdout] test parse::error::tests::unexpected_argument_non_utf8_display ... ok
[INFO] [stdout] test parse::error::tests::missing_arguments_single_display ... ok
[INFO] [stdout] test parse::error::distance::tests::levenshtein_substitutions_and_insertions ... ok
[INFO] [stdout] test parse::error::tests::unexpected_argument_display ... ok
[INFO] [stdout] test parse::error::tests::missing_arguments_multiple_display ... ok
[INFO] [stdout] test parse::error::tests::unrecognized_option_no_similar_options_display ... ok
[INFO] [stdout] test parse::error::tests::unrecognized_option_short_display ... ok
[INFO] [stdout] test parse::error::tests::unrecognized_option_long_display ... ok
[INFO] [stdout] test parse::error::tests::unrecognized_option_long_similar_display ... ok
[INFO] [stdout] test parse::error::tests::unrecognized_variant_no_similar_options_display ... ok
[INFO] [stdout] test parse::error::tests::unrecognized_variant_similar_display ... ok
[INFO] [stdout] test parse::tests::parse_boolean ... ok
[INFO] [stdout] test parse::error::tests::unrecognized_option_short_similar_display ... ok
[INFO] [stdout] test parse::error::tests::unrecognized_variant_similar_from_many_options_display ... ok
[INFO] [stdout] test parse::error::tests::version_display ... ok
[INFO] [stdout] test parse::error::tests::unrecognized_option_similar_from_many_options_display ... ok
[INFO] [stdout] test parse::error::tests::unrecognized_variant_display ... ok
[INFO] [stdout] test parse::tests::parse_boolean_end_of_args ... ok
[INFO] [stdout] test parse::tests::parse_boolean_after_end_of_args ... ok
[INFO] [stdout] test parse::tests::parse_enum ... ok
[INFO] [stdout] test parse::tests::parse_help_short ... ok
[INFO] [stdout] test parse::tests::parse_optional_boolean ... ok
[INFO] [stdout] test parse::tests::parse_optional_boolean_empty_value ... ok
[INFO] [stdout] test parse::tests::parse_optional_boolean_end_of_options ... ok
[INFO] [stdout] test parse::tests::parse_enum_alias ... ok
[INFO] [stdout] test parse::tests::parse_empty ... ok
[INFO] [stdout] test parse::tests::parse_help ... ok
[INFO] [stdout] test parse::tests::parse_optional_boolean_not_present ... ok
[INFO] [stdout] test parse::tests::parse_enum_from_multiple_variants ... ok
[INFO] [stdout] test parse::tests::parse_boolean_no_args ... ok
[INFO] [stdout] test parse::tests::parse_optional_empty ... ok
[INFO] [stdout] test parse::tests::parse_enum_after_end_of_options ... ok
[INFO] [stdout] test parse::tests::parse_enum_with_value ... ok
[INFO] [stdout] test parse::tests::parse_optional_empty_end_of_options ... ok
[INFO] [stdout] test parse::tests::parse_optional_empty_not_present ... ok
[INFO] [stdout] test parse::tests::parse_optional_enum_with_value ... ok
[INFO] [stdout] test parse::tests::parse_optional_enum ... ok
[INFO] [stdout] test parse::tests::parse_optional_enum_not_present ... ok
[INFO] [stdout] test parse::tests::parse_optional_enum_empty_variant ... ok
[INFO] [stdout] test parse::tests::parse_optional_enum_short ... ok
[INFO] [stdout] test parse::tests::parse_optional_primitive_empty_value ... ok
[INFO] [stdout] test parse::tests::parse_optional_struct_all_required_fields_empty ... ok
[INFO] [stdout] test parse::tests::parse_optional_primitive_end_of_options ... ok
[INFO] [stdout] test parse::tests::parse_optional_struct_empty_not_present ... ok
[INFO] [stdout] test parse::tests::parse_optional_primitive_not_present ... ok
[INFO] [stdout] test parse::tests::parse_optional_struct_empty ... ok
[INFO] [stdout] test parse::tests::parse_optional_struct_end_of_options ... ok
[INFO] [stdout] test parse::tests::parse_optional_struct_only_boolean_fields ... ok
[INFO] [stdout] test parse::tests::parse_optional_primitive ... ok
[INFO] [stdout] test parse::tests::parse_optional_struct_multiple_fields ... ok
[INFO] [stdout] test parse::tests::parse_optional_struct_single_field ... ok
[INFO] [stdout] test parse::tests::parse_optional_struct_only_optional_fields ... ok
[INFO] [stdout] test parse::tests::parse_optional_struct_optional_fields_from_outer_context_not_allowed ... ok
[INFO] [stdout] test parse::tests::parse_optional_struct_single_field_empty_string ... ok
[INFO] [stdout] test parse::tests::parse_optional_struct_required_and_optional_fields ... ok
[INFO] [stdout] test parse::tests::parse_primitive_no_args ... ok
[INFO] [stdout] test parse::tests::parse_struct_empty ... ok
[INFO] [stdout] test parse::tests::parse_optional_struct_single_field_not_present ... ok
[INFO] [stdout] test parse::tests::parse_primitive ... ok
[INFO] [stdout] test parse::tests::parse_struct_mixed_fields ... ok
[INFO] [stdout] test parse::tests::parse_optional_struct_single_field_empty_string_first_required_field_empty ... ok
[INFO] [stdout] test parse::tests::parse_primitive_after_end_of_args ... ok
[INFO] [stdout] test parse::tests::parse_primitive_end_of_args ... ok
[INFO] [stdout] test parse::tests::parse_struct_mixed_fields_end_of_options ... ok
[INFO] [stdout] test parse::tests::parse_struct_single_boolean_not_present ... ok
[INFO] [stdout] test parse::tests::parse_struct_single_boolean_present ... ok
[INFO] [stdout] test parse::tests::parse_struct_single_field ... ok
[INFO] [stdout] test parse::tests::parse_struct_single_option_not_present ... ok
[INFO] [stdout] test parse::tests::parse_struct_single_option_present_alias ... ok
[INFO] [stdout] test parse::tests::parse_struct_single_option_present_multiple_aliases ... ok
[INFO] [stdout] test parse::tests::parse_struct_single_boolean_present_alias ... ok
[INFO] [stdout] test parse::tests::parse_version ... ok
[INFO] [stdout] test parse::tests::parse_version_not_available ... ok
[INFO] [stdout] test parse::tests::parse_struct_multiple_fields ... ok
[INFO] [stdout] test parse::token::tests::next_consumed_token ... ok
[INFO] [stdout] test parse::tests::parse_struct_nested_end_of_options ... ok
[INFO] [stdout] test parse::token::tests::next ... ok
[INFO] [stdout] test parse::tests::parse_struct_single_option_present ... ok
[INFO] [stdout] test parse::tests::parse_struct_single_boolean_present_multiple_aliases ... ok
[INFO] [stdout] test parse::token::tests::next_optional_end_of_options ... ok
[INFO] [stdout] test parse::tests::parse_struct_nested ... ok
[INFO] [stdout] test parse::token::tests::next_none ... ok
[INFO] [stdout] test parse::token::tests::next_optional_none ... ok
[INFO] [stdout] test parse::token::tests::next_positional ... ok
[INFO] [stdout] test parse::token::tests::next_optional_long ... ok
[INFO] [stdout] test parse::token::tests::next_revisit ... ok
[INFO] [stdout] test parse::token::tests::next_token_end_of_options ... ok
[INFO] [stdout] test parse::token::tests::next_token_none ... ok
[INFO] [stdout] test parse::token::tests::next_token_positional ... ok
[INFO] [stdout] test parse::token::tests::next_optional_positional ... ok
[INFO] [stdout] test parse::token::tests::next_optional_short ... ok
[INFO] [stdout] test parse::token::tests::next_token_positional_leading_dash ... ok
[INFO] [stdout] test parse::token::tests::next_token_short_option ... ok
[INFO] [stdout] test parse::token::tests::next_token_short_option_grapheme ... ok
[INFO] [stdout] test trace::error::tests::error_display_cannot_mix_deserialize_struct_and_deserialize_enum ... ok
[INFO] [stdout] test trace::error::tests::error_display_custom ... ok
[INFO] [stdout] test trace::error::tests::error_display_invalid_length ... ok
[INFO] [stdout] test trace::error::tests::error_display_duplicate_field ... ok
[INFO] [stdout] test parse::token::tests::next_positional_none ... ok
[INFO] [stdout] test parse::token::tests::next_positional_double_dash ... ok
[INFO] [stdout] test parse::token::tests::next_token_long_option ... ok
[INFO] [stdout] test parse::token::tests::next_positional_leading_dash ... ok
[INFO] [stdout] test parse::token::tests::next_positional_leading_dashes ... ok
[INFO] [stdout] test trace::error::tests::error_display_unknown_variant ... ok
[INFO] [stdout] test trace::error::tests::error_display_invalid_type ... ok
[INFO] [stdout] test trace::error::tests::error_display_not_self_describing ... ok
[INFO] [stdout] test trace::error::tests::error_display_unknown_field ... ok
[INFO] [stdout] test trace::error::tests::error_display_invalid_value ... ok
[INFO] [stdout] test trace::error::tests::error_display_unsupported_identifier_deserialization ... ok
[INFO] [stdout] test trace::error::tests::error_display_missing_field ... ok
[INFO] [stdout] test trace::hash::tests::hashes_discriminant ... ok
[INFO] [stdout] test trace::hash::tests::hashes_overflow ... ok
[INFO] [stdout] test trace::hash::tests::hashes_max ... ok
[INFO] [stdout] test trace::hash::tests::hashes_multiple_bytes ... ok
[INFO] [stdout] test trace::hash::tests::hashes_nothing ... ok
[INFO] [stdout] test trace::keys::tests::key_info_variant_equality_structs_not_equal ... ok
[INFO] [stdout] test trace::keys::tests::keys_fields_get_fields_or_insert ... ok
[INFO] [stdout] test trace::keys::tests::keys_fields_get_variants_or_insert ... ok
[INFO] [stdout] test trace::hash::tests::hashes_single_byte ... ok
[INFO] [stdout] test trace::keys::tests::keys_none_get_fields_or_insert ... ok
[INFO] [stdout] test trace::hash::tests::hashes_zero ... ok
[INFO] [stdout] test trace::keys::tests::keys_none_get_variants_or_insert ... ok
[INFO] [stdout] test trace::keys::tests::keys_variants_get_fields_or_insert ... ok
[INFO] [stdout] test trace::keys::tests::keys_variants_get_variants_or_insert ... ok
[INFO] [stdout] test trace::keys::tests::shape_from_fields_aliases ... ok
[INFO] [stdout] test trace::keys::tests::shape_from_fields_empty ... ok
[INFO] [stdout] test trace::keys::tests::shape_from_fields_multiple ... ok
[INFO] [stdout] test trace::keys::tests::shape_from_fields_single ... ok
[INFO] [stdout] test trace::keys::tests::shape_from_keys_fields ... ok
[INFO] [stdout] test trace::keys::tests::shape_from_keys_variants ... ok
[INFO] [stdout] test trace::keys::tests::shape_from_variants_multiple ... ok
[INFO] [stdout] test trace::keys::tests::key_info_variant_equality_not_structs_equal ... ok
[INFO] [stdout] test trace::keys::tests::key_info_variant_equality_not_structs_not_equal ... ok
[INFO] [stdout] test trace::keys::tests::key_info_variant_equality_structs_equal ... ok
[INFO] [stdout] test trace::shape::tests::field_display_empty ... ok
[INFO] [stdout] test trace::keys::tests::shape_from_variants_single ... ok
[INFO] [stdout] test trace::shape::tests::field_display_boolean ... ok
[INFO] [stdout] test trace::shape::tests::field_display_optional_boolean ... ok
[INFO] [stdout] test trace::shape::tests::field_display_optional_optional ... ok
[INFO] [stdout] test trace::shape::tests::field_display_optional_primitive ... ok
[INFO] [stdout] test trace::shape::tests::field_display_optional_variant ... ok
[INFO] [stdout] test trace::shape::tests::field_display_primitive ... ok
[INFO] [stdout] test trace::keys::tests::shape_from_variants_aliases ... ok
[INFO] [stdout] test trace::shape::tests::shape_boolean_no_version ... ok
[INFO] [stdout] test trace::keys::tests::shape_from_variants_empty ... ok
[INFO] [stdout] test trace::shape::tests::field_display_optional_struct ... ok
[INFO] [stdout] test trace::shape::tests::shape_boolean_version ... ok
[INFO] [stdout] test trace::keys::tests::shape_from_keys_none - should panic ... ok
[INFO] [stdout] test trace::shape::tests::shape_display_empty ... ok
[INFO] [stdout] test trace::shape::tests::shape_display_enum ... ok
[INFO] [stdout] test trace::shape::tests::shape_display_optional_optional ... ok
[INFO] [stdout] test trace::shape::tests::shape_display_optional_struct ... ok
[INFO] [stdout] test trace::shape::tests::field_display_optional_enum ... ok
[INFO] [stdout] test trace::shape::tests::shape_display_optional_primitive ... ok
[INFO] [stdout] test trace::shape::tests::shape_display_optional_enum ... ok
[INFO] [stdout] test trace::shape::tests::field_display_optional_empty ... ok
[INFO] [stdout] test trace::shape::tests::shape_display_struct ... ok
[INFO] [stdout] test trace::shape::tests::shape_display_struct_only_optional_fields ... ok
[INFO] [stdout] test trace::shape::tests::shape_display_optional_variant ... ok
[INFO] [stdout] test trace::shape::tests::shape_display_primitive ... ok
[INFO] [stdout] test trace::shape::tests::shape_empty_description ... ok
[INFO] [stdout] test trace::shape::tests::shape_display_struct_optional_fields_alternate ... ok
[INFO] [stdout] test trace::shape::tests::shape_empty_from_visitor ... ok
[INFO] [stdout] test trace::shape::tests::shape_display_boolean ... ok
[INFO] [stdout] test trace::shape::tests::shape_display_variant ... ok
[INFO] [stdout] test trace::shape::tests::shape_display_optional_empty ... ok
[INFO] [stdout] test trace::shape::tests::shape_empty_required_arguments ... ok
[INFO] [stdout] test trace::shape::tests::shape_empty_variant_groups ... ok
[INFO] [stdout] test trace::shape::tests::shape_empty_version ... ok
[INFO] [stdout] test trace::shape::tests::shape_empty_no_version ... ok
[INFO] [stdout] test trace::shape::tests::shape_display_struct_mixed_fields ... ok
[INFO] [stdout] test trace::shape::tests::shape_empty_optional_groups ... ok
[INFO] [stdout] test trace::shape::tests::shape_display_struct_only_boolean_fields ... ok
[INFO] [stdout] test trace::shape::tests::shape_enum_optional_groups ... ok
[INFO] [stdout] test trace::shape::tests::shape_enum_required_arguments ... ok
[INFO] [stdout] test trace::shape::tests::shape_enum_description ... ok
[INFO] [stdout] test trace::shape::tests::shape_enum_no_version ... ok
[INFO] [stdout] test trace::shape::tests::shape_enum_version ... ok
[INFO] [stdout] test trace::shape::tests::shape_empty_trailing_options ... ok
[INFO] [stdout] test trace::shape::tests::shape_optional_containing_enum_variant_groups ... ok
[INFO] [stdout] test trace::shape::tests::shape_enum_containing_struct_trailing_options ... ok
[INFO] [stdout] test trace::shape::tests::shape_optional_description ... ok
[INFO] [stdout] test trace::shape::tests::shape_optional_required_arguments ... ok
[INFO] [stdout] test trace::shape::tests::shape_optional_no_version ... ok
[INFO] [stdout] test trace::shape::tests::shape_optional_optional_groups ... ok
[INFO] [stdout] test trace::shape::tests::shape_optional_struct_optional_groups ... ok
[INFO] [stdout] test trace::shape::tests::shape_enum_trailing_options ... ok
[INFO] [stdout] test trace::shape::tests::shape_optional_struct_optional_groups_booleans ... ok
[INFO] [stdout] test trace::shape::tests::shape_enum_variant_groups ... ok
[INFO] [stdout] test trace::shape::tests::shape_optional_variant_groups ... ok
[INFO] [stdout] test trace::shape::tests::shape_primitive_description ... ok
[INFO] [stdout] test trace::shape::tests::shape_primitive_from_visitor ... ok
[INFO] [stdout] test trace::shape::tests::shape_primitive_no_version ... ok
[INFO] [stdout] test trace::shape::tests::shape_primitive_optional_groups ... ok
[INFO] [stdout] test trace::shape::tests::shape_optional_version ... ok
[INFO] [stdout] test trace::shape::tests::shape_optional_struct_trailing_options ... ok
[INFO] [stdout] test trace::shape::tests::shape_optional_trailing_options ... ok
[INFO] [stdout] test trace::shape::tests::shape_primitive_version ... ok
[INFO] [stdout] test trace::shape::tests::shape_struct_description ... ok
[INFO] [stdout] test trace::shape::tests::shape_struct_nested_optional_groups ... ok
[INFO] [stdout] test trace::shape::tests::shape_struct_no_enums_variant_groups ... ok
[INFO] [stdout] test trace::shape::tests::shape_struct_no_options_trailing_options ... ok
[INFO] [stdout] test trace::shape::tests::shape_struct_trailing_boolean_options ... ok
[INFO] [stdout] test trace::shape::tests::shape_struct_trailing_options ... ok
[INFO] [stdout] test trace::shape::tests::shape_struct_version ... ok
[INFO] [stdout] test trace::shape::tests::shape_primitive_variant_groups ... ok
[INFO] [stdout] test trace::shape::tests::shape_struct_containing_enums_variant_groups ... ok
[INFO] [stdout] test trace::shape::tests::shape_variant_description ... ok
[INFO] [stdout] test trace::shape::tests::shape_struct_with_options_optional_groups ... ok
[INFO] [stdout] test trace::shape::tests::shape_primitive_required_arguments ... ok
[INFO] [stdout] test trace::shape::tests::shape_variant_optional_groups ... ok
[INFO] [stdout] test trace::shape::tests::shape_primitive_trailing_options ... ok
[INFO] [stdout] test trace::shape::tests::shape_struct_no_options_optional_groups ... ok
[INFO] [stdout] test trace::shape::tests::shape_variant_no_version ... ok
[INFO] [stdout] test trace::shape::tests::shape_variant_version ... ok
[INFO] [stdout] test trace::shape::tests::shape_variant_required_arguments ... ok
[INFO] [stdout] test trace::shape::tests::variant_display_empty ... ok
[INFO] [stdout] test trace::shape::tests::variant_display_enum ... ok
[INFO] [stdout] test trace::shape::tests::shape_variant_trailing_options ... ok
[INFO] [stdout] test trace::shape::tests::shape_struct_no_version ... ok
[INFO] [stdout] test trace::shape::tests::shape_variant_variant_groups ... ok
[INFO] [stdout] test trace::shape::tests::shape_struct_required_arguments ... ok
[INFO] [stdout] test trace::shape::tests::variant_display_optional ... ok
[INFO] [stdout] test trace::shape::tests::variant_display_struct ... ok
[INFO] [stdout] test trace::shape::tests::variant_display_variant ... ok
[INFO] [stdout] test trace::tests::deserialize_boolean_field_version ... ok
[INFO] [stdout] test trace::tests::deserialize_newtype_bool_version ... ok
[INFO] [stdout] test trace::shape::tests::variant_display_primitive ... ok
[INFO] [stdout] test trace::tests::deserialize_empty_version ... ok
[INFO] [stdout] test trace::tests::deserialize_bool_version ... ok
[INFO] [stdout] test trace::tests::deserialize_enum_variant_versions ... ok
[INFO] [stdout] test trace::tests::deserialize_newtype_bool_internal_version ... ok
[INFO] [stdout] test trace::tests::deserialize_enum_version ... ok
[INFO] [stdout] test trace::tests::deserialize_newtype_enum_variant_internal_versions ... ok
[INFO] [stdout] test trace::tests::deserialize_newtype_enum_internal_version ... ok
[INFO] [stdout] test trace::tests::deserialize_newtype_empty_internal_version ... ok
[INFO] [stdout] test trace::tests::deserialize_newtype_empty_version ... ok
[INFO] [stdout] test trace::tests::deserialize_primitive_version ... ok
[INFO] [stdout] test trace::tests::deserialize_newtype_primitive_internal_version ... ok
[INFO] [stdout] test trace::tests::deserialize_newtype_primitive_version ... ok
[INFO] [stdout] test trace::tests::deserialize_newtype_struct_internal_version ... ok
[INFO] [stdout] test trace::tests::deserializer_any ... ok
[INFO] [stdout] test trace::tests::deserialize_struct_version ... ok
[INFO] [stdout] test trace::tests::deserializer_bool ... ok
[INFO] [stdout] test trace::shape::tests::shape_variant_containing_struct_trailing_options ... ok
[INFO] [stdout] test trace::tests::deserializer_byte_buf ... ok
[INFO] [stdout] test trace::tests::deserializer_bytes ... ok
[INFO] [stdout] test trace::tests::deserializer_enum ... ok
[INFO] [stdout] test trace::tests::deserializer_f32 ... ok
[INFO] [stdout] test trace::tests::deserializer_f64 ... ok
[INFO] [stdout] test trace::tests::deserializer_i128 ... ok
[INFO] [stdout] test trace::tests::deserializer_enum_containing_struct ... ok
[INFO] [stdout] test trace::tests::deserializer_i16 ... ok
[INFO] [stdout] test trace::tests::deserializer_enum_containing_enum_containing_enum ... ok
[INFO] [stdout] test trace::tests::deserialize_newtype_enum_variant_versions ... ok
[INFO] [stdout] test trace::tests::deserializer_i8 ... ok
[INFO] [stdout] test trace::tests::deserialize_newtype_struct_version ... ok
[INFO] [stdout] test trace::tests::deserializer_i64 ... ok
[INFO] [stdout] test trace::tests::deserializer_enum_containing_enum ... ok
[INFO] [stdout] test trace::tests::deserializer_char ... ok
[INFO] [stdout] test trace::tests::deserialize_newtype_enum_version ... ok
[INFO] [stdout] test trace::tests::deserializer_identifier ... ok
[INFO] [stdout] test trace::tests::deserializer_ignored_any ... ok
[INFO] [stdout] test trace::tests::deserializer_newtype_struct_containing_struct ... ok
[INFO] [stdout] test trace::tests::deserializer_option ... ok
[INFO] [stdout] test trace::tests::deserializer_struct ... ok
[INFO] [stdout] test trace::tests::deserializer_struct_nested ... ok
[INFO] [stdout] test trace::tests::deserializer_string ... ok
[INFO] [stdout] test trace::tests::deserializer_struct_with_aliases ... ok
[INFO] [stdout] test trace::tests::deserializer_u128 ... ok
[INFO] [stdout] test trace::tests::deserializer_u16 ... ok
[INFO] [stdout] test trace::tests::deserializer_u32 ... ok
[INFO] [stdout] test trace::tests::deserializer_i32 ... ok
[INFO] [stdout] test trace::tests::deserializer_struct_with_optional_field ... ok
[INFO] [stdout] test trace::tests::deserializer_str ... ok
[INFO] [stdout] test trace::tests::deserializer_trace_required_primitive ... ok
[INFO] [stdout] test trace::tests::deserializer_u64 ... ok
[INFO] [stdout] test trace::tests::deserializer_struct_empty ... ok
[INFO] [stdout] test trace::tests::deserializer_struct_with_boolean_fields ... ok
[INFO] [stdout] test trace::tests::deserializer_u8 ... ok
[INFO] [stdout] test trace::tests::deserializer_unit_struct ... ok
[INFO] [stdout] test trace::tests::deserializer_unit ... ok
[INFO] [stdout] test trace::tests::enum_access_variant ... ok
[INFO] [stdout] test trace::tests::key_deserializer_unsupported ... ok
[INFO] [stdout] test trace::tests::deserializer_newtype_struct ... ok
[INFO] [stdout] test trace::tests::status_display_continue ... ok
[INFO] [stdout] test trace::tests::struct_access_next_value ... ok
[INFO] [stdout] test trace::tests::status_display_success ... ok
[INFO] [stdout] test trace::tests::struct_access_next_key ... ok
[INFO] [stdout] test trace::tests::trace_display_custom ... ok
[INFO] [stdout] test trace::tests::trace_display_duplicate_field ... ok
[INFO] [stdout] test trace::tests::trace_display_error ... ok
[INFO] [stdout] test trace::tests::trace_display_status ... ok
[INFO] [stdout] test trace::tests::trace_enum_aliases ... ok
[INFO] [stdout] test trace::tests::trace_display_missing_field ... ok
[INFO] [stdout] test trace::tests::trace_display_unknown_variant ... ok
[INFO] [stdout] test trace::tests::trace_display_invalid_length ... ok
[INFO] [stdout] test trace::tests::trace_display_unknown_field ... ok
[INFO] [stdout] test trace::tests::trace_struct_with_field_descriptions ... ok
[INFO] [stdout] test trace::tests::trace_enum_with_variant_descriptions ... ok
[INFO] [stdout] test trace::tests::trace_enum_with_variant_descriptions_aliases ... ok
[INFO] [stdout] test trace::tests::variant_access_unit_variant ... ok
[INFO] [stdout] test trace::tests::variant_access_struct_variant ... ok
[INFO] [stdout] test trace::tests::trace_type_that_does_not_call_deserializer - should panic ... ok
[INFO] [stdout] test trace::tests::trace_struct_with_field_descriptions_aliases ... ok
[INFO] [stdout] test trace::tests::variant_access_newtype_variant ... ok
[INFO] [stdout] test trace::tests::trace_display_invalid_type ... ok
[INFO] [stdout] test trace::tests::trace_display_invalid_value ... ok
[INFO] [stdout] 
[INFO] [stdout] test result: ok. 529 passed; 0 failed; 0 ignored; 0 measured; 0 filtered out; finished in 0.12s
[INFO] [stdout] 
[INFO] [stderr]      Running tests/from_env.rs (/opt/rustwide/target/release/deps/from_env-e4fe1529681e9a7d)
[INFO] [stdout] 
[INFO] [stdout] running 18 tests
[INFO] [stdout] test enum_help ... FAILED
[INFO] [stdout] test enum_alias ... FAILED
[INFO] [stdout] test enum_help_color ... FAILED
[INFO] [stdout] test boolean ... FAILED
[INFO] [stdout] test option ... FAILED
[INFO] [stdout] test optional_fields ... FAILED
[INFO] [stdout] test enum_version_help ... FAILED
[INFO] [stdout] test r#enum ... FAILED
[INFO] [stdout] test required_fields ... FAILED
[INFO] [stdout] test empty ... FAILED
[INFO] [stdout] test enum_version ... FAILED
[INFO] [stdout] test primitive ... FAILED
[INFO] [stdout] test struct_deserialize_with ... FAILED
[INFO] [stdout] test struct_help ... FAILED
[INFO] [stdout] test struct_help_color ... FAILED
[INFO] [stdout] test struct_version ... FAILED
[INFO] [stdout] test boolean_fields ... FAILED
[INFO] [stdout] test struct_version_help ... FAILED
[INFO] [stdout] 
[INFO] [stdout] failures:
[INFO] [stdout] 
[INFO] [stdout] ---- enum_help stdout ----
[INFO] [stdout] 
[INFO] [stdout] thread 'enum_help' (1001) panicked at tests/from_env.rs:330:5:
[INFO] [stdout] command failed to execute: IO error: No such file or directory (os error 2)
[INFO] [stdout] stack backtrace:
[INFO] [stdout]    0:     0x653e0afcdf51 - <<std[70759c8f55707aa4]::sys::backtrace::BacktraceLock>::print::DisplayBacktrace as core[df12db4294e9bfd3]::fmt::Display>::fmt
[INFO] [stdout]    1:     0x653e0afe212a - core[df12db4294e9bfd3]::fmt::write
[INFO] [stdout]    2:     0x653e0afd23ec - <alloc[2182bb758b4b3781]::vec::Vec<u8> as core[df12db4294e9bfd3]::io::write::Write>::write_fmt
[INFO] [stdout]    3:     0x653e0afaa126 - std[70759c8f55707aa4]::panicking::default_hook::{closure#0}
[INFO] [stdout]    4:     0x653e0afc66b9 - std[70759c8f55707aa4]::panicking::default_hook
[INFO] [stdout]    5:     0x653e0af62720 - test[9d35eded1c95d3be]::test_main_inner::<test[9d35eded1c95d3be]::test_main_static::{closure#0}>::{closure#0}
[INFO] [stdout]    6:     0x653e0afc6872 - std[70759c8f55707aa4]::panicking::panic_with_hook
[INFO] [stdout]    7:     0x653e0afaa1d2 - std[70759c8f55707aa4]::panicking::panic_handler::{closure#0}
[INFO] [stdout]    8:     0x653e0afa2f59 - std[70759c8f55707aa4]::sys::backtrace::__rust_end_short_backtrace::<std[70759c8f55707aa4]::panicking::panic_handler::{closure#0}, !>
[INFO] [stdout]    9:     0x653e0afaadcd - __rustc[8fa7c3cbc660c2b3]::rust_begin_unwind
[INFO] [stdout]   10:     0x653e0afe285c - core[df12db4294e9bfd3]::panicking::panic_fmt
[INFO] [stdout]   11:     0x653e0af536e2 - <from_env[c0020c7cb6b1eadc]::enum_help::{closure#0} as core[df12db4294e9bfd3]::ops::function::FnOnce<()>>::call_once
[INFO] [stdout]   12:     0x653e0af55a0b - test[9d35eded1c95d3be]::__rust_begin_short_backtrace::<core[df12db4294e9bfd3]::result::Result<(), alloc[2182bb758b4b3781]::string::String>, fn() -> core[df12db4294e9bfd3]::result::Result<(), alloc[2182bb758b4b3781]::string::String>>
[INFO] [stdout]   13:     0x653e0af63075 - test[9d35eded1c95d3be]::run_test::{closure#0}
[INFO] [stdout]   14:     0x653e0af5c934 - std[70759c8f55707aa4]::sys::backtrace::__rust_begin_short_backtrace::<test[9d35eded1c95d3be]::run_test::{closure#1}, ()>
[INFO] [stdout]   15:     0x653e0af661d2 - <std[70759c8f55707aa4]::thread::lifecycle::spawn_unchecked<test[9d35eded1c95d3be]::run_test::{closure#1}, ()>::{closure#1} as core[df12db4294e9bfd3]::ops::function::FnOnce<()>>::call_once::{shim:vtable#0}
[INFO] [stdout]   16:     0x653e0afcd829 - <std[70759c8f55707aa4]::sys::thread::unix::Thread>::new::thread_start
[INFO] [stdout]   17:     0x713ceb21ddfa - <unknown>
[INFO] [stdout]   18:     0x713ceb2b13d4 - clone
[INFO] [stdout]   19:                0x0 - <unknown>
[INFO] [stdout] 
[INFO] [stdout] ---- enum_alias stdout ----
[INFO] [stdout] 
[INFO] [stdout] thread 'enum_alias' (1000) panicked at tests/from_env.rs:394:5:
[INFO] [stdout] command failed to execute: IO error: No such file or directory (os error 2)
[INFO] [stdout] stack backtrace:
[INFO] [stdout]    0:     0x653e0afcdf51 - <<std[70759c8f55707aa4]::sys::backtrace::BacktraceLock>::print::DisplayBacktrace as core[df12db4294e9bfd3]::fmt::Display>::fmt
[INFO] [stdout]    1:     0x653e0afe212a - core[df12db4294e9bfd3]::fmt::write
[INFO] [stdout]    2:     0x653e0afd23ec - <alloc[2182bb758b4b3781]::vec::Vec<u8> as core[df12db4294e9bfd3]::io::write::Write>::write_fmt
[INFO] [stdout]    3:     0x653e0afaa126 - std[70759c8f55707aa4]::panicking::default_hook::{closure#0}
[INFO] [stdout]    4:     0x653e0afc66b9 - std[70759c8f55707aa4]::panicking::default_hook
[INFO] [stdout]    5:     0x653e0af62720 - test[9d35eded1c95d3be]::test_main_inner::<test[9d35eded1c95d3be]::test_main_static::{closure#0}>::{closure#0}
[INFO] [stdout]    6:     0x653e0afc6872 - std[70759c8f55707aa4]::panicking::panic_with_hook
[INFO] [stdout]    7:     0x653e0afaa1d2 - std[70759c8f55707aa4]::panicking::panic_handler::{closure#0}
[INFO] [stdout]    8:     0x653e0afa2f59 - std[70759c8f55707aa4]::sys::backtrace::__rust_end_short_backtrace::<std[70759c8f55707aa4]::panicking::panic_handler::{closure#0}, !>
[INFO] [stdout]    9:     0x653e0afaadcd - __rustc[8fa7c3cbc660c2b3]::rust_begin_unwind
[INFO] [stdout]   10:     0x653e0afe285c - core[df12db4294e9bfd3]::panicking::panic_fmt
[INFO] [stdout]   11:     0x653e0af4321b - <from_env[c0020c7cb6b1eadc]::enum_alias::{closure#0} as core[df12db4294e9bfd3]::ops::function::FnOnce<()>>::call_once
[INFO] [stdout]   12:     0x653e0af55a0b - test[9d35eded1c95d3be]::__rust_begin_short_backtrace::<core[df12db4294e9bfd3]::result::Result<(), alloc[2182bb758b4b3781]::string::String>, fn() -> core[df12db4294e9bfd3]::result::Result<(), alloc[2182bb758b4b3781]::string::String>>
[INFO] [stdout]   13:     0x653e0af63075 - test[9d35eded1c95d3be]::run_test::{closure#0}
[INFO] [stdout]   14:     0x653e0af5c934 - std[70759c8f55707aa4]::sys::backtrace::__rust_begin_short_backtrace::<test[9d35eded1c95d3be]::run_test::{closure#1}, ()>
[INFO] [stdout]   15:     0x653e0af661d2 - <std[70759c8f55707aa4]::thread::lifecycle::spawn_unchecked<test[9d35eded1c95d3be]::run_test::{closure#1}, ()>::{closure#1} as core[df12db4294e9bfd3]::ops::function::FnOnce<()>>::call_once::{shim:vtable#0}
[INFO] [stdout]   16:     0x653e0afcd829 - <std[70759c8f55707aa4]::sys::thread::unix::Thread>::new::thread_start
[INFO] [stdout]   17:     0x713ceb21ddfa - <unknown>
[INFO] [stdout]   18:     0x713ceb2b13d4 - clone
[INFO] [stdout]   19:                0x0 - <unknown>
[INFO] [stdout] 
[INFO] [stdout] ---- enum_help_color stdout ----
[INFO] [stdout] 
[INFO] [stdout] thread 'enum_help_color' (1002) panicked at tests/from_env.rs:346:5:
[INFO] [stdout] command failed to execute: IO error: No such file or directory (os error 2)
[INFO] [stdout] stack backtrace:
[INFO] [stdout]    0:     0x653e0afcdf51 - <<std[70759c8f55707aa4]::sys::backtrace::BacktraceLock>::print::DisplayBacktrace as core[df12db4294e9bfd3]::fmt::Display>::fmt
[INFO] [stdout]    1:     0x653e0afe212a - core[df12db4294e9bfd3]::fmt::write
[INFO] [stdout]    2:     0x653e0afd23ec - <alloc[2182bb758b4b3781]::vec::Vec<u8> as core[df12db4294e9bfd3]::io::write::Write>::write_fmt
[INFO] [stdout]    3:     0x653e0afaa126 - std[70759c8f55707aa4]::panicking::default_hook::{closure#0}
[INFO] [stdout]    4:     0x653e0afc66b9 - std[70759c8f55707aa4]::panicking::default_hook
[INFO] [stdout]    5:     0x653e0af62720 - test[9d35eded1c95d3be]::test_main_inner::<test[9d35eded1c95d3be]::test_main_static::{closure#0}>::{closure#0}
[INFO] [stdout]    6:     0x653e0afc6872 - std[70759c8f55707aa4]::panicking::panic_with_hook
[INFO] [stdout]    7:     0x653e0afaa1d2 - std[70759c8f55707aa4]::panicking::panic_handler::{closure#0}
[INFO] [stdout]    8:     0x653e0afa2f59 - std[70759c8f55707aa4]::sys::backtrace::__rust_end_short_backtrace::<std[70759c8f55707aa4]::panicking::panic_handler::{closure#0}, !>
[INFO] [stdout]    9:     0x653e0afaadcd - __rustc[8fa7c3cbc660c2b3]::rust_begin_unwind
[INFO] [stdout]   10:     0x653e0afe285c - core[df12db4294e9bfd3]::panicking::panic_fmt
[INFO] [stdout]   11:     0x653e0af46eb2 - <from_env[c0020c7cb6b1eadc]::enum_help_color::{closure#0} as core[df12db4294e9bfd3]::ops::function::FnOnce<()>>::call_once
[INFO] [stdout]   12:     0x653e0af55a0b - test[9d35eded1c95d3be]::__rust_begin_short_backtrace::<core[df12db4294e9bfd3]::result::Result<(), alloc[2182bb758b4b3781]::string::String>, fn() -> core[df12db4294e9bfd3]::result::Result<(), alloc[2182bb758b4b3781]::string::String>>
[INFO] [stdout]   13:     0x653e0af63075 - test[9d35eded1c95d3be]::run_test::{closure#0}
[INFO] [stdout]   14:     0x653e0af5c934 - std[70759c8f55707aa4]::sys::backtrace::__rust_begin_short_backtrace::<test[9d35eded1c95d3be]::run_test::{closure#1}, ()>
[INFO] [stdout]   15:     0x653e0af661d2 - <std[70759c8f55707aa4]::thread::lifecycle::spawn_unchecked<test[9d35eded1c95d3be]::run_test::{closure#1}, ()>::{closure#1} as core[df12db4294e9bfd3]::ops::function::FnOnce<()>>::call_once::{shim:vtable#0}
[INFO] [stdout]   16:     0x653e0afcd829 - <std[70759c8f55707aa4]::sys::thread::unix::Thread>::new::thread_start
[INFO] [stdout]   17:     0x713ceb21ddfa - <unknown>
[INFO] [stdout]   18:     0x713ceb2b13d4 - clone
[INFO] [stdout]   19:                0x0 - <unknown>
[INFO] [stdout] 
[INFO] [stdout] ---- boolean stdout ----
[INFO] [stdout] 
[INFO] [stdout] thread 'boolean' (997) panicked at tests/from_env.rs:65:5:
[INFO] [stdout] assertion failed, expected Ok(_), got Err(IO(Os { code: 2, kind: NotFound, message: "No such file or directory" }))
[INFO] [stdout] stack backtrace:
[INFO] [stdout]    0:     0x653e0afcdf51 - <<std[70759c8f55707aa4]::sys::backtrace::BacktraceLock>::print::DisplayBacktrace as core[df12db4294e9bfd3]::fmt::Display>::fmt
[INFO] [stdout]    1:     0x653e0afe212a - core[df12db4294e9bfd3]::fmt::write
[INFO] [stdout]    2:     0x653e0afd23ec - <alloc[2182bb758b4b3781]::vec::Vec<u8> as core[df12db4294e9bfd3]::io::write::Write>::write_fmt
[INFO] [stdout]    3:     0x653e0afaa126 - std[70759c8f55707aa4]::panicking::default_hook::{closure#0}
[INFO] [stdout]    4:     0x653e0afc66b9 - std[70759c8f55707aa4]::panicking::default_hook
[INFO] [stdout]    5:     0x653e0af62720 - test[9d35eded1c95d3be]::test_main_inner::<test[9d35eded1c95d3be]::test_main_static::{closure#0}>::{closure#0}
[INFO] [stdout]    6:     0x653e0afc6872 - std[70759c8f55707aa4]::panicking::panic_with_hook
[INFO] [stdout]    7:     0x653e0afaa1d2 - std[70759c8f55707aa4]::panicking::panic_handler::{closure#0}
[INFO] [stdout]    8:     0x653e0afa2f59 - std[70759c8f55707aa4]::sys::backtrace::__rust_end_short_backtrace::<std[70759c8f55707aa4]::panicking::panic_handler::{closure#0}, !>
[INFO] [stdout]    9:     0x653e0afaadcd - __rustc[8fa7c3cbc660c2b3]::rust_begin_unwind
[INFO] [stdout]   10:     0x653e0afe285c - core[df12db4294e9bfd3]::panicking::panic_fmt
[INFO] [stdout]   11:     0x653e0af522b8 - <from_env[c0020c7cb6b1eadc]::boolean::{closure#0} as core[df12db4294e9bfd3]::ops::function::FnOnce<()>>::call_once
[INFO] [stdout]   12:     0x653e0af55a0b - test[9d35eded1c95d3be]::__rust_begin_short_backtrace::<core[df12db4294e9bfd3]::result::Result<(), alloc[2182bb758b4b3781]::string::String>, fn() -> core[df12db4294e9bfd3]::result::Result<(), alloc[2182bb758b4b3781]::string::String>>
[INFO] [stdout]   13:     0x653e0af63075 - test[9d35eded1c95d3be]::run_test::{closure#0}
[INFO] [stdout]   14:     0x653e0af5c934 - std[70759c8f55707aa4]::sys::backtrace::__rust_begin_short_backtrace::<test[9d35eded1c95d3be]::run_test::{closure#1}, ()>
[INFO] [stdout]   15:     0x653e0af661d2 - <std[70759c8f55707aa4]::thread::lifecycle::spawn_unchecked<test[9d35eded1c95d3be]::run_test::{closure#1}, ()>::{closure#1} as core[df12db4294e9bfd3]::ops::function::FnOnce<()>>::call_once::{shim:vtable#0}
[INFO] [stdout]   16:     0x653e0afcd829 - <std[70759c8f55707aa4]::sys::thread::unix::Thread>::new::thread_start
[INFO] [stdout]   17:     0x713ceb21ddfa - <unknown>
[INFO] [stdout]   18:     0x713ceb2b13d4 - clone
[INFO] [stdout]   19:                0x0 - <unknown>
[INFO] [stdout] 
[INFO] [stdout] ---- option stdout ----
[INFO] [stdout] 
[INFO] [stdout] thread 'option' (1012) panicked at tests/from_env.rs:84:5:
[INFO] [stdout] assertion failed, expected Ok(_), got Err(IO(Os { code: 2, kind: NotFound, message: "No such file or directory" }))
[INFO] [stdout] stack backtrace:
[INFO] [stdout]    0:     0x653e0afcdf51 - <<std[70759c8f55707aa4]::sys::backtrace::BacktraceLock>::print::DisplayBacktrace as core[df12db4294e9bfd3]::fmt::Display>::fmt
[INFO] [stdout]    1:     0x653e0afe212a - core[df12db4294e9bfd3]::fmt::write
[INFO] [stdout]    2:     0x653e0afd23ec - <alloc[2182bb758b4b3781]::vec::Vec<u8> as core[df12db4294e9bfd3]::io::write::Write>::write_fmt
[INFO] [stdout]    3:     0x653e0afaa126 - std[70759c8f55707aa4]::panicking::default_hook::{closure#0}
[INFO] [stdout]    4:     0x653e0afc66b9 - std[70759c8f55707aa4]::panicking::default_hook
[INFO] [stdout]    5:     0x653e0af62720 - test[9d35eded1c95d3be]::test_main_inner::<test[9d35eded1c95d3be]::test_main_static::{closure#0}>::{closure#0}
[INFO] [stdout]    6:     0x653e0afc6872 - std[70759c8f55707aa4]::panicking::panic_with_hook
[INFO] [stdout]    7:     0x653e0afaa1d2 - std[70759c8f55707aa4]::panicking::panic_handler::{closure#0}
[INFO] [stdout]    8:     0x653e0afa2f59 - std[70759c8f55707aa4]::sys::backtrace::__rust_end_short_backtrace::<std[70759c8f55707aa4]::panicking::panic_handler::{closure#0}, !>
[INFO] [stdout]    9:     0x653e0afaadcd - __rustc[8fa7c3cbc660c2b3]::rust_begin_unwind
[INFO] [stdout]   10:     0x653e0afe285c - core[df12db4294e9bfd3]::panicking::panic_fmt
[INFO] [stdout]   11:     0x653e0af4f497 - <from_env[c0020c7cb6b1eadc]::option::{closure#0} as core[df12db4294e9bfd3]::ops::function::FnOnce<()>>::call_once
[INFO] [stdout]   12:     0x653e0af55a0b - test[9d35eded1c95d3be]::__rust_begin_short_backtrace::<core[df12db4294e9bfd3]::result::Result<(), alloc[2182bb758b4b3781]::string::String>, fn() -> core[df12db4294e9bfd3]::result::Result<(), alloc[2182bb758b4b3781]::string::String>>
[INFO] [stdout]   13:     0x653e0af63075 - test[9d35eded1c95d3be]::run_test::{closure#0}
[INFO] [stdout]   14:     0x653e0af5c934 - std[70759c8f55707aa4]::sys::backtrace::__rust_begin_short_backtrace::<test[9d35eded1c95d3be]::run_test::{closure#1}, ()>
[INFO] [stdout]   15:     0x653e0af661d2 - <std[70759c8f55707aa4]::thread::lifecycle::spawn_unchecked<test[9d35eded1c95d3be]::run_test::{closure#1}, ()>::{closure#1} as core[df12db4294e9bfd3]::ops::function::FnOnce<()>>::call_once::{shim:vtable#0}
[INFO] [stdout]   16:     0x653e0afcd829 - <std[70759c8f55707aa4]::sys::thread::unix::Thread>::new::thread_start
[INFO] [stdout]   17:     0x713ceb21ddfa - <unknown>
[INFO] [stdout]   18:     0x713ceb2b13d4 - clone
[INFO] [stdout]   19:                0x0 - <unknown>
[INFO] [stdout] 
[INFO] [stdout] ---- optional_fields stdout ----
[INFO] [stdout] 
[INFO] [stdout] thread 'optional_fields' (1014) panicked at tests/from_env.rs:180:5:
[INFO] [stdout] assertion failed, expected Ok(_), got Err(IO(Os { code: 2, kind: NotFound, message: "No such file or directory" }))
[INFO] [stdout] stack backtrace:
[INFO] [stdout]    0:     0x653e0afcdf51 - <<std[70759c8f55707aa4]::sys::backtrace::BacktraceLock>::print::DisplayBacktrace as core[df12db4294e9bfd3]::fmt::Display>::fmt
[INFO] [stdout]    1:     0x653e0afe212a - core[df12db4294e9bfd3]::fmt::write
[INFO] [stdout]    2:     0x653e0afd23ec - <alloc[2182bb758b4b3781]::vec::Vec<u8> as core[df12db4294e9bfd3]::io::write::Write>::write_fmt
[INFO] [stdout]    3:     0x653e0afaa126 - std[70759c8f55707aa4]::panicking::default_hook::{closure#0}
[INFO] [stdout]    4:     0x653e0afc66b9 - std[70759c8f55707aa4]::panicking::default_hook
[INFO] [stdout]    5:     0x653e0af62720 - test[9d35eded1c95d3be]::test_main_inner::<test[9d35eded1c95d3be]::test_main_static::{closure#0}>::{closure#0}
[INFO] [stdout]    6:     0x653e0afc6872 - std[70759c8f55707aa4]::panicking::panic_with_hook
[INFO] [stdout]    7:     0x653e0afaa1d2 - std[70759c8f55707aa4]::panicking::panic_handler::{closure#0}
[INFO] [stdout]    8:     0x653e0afa2f59 - std[70759c8f55707aa4]::sys::backtrace::__rust_end_short_backtrace::<std[70759c8f55707aa4]::panicking::panic_handler::{closure#0}, !>
[INFO] [stdout]    9:     0x653e0afaadcd - __rustc[8fa7c3cbc660c2b3]::rust_begin_unwind
[INFO] [stdout]   10:     0x653e0afe285c - core[df12db4294e9bfd3]::panicking::panic_fmt
[INFO] [stdout]   11:     0x653e0af4950f - <from_env[c0020c7cb6b1eadc]::optional_fields::{closure#0} as core[df12db4294e9bfd3]::ops::function::FnOnce<()>>::call_once
[INFO] [stdout]   12:     0x653e0af55a0b - test[9d35eded1c95d3be]::__rust_begin_short_backtrace::<core[df12db4294e9bfd3]::result::Result<(), alloc[2182bb758b4b3781]::string::String>, fn() -> core[df12db4294e9bfd3]::result::Result<(), alloc[2182bb758b4b3781]::string::String>>
[INFO] [stdout]   13:     0x653e0af63075 - test[9d35eded1c95d3be]::run_test::{closure#0}
[INFO] [stdout]   14:     0x653e0af5c934 - std[70759c8f55707aa4]::sys::backtrace::__rust_begin_short_backtrace::<test[9d35eded1c95d3be]::run_test::{closure#1}, ()>
[INFO] [stdout]   15:     0x653e0af661d2 - <std[70759c8f55707aa4]::thread::lifecycle::spawn_unchecked<test[9d35eded1c95d3be]::run_test::{closure#1}, ()>::{closure#1} as core[df12db4294e9bfd3]::ops::function::FnOnce<()>>::call_once::{shim:vtable#0}
[INFO] [stdout]   16:     0x653e0afcd829 - <std[70759c8f55707aa4]::sys::thread::unix::Thread>::new::thread_start
[INFO] [stdout]   17:     0x713ceb21ddfa - <unknown>
[INFO] [stdout]   18:     0x713ceb2b13d4 - clone
[INFO] [stdout]   19:                0x0 - <unknown>
[INFO] [stdout] 
[INFO] [stdout] ---- enum_version_help stdout ----
[INFO] [stdout] 
[INFO] [stdout] thread 'enum_version_help' (1004) panicked at tests/from_env.rs:386:5:
[INFO] [stdout] command failed to execute: IO error: No such file or directory (os error 2)
[INFO] [stdout] stack backtrace:
[INFO] [stdout]    0:     0x653e0afcdf51 - <<std[70759c8f55707aa4]::sys::backtrace::BacktraceLock>::print::DisplayBacktrace as core[df12db4294e9bfd3]::fmt::Display>::fmt
[INFO] [stdout]    1:     0x653e0afe212a - core[df12db4294e9bfd3]::fmt::write
[INFO] [stdout]    2:     0x653e0afd23ec - <alloc[2182bb758b4b3781]::vec::Vec<u8> as core[df12db4294e9bfd3]::io::write::Write>::write_fmt
[INFO] [stdout]    3:     0x653e0afaa126 - std[70759c8f55707aa4]::panicking::default_hook::{closure#0}
[INFO] [stdout]    4:     0x653e0afc66b9 - std[70759c8f55707aa4]::panicking::default_hook
[INFO] [stdout]    5:     0x653e0af62720 - test[9d35eded1c95d3be]::test_main_inner::<test[9d35eded1c95d3be]::test_main_static::{closure#0}>::{closure#0}
[INFO] [stdout]    6:     0x653e0afc6872 - std[70759c8f55707aa4]::panicking::panic_with_hook
[INFO] [stdout]    7:     0x653e0afaa1d2 - std[70759c8f55707aa4]::panicking::panic_handler::{closure#0}
[INFO] [stdout]    8:     0x653e0afa2f59 - std[70759c8f55707aa4]::sys::backtrace::__rust_end_short_backtrace::<std[70759c8f55707aa4]::panicking::panic_handler::{closure#0}, !>
[INFO] [stdout]    9:     0x653e0afaadcd - __rustc[8fa7c3cbc660c2b3]::rust_begin_unwind
[INFO] [stdout]   10:     0x653e0afe285c - core[df12db4294e9bfd3]::panicking::panic_fmt
[INFO] [stdout]   11:     0x653e0af4a6ad - <from_env[c0020c7cb6b1eadc]::enum_version_help::{closure#0} as core[df12db4294e9bfd3]::ops::function::FnOnce<()>>::call_once
[INFO] [stdout]   12:     0x653e0af55a0b - test[9d35eded1c95d3be]::__rust_begin_short_backtrace::<core[df12db4294e9bfd3]::result::Result<(), alloc[2182bb758b4b3781]::string::String>, fn() -> core[df12db4294e9bfd3]::result::Result<(), alloc[2182bb758b4b3781]::string::String>>
[INFO] [stdout]   13:     0x653e0af63075 - test[9d35eded1c95d3be]::run_test::{closure#0}
[INFO] [stdout]   14:     0x653e0af5c934 - std[70759c8f55707aa4]::sys::backtrace::__rust_begin_short_backtrace::<test[9d35eded1c95d3be]::run_test::{closure#1}, ()>
[INFO] [stdout]   15:     0x653e0af661d2 - <std[70759c8f55707aa4]::thread::lifecycle::spawn_unchecked<test[9d35eded1c95d3be]::run_test::{closure#1}, ()>::{closure#1} as core[df12db4294e9bfd3]::ops::function::FnOnce<()>>::call_once::{shim:vtable#0}
[INFO] [stdout]   16:     0x653e0afcd829 - <std[70759c8f55707aa4]::sys::thread::unix::Thread>::new::thread_start
[INFO] [stdout]   17:     0x713ceb21ddfa - <unknown>
[INFO] [stdout]   18:     0x713ceb2b13d4 - clone
[INFO] [stdout]   19:                0x0 - <unknown>
[INFO] [stdout] 
[INFO] [stdout] ---- r#enum stdout ----
[INFO] [stdout] 
[INFO] [stdout] thread 'r#enum' (1018) panicked at tests/from_env.rs:265:5:
[INFO] [stdout] assertion failed, expected Ok(_), got Err(IO(Os { code: 2, kind: NotFound, message: "No such file or directory" }))
[INFO] [stdout] stack backtrace:
[INFO] [stdout]    0:     0x653e0afcdf51 - <<std[70759c8f55707aa4]::sys::backtrace::BacktraceLock>::print::DisplayBacktrace as core[df12db4294e9bfd3]::fmt::Display>::fmt
[INFO] [stdout]    1:     0x653e0afe212a - core[df12db4294e9bfd3]::fmt::write
[INFO] [stdout]    2:     0x653e0afd23ec - <alloc[2182bb758b4b3781]::vec::Vec<u8> as core[df12db4294e9bfd3]::io::write::Write>::write_fmt
[INFO] [stdout]    3:     0x653e0afaa126 - std[70759c8f55707aa4]::panicking::default_hook::{closure#0}
[INFO] [stdout]    4:     0x653e0afc66b9 - std[70759c8f55707aa4]::panicking::default_hook
[INFO] [stdout]    5:     0x653e0af62720 - test[9d35eded1c95d3be]::test_main_inner::<test[9d35eded1c95d3be]::test_main_static::{closure#0}>::{closure#0}
[INFO] [stdout]    6:     0x653e0afc6872 - std[70759c8f55707aa4]::panicking::panic_with_hook
[INFO] [stdout]    7:     0x653e0afaa1d2 - std[70759c8f55707aa4]::panicking::panic_handler::{closure#0}
[INFO] [stdout]    8:     0x653e0afa2f59 - std[70759c8f55707aa4]::sys::backtrace::__rust_end_short_backtrace::<std[70759c8f55707aa4]::panicking::panic_handler::{closure#0}, !>
[INFO] [stdout]    9:     0x653e0afaadcd - __rustc[8fa7c3cbc660c2b3]::rust_begin_unwind
[INFO] [stdout]   10:     0x653e0afe285c - core[df12db4294e9bfd3]::panicking::panic_fmt
[INFO] [stdout]   11:     0x653e0af3eb57 - from_env[c0020c7cb6b1eadc]::enum
[INFO] [stdout]   12:     0x653e0af4b349 - <from_env[c0020c7cb6b1eadc]::enum::{closure#0} as core[df12db4294e9bfd3]::ops::function::FnOnce<()>>::call_once
[INFO] [stdout]   13:     0x653e0af55a0b - test[9d35eded1c95d3be]::__rust_begin_short_backtrace::<core[df12db4294e9bfd3]::result::Result<(), alloc[2182bb758b4b3781]::string::String>, fn() -> core[df12db4294e9bfd3]::result::Result<(), alloc[2182bb758b4b3781]::string::String>>
[INFO] [stdout]   14:     0x653e0af63075 - test[9d35eded1c95d3be]::run_test::{closure#0}
[INFO] [stdout]   15:     0x653e0af5c934 - std[70759c8f55707aa4]::sys::backtrace::__rust_begin_short_backtrace::<test[9d35eded1c95d3be]::run_test::{closure#1}, ()>
[INFO] [stdout]   16:     0x653e0af661d2 - <std[70759c8f55707aa4]::thread::lifecycle::spawn_unchecked<test[9d35eded1c95d3be]::run_test::{closure#1}, ()>::{closure#1} as core[df12db4294e9bfd3]::ops::function::FnOnce<()>>::call_once::{shim:vtable#0}
[INFO] [stdout]   17:     0x653e0afcd829 - <std[70759c8f55707aa4]::sys::thread::unix::Thread>::new::thread_start
[INFO] [stdout]   18:     0x713ceb21ddfa - <unknown>
[INFO] [stdout]   19:     0x713ceb2b13d4 - clone
[INFO] [stdout]   20:                0x0 - <unknown>
[INFO] [stdout] 
[INFO] [stdout] ---- required_fields stdout ----
[INFO] [stdout] 
[INFO] [stdout] thread 'required_fields' (1020) panicked at tests/from_env.rs:120:5:
[INFO] [stdout] assertion failed, expected Ok(_), got Err(IO(Os { code: 2, kind: NotFound, message: "No such file or directory" }))
[INFO] [stdout] stack backtrace:
[INFO] [stdout]    0:     0x653e0afcdf51 - <<std[70759c8f55707aa4]::sys::backtrace::BacktraceLock>::print::DisplayBacktrace as core[df12db4294e9bfd3]::fmt::Display>::fmt
[INFO] [stdout]    1:     0x653e0afe212a - core[df12db4294e9bfd3]::fmt::write
[INFO] [stdout]    2:     0x653e0afd23ec - <alloc[2182bb758b4b3781]::vec::Vec<u8> as core[df12db4294e9bfd3]::io::write::Write>::write_fmt
[INFO] [stdout]    3:     0x653e0afaa126 - std[70759c8f55707aa4]::panicking::default_hook::{closure#0}
[INFO] [stdout]    4:     0x653e0afc66b9 - std[70759c8f55707aa4]::panicking::default_hook
[INFO] [stdout]    5:     0x653e0af62720 - test[9d35eded1c95d3be]::test_main_inner::<test[9d35eded1c95d3be]::test_main_static::{closure#0}>::{closure#0}
[INFO] [stdout]    6:     0x653e0afc6872 - std[70759c8f55707aa4]::panicking::panic_with_hook
[INFO] [stdout]    7:     0x653e0afaa1d2 - std[70759c8f55707aa4]::panicking::panic_handler::{closure#0}
[INFO] [stdout]    8:     0x653e0afa2f59 - std[70759c8f55707aa4]::sys::backtrace::__rust_end_short_backtrace::<std[70759c8f55707aa4]::panicking::panic_handler::{closure#0}, !>
[INFO] [stdout]    9:     0x653e0afaadcd - __rustc[8fa7c3cbc660c2b3]::rust_begin_unwind
[INFO] [stdout]   10:     0x653e0afe285c - core[df12db4294e9bfd3]::panicking::panic_fmt
[INFO] [stdout]   11:     0x653e0af3ac2c - from_env[c0020c7cb6b1eadc]::required_fields
[INFO] [stdout]   12:     0x653e0af4a429 - <from_env[c0020c7cb6b1eadc]::required_fields::{closure#0} as core[df12db4294e9bfd3]::ops::function::FnOnce<()>>::call_once
[INFO] [stdout]   13:     0x653e0af55a0b - test[9d35eded1c95d3be]::__rust_begin_short_backtrace::<core[df12db4294e9bfd3]::result::Result<(), alloc[2182bb758b4b3781]::string::String>, fn() -> core[df12db4294e9bfd3]::result::Result<(), alloc[2182bb758b4b3781]::string::String>>
[INFO] [stdout]   14:     0x653e0af63075 - test[9d35eded1c95d3be]::run_test::{closure#0}
[INFO] [stdout]   15:     0x653e0af5c934 - std[70759c8f55707aa4]::sys::backtrace::__rust_begin_short_backtrace::<test[9d35eded1c95d3be]::run_test::{closure#1}, ()>
[INFO] [stdout]   16:     0x653e0af661d2 - <std[70759c8f55707aa4]::thread::lifecycle::spawn_unchecked<test[9d35eded1c95d3be]::run_test::{closure#1}, ()>::{closure#1} as core[df12db4294e9bfd3]::ops::function::FnOnce<()>>::call_once::{shim:vtable#0}
[INFO] [stdout]   17:     0x653e0afcd829 - <std[70759c8f55707aa4]::sys::thread::unix::Thread>::new::thread_start
[INFO] [stdout]   18:     0x713ceb21ddfa - <unknown>
[INFO] [stdout]   19:     0x713ceb2b13d4 - clone
[INFO] [stdout]   20:                0x0 - <unknown>
[INFO] [stdout] 
[INFO] [stdout] ---- empty stdout ----
[INFO] [stdout] 
[INFO] [stdout] thread 'empty' (999) panicked at tests/from_env.rs:7:5:
[INFO] [stdout] assertion failed, expected Ok(_), got Err(IO(Os { code: 2, kind: NotFound, message: "No such file or directory" }))
[INFO] [stdout] stack backtrace:
[INFO] [stdout]    0:     0x653e0afcdf51 - <<std[70759c8f55707aa4]::sys::backtrace::BacktraceLock>::print::DisplayBacktrace as core[df12db4294e9bfd3]::fmt::Display>::fmt
[INFO] [stdout]    1:     0x653e0afe212a - core[df12db4294e9bfd3]::fmt::write
[INFO] [stdout]    2:     0x653e0afd23ec - <alloc[2182bb758b4b3781]::vec::Vec<u8> as core[df12db4294e9bfd3]::io::write::Write>::write_fmt
[INFO] [stdout]    3:     0x653e0afaa126 - std[70759c8f55707aa4]::panicking::default_hook::{closure#0}
[INFO] [stdout]    4:     0x653e0afc66b9 - std[70759c8f55707aa4]::panicking::default_hook
[INFO] [stdout]    5:     0x653e0af62720 - test[9d35eded1c95d3be]::test_main_inner::<test[9d35eded1c95d3be]::test_main_static::{closure#0}>::{closure#0}
[INFO] [stdout]    6:     0x653e0afc6872 - std[70759c8f55707aa4]::panicking::panic_with_hook
[INFO] [stdout]    7:     0x653e0afaa1d2 - std[70759c8f55707aa4]::panicking::panic_handler::{closure#0}
[INFO] [stdout]    8:     0x653e0afa2f59 - std[70759c8f55707aa4]::sys::backtrace::__rust_end_short_backtrace::<std[70759c8f55707aa4]::panicking::panic_handler::{closure#0}, !>
[INFO] [stdout]    9:     0x653e0afaadcd - __rustc[8fa7c3cbc660c2b3]::rust_begin_unwind
[INFO] [stdout]   10:     0x653e0afe285c - core[df12db4294e9bfd3]::panicking::panic_fmt
[INFO] [stdout]   11:     0x653e0af4cda8 - <from_env[c0020c7cb6b1eadc]::empty::{closure#0} as core[df12db4294e9bfd3]::ops::function::FnOnce<()>>::call_once
[INFO] [stdout]   12:     0x653e0af55a0b - test[9d35eded1c95d3be]::__rust_begin_short_backtrace::<core[df12db4294e9bfd3]::result::Result<(), alloc[2182bb758b4b3781]::string::String>, fn() -> core[df12db4294e9bfd3]::result::Result<(), alloc[2182bb758b4b3781]::string::String>>
[INFO] [stdout]   13:     0x653e0af63075 - test[9d35eded1c95d3be]::run_test::{closure#0}
[INFO] [stdout]   14:     0x653e0af5c934 - std[70759c8f55707aa4]::sys::backtrace::__rust_begin_short_backtrace::<test[9d35eded1c95d3be]::run_test::{closure#1}, ()>
[INFO] [stdout]   15:     0x653e0af661d2 - <std[70759c8f55707aa4]::thread::lifecycle::spawn_unchecked<test[9d35eded1c95d3be]::run_test::{closure#1}, ()>::{closure#1} as core[df12db4294e9bfd3]::ops::function::FnOnce<()>>::call_once::{shim:vtable#0}
[INFO] [stdout]   16:     0x653e0afcd829 - <std[70759c8f55707aa4]::sys::thread::unix::Thread>::new::thread_start
[INFO] [stdout]   17:     0x713ceb21ddfa - <unknown>
[INFO] [stdout]   18:     0x713ceb2b13d4 - clone
[INFO] [stdout]   19:                0x0 - <unknown>
[INFO] [stdout] 
[INFO] [stdout] ---- enum_version stdout ----
[INFO] [stdout] 
[INFO] [stdout] thread 'enum_version' (1003) panicked at tests/from_env.rs:362:5:
[INFO] [stdout] command failed to execute: IO error: No such file or directory (os error 2)
[INFO] [stdout] stack backtrace:
[INFO] [stdout]    0:     0x653e0afcdf51 - <<std[70759c8f55707aa4]::sys::backtrace::BacktraceLock>::print::DisplayBacktrace as core[df12db4294e9bfd3]::fmt::Display>::fmt
[INFO] [stdout]    1:     0x653e0afe212a - core[df12db4294e9bfd3]::fmt::write
[INFO] [stdout]    2:     0x653e0afd23ec - <alloc[2182bb758b4b3781]::vec::Vec<u8> as core[df12db4294e9bfd3]::io::write::Write>::write_fmt
[INFO] [stdout]    3:     0x653e0afaa126 - std[70759c8f55707aa4]::panicking::default_hook::{closure#0}
[INFO] [stdout]    4:     0x653e0afc66b9 - std[70759c8f55707aa4]::panicking::default_hook
[INFO] [stdout]    5:     0x653e0af62720 - test[9d35eded1c95d3be]::test_main_inner::<test[9d35eded1c95d3be]::test_main_static::{closure#0}>::{closure#0}
[INFO] [stdout]    6:     0x653e0afc6872 - std[70759c8f55707aa4]::panicking::panic_with_hook
[INFO] [stdout]    7:     0x653e0afaa1d2 - std[70759c8f55707aa4]::panicking::panic_handler::{closure#0}
[INFO] [stdout]    8:     0x653e0afa2f59 - std[70759c8f55707aa4]::sys::backtrace::__rust_end_short_backtrace::<std[70759c8f55707aa4]::panicking::panic_handler::{closure#0}, !>
[INFO] [stdout]    9:     0x653e0afaadcd - __rustc[8fa7c3cbc660c2b3]::rust_begin_unwind
[INFO] [stdout]   10:     0x653e0afe285c - core[df12db4294e9bfd3]::panicking::panic_fmt
[INFO] [stdout]   11:     0x653e0af43a9d - <from_env[c0020c7cb6b1eadc]::enum_version::{closure#0} as core[df12db4294e9bfd3]::ops::function::FnOnce<()>>::call_once
[INFO] [stdout]   12:     0x653e0af55a0b - test[9d35eded1c95d3be]::__rust_begin_short_backtrace::<core[df12db4294e9bfd3]::result::Result<(), alloc[2182bb758b4b3781]::string::String>, fn() -> core[df12db4294e9bfd3]::result::Result<(), alloc[2182bb758b4b3781]::string::String>>
[INFO] [stdout]   13:     0x653e0af63075 - test[9d35eded1c95d3be]::run_test::{closure#0}
[INFO] [stdout]   14:     0x653e0af5c934 - std[70759c8f55707aa4]::sys::backtrace::__rust_begin_short_backtrace::<test[9d35eded1c95d3be]::run_test::{closure#1}, ()>
[INFO] [stdout]   15:     0x653e0af661d2 - <std[70759c8f55707aa4]::thread::lifecycle::spawn_unchecked<test[9d35eded1c95d3be]::run_test::{closure#1}, ()>::{closure#1} as core[df12db4294e9bfd3]::ops::function::FnOnce<()>>::call_once::{shim:vtable#0}
[INFO] [stdout]   16:     0x653e0afcd829 - <std[70759c8f55707aa4]::sys::thread::unix::Thread>::new::thread_start
[INFO] [stdout]   17:     0x713ceb21ddfa - <unknown>
[INFO] [stdout]   18:     0x713ceb2b13d4 - clone
[INFO] [stdout]   19:                0x0 - <unknown>
[INFO] [stdout] 
[INFO] [stdout] ---- primitive stdout ----
[INFO] [stdout] 
[INFO] [stdout] thread 'primitive' (1017) panicked at tests/from_env.rs:27:5:
[INFO] [stdout] assertion failed, expected Ok(_), got Err(IO(Os { code: 2, kind: NotFound, message: "No such file or directory" }))
[INFO] [stdout] stack backtrace:
[INFO] [stdout]    0:     0x653e0afcdf51 - <<std[70759c8f55707aa4]::sys::backtrace::BacktraceLock>::print::DisplayBacktrace as core[df12db4294e9bfd3]::fmt::Display>::fmt
[INFO] [stdout]    1:     0x653e0afe212a - core[df12db4294e9bfd3]::fmt::write
[INFO] [stdout]    2:     0x653e0afd23ec - <alloc[2182bb758b4b3781]::vec::Vec<u8> as core[df12db4294e9bfd3]::io::write::Write>::write_fmt
[INFO] [stdout]    3:     0x653e0afaa126 - std[70759c8f55707aa4]::panicking::default_hook::{closure#0}
[INFO] [stdout]    4:     0x653e0afc66b9 - std[70759c8f55707aa4]::panicking::default_hook
[INFO] [stdout]    5:     0x653e0af62720 - test[9d35eded1c95d3be]::test_main_inner::<test[9d35eded1c95d3be]::test_main_static::{closure#0}>::{closure#0}
[INFO] [stdout]    6:     0x653e0afc6872 - std[70759c8f55707aa4]::panicking::panic_with_hook
[INFO] [stdout]    7:     0x653e0afaa1d2 - std[70759c8f55707aa4]::panicking::panic_handler::{closure#0}
[INFO] [stdout]    8:     0x653e0afa2f59 - std[70759c8f55707aa4]::sys::backtrace::__rust_end_short_backtrace::<std[70759c8f55707aa4]::panicking::panic_handler::{closure#0}, !>
[INFO] [stdout]    9:     0x653e0afaadcd - __rustc[8fa7c3cbc660c2b3]::rust_begin_unwind
[INFO] [stdout]   10:     0x653e0afe285c - core[df12db4294e9bfd3]::panicking::panic_fmt
[INFO] [stdout]   11:     0x653e0af41ff5 - from_env[c0020c7cb6b1eadc]::primitive
[INFO] [stdout]   12:     0x653e0af537e9 - <from_env[c0020c7cb6b1eadc]::primitive::{closure#0} as core[df12db4294e9bfd3]::ops::function::FnOnce<()>>::call_once
[INFO] [stdout]   13:     0x653e0af55a0b - test[9d35eded1c95d3be]::__rust_begin_short_backtrace::<core[df12db4294e9bfd3]::result::Result<(), alloc[2182bb758b4b3781]::string::String>, fn() -> core[df12db4294e9bfd3]::result::Result<(), alloc[2182bb758b4b3781]::string::String>>
[INFO] [stdout]   14:     0x653e0af63075 - test[9d35eded1c95d3be]::run_test::{closure#0}
[INFO] [stdout]   15:     0x653e0af5c934 - std[70759c8f55707aa4]::sys::backtrace::__rust_begin_short_backtrace::<test[9d35eded1c95d3be]::run_test::{closure#1}, ()>
[INFO] [stdout]   16:     0x653e0af661d2 - <std[70759c8f55707aa4]::thread::lifecycle::spawn_unchecked<test[9d35eded1c95d3be]::run_test::{closure#1}, ()>::{closure#1} as core[df12db4294e9bfd3]::ops::function::FnOnce<()>>::call_once::{shim:vtable#0}
[INFO] [stdout]   17:     0x653e0afcd829 - <std[70759c8f55707aa4]::sys::thread::unix::Thread>::new::thread_start
[INFO] [stdout]   18:     0x713ceb21ddfa - <unknown>
[INFO] [stdout]   19:     0x713ceb2b13d4 - clone
[INFO] [stdout]   20:                0x0 - <unknown>
[INFO] [stdout] 
[INFO] [stdout] ---- struct_deserialize_with stdout ----
[INFO] [stdout] 
[INFO] [stdout] thread 'struct_deserialize_with' (1021) panicked at tests/from_env.rs:378:5:
[INFO] [stdout] assertion failed, expected Ok(_), got Err(IO(Os { code: 2, kind: NotFound, message: "No such file or directory" }))
[INFO] [stdout] stack backtrace:
[INFO] [stdout]    0:     0x653e0afcdf51 - <<std[70759c8f55707aa4]::sys::backtrace::BacktraceLock>::print::DisplayBacktrace as core[df12db4294e9bfd3]::fmt::Display>::fmt
[INFO] [stdout]    1:     0x653e0afe212a - core[df12db4294e9bfd3]::fmt::write
[INFO] [stdout]    2:     0x653e0afd23ec - <alloc[2182bb758b4b3781]::vec::Vec<u8> as core[df12db4294e9bfd3]::io::write::Write>::write_fmt
[INFO] [stdout]    3:     0x653e0afaa126 - std[70759c8f55707aa4]::panicking::default_hook::{closure#0}
[INFO] [stdout]    4:     0x653e0afc66b9 - std[70759c8f55707aa4]::panicking::default_hook
[INFO] [stdout]    5:     0x653e0af62720 - test[9d35eded1c95d3be]::test_main_inner::<test[9d35eded1c95d3be]::test_main_static::{closure#0}>::{closure#0}
[INFO] [stdout]    6:     0x653e0afc6872 - std[70759c8f55707aa4]::panicking::panic_with_hook
[INFO] [stdout]    7:     0x653e0afaa1d2 - std[70759c8f55707aa4]::panicking::panic_handler::{closure#0}
[INFO] [stdout]    8:     0x653e0afa2f59 - std[70759c8f55707aa4]::sys::backtrace::__rust_end_short_backtrace::<std[70759c8f55707aa4]::panicking::panic_handler::{closure#0}, !>
[INFO] [stdout]    9:     0x653e0afaadcd - __rustc[8fa7c3cbc660c2b3]::rust_begin_unwind
[INFO] [stdout]   10:     0x653e0afe285c - core[df12db4294e9bfd3]::panicking::panic_fmt
[INFO] [stdout]   11:     0x653e0af4b27d - <from_env[c0020c7cb6b1eadc]::struct_deserialize_with::{closure#0} as core[df12db4294e9bfd3]::ops::function::FnOnce<()>>::call_once
[INFO] [stdout]   12:     0x653e0af55a0b - test[9d35eded1c95d3be]::__rust_begin_short_backtrace::<core[df12db4294e9bfd3]::result::Result<(), alloc[2182bb758b4b3781]::string::String>, fn() -> core[df12db4294e9bfd3]::result::Result<(), alloc[2182bb758b4b3781]::string::String>>
[INFO] [stdout]   13:     0x653e0af63075 - test[9d35eded1c95d3be]::run_test::{closure#0}
[INFO] [stdout]   14:     0x653e0af5c934 - std[70759c8f55707aa4]::sys::backtrace::__rust_begin_short_backtrace::<test[9d35eded1c95d3be]::run_test::{closure#1}, ()>
[INFO] [stdout]   15:     0x653e0af661d2 - <std[70759c8f55707aa4]::thread::lifecycle::spawn_unchecked<test[9d35eded1c95d3be]::run_test::{closure#1}, ()>::{closure#1} as core[df12db4294e9bfd3]::ops::function::FnOnce<()>>::call_once::{shim:vtable#0}
[INFO] [stdout]   16:     0x653e0afcd829 - <std[70759c8f55707aa4]::sys::thread::unix::Thread>::new::thread_start
[INFO] [stdout]   17:     0x713ceb21ddfa - <unknown>
[INFO] [stdout]   18:     0x713ceb2b13d4 - clone
[INFO] [stdout]   19:                0x0 - <unknown>
[INFO] [stdout] 
[INFO] [stdout] ---- struct_help stdout ----
[INFO] [stdout] 
[INFO] [stdout] thread 'struct_help' (1022) panicked at tests/from_env.rs:322:5:
[INFO] [stdout] command failed to execute: IO error: No such file or directory (os error 2)
[INFO] [stdout] stack backtrace:
[INFO] [stdout]    0:     0x653e0afcdf51 - <<std[70759c8f55707aa4]::sys::backtrace::BacktraceLock>::print::DisplayBacktrace as core[df12db4294e9bfd3]::fmt::Display>::fmt
[INFO] [stdout]    1:     0x653e0afe212a - core[df12db4294e9bfd3]::fmt::write
[INFO] [stdout]    2:     0x653e0afd23ec - <alloc[2182bb758b4b3781]::vec::Vec<u8> as core[df12db4294e9bfd3]::io::write::Write>::write_fmt
[INFO] [stdout]    3:     0x653e0afaa126 - std[70759c8f55707aa4]::panicking::default_hook::{closure#0}
[INFO] [stdout]    4:     0x653e0afc66b9 - std[70759c8f55707aa4]::panicking::default_hook
[INFO] [stdout]    5:     0x653e0af62720 - test[9d35eded1c95d3be]::test_main_inner::<test[9d35eded1c95d3be]::test_main_static::{closure#0}>::{closure#0}
[INFO] [stdout]    6:     0x653e0afc6872 - std[70759c8f55707aa4]::panicking::panic_with_hook
[INFO] [stdout]    7:     0x653e0afaa1d2 - std[70759c8f55707aa4]::panicking::panic_handler::{closure#0}
[INFO] [stdout]    8:     0x653e0afa2f59 - std[70759c8f55707aa4]::sys::backtrace::__rust_end_short_backtrace::<std[70759c8f55707aa4]::panicking::panic_handler::{closure#0}, !>
[INFO] [stdout]    9:     0x653e0afaadcd - __rustc[8fa7c3cbc660c2b3]::rust_begin_unwind
[INFO] [stdout]   10:     0x653e0afe285c - core[df12db4294e9bfd3]::panicking::panic_fmt
[INFO] [stdout]   11:     0x653e0af43732 - <from_env[c0020c7cb6b1eadc]::struct_help::{closure#0} as core[df12db4294e9bfd3]::ops::function::FnOnce<()>>::call_once
[INFO] [stdout]   12:     0x653e0af55a0b - test[9d35eded1c95d3be]::__rust_begin_short_backtrace::<core[df12db4294e9bfd3]::result::Result<(), alloc[2182bb758b4b3781]::string::String>, fn() -> core[df12db4294e9bfd3]::result::Result<(), alloc[2182bb758b4b3781]::string::String>>
[INFO] [stderr] error: test failed, to rerun pass `--test from_env`
[INFO] [stdout]   13:     0x653e0af63075 - test[9d35eded1c95d3be]::run_test::{closure#0}
[INFO] [stdout]   14:     0x653e0af5c934 - std[70759c8f55707aa4]::sys::backtrace::__rust_begin_short_backtrace::<test[9d35eded1c95d3be]::run_test::{closure#1}, ()>
[INFO] [stdout]   15:     0x653e0af661d2 - <std[70759c8f55707aa4]::thread::lifecycle::spawn_unchecked<test[9d35eded1c95d3be]::run_test::{closure#1}, ()>::{closure#1} as core[df12db4294e9bfd3]::ops::function::FnOnce<()>>::call_once::{shim:vtable#0}
[INFO] [stdout]   16:     0x653e0afcd829 - <std[70759c8f55707aa4]::sys::thread::unix::Thread>::new::thread_start
[INFO] [stdout]   17:     0x713ceb21ddfa - <unknown>
[INFO] [stdout]   18:     0x713ceb2b13d4 - clone
[INFO] [stdout]   19:                0x0 - <unknown>
[INFO] [stdout] 
[INFO] [stdout] ---- struct_help_color stdout ----
[INFO] [stdout] 
[INFO] [stdout] thread 'struct_help_color' (1027) panicked at tests/from_env.rs:338:5:
[INFO] [stdout] command failed to execute: IO error: No such file or directory (os error 2)
[INFO] [stdout] stack backtrace:
[INFO] [stdout]    0:     0x653e0afcdf51 - <<std[70759c8f55707aa4]::sys::backtrace::BacktraceLock>::print::DisplayBacktrace as core[df12db4294e9bfd3]::fmt::Display>::fmt
[INFO] [stdout]    1:     0x653e0afe212a - core[df12db4294e9bfd3]::fmt::write
[INFO] [stdout]    2:     0x653e0afd23ec - <alloc[2182bb758b4b3781]::vec::Vec<u8> as core[df12db4294e9bfd3]::io::write::Write>::write_fmt
[INFO] [stdout]    3:     0x653e0afaa126 - std[70759c8f55707aa4]::panicking::default_hook::{closure#0}
[INFO] [stdout]    4:     0x653e0afc66b9 - std[70759c8f55707aa4]::panicking::default_hook
[INFO] [stdout]    5:     0x653e0af62720 - test[9d35eded1c95d3be]::test_main_inner::<test[9d35eded1c95d3be]::test_main_static::{closure#0}>::{closure#0}
[INFO] [stdout]    6:     0x653e0afc6872 - std[70759c8f55707aa4]::panicking::panic_with_hook
[INFO] [stdout]    7:     0x653e0afaa1d2 - std[70759c8f55707aa4]::panicking::panic_handler::{closure#0}
[INFO] [stdout]    8:     0x653e0afa2f59 - std[70759c8f55707aa4]::sys::backtrace::__rust_end_short_backtrace::<std[70759c8f55707aa4]::panicking::panic_handler::{closure#0}, !>
[INFO] [stdout]    9:     0x653e0afaadcd - __rustc[8fa7c3cbc660c2b3]::rust_begin_unwind
[INFO] [stdout]   10:     0x653e0afe285c - core[df12db4294e9bfd3]::panicking::panic_fmt
[INFO] [stdout]   11:     0x653e0af4ab92 - <from_env[c0020c7cb6b1eadc]::struct_help_color::{closure#0} as core[df12db4294e9bfd3]::ops::function::FnOnce<()>>::call_once
[INFO] [stdout]   12:     0x653e0af55a0b - test[9d35eded1c95d3be]::__rust_begin_short_backtrace::<core[df12db4294e9bfd3]::result::Result<(), alloc[2182bb758b4b3781]::string::String>, fn() -> core[df12db4294e9bfd3]::result::Result<(), alloc[2182bb758b4b3781]::string::String>>
[INFO] [stdout]   13:     0x653e0af63075 - test[9d35eded1c95d3be]::run_test::{closure#0}
[INFO] [stdout]   14:     0x653e0af5c934 - std[70759c8f55707aa4]::sys::backtrace::__rust_begin_short_backtrace::<test[9d35eded1c95d3be]::run_test::{closure#1}, ()>
[INFO] [stdout]   15:     0x653e0af661d2 - <std[70759c8f55707aa4]::thread::lifecycle::spawn_unchecked<test[9d35eded1c95d3be]::run_test::{closure#1}, ()>::{closure#1} as core[df12db4294e9bfd3]::ops::function::FnOnce<()>>::call_once::{shim:vtable#0}
[INFO] [stdout]   16:     0x653e0afcd829 - <std[70759c8f55707aa4]::sys::thread::unix::Thread>::new::thread_start
[INFO] [stdout]   17:     0x713ceb21ddfa - <unknown>
[INFO] [stdout]   18:     0x713ceb2b13d4 - clone
[INFO] [stdout]   19:                0x0 - <unknown>
[INFO] [stdout] 
[INFO] [stdout] ---- struct_version stdout ----
[INFO] [stdout] 
[INFO] [stdout] thread 'struct_version' (1028) panicked at tests/from_env.rs:354:5:
[INFO] [stdout] command failed to execute: IO error: No such file or directory (os error 2)
[INFO] [stdout] stack backtrace:
[INFO] [stdout]    0:     0x653e0afcdf51 - <<std[70759c8f55707aa4]::sys::backtrace::BacktraceLock>::print::DisplayBacktrace as core[df12db4294e9bfd3]::fmt::Display>::fmt
[INFO] [stdout]    1:     0x653e0afe212a - core[df12db4294e9bfd3]::fmt::write
[INFO] [stdout]    2:     0x653e0afd23ec - <alloc[2182bb758b4b3781]::vec::Vec<u8> as core[df12db4294e9bfd3]::io::write::Write>::write_fmt
[INFO] [stdout]    3:     0x653e0afaa126 - std[70759c8f55707aa4]::panicking::default_hook::{closure#0}
[INFO] [stdout]    4:     0x653e0afc66b9 - std[70759c8f55707aa4]::panicking::default_hook
[INFO] [stdout]    5:     0x653e0af62720 - test[9d35eded1c95d3be]::test_main_inner::<test[9d35eded1c95d3be]::test_main_static::{closure#0}>::{closure#0}
[INFO] [stdout]    6:     0x653e0afc6872 - std[70759c8f55707aa4]::panicking::panic_with_hook
[INFO] [stdout]    7:     0x653e0afaa1d2 - std[70759c8f55707aa4]::panicking::panic_handler::{closure#0}
[INFO] [stdout]    8:     0x653e0afa2f59 - std[70759c8f55707aa4]::sys::backtrace::__rust_end_short_backtrace::<std[70759c8f55707aa4]::panicking::panic_handler::{closure#0}, !>
[INFO] [stdout]    9:     0x653e0afaadcd - __rustc[8fa7c3cbc660c2b3]::rust_begin_unwind
[INFO] [stdout]   10:     0x653e0afe285c - core[df12db4294e9bfd3]::panicking::panic_fmt
[INFO] [stdout]   11:     0x653e0af469cd - <from_env[c0020c7cb6b1eadc]::struct_version::{closure#0} as core[df12db4294e9bfd3]::ops::function::FnOnce<()>>::call_once
[INFO] [stdout]   12:     0x653e0af55a0b - test[9d35eded1c95d3be]::__rust_begin_short_backtrace::<core[df12db4294e9bfd3]::result::Result<(), alloc[2182bb758b4b3781]::string::String>, fn() -> core[df12db4294e9bfd3]::result::Result<(), alloc[2182bb758b4b3781]::string::String>>
[INFO] [stdout]   13:     0x653e0af63075 - test[9d35eded1c95d3be]::run_test::{closure#0}
[INFO] [stdout]   14:     0x653e0af5c934 - std[70759c8f55707aa4]::sys::backtrace::__rust_begin_short_backtrace::<test[9d35eded1c95d3be]::run_test::{closure#1}, ()>
[INFO] [stdout]   15:     0x653e0af661d2 - <std[70759c8f55707aa4]::thread::lifecycle::spawn_unchecked<test[9d35eded1c95d3be]::run_test::{closure#1}, ()>::{closure#1} as core[df12db4294e9bfd3]::ops::function::FnOnce<()>>::call_once::{shim:vtable#0}
[INFO] [stdout]   16:     0x653e0afcd829 - <std[70759c8f55707aa4]::sys::thread::unix::Thread>::new::thread_start
[INFO] [stdout]   17:     0x713ceb21ddfa - <unknown>
[INFO] [stdout]   18:     0x713ceb2b13d4 - clone
[INFO] [stdout]   19:                0x0 - <unknown>
[INFO] [stdout] 
[INFO] [stdout] ---- boolean_fields stdout ----
[INFO] [stdout] 
[INFO] [stdout] thread 'boolean_fields' (998) panicked at tests/from_env.rs:225:5:
[INFO] [stdout] assertion failed, expected Ok(_), got Err(IO(Os { code: 2, kind: NotFound, message: "No such file or directory" }))
[INFO] [stdout] stack backtrace:
[INFO] [stdout]    0:     0x653e0afcdf51 - <<std[70759c8f55707aa4]::sys::backtrace::BacktraceLock>::print::DisplayBacktrace as core[df12db4294e9bfd3]::fmt::Display>::fmt
[INFO] [stdout]    1:     0x653e0afe212a - core[df12db4294e9bfd3]::fmt::write
[INFO] [stdout]    2:     0x653e0afd23ec - <alloc[2182bb758b4b3781]::vec::Vec<u8> as core[df12db4294e9bfd3]::io::write::Write>::write_fmt
[INFO] [stdout]    3:     0x653e0afaa126 - std[70759c8f55707aa4]::panicking::default_hook::{closure#0}
[INFO] [stdout]    4:     0x653e0afc66b9 - std[70759c8f55707aa4]::panicking::default_hook
[INFO] [stdout]    5:     0x653e0af62720 - test[9d35eded1c95d3be]::test_main_inner::<test[9d35eded1c95d3be]::test_main_static::{closure#0}>::{closure#0}
[INFO] [stdout]    6:     0x653e0afc6872 - std[70759c8f55707aa4]::panicking::panic_with_hook
[INFO] [stdout]    7:     0x653e0afaa1d2 - std[70759c8f55707aa4]::panicking::panic_handler::{closure#0}
[INFO] [stdout]    8:     0x653e0afa2f59 - std[70759c8f55707aa4]::sys::backtrace::__rust_end_short_backtrace::<std[70759c8f55707aa4]::panicking::panic_handler::{closure#0}, !>
[INFO] [stdout]    9:     0x653e0afaadcd - __rustc[8fa7c3cbc660c2b3]::rust_begin_unwind
[INFO] [stdout]   10:     0x653e0afe285c - core[df12db4294e9bfd3]::panicking::panic_fmt
[INFO] [stdout]   11:     0x653e0af45a42 - <from_env[c0020c7cb6b1eadc]::boolean_fields::{closure#0} as core[df12db4294e9bfd3]::ops::function::FnOnce<()>>::call_once
[INFO] [stdout]   12:     0x653e0af55a0b - test[9d35eded1c95d3be]::__rust_begin_short_backtrace::<core[df12db4294e9bfd3]::result::Result<(), alloc[2182bb758b4b3781]::string::String>, fn() -> core[df12db4294e9bfd3]::result::Result<(), alloc[2182bb758b4b3781]::string::String>>
[INFO] [stdout]   13:     0x653e0af63075 - test[9d35eded1c95d3be]::run_test::{closure#0}
[INFO] [stdout]   14:     0x653e0af5c934 - std[70759c8f55707aa4]::sys::backtrace::__rust_begin_short_backtrace::<test[9d35eded1c95d3be]::run_test::{closure#1}, ()>
[INFO] [stdout]   15:     0x653e0af661d2 - <std[70759c8f55707aa4]::thread::lifecycle::spawn_unchecked<test[9d35eded1c95d3be]::run_test::{closure#1}, ()>::{closure#1} as core[df12db4294e9bfd3]::ops::function::FnOnce<()>>::call_once::{shim:vtable#0}
[INFO] [stdout]   16:     0x653e0afcd829 - <std[70759c8f55707aa4]::sys::thread::unix::Thread>::new::thread_start
[INFO] [stdout]   17:     0x713ceb21ddfa - <unknown>
[INFO] [stdout]   18:     0x713ceb2b13d4 - clone
[INFO] [stdout]   19:                0x0 - <unknown>
[INFO] [stdout] 
[INFO] [stdout] ---- struct_version_help stdout ----
[INFO] [stdout] 
[INFO] [stdout] thread 'struct_version_help' (1029) panicked at tests/from_env.rs:370:5:
[INFO] [stdout] command failed to execute: IO error: No such file or directory (os error 2)
[INFO] [stdout] stack backtrace:
[INFO] [stdout]    0:     0x653e0afcdf51 - <<std[70759c8f55707aa4]::sys::backtrace::BacktraceLock>::print::DisplayBacktrace as core[df12db4294e9bfd3]::fmt::Display>::fmt
[INFO] [stdout]    1:     0x653e0afe212a - core[df12db4294e9bfd3]::fmt::write
[INFO] [stdout]    2:     0x653e0afd23ec - <alloc[2182bb758b4b3781]::vec::Vec<u8> as core[df12db4294e9bfd3]::io::write::Write>::write_fmt
[INFO] [stdout]    3:     0x653e0afaa126 - std[70759c8f55707aa4]::panicking::default_hook::{closure#0}
[INFO] [stdout]    4:     0x653e0afc66b9 - std[70759c8f55707aa4]::panicking::default_hook
[INFO] [stdout]    5:     0x653e0af62720 - test[9d35eded1c95d3be]::test_main_inner::<test[9d35eded1c95d3be]::test_main_static::{closure#0}>::{closure#0}
[INFO] [stdout]    6:     0x653e0afc6872 - std[70759c8f55707aa4]::panicking::panic_with_hook
[INFO] [stdout]    7:     0x653e0afaa1d2 - std[70759c8f55707aa4]::panicking::panic_handler::{closure#0}
[INFO] [stdout]    8:     0x653e0afa2f59 - std[70759c8f55707aa4]::sys::backtrace::__rust_end_short_backtrace::<std[70759c8f55707aa4]::panicking::panic_handler::{closure#0}, !>
[INFO] [stdout]    9:     0x653e0afaadcd - __rustc[8fa7c3cbc660c2b3]::rust_begin_unwind
[INFO] [stdout]   10:     0x653e0afe285c - core[df12db4294e9bfd3]::panicking::panic_fmt
[INFO] [stdout]   11:     0x653e0af4aefd - <from_env[c0020c7cb6b1eadc]::struct_version_help::{closure#0} as core[df12db4294e9bfd3]::ops::function::FnOnce<()>>::call_once
[INFO] [stdout]   12:     0x653e0af55a0b - test[9d35eded1c95d3be]::__rust_begin_short_backtrace::<core[df12db4294e9bfd3]::result::Result<(), alloc[2182bb758b4b3781]::string::String>, fn() -> core[df12db4294e9bfd3]::result::Result<(), alloc[2182bb758b4b3781]::string::String>>
[INFO] [stdout]   13:     0x653e0af63075 - test[9d35eded1c95d3be]::run_test::{closure#0}
[INFO] [stdout]   14:     0x653e0af5c934 - std[70759c8f55707aa4]::sys::backtrace::__rust_begin_short_backtrace::<test[9d35eded1c95d3be]::run_test::{closure#1}, ()>
[INFO] [stdout]   15:     0x653e0af661d2 - <std[70759c8f55707aa4]::thread::lifecycle::spawn_unchecked<test[9d35eded1c95d3be]::run_test::{closure#1}, ()>::{closure#1} as core[df12db4294e9bfd3]::ops::function::FnOnce<()>>::call_once::{shim:vtable#0}
[INFO] [stdout]   16:     0x653e0afcd829 - <std[70759c8f55707aa4]::sys::thread::unix::Thread>::new::thread_start
[INFO] [stdout]   17:     0x713ceb21ddfa - <unknown>
[INFO] [stdout]   18:     0x713ceb2b13d4 - clone
[INFO] [stdout]   19:                0x0 - <unknown>
[INFO] [stdout] 
[INFO] [stdout] 
[INFO] [stdout] failures:
[INFO] [stdout]     boolean
[INFO] [stdout]     boolean_fields
[INFO] [stdout]     empty
[INFO] [stdout]     enum_alias
[INFO] [stdout]     enum_help
[INFO] [stdout]     enum_help_color
[INFO] [stdout]     enum_version
[INFO] [stdout]     enum_version_help
[INFO] [stdout]     option
[INFO] [stdout]     optional_fields
[INFO] [stdout]     primitive
[INFO] [stdout]     r#enum
[INFO] [stdout]     required_fields
[INFO] [stdout]     struct_deserialize_with
[INFO] [stdout]     struct_help
[INFO] [stdout]     struct_help_color
[INFO] [stdout]     struct_version
[INFO] [stdout]     struct_version_help
[INFO] [stdout] 
[INFO] [stdout] test result: FAILED. 0 passed; 18 failed; 0 ignored; 0 measured; 0 filtered out; finished in 0.02s
[INFO] [stdout] 
[INFO] running `Command { std: "docker" "inspect" "3bcff01d4c5b9e0b6aad51a137d06c4aba6429e46c2d30e28b1757abc449deb5", kill_on_drop: false }`
[INFO] running `Command { std: "docker" "rm" "-f" "3bcff01d4c5b9e0b6aad51a137d06c4aba6429e46c2d30e28b1757abc449deb5", kill_on_drop: false }`
[INFO] [stdout] 3bcff01d4c5b9e0b6aad51a137d06c4aba6429e46c2d30e28b1757abc449deb5
