[INFO] fetching crate serde-tuplex-derive 0.1.1...
[INFO] testing serde-tuplex-derive-0.1.1 against 1.99.0-beta.8+cargoflags=--release for beta-release-1.100-2
[INFO] extracting crate serde-tuplex-derive 0.1.1 into /workspace/builds/worker-0-tc1/source
[INFO] started tweaking crates.io crate serde-tuplex-derive 0.1.1
[INFO] finished tweaking crates.io crate serde-tuplex-derive 0.1.1
[INFO] tweaked toml for crates.io crate serde-tuplex-derive 0.1.1 written to /workspace/builds/worker-0-tc1/source/Cargo.toml
[INFO] validating manifest of crates.io crate serde-tuplex-derive 0.1.1 on toolchain 1.99.0-beta.8
[INFO] running `Command { std: CARGO_HOME="/workspace/cargo-home" RUSTUP_HOME="/workspace/rustup-home" "/workspace/cargo-home/bin/cargo" "+1.99.0-beta.8" "metadata" "--manifest-path" "Cargo.toml" "--no-deps", kill_on_drop: false }`
[INFO] crate crates.io crate serde-tuplex-derive 0.1.1 already has a lockfile, it will not be regenerated
[INFO] running `Command { std: CARGO_HOME="/workspace/cargo-home" RUSTUP_HOME="/workspace/rustup-home" "/workspace/cargo-home/bin/cargo" "+1.99.0-beta.8" "fetch" "--manifest-path" "Cargo.toml", kill_on_drop: false }`
[INFO] running `Command { std: "docker" "create" "-v" "/var/lib/crater-agent-workspace/builds/worker-0-tc1/source:/opt/rustwide/workdir:ro,Z" "-v" "/var/lib/crater-agent-workspace/builds/worker-0-tc1/target:/opt/rustwide/target:rw,Z" "-v" "/var/lib/crater-agent-workspace/cargo-home:/opt/rustwide/cargo-home:ro,Z" "-v" "/var/lib/crater-agent-workspace/rustup-home:/opt/rustwide/rustup-home:ro,Z" "-m" "1610612736" "--network" "none" "ghcr.io/rust-lang/crates-build-env/linux@sha256:77db811e55d90add9212f6832c23229e3de5f1c1f9905e8cb07319ea15df73ac" "sleep" "infinity", kill_on_drop: false }`
[INFO] [stdout] f7b02cddda88d6c269fa8dde158586736aed36f9527f92573cfd7c64ffbcfd34
[INFO] running `Command { std: "docker" "start" "f7b02cddda88d6c269fa8dde158586736aed36f9527f92573cfd7c64ffbcfd34", kill_on_drop: false }`
[INFO] running `Command { std: "docker" "inspect" "f7b02cddda88d6c269fa8dde158586736aed36f9527f92573cfd7c64ffbcfd34", kill_on_drop: false }`
[INFO] running `Command { std: "docker" "exec" "-e" "SOURCE_DIR=/opt/rustwide/workdir" "-e" "CARGO_HOME=/opt/rustwide/cargo-home" "-e" "RUSTUP_HOME=/opt/rustwide/rustup-home" "-e" "CARGO_TARGET_DIR=/opt/rustwide/target" "-w" "/opt/rustwide/workdir" "--user" "0:0" "f7b02cddda88d6c269fa8dde158586736aed36f9527f92573cfd7c64ffbcfd34" "/opt/rustwide/cargo-home/bin/cargo" "+1.99.0-beta.8" "metadata" "--no-deps" "--format-version=1", kill_on_drop: false }`
[INFO] running `Command { std: "docker" "inspect" "f7b02cddda88d6c269fa8dde158586736aed36f9527f92573cfd7c64ffbcfd34", kill_on_drop: false }`
[INFO] running `Command { std: "docker" "exec" "-e" "SOURCE_DIR=/opt/rustwide/workdir" "-e" "CARGO_HOME=/opt/rustwide/cargo-home" "-e" "RUSTUP_HOME=/opt/rustwide/rustup-home" "-e" "CARGO_TARGET_DIR=/opt/rustwide/target" "-e" "CARGO_INCREMENTAL=0" "-e" "RUST_BACKTRACE=full" "-e" "RUSTFLAGS=--cap-lints=warn" "-e" "RUSTDOCFLAGS=--cap-lints=warn" "-w" "/opt/rustwide/workdir" "--user" "0:0" "f7b02cddda88d6c269fa8dde158586736aed36f9527f92573cfd7c64ffbcfd34" "/opt/rustwide/cargo-home/bin/cargo" "+1.99.0-beta.8" "build" "--frozen" "--message-format=json" "--release", kill_on_drop: false }`
[INFO] [stderr]    Compiling quote v1.0.42
[INFO] [stderr]    Compiling syn v2.0.109
[INFO] [stderr]    Compiling serde-tuplex-derive v0.1.1 (/opt/rustwide/workdir)
[INFO] [stderr]     Finished `release` profile [optimized] target(s) in 8.18s
[INFO] running `Command { std: "docker" "inspect" "f7b02cddda88d6c269fa8dde158586736aed36f9527f92573cfd7c64ffbcfd34", kill_on_drop: false }`
[INFO] running `Command { std: "docker" "exec" "-e" "SOURCE_DIR=/opt/rustwide/workdir" "-e" "CARGO_HOME=/opt/rustwide/cargo-home" "-e" "RUSTUP_HOME=/opt/rustwide/rustup-home" "-e" "CARGO_TARGET_DIR=/opt/rustwide/target" "-e" "CARGO_INCREMENTAL=0" "-e" "RUST_BACKTRACE=full" "-e" "RUSTFLAGS=--cap-lints=warn" "-e" "RUSTDOCFLAGS=--cap-lints=warn" "-w" "/opt/rustwide/workdir" "--user" "0:0" "f7b02cddda88d6c269fa8dde158586736aed36f9527f92573cfd7c64ffbcfd34" "/opt/rustwide/cargo-home/bin/cargo" "+1.99.0-beta.8" "test" "--frozen" "--no-run" "--message-format=json" "--release", kill_on_drop: false }`
[INFO] [stderr]    Compiling serde-tuplex-derive v0.1.1 (/opt/rustwide/workdir)
[INFO] [stderr]     Finished `release` profile [optimized] target(s) in 0.92s
[INFO] running `Command { std: "docker" "inspect" "f7b02cddda88d6c269fa8dde158586736aed36f9527f92573cfd7c64ffbcfd34", kill_on_drop: false }`
[INFO] running `Command { std: "docker" "exec" "-e" "SOURCE_DIR=/opt/rustwide/workdir" "-e" "CARGO_HOME=/opt/rustwide/cargo-home" "-e" "RUSTUP_HOME=/opt/rustwide/rustup-home" "-e" "CARGO_TARGET_DIR=/opt/rustwide/target" "-e" "CARGO_INCREMENTAL=0" "-e" "RUST_BACKTRACE=full" "-e" "RUSTFLAGS=--cap-lints=warn" "-e" "RUSTDOCFLAGS=--cap-lints=warn" "-w" "/opt/rustwide/workdir" "--user" "0:0" "f7b02cddda88d6c269fa8dde158586736aed36f9527f92573cfd7c64ffbcfd34" "/opt/rustwide/cargo-home/bin/cargo" "+1.99.0-beta.8" "test" "--frozen" "--release", kill_on_drop: false }`
[INFO] [stderr]     Finished `release` profile [optimized] target(s) in 0.02s
[INFO] [stderr]      Running unittests src/lib.rs (/opt/rustwide/target/release/deps/serde_tuplex_derive-e6ba27bac2f49902)
[INFO] [stderr]    Doc-tests serde_tuplex_derive
[INFO] [stdout] 
[INFO] [stdout] running 0 tests
[INFO] [stdout] 
[INFO] [stdout] test result: ok. 0 passed; 0 failed; 0 ignored; 0 measured; 0 filtered out; finished in 0.00s
[INFO] [stdout] 
[INFO] [stdout] 
[INFO] [stdout] running 3 tests
[INFO] [stdout] test src/lib.rs - derive_tuple_lenient (line 77) ... FAILED
[INFO] [stdout] test src/lib.rs - derive_tuple (line 16) ... FAILED
[INFO] [stdout] test src/lib.rs - derive_lenient (line 51) ... FAILED
[INFO] [stdout] 
[INFO] [stdout] failures:
[INFO] [stdout] 
[INFO] [stdout] ---- src/lib.rs - derive_tuple_lenient (line 77) stdout ----
[INFO] [stdout] error[E0432]: unresolved import `serde_tuplex`
[INFO] [stdout]   --> src/lib.rs:78:5
[INFO] [stdout]    |
[INFO] [stdout] 78 | use serde_tuplex::TupleLenient;
[INFO] [stdout]    |     ^^^^^^^^^^^^ use of unresolved module or unlinked crate `serde_tuplex`
[INFO] [stdout]    |
[INFO] [stdout]    = help: if you wanted to use a crate named `serde_tuplex`, use `cargo add serde_tuplex` to add it to your `Cargo.toml`
[INFO] [stdout] 
[INFO] [stdout] error: aborting due to 1 previous error
[INFO] [stdout] 
[INFO] [stdout] For more information about this error, try `rustc --explain E0432`.
[INFO] [stdout] Couldn't compile the test.
[INFO] [stdout] ---- src/lib.rs - derive_tuple (line 16) stdout ----
[INFO] [stdout] error[E0432]: unresolved import `serde_tuplex`
[INFO] [stdout]   --> src/lib.rs:17:5
[INFO] [stdout]    |
[INFO] [stdout] 17 | use serde_tuplex::Tuple;
[INFO] [stdout]    |     ^^^^^^^^^^^^ use of unresolved module or unlinked crate `serde_tuplex`
[INFO] [stdout]    |
[INFO] [stdout]    = help: if you wanted to use a crate named `serde_tuplex`, use `cargo add serde_tuplex` to add it to your `Cargo.toml`
[INFO] [stdout] 
[INFO] [stdout] error: aborting due to 1 previous error
[INFO] [stdout] 
[INFO] [stdout] For more information about this error, try `rustc --explain E0432`.
[INFO] [stdout] Couldn't compile the test.
[INFO] [stdout] ---- src/lib.rs - derive_lenient (line 51) stdout ----
[INFO] [stdout] error[E0432]: unresolved import `serde_tuplex`
[INFO] [stdout]   --> src/lib.rs:52:5
[INFO] [stdout]    |
[INFO] [stdout] 52 | use serde_tuplex::Lenient;
[INFO] [stdout]    |     ^^^^^^^^^^^^ use of unresolved module or unlinked crate `serde_tuplex`
[INFO] [stdout]    |
[INFO] [stdout]    = help: if you wanted to use a crate named `serde_tuplex`, use `cargo add serde_tuplex` to add it to your `Cargo.toml`
[INFO] [stdout] 
[INFO] [stdout] error: cannot find attribute `serde_tuplex` in this scope
[INFO] [stdout]   --> src/lib.rs:59:7
[INFO] [stdout]    |
[INFO] [stdout] 59 |     #[serde_tuplex(skip)]
[INFO] [stdout]    |       ^^^^^^^^^^^^
[INFO] [stdout]    |
[INFO] [stdout]    = note: `serde_tuplex` is an attribute that can be used by the derive macros `Lenient` and `TupleLenient`, you might be missing a `derive` attribute
[INFO] [stdout] 
[INFO] [stdout] error: aborting due to 2 previous errors
[INFO] [stdout] 
[INFO] [stdout] For more information about this error, try `rustc --explain E0432`.
[INFO] [stdout] Couldn't compile the test.
[INFO] [stdout] 
[INFO] [stdout] failures:
[INFO] [stdout]     src/lib.rs - derive_lenient (line 51)
[INFO] [stdout]     src/lib.rs - derive_tuple (line 16)
[INFO] [stdout]     src/lib.rs - derive_tuple_lenient (line 77)
[INFO] [stdout] 
[INFO] [stdout] test result: FAILED. 0 passed; 3 failed; 0 ignored; 0 measured; 0 filtered out; finished in 0.13s
[INFO] [stdout] 
[INFO] [stdout] all doctests ran in 0.18s; merged doctests compilation took 0.06s
[INFO] [stderr] error: doctest failed, to rerun pass `--doc`
[INFO] running `Command { std: "docker" "inspect" "f7b02cddda88d6c269fa8dde158586736aed36f9527f92573cfd7c64ffbcfd34", kill_on_drop: false }`
[INFO] running `Command { std: "docker" "rm" "-f" "f7b02cddda88d6c269fa8dde158586736aed36f9527f92573cfd7c64ffbcfd34", kill_on_drop: false }`
[INFO] [stdout] f7b02cddda88d6c269fa8dde158586736aed36f9527f92573cfd7c64ffbcfd34
