[INFO] fetching crate serde-kdl2 0.1.1-alpha.6...
[INFO] testing serde-kdl2-0.1.1-alpha.6 against 1.100.0-beta.1+cargoflags=--release for beta-release-1.100-2
[INFO] extracting crate serde-kdl2 0.1.1-alpha.6 into /workspace/builds/worker-0-tc2/source
[INFO] started tweaking crates.io crate serde-kdl2 0.1.1-alpha.6
[INFO] removed 0 missing examples
[INFO] removed 0 missing tests
[INFO] finished tweaking crates.io crate serde-kdl2 0.1.1-alpha.6
[INFO] tweaked toml for crates.io crate serde-kdl2 0.1.1-alpha.6 written to /workspace/builds/worker-0-tc2/source/Cargo.toml
[INFO] validating manifest of crates.io crate serde-kdl2 0.1.1-alpha.6 on toolchain 1.100.0-beta.1
[INFO] running `Command { std: CARGO_HOME="/workspace/cargo-home" RUSTUP_HOME="/workspace/rustup-home" "/workspace/cargo-home/bin/cargo" "+1.100.0-beta.1" "metadata" "--manifest-path" "Cargo.toml" "--no-deps", kill_on_drop: false }`
[INFO] crate crates.io crate serde-kdl2 0.1.1-alpha.6 already has a lockfile, it will not be regenerated
[INFO] running `Command { std: CARGO_HOME="/workspace/cargo-home" RUSTUP_HOME="/workspace/rustup-home" "/workspace/cargo-home/bin/cargo" "+1.100.0-beta.1" "fetch" "--manifest-path" "Cargo.toml", kill_on_drop: false }`
[INFO] running `Command { std: "docker" "create" "-v" "/var/lib/crater-agent-workspace/builds/worker-0-tc2/source:/opt/rustwide/workdir:ro,Z" "-v" "/var/lib/crater-agent-workspace/builds/worker-0-tc2/target:/opt/rustwide/target:rw,Z" "-v" "/var/lib/crater-agent-workspace/cargo-home:/opt/rustwide/cargo-home:ro,Z" "-v" "/var/lib/crater-agent-workspace/rustup-home:/opt/rustwide/rustup-home:ro,Z" "-m" "1610612736" "--network" "none" "ghcr.io/rust-lang/crates-build-env/linux@sha256:77db811e55d90add9212f6832c23229e3de5f1c1f9905e8cb07319ea15df73ac" "sleep" "infinity", kill_on_drop: false }`
[INFO] [stdout] 591a06abd6707bbd3dc47455ee49a54c0450e29e1cab46bc794496b8264e0c82
[INFO] running `Command { std: "docker" "start" "591a06abd6707bbd3dc47455ee49a54c0450e29e1cab46bc794496b8264e0c82", kill_on_drop: false }`
[INFO] running `Command { std: "docker" "inspect" "591a06abd6707bbd3dc47455ee49a54c0450e29e1cab46bc794496b8264e0c82", kill_on_drop: false }`
[INFO] running `Command { std: "docker" "exec" "-e" "SOURCE_DIR=/opt/rustwide/workdir" "-e" "CARGO_HOME=/opt/rustwide/cargo-home" "-e" "RUSTUP_HOME=/opt/rustwide/rustup-home" "-e" "CARGO_TARGET_DIR=/opt/rustwide/target" "-w" "/opt/rustwide/workdir" "--user" "0:0" "591a06abd6707bbd3dc47455ee49a54c0450e29e1cab46bc794496b8264e0c82" "/opt/rustwide/cargo-home/bin/cargo" "+1.100.0-beta.1" "metadata" "--no-deps" "--format-version=1", kill_on_drop: false }`
[INFO] running `Command { std: "docker" "inspect" "591a06abd6707bbd3dc47455ee49a54c0450e29e1cab46bc794496b8264e0c82", kill_on_drop: false }`
[INFO] running `Command { std: "docker" "exec" "-e" "SOURCE_DIR=/opt/rustwide/workdir" "-e" "CARGO_HOME=/opt/rustwide/cargo-home" "-e" "RUSTUP_HOME=/opt/rustwide/rustup-home" "-e" "CARGO_TARGET_DIR=/opt/rustwide/target" "-e" "CARGO_INCREMENTAL=0" "-e" "RUST_BACKTRACE=full" "-e" "RUSTFLAGS=--cap-lints=warn" "-e" "RUSTDOCFLAGS=--cap-lints=warn" "-w" "/opt/rustwide/workdir" "--user" "0:0" "591a06abd6707bbd3dc47455ee49a54c0450e29e1cab46bc794496b8264e0c82" "/opt/rustwide/cargo-home/bin/cargo" "+1.100.0-beta.1" "build" "--frozen" "--message-format=json" "--release", kill_on_drop: false }`
[INFO] [stderr]    Compiling winnow v0.6.24
[INFO] [stderr]    Compiling miette v7.6.0
[INFO] [stderr]    Compiling thiserror-impl v2.0.18
[INFO] [stderr]    Compiling serde_derive v1.0.228
[INFO] [stderr]    Compiling num v0.4.3
[INFO] [stderr]    Compiling thiserror v2.0.18
[INFO] [stderr]    Compiling kdl v6.5.0
[INFO] [stderr]    Compiling serde v1.0.228
[INFO] [stderr]    Compiling serde-kdl2 v0.1.1-alpha.6 (/opt/rustwide/workdir)
[INFO] [stderr]     Finished `release` profile [optimized] target(s) in 11.93s
[INFO] running `Command { std: "docker" "inspect" "591a06abd6707bbd3dc47455ee49a54c0450e29e1cab46bc794496b8264e0c82", kill_on_drop: false }`
[INFO] running `Command { std: "docker" "exec" "-e" "SOURCE_DIR=/opt/rustwide/workdir" "-e" "CARGO_HOME=/opt/rustwide/cargo-home" "-e" "RUSTUP_HOME=/opt/rustwide/rustup-home" "-e" "CARGO_TARGET_DIR=/opt/rustwide/target" "-e" "CARGO_INCREMENTAL=0" "-e" "RUST_BACKTRACE=full" "-e" "RUSTFLAGS=--cap-lints=warn" "-e" "RUSTDOCFLAGS=--cap-lints=warn" "-w" "/opt/rustwide/workdir" "--user" "0:0" "591a06abd6707bbd3dc47455ee49a54c0450e29e1cab46bc794496b8264e0c82" "/opt/rustwide/cargo-home/bin/cargo" "+1.100.0-beta.1" "test" "--frozen" "--no-run" "--message-format=json" "--release", kill_on_drop: false }`
[INFO] [stderr]    Compiling syn v2.0.117
[INFO] [stderr]    Compiling zerocopy v0.8.47
[INFO] [stderr]    Compiling libc v0.2.183
[INFO] [stderr]    Compiling bitflags v2.11.0
[INFO] [stderr]    Compiling indoc v2.0.7
[INFO] [stderr]    Compiling rustix v1.1.4
[INFO] [stderr]    Compiling getrandom v0.4.2
[INFO] [stderr]    Compiling tempfile v3.27.0
[INFO] [stderr]    Compiling zerocopy-derive v0.8.47
[INFO] [stderr]    Compiling serde_derive v1.0.228
[INFO] [stderr]    Compiling thiserror-impl v2.0.18
[INFO] [stderr]    Compiling hegeltest-macros v0.2.2
[INFO] [stderr]    Compiling thiserror v2.0.18
[INFO] [stderr]    Compiling serde v1.0.228
[INFO] [stderr]    Compiling serde-kdl2 v0.1.1-alpha.6 (/opt/rustwide/workdir)
[INFO] [stderr]    Compiling half v2.7.1
[INFO] [stderr]    Compiling ciborium-ll v0.2.2
[INFO] [stderr]    Compiling ciborium v0.2.2
[INFO] [stderr]    Compiling hegeltest v0.2.2
[INFO] [stderr]     Finished `release` profile [optimized] target(s) in 40.24s
[INFO] running `Command { std: "docker" "inspect" "591a06abd6707bbd3dc47455ee49a54c0450e29e1cab46bc794496b8264e0c82", kill_on_drop: false }`
[INFO] running `Command { std: "docker" "exec" "-e" "SOURCE_DIR=/opt/rustwide/workdir" "-e" "CARGO_HOME=/opt/rustwide/cargo-home" "-e" "RUSTUP_HOME=/opt/rustwide/rustup-home" "-e" "CARGO_TARGET_DIR=/opt/rustwide/target" "-e" "CARGO_INCREMENTAL=0" "-e" "RUST_BACKTRACE=full" "-e" "RUSTFLAGS=--cap-lints=warn" "-e" "RUSTDOCFLAGS=--cap-lints=warn" "-w" "/opt/rustwide/workdir" "--user" "0:0" "591a06abd6707bbd3dc47455ee49a54c0450e29e1cab46bc794496b8264e0c82" "/opt/rustwide/cargo-home/bin/cargo" "+1.100.0-beta.1" "test" "--frozen" "--release", kill_on_drop: false }`
[INFO] [stderr]     Finished `release` profile [optimized] target(s) in 0.09s
[INFO] [stderr]      Running unittests src/lib.rs (/opt/rustwide/target/release/build/serde-kdl2/f5e7f45750db1879/out/serde_kdl2-f5e7f45750db1879)
[INFO] [stderr]      Running tests/integration.rs (/opt/rustwide/target/release/build/serde-kdl2/f4a6042a55dd7372/out/integration-f4a6042a55dd7372)
[INFO] [stdout] 
[INFO] [stdout] running 0 tests
[INFO] [stdout] 
[INFO] [stdout] test result: ok. 0 passed; 0 failed; 0 ignored; 0 measured; 0 filtered out; finished in 0.00s
[INFO] [stdout] 
[INFO] [stdout] 
[INFO] [stdout] running 199 tests
[INFO] [stdout] test args_seq_bool_values ... ok
[INFO] [stdout] test args_seq_enum_values ... ok
[INFO] [stdout] test deserialize_any_with_properties ... ok
[INFO] [stdout] test args_seq_f64_values ... ok
[INFO] [stdout] test args_seq_char_values ... ok
[INFO] [stdout] test deserialize_bool_type_mismatch ... ok
[INFO] [stdout] test args_seq_u128_values ... ok
[INFO] [stdout] test args_seq_newtype_values ... ok
[INFO] [stdout] test args_seq_i128_values ... ok
[INFO] [stdout] test deserialize_char_type_mismatch ... ok
[INFO] [stdout] test booleans_deser ... ok
[INFO] [stdout] test deserialize_children_as_sequence ... ok
[INFO] [stdout] test booleans_roundtrip ... ok
[INFO] [stdout] test args_seq_string_values ... ok
[INFO] [stdout] test deeply_nested ... ok
[INFO] [stdout] test deserialize_any_unit_node ... ok
[INFO] [stdout] test deserialize_any_with_multiple_args ... ok
[INFO] [stdout] test args_seq_f32_values ... ok
[INFO] [stdout] test deserialize_char_from_int_mismatch ... ok
[INFO] [stdout] test deserialize_duplicate_scalar_node ... ok
[INFO] [stdout] test deserialize_dash_children ... ok
[INFO] [stdout] test deserialize_float_type_mismatch ... ok
[INFO] [stdout] test deserialize_identifier_field ... ok
[INFO] [stdout] test deserialize_empty_map_from_node ... ok
[INFO] [stdout] test deserialize_int_from_float ... ok
[INFO] [stdout] test deserialize_integer_overflow ... ok
[INFO] [stdout] test deserialize_enum_no_match ... ok
[INFO] [stdout] test deserialize_invalid_kdl ... ok
[INFO] [stdout] test deserialize_enum_non_string ... ok
[INFO] [stdout] test deserialize_hashmap ... ok
[INFO] [stdout] test deserialize_int_from_fractional_float ... ok
[INFO] [stdout] test deserialize_int_from_negative_frac ... ok
[INFO] [stdout] test deserialize_int_type_mismatch ... ok
[INFO] [stdout] test deserialize_map_bool_key_invalid ... ok
[INFO] [stdout] test deserialize_nested_struct ... ok
[INFO] [stdout] test deserialize_newtype_variant ... ok
[INFO] [stdout] test deserialize_map_from_properties ... ok
[INFO] [stdout] test deserialize_node_no_args ... ok
[INFO] [stdout] test deserialize_option_absent ... ok
[INFO] [stdout] test deserialize_simple_struct ... ok
[INFO] [stdout] test deserialize_unit_variant ... ok
[INFO] [stdout] test deserialize_string_type_mismatch ... ok
[INFO] [stdout] test deserialize_option_null ... ok
[INFO] [stdout] test deserialize_vec_primitives ... ok
[INFO] [stdout] test deserialize_tuple ... ok
[INFO] [stdout] test doc_api ... ok
[INFO] [stdout] test document_deserialize_unit ... ok
[INFO] [stdout] test deserialize_option_present ... ok
[INFO] [stdout] test enum_complex_tuple_variant ... ok
[INFO] [stdout] test deserialize_f32_from_integer ... ok
[INFO] [stdout] test deserialize_f64_from_integer ... ok
[INFO] [stdout] test document_deserialize_ignored_any ... ok
[INFO] [stdout] test deserialize_struct_from_properties ... ok
[INFO] [stdout] test enum_complex_unit_variant ... ok
[INFO] [stdout] test document_deserialize_newtype_struct ... ok
[INFO] [stdout] test enum_complex_struct_variant_from_props ... ok
[INFO] [stdout] test enum_struct_variant_via_props ... ok
[INFO] [stdout] test enum_newtype_variant_missing_value_errors ... ok
[INFO] [stdout] test field_deserialize_any_multi_arg ... ok
[INFO] [stdout] test enum_newtype_variant_via_arg ... ok
[INFO] [stdout] test document_deserialize_unit_struct ... ok
[INFO] [stdout] test field_deserialize_any_null ... ok
[INFO] [stdout] test deserialize_vec_structs ... ok
[INFO] [stdout] test field_deserialize_enum_multi_children_error ... ok
[INFO] [stdout] test field_deserialize_any_bool ... ok
[INFO] [stdout] test field_deserialize_any_integer_limitation ... ok
[INFO] [stdout] test deserialize_struct_variant ... ok
[INFO] [stdout] test field_deserialize_any_no_args ... ok
[INFO] [stdout] test deserialize_with_extra_fields ... ok
[INFO] [stdout] test deserialize_u128_overflow ... ok
[INFO] [stdout] test enum_tuple_variant_via_args ... ok
[INFO] [stdout] test error_display_variants ... ok
[INFO] [stdout] test field_deserialize_any_props ... ok
[INFO] [stdout] test field_deserialize_struct_single_arg ... ok
[INFO] [stdout] test field_deserializer_str ... ok
[INFO] [stdout] test field_deserialize_struct_from_properties ... ok
[INFO] [stdout] test document_deserialize_any_as_map ... ok
[INFO] [stdout] test field_deserialize_seq_dash_filter_over_non_dash ... ok
[INFO] [stdout] test field_deserialize_struct_empty ... ok
[INFO] [stdout] test field_deserialize_struct_multi_field_single_arg_falls_through ... ok
[INFO] [stdout] test field_deserializer_byte_buf ... ok
[INFO] [stdout] test field_deserialize_unit_struct ... ok
[INFO] [stdout] test field_deserialize_newtype_struct ... ok
[INFO] [stdout] test field_deserializer_bytes_as_seq ... ok
[INFO] [stdout] test node_content_char_in_seq ... ok
[INFO] [stdout] test node_content_bytes_custom_deser_in_seq ... ok
[INFO] [stdout] test node_content_complex_enum_in_seq ... ok
[INFO] [stdout] test node_content_bytes_in_seq ... ok
[INFO] [stdout] test node_content_enum_error_in_seq ... ok
[INFO] [stdout] test node_content_enum_in_seq ... ok
[INFO] [stdout] test node_content_f32_in_seq ... ok
[INFO] [stdout] test node_content_i16_in_seq ... ok
[INFO] [stdout] test node_content_f64_in_seq ... ok
[INFO] [stdout] test node_content_i32_in_seq ... ok
[INFO] [stdout] test node_content_map_from_children ... ok
[INFO] [stdout] test node_content_identifier_in_enum_seq ... ok
[INFO] [stdout] test field_deserialize_any_single_arg ... ok
[INFO] [stdout] test field_deserialize_any_float ... ok
[INFO] [stdout] test node_content_byte_buf_custom_deser_in_seq ... ok
[INFO] [stdout] test node_content_non_dash_children_seq ... ok
[INFO] [stdout] test field_ignored_any_with_children ... ok
[INFO] [stdout] test field_deserialize_any_children ... ok
[INFO] [stdout] test node_content_dash_children_in_seq ... ok
[INFO] [stdout] test node_content_newtype_in_seq ... ok
[INFO] [stdout] test node_content_seq_args_fallthrough_empty_children ... ok
[INFO] [stdout] test node_content_i64_in_seq ... ok
[INFO] [stdout] test node_content_i8_in_seq ... ok
[INFO] [stdout] test node_content_seq_dash_filter_over_non_dash ... ok
[INFO] [stdout] test node_content_ignored_any ... ok
[INFO] [stdout] test node_content_seq_empty_children_fallthrough ... ok
[INFO] [stdout] test node_content_i128_in_seq ... ok
[INFO] [stdout] test node_content_single_arg_struct_in_seq ... ok
[INFO] [stdout] test node_content_struct_from_properties_in_seq ... ok
[INFO] [stdout] test node_content_struct_multi_field_single_arg_falls_through ... ok
[INFO] [stdout] test node_content_struct_empty_node_in_seq ... ok
[INFO] [stdout] test node_content_tuple_struct_in_seq ... ok
[INFO] [stdout] test node_content_string_in_repeated_nodes ... ok
[INFO] [stdout] test node_content_string_in_seq ... ok
[INFO] [stdout] test node_content_u64_in_seq ... ok
[INFO] [stdout] test node_content_tuple_in_seq ... ok
[INFO] [stdout] test node_content_u8_in_seq ... ok
[INFO] [stdout] test node_content_u32_in_seq ... ok
[INFO] [stdout] test node_content_unit_in_seq ... ok
[INFO] [stdout] test node_content_option_in_seq ... ok
[INFO] [stdout] test node_content_unit_struct_in_seq ... ok
[INFO] [stdout] test node_content_bool_in_seq ... ok
[INFO] [stdout] test node_content_map_from_properties_in_seq ... ok
[INFO] [stdout] test node_content_map_from_props_no_children ... ok
[INFO] [stdout] test node_content_multi_arg_as_seq ... ok
[INFO] [stdout] test node_content_str_custom_deser_in_seq ... ok
[INFO] [stdout] test node_content_with_children ... ok
[INFO] [stdout] test roundtrip_i128_u128 ... ok
[INFO] [stdout] test roundtrip_tuple ... ok
[INFO] [stdout] test node_content_u128_in_seq ... ok
[INFO] [stdout] test roundtrip_newtype_struct ... ok
[INFO] [stdout] test roundtrip_char ... ok
[INFO] [stdout] test roundtrip_map_integer_keys ... ok
[INFO] [stdout] test node_content_u16_in_seq ... ok
[INFO] [stdout] test roundtrip_int_types ... ok
[INFO] [stdout] test roundtrip_char_cjk ... ok
[INFO] [stdout] test roundtrip_char_emoji ... ok
[INFO] [stdout] test roundtrip_char_multibyte ... ok
[INFO] [stdout] test roundtrip_f32 ... ok
[INFO] [stdout] test roundtrip_i128 ... ok
[INFO] [stdout] test roundtrip_tuple_variant_pair ... ok
[INFO] [stdout] test pretty_print ... ok
[INFO] [stdout] test roundtrip_tuple_struct ... ok
[INFO] [stdout] test roundtrip_map_bool_keys ... ok
[INFO] [stdout] test roundtrip_tuple_variant ... ok
[INFO] [stdout] test roundtrip_u128 ... ok
[INFO] [stdout] test serde_error_custom_impls ... ok
[INFO] [stdout] test roundtrip_unit_field ... ok
[INFO] [stdout] test roundtrip_unit_struct_field ... ok
[INFO] [stdout] test roundtrip_vec_ints ... ok
[INFO] [stdout] test serialize_empty_vec ... ok
[INFO] [stdout] test serialize_option_some_null_nested ... ok
[INFO] [stdout] test serialize_nested_sequence ... ok
[INFO] [stdout] test serialize_nested_struct ... ok
[INFO] [stdout] test serialize_struct_variant ... ok
[INFO] [stdout] test serialize_simple_struct ... ok
[INFO] [stdout] test serialize_f32_field ... ok
[INFO] [stdout] test serialize_top_level_not_struct ... ok
[INFO] [stdout] test serialize_bytes ... ok
[INFO] [stdout] test serialize_option ... ok
[INFO] [stdout] test serialize_hashmap ... ok
[INFO] [stdout] test serialize_mixed_primitive_sequence ... ok
[INFO] [stdout] test serialize_mixed_seq_with_null ... ok
[INFO] [stdout] test serialize_newtype_variant ... ok
[INFO] [stdout] test serialize_top_level_bool_err ... ok
[INFO] [stdout] test serialize_u128_overflow ... ok
[INFO] [stdout] test serialize_top_level_not_struct_error_type ... ok
[INFO] [stdout] test serialize_mixed_sequence ... ok
[INFO] [stdout] test serialize_top_level_string_err ... ok
[INFO] [stdout] test serialize_vec_bools ... ok
[INFO] [stdout] test serialize_unit_variant ... ok
[INFO] [stdout] test serialize_unsupported_map_key ... ok
[INFO] [stdout] test serialize_vec_option_with_nulls ... ok
[INFO] [stdout] test value_deserializer_bytes_from_string_seq ... ok
[INFO] [stdout] test value_deserializer_any_float ... ok
[INFO] [stdout] test value_deserializer_bytes_type_mismatch ... ok
[INFO] [stdout] test value_deserializer_any_bool ... ok
[INFO] [stdout] test value_deserializer_bytes_type_mismatch_via_seq ... ok
[INFO] [stdout] test value_deserializer_any_integer ... ok
[INFO] [stdout] test value_deserializer_byte_buf_via_seq ... ok
[INFO] [stdout] test value_deserializer_bytes_from_string ... ok
[INFO] [stdout] test value_deserializer_newtype_struct_named ... ok
[INFO] [stdout] test value_deserializer_any_null ... ok
[INFO] [stdout] test serialize_vec_primitives ... ok
[INFO] [stdout] test serialize_vec_structs ... ok
[INFO] [stdout] test value_deserializer_seq_error ... ok
[INFO] [stdout] test serialize_vec_unit ... ok
[INFO] [stdout] test value_deserializer_unit_null ... ok
[INFO] [stdout] test value_deserializer_unit_null_in_args ... ok
[INFO] [stdout] test value_deserializer_unit_mismatch_in_args_err ... ok
[INFO] [stdout] test value_deserializer_unit_mismatch ... ok
[INFO] [stdout] test value_deserializer_null_option ... ok
[INFO] [stdout] test value_deserializer_unit_struct_in_args ... ok
[INFO] [stdout] test value_deserializer_newtype_struct ... ok
[INFO] [stdout] test args_seq_option_with_null ... ok
[INFO] [stdout] 
[INFO] [stdout] test result: ok. 199 passed; 0 failed; 0 ignored; 0 measured; 0 filtered out; finished in 0.05s
[INFO] [stdout] 
[INFO] [stderr]      Running tests/integration_collections.rs (/opt/rustwide/target/release/build/serde-kdl2/317760a014c9f174/out/integration_collections-317760a014c9f174)
[INFO] [stdout] 
[INFO] [stdout] running 10 tests
[INFO] [stdout] test deserialize_vec_structs ... ok
[INFO] [stdout] test serialize_vec_structs ... ok
[INFO] [stdout] test deserialize_dash_children ... ok
[INFO] [stdout] test deserialize_hashmap ... ok
[INFO] [stdout] test deserialize_vec_primitives ... ok
[INFO] [stderr]      Running tests/integration_enums.rs (/opt/rustwide/target/release/build/serde-kdl2/078459bb51c2ab55/out/integration_enums-078459bb51c2ab55)
[INFO] [stdout] test serialize_hashmap ... ok
[INFO] [stdout] test roundtrip_single_element_vec_structs ... ok
[INFO] [stdout] test deserialize_single_element_vec_structs ... ok
[INFO] [stdout] test serialize_vec_primitives ... ok
[INFO] [stdout] test serialize_empty_vec ... ok
[INFO] [stdout] 
[INFO] [stdout] test result: ok. 10 passed; 0 failed; 0 ignored; 0 measured; 0 filtered out; finished in 0.00s
[INFO] [stdout] 
[INFO] [stdout] 
[INFO] [stdout] running 6 tests
[INFO] [stdout] test deserialize_newtype_variant ... ok
[INFO] [stdout] test serialize_newtype_variant ... ok
[INFO] [stdout] test serialize_unit_variant ... ok
[INFO] [stdout] test deserialize_unit_variant ... ok
[INFO] [stdout] test deserialize_struct_variant ... ok
[INFO] [stdout] test serialize_struct_variant ... ok
[INFO] [stderr]      Running tests/integration_options.rs (/opt/rustwide/target/release/build/serde-kdl2/adef2c71584e54e3/out/integration_options-adef2c71584e54e3)
[INFO] [stdout] 
[INFO] [stdout] test result: ok. 6 passed; 0 failed; 0 ignored; 0 measured; 0 filtered out; finished in 0.01s
[INFO] [stdout] 
[INFO] [stdout] 
[INFO] [stdout] running 4 tests
[INFO] [stdout] test deserialize_option_null ... ok
[INFO] [stdout] test deserialize_option_absent ... ok
[INFO] [stdout] test deserialize_option_present ... ok
[INFO] [stdout] test serialize_option ... ok
[INFO] [stdout] 
[INFO] [stdout] test result: ok. 4 passed; 0 failed; 0 ignored; 0 measured; 0 filtered out; finished in 0.00s
[INFO] [stdout] 
[INFO] [stderr]      Running tests/integration_primitives.rs (/opt/rustwide/target/release/build/serde-kdl2/98a24c3df37d34b0/out/integration_primitives-98a24c3df37d34b0)
[INFO] [stdout] 
[INFO] [stdout] running 26 tests
[INFO] [stdout] test boolean_defaults_single_bare_true ... ok
[INFO] [stdout] test boolean_defaults_single_bare_false ... ok
[INFO] [stdout] test boolean_defaults_explicit_override ... ok
[INFO] [stdout] test boolean_defaults_explicit_false_with_bare_true ... ok
[INFO] [stdout] test clean_mount_explicit_writable ... ok
[INFO] [stdout] test macro_generated_deserializer_error_handling ... ok
[INFO] [stdout] test booleans_deser ... ok
[INFO] [stdout] test macro_generic_type_support ... ok
[INFO] [stdout] test boolean_defaults_type_error ... ok
[INFO] [stdout] test roundtrip_char ... ok
[INFO] [stdout] test roundtrip_char_cjk ... ok
[INFO] [stdout] test custom_bool_bare_fields ... ok
[INFO] [stdout] test booleans_roundtrip ... ok
[INFO] [stdout] test custom_bool_explicit_values ... ok
[INFO] [stdout] test roundtrip_char_multibyte ... ok
[INFO] [stdout] test custom_bool_missing_fields ... ok
[INFO] [stdout] test roundtrip_f64 ... ok
[INFO] [stdout] test deserialize_tuple ... ok
[INFO] [stdout] test boolean_defaults_mixed ... ok
[INFO] [stdout] test roundtrip_char_emoji ... ok
[INFO] [stdout] test clean_mount_missing_writable ... ok
[INFO] [stdout] test boolean_defaults_bare ... ok
[INFO] [stdout] test roundtrip_f32 ... ok
[INFO] [stdout] test clean_mount_bare_writable ... ok
[INFO] [stdout] test roundtrip_int_types ... ok
[INFO] [stdout] test roundtrip_tuple ... ok
[INFO] [stdout] 
[INFO] [stdout] test result: ok. 26 passed; 0 failed; 0 ignored; 0 measured; 0 filtered out; finished in 0.01s
[INFO] [stdout] 
[INFO] [stderr]      Running tests/integration_structs.rs (/opt/rustwide/target/release/build/serde-kdl2/27637b2bcc0bfed1/out/integration_structs-27637b2bcc0bfed1)
[INFO] [stdout] 
[INFO] [stdout] running 5 tests
[INFO] [stderr]      Running tests/property.rs (/opt/rustwide/target/release/build/serde-kdl2/72b3d6a68aca6c97/out/property-72b3d6a68aca6c97)
[INFO] [stdout] test deeply_nested ... ok
[INFO] [stdout] test serialize_nested_struct ... ok
[INFO] [stdout] test deserialize_nested_struct ... ok
[INFO] [stdout] test deserialize_simple_struct ... ok
[INFO] [stdout] test serialize_simple_struct ... ok
[INFO] [stdout] 
[INFO] [stdout] test result: ok. 5 passed; 0 failed; 0 ignored; 0 measured; 0 filtered out; finished in 0.00s
[INFO] [stdout] 
[INFO] [stdout] 
[INFO] [stdout] running 26 tests
[INFO] [stdout] test doc_api_matches_string_api ... FAILED
[INFO] [stdout] test bool_roundtrip ... FAILED
[INFO] [stdout] test btreemap_roundtrip ... FAILED
[INFO] [stdout] test newtype_struct_roundtrip ... FAILED
[INFO] [stdout] test integer_types_roundtrip ... FAILED
[INFO] [stdout] test complex_enum_roundtrip ... FAILED
[INFO] [stdout] test f32_roundtrip ... FAILED
[INFO] [stdout] test to_string_and_pretty_agree ... FAILED
[INFO] [stdout] test kitchen_sink_roundtrip ... FAILED
[INFO] [stdout] test option_fields_roundtrip ... FAILED
[INFO] [stdout] test nested_struct_roundtrip ... FAILED
[INFO] [stdout] test hashmap_roundtrip ... FAILED
[INFO] [stdout] test char_roundtrip ... FAILED
[INFO] [stdout] test deeply_nested_roundtrip ... FAILED
[INFO] [stdout] test from_str_never_panics ... FAILED
[INFO] [stdout] test unit_enum_roundtrip ... FAILED
[INFO] [stdout] test vec_ints_roundtrip ... FAILED
[INFO] [stdout] test tuple_enum_variant_roundtrip ... FAILED
[INFO] [stdout] test i128_u128_roundtrip ... FAILED
[INFO] [stdout] test tuple_roundtrip ... FAILED
[INFO] [stdout] test vec_strings_roundtrip ... FAILED
[INFO] [stdout] test tuple_struct_roundtrip ... FAILED
[INFO] [stdout] test vec_structs_roundtrip ... FAILED
[INFO] [stdout] test newtype_enum_roundtrip ... FAILED
[INFO] [stdout] test flat_struct_roundtrip ... FAILED
[INFO] [stdout] test pretty_print_roundtrip ... FAILED
[INFO] [stdout] 
[INFO] [stdout] failures:
[INFO] [stdout] 
[INFO] [stdout] ---- doc_api_matches_string_api stdout ----
[INFO] [stdout] 
[INFO] [stdout] thread 'doc_api_matches_string_api' (1288) panicked at /opt/rustwide/cargo-home/registry/src/index.crates.io-1949cf8c6b5b557f/hegeltest-0.2.2/src/runner.rs:271:69:
[INFO] [stdout] Failed to create .hegel: Read-only file system (os error 30)
[INFO] [stdout] stack backtrace:
[INFO] [stdout]    0:     0x5dfa1cabab61 - <<std[617be2ca0a6fd877]::sys::backtrace::BacktraceLock>::print::DisplayBacktrace as core[a373ad73a504971]::fmt::Display>::fmt
[INFO] [stdout]    1:     0x5dfa1cad3f8a - core[a373ad73a504971]::fmt::write
[INFO] [stdout]    2:     0x5dfa1cac0a3c - <alloc[2e1b2a31b91974c5]::vec::Vec<u8> as core[a373ad73a504971]::io::write::Write>::write_fmt
[INFO] [stdout]    3:     0x5dfa1ca94816 - std[617be2ca0a6fd877]::panicking::default_hook::{closure#0}
[INFO] [stdout]    4:     0x5dfa1cab2319 - std[617be2ca0a6fd877]::panicking::default_hook
[INFO] [stdout]    5:     0x5dfa1ca27630 - test[aada8e7e76ba119b]::test_main_inner::{closure#0}
[INFO] [stdout]    6:     0x5dfa1cab24d2 - std[617be2ca0a6fd877]::panicking::panic_with_hook
[INFO] [stdout]    7:     0x5dfa1ca948c2 - std[617be2ca0a6fd877]::panicking::panic_handler::{closure#0}
[INFO] [stdout]    8:     0x5dfa1ca8cd99 - std[617be2ca0a6fd877]::sys::backtrace::__rust_end_short_backtrace::<std[617be2ca0a6fd877]::panicking::panic_handler::{closure#0}, !>
[INFO] [stdout]    9:     0x5dfa1ca955dd - __rustc[ea4f61d10b84890b]::rust_begin_unwind
[INFO] [stdout]   10:     0x5dfa1cad472c - core[a373ad73a504971]::panicking::panic_fmt
[INFO] [stdout]   11:     0x5dfa1ca773e4 - hegel[db6f1f3038500cf2]::runner::find_hegel::{closure#0}::{closure#0}
[INFO] [stdout]   12:     0x5dfa1ca773a4 - <std[617be2ca0a6fd877]::sync::once::Once>::call_once_force::<<std[617be2ca0a6fd877]::sync::once_lock::OnceLock<alloc[2e1b2a31b91974c5]::string::String>>::initialize<<std[617be2ca0a6fd877]::sync::once_lock::OnceLock<alloc[2e1b2a31b91974c5]::string::String>>::get_or_init<hegel[db6f1f3038500cf2]::runner::find_hegel::{closure#0}>::{closure#0}, !>::{closure#0}>::{closure#0}
[INFO] [stdout]   13:     0x5dfa1ca9a769 - <std[617be2ca0a6fd877]::sys::sync::once::futex::Once>::call
[INFO] [stdout]   14:     0x5dfa1ca76d9b - <std[617be2ca0a6fd877]::sync::once_lock::OnceLock<alloc[2e1b2a31b91974c5]::string::String>>::initialize::<<std[617be2ca0a6fd877]::sync::once_lock::OnceLock<alloc[2e1b2a31b91974c5]::string::String>>::get_or_init<hegel[db6f1f3038500cf2]::runner::find_hegel::{closure#0}>::{closure#0}, !>
[INFO] [stdout]   15:     0x5dfa1ca5e88c - hegel[db6f1f3038500cf2]::runner::find_hegel
[INFO] [stdout]   16:     0x5dfa1c949b96 - <hegel[db6f1f3038500cf2]::runner::Hegel<property[cdb16e085ddacb0d]::doc_api_matches_string_api::{closure#0}>>::run
[INFO] [stdout]   17:     0x5dfa1c982ef3 - <property[cdb16e085ddacb0d]::doc_api_matches_string_api::{closure#0} as core[a373ad73a504971]::ops::function::FnOnce<()>>::call_once
[INFO] [stdout]   18:     0x5dfa1ca1aa7b - test[aada8e7e76ba119b]::__rust_begin_short_backtrace::<core[a373ad73a504971]::result::Result<(), alloc[2e1b2a31b91974c5]::string::String>, fn() -> core[a373ad73a504971]::result::Result<(), alloc[2e1b2a31b91974c5]::string::String>>
[INFO] [stdout]   19:     0x5dfa1ca27c55 - test[aada8e7e76ba119b]::run_test::{closure#0}
[INFO] [stdout]   20:     0x5dfa1ca21544 - std[617be2ca0a6fd877]::sys::backtrace::__rust_begin_short_backtrace::<test[aada8e7e76ba119b]::run_test::{closure#1}, ()>
[INFO] [stdout]   21:     0x5dfa1ca2ace2 - <std[617be2ca0a6fd877]::thread::lifecycle::spawn_unchecked<test[aada8e7e76ba119b]::run_test::{closure#1}, ()>::{closure#1} as core[a373ad73a504971]::ops::function::FnOnce<()>>::call_once::{shim:vtable#0}
[INFO] [stdout]   22:     0x5dfa1cab9dff - <std[617be2ca0a6fd877]::sys::thread::unix::Thread>::new::thread_start
[INFO] [stdout]   23:     0x796569c41dfa - <unknown>
[INFO] [stdout]   24:     0x796569cd53d4 - clone
[INFO] [stdout]   25:                0x0 - <unknown>
[INFO] [stdout] 
[INFO] [stdout] ---- bool_roundtrip stdout ----
[INFO] [stdout] 
[INFO] [stdout] thread 'bool_roundtrip' (1283) panicked at /opt/rustwide/cargo-home/registry/src/index.crates.io-1949cf8c6b5b557f/hegeltest-0.2.2/src/runner.rs:271:69:
[INFO] [stdout] Failed to create .hegel: Read-only file system (os error 30)
[INFO] [stdout] stack backtrace:
[INFO] [stdout]    0:     0x5dfa1cabab61 - <<std[617be2ca0a6fd877]::sys::backtrace::BacktraceLock>::print::DisplayBacktrace as core[a373ad73a504971]::fmt::Display>::fmt
[INFO] [stdout]    1:     0x5dfa1cad3f8a - core[a373ad73a504971]::fmt::write
[INFO] [stdout]    2:     0x5dfa1cac0a3c - <alloc[2e1b2a31b91974c5]::vec::Vec<u8> as core[a373ad73a504971]::io::write::Write>::write_fmt
[INFO] [stdout]    3:     0x5dfa1ca94816 - std[617be2ca0a6fd877]::panicking::default_hook::{closure#0}
[INFO] [stdout]    4:     0x5dfa1cab2319 - std[617be2ca0a6fd877]::panicking::default_hook
[INFO] [stdout]    5:     0x5dfa1ca27630 - test[aada8e7e76ba119b]::test_main_inner::{closure#0}
[INFO] [stdout]    6:     0x5dfa1cab24d2 - std[617be2ca0a6fd877]::panicking::panic_with_hook
[INFO] [stdout]    7:     0x5dfa1ca948c2 - std[617be2ca0a6fd877]::panicking::panic_handler::{closure#0}
[INFO] [stdout]    8:     0x5dfa1ca8cd99 - std[617be2ca0a6fd877]::sys::backtrace::__rust_end_short_backtrace::<std[617be2ca0a6fd877]::panicking::panic_handler::{closure#0}, !>
[INFO] [stdout]    9:     0x5dfa1ca955dd - __rustc[ea4f61d10b84890b]::rust_begin_unwind
[INFO] [stdout]   10:     0x5dfa1cad472c - core[a373ad73a504971]::panicking::panic_fmt
[INFO] [stdout]   11:     0x5dfa1ca773e4 - hegel[db6f1f3038500cf2]::runner::find_hegel::{closure#0}::{closure#0}
[INFO] [stdout]   12:     0x5dfa1ca773a4 - <std[617be2ca0a6fd877]::sync::once::Once>::call_once_force::<<std[617be2ca0a6fd877]::sync::once_lock::OnceLock<alloc[2e1b2a31b91974c5]::string::String>>::initialize<<std[617be2ca0a6fd877]::sync::once_lock::OnceLock<alloc[2e1b2a31b91974c5]::string::String>>::get_or_init<hegel[db6f1f3038500cf2]::runner::find_hegel::{closure#0}>::{closure#0}, !>::{closure#0}>::{closure#0}
[INFO] [stdout]   13:     0x5dfa1ca9a769 - <std[617be2ca0a6fd877]::sys::sync::once::futex::Once>::call
[INFO] [stdout]   14:     0x5dfa1ca76d9b - <std[617be2ca0a6fd877]::sync::once_lock::OnceLock<alloc[2e1b2a31b91974c5]::string::String>>::initialize::<<std[617be2ca0a6fd877]::sync::once_lock::OnceLock<alloc[2e1b2a31b91974c5]::string::String>>::get_or_init<hegel[db6f1f3038500cf2]::runner::find_hegel::{closure#0}>::{closure#0}, !>
[INFO] [stdout]   15:     0x5dfa1ca5e88c - hegel[db6f1f3038500cf2]::runner::find_hegel
[INFO] [stdout]   16:     0x5dfa1c903416 - <hegel[db6f1f3038500cf2]::runner::Hegel<property[cdb16e085ddacb0d]::bool_roundtrip::{closure#0}>>::run
[INFO] [stdout]   17:     0x5dfa1c97de1b - <property[cdb16e085ddacb0d]::bool_roundtrip::{closure#0} as core[a373ad73a504971]::ops::function::FnOnce<()>>::call_once
[INFO] [stdout]   18:     0x5dfa1ca1aa7b - test[aada8e7e76ba119b]::__rust_begin_short_backtrace::<core[a373ad73a504971]::result::Result<(), alloc[2e1b2a31b91974c5]::string::String>, fn() -> core[a373ad73a504971]::result::Result<(), alloc[2e1b2a31b91974c5]::string::String>>
[INFO] [stdout]   19:     0x5dfa1ca27c55 - test[aada8e7e76ba119b]::run_test::{closure#0}
[INFO] [stdout]   20:     0x5dfa1ca21544 - std[617be2ca0a6fd877]::sys::backtrace::__rust_begin_short_backtrace::<test[aada8e7e76ba119b]::run_test::{closure#1}, ()>
[INFO] [stdout]   21:     0x5dfa1ca2ace2 - <std[617be2ca0a6fd877]::thread::lifecycle::spawn_unchecked<test[aada8e7e76ba119b]::run_test::{closure#1}, ()>::{closure#1} as core[a373ad73a504971]::ops::function::FnOnce<()>>::call_once::{shim:vtable#0}
[INFO] [stdout]   22:     0x5dfa1cab9dff - <std[617be2ca0a6fd877]::sys::thread::unix::Thread>::new::thread_start
[INFO] [stdout]   23:     0x796569c41dfa - <unknown>
[INFO] [stdout]   24:     0x796569cd53d4 - clone
[INFO] [stdout]   25:                0x0 - <unknown>
[INFO] [stdout] 
[INFO] [stdout] ---- btreemap_roundtrip stdout ----
[INFO] [stdout] 
[INFO] [stdout] thread 'btreemap_roundtrip' (1284) panicked at /opt/rustwide/cargo-home/registry/src/index.crates.io-1949cf8c6b5b557f/hegeltest-0.2.2/src/runner.rs:271:69:
[INFO] [stdout] Failed to create .hegel: Read-only file system (os error 30)
[INFO] [stdout] stack backtrace:
[INFO] [stdout]    0:     0x5dfa1cabab61 - <<std[617be2ca0a6fd877]::sys::backtrace::BacktraceLock>::print::DisplayBacktrace as core[a373ad73a504971]::fmt::Display>::fmt
[INFO] [stdout]    1:     0x5dfa1cad3f8a - core[a373ad73a504971]::fmt::write
[INFO] [stdout]    2:     0x5dfa1cac0a3c - <alloc[2e1b2a31b91974c5]::vec::Vec<u8> as core[a373ad73a504971]::io::write::Write>::write_fmt
[INFO] [stdout]    3:     0x5dfa1ca94816 - std[617be2ca0a6fd877]::panicking::default_hook::{closure#0}
[INFO] [stdout]    4:     0x5dfa1cab2319 - std[617be2ca0a6fd877]::panicking::default_hook
[INFO] [stdout]    5:     0x5dfa1ca27630 - test[aada8e7e76ba119b]::test_main_inner::{closure#0}
[INFO] [stdout]    6:     0x5dfa1cab24d2 - std[617be2ca0a6fd877]::panicking::panic_with_hook
[INFO] [stdout]    7:     0x5dfa1ca948c2 - std[617be2ca0a6fd877]::panicking::panic_handler::{closure#0}
[INFO] [stdout]    8:     0x5dfa1ca8cd99 - std[617be2ca0a6fd877]::sys::backtrace::__rust_end_short_backtrace::<std[617be2ca0a6fd877]::panicking::panic_handler::{closure#0}, !>
[INFO] [stdout]    9:     0x5dfa1ca955dd - __rustc[ea4f61d10b84890b]::rust_begin_unwind
[INFO] [stdout]   10:     0x5dfa1cad472c - core[a373ad73a504971]::panicking::panic_fmt
[INFO] [stdout]   11:     0x5dfa1ca773e4 - hegel[db6f1f3038500cf2]::runner::find_hegel::{closure#0}::{closure#0}
[INFO] [stdout]   12:     0x5dfa1ca773a4 - <std[617be2ca0a6fd877]::sync::once::Once>::call_once_force::<<std[617be2ca0a6fd877]::sync::once_lock::OnceLock<alloc[2e1b2a31b91974c5]::string::String>>::initialize<<std[617be2ca0a6fd877]::sync::once_lock::OnceLock<alloc[2e1b2a31b91974c5]::string::String>>::get_or_init<hegel[db6f1f3038500cf2]::runner::find_hegel::{closure#0}>::{closure#0}, !>::{closure#0}>::{closure#0}
[INFO] [stdout]   13:     0x5dfa1ca9a769 - <std[617be2ca0a6fd877]::sys::sync::once::futex::Once>::call
[INFO] [stdout]   14:     0x5dfa1ca76d9b - <std[617be2ca0a6fd877]::sync::once_lock::OnceLock<alloc[2e1b2a31b91974c5]::string::String>>::initialize::<<std[617be2ca0a6fd877]::sync::once_lock::OnceLock<alloc[2e1b2a31b91974c5]::string::String>>::get_or_init<hegel[db6f1f3038500cf2]::runner::find_hegel::{closure#0}>::{closure#0}, !>
[INFO] [stdout]   15:     0x5dfa1ca5e88c - hegel[db6f1f3038500cf2]::runner::find_hegel
[INFO] [stdout]   16:     0x5dfa1c910116 - <hegel[db6f1f3038500cf2]::runner::Hegel<property[cdb16e085ddacb0d]::btreemap_roundtrip::{closure#0}>>::run
[INFO] [stdout]   17:     0x5dfa1c97ecc7 - <property[cdb16e085ddacb0d]::btreemap_roundtrip::{closure#0} as core[a373ad73a504971]::ops::function::FnOnce<()>>::call_once
[INFO] [stdout]   18:     0x5dfa1ca1aa7b - test[aada8e7e76ba119b]::__rust_begin_short_backtrace::<core[a373ad73a504971]::result::Result<(), alloc[2e1b2a31b91974c5]::string::String>, fn() -> core[a373ad73a504971]::result::Result<(), alloc[2e1b2a31b91974c5]::string::String>>
[INFO] [stdout]   19:     0x5dfa1ca27c55 - test[aada8e7e76ba119b]::run_test::{closure#0}
[INFO] [stdout]   20:     0x5dfa1ca21544 - std[617be2ca0a6fd877]::sys::backtrace::__rust_begin_short_backtrace::<test[aada8e7e76ba119b]::run_test::{closure#1}, ()>
[INFO] [stdout]   21:     0x5dfa1ca2ace2 - <std[617be2ca0a6fd877]::thread::lifecycle::spawn_unchecked<test[aada8e7e76ba119b]::run_test::{closure#1}, ()>::{closure#1} as core[a373ad73a504971]::ops::function::FnOnce<()>>::call_once::{shim:vtable#0}
[INFO] [stdout]   22:     0x5dfa1cab9dff - <std[617be2ca0a6fd877]::sys::thread::unix::Thread>::new::thread_start
[INFO] [stdout]   23:     0x796569c41dfa - <unknown>
[INFO] [stdout]   24:     0x796569cd53d4 - clone
[INFO] [stdout]   25:                0x0 - <unknown>
[INFO] [stdout] 
[INFO] [stdout] ---- newtype_struct_roundtrip stdout ----
[INFO] [stdout] 
[INFO] [stdout] thread 'newtype_struct_roundtrip' (1298) panicked at /opt/rustwide/cargo-home/registry/src/index.crates.io-1949cf8c6b5b557f/hegeltest-0.2.2/src/runner.rs:271:69:
[INFO] [stdout] Failed to create .hegel: Read-only file system (os error 30)
[INFO] [stdout] stack backtrace:
[INFO] [stdout]    0:     0x5dfa1cabab61 - <<std[617be2ca0a6fd877]::sys::backtrace::BacktraceLock>::print::DisplayBacktrace as core[a373ad73a504971]::fmt::Display>::fmt
[INFO] [stdout]    1:     0x5dfa1cad3f8a - core[a373ad73a504971]::fmt::write
[INFO] [stdout]    2:     0x5dfa1cac0a3c - <alloc[2e1b2a31b91974c5]::vec::Vec<u8> as core[a373ad73a504971]::io::write::Write>::write_fmt
[INFO] [stdout]    3:     0x5dfa1ca94816 - std[617be2ca0a6fd877]::panicking::default_hook::{closure#0}
[INFO] [stdout]    4:     0x5dfa1cab2319 - std[617be2ca0a6fd877]::panicking::default_hook
[INFO] [stdout]    5:     0x5dfa1ca27630 - test[aada8e7e76ba119b]::test_main_inner::{closure#0}
[INFO] [stdout]    6:     0x5dfa1cab24d2 - std[617be2ca0a6fd877]::panicking::panic_with_hook
[INFO] [stdout]    7:     0x5dfa1ca948c2 - std[617be2ca0a6fd877]::panicking::panic_handler::{closure#0}
[INFO] [stdout]    8:     0x5dfa1ca8cd99 - std[617be2ca0a6fd877]::sys::backtrace::__rust_end_short_backtrace::<std[617be2ca0a6fd877]::panicking::panic_handler::{closure#0}, !>
[INFO] [stdout]    9:     0x5dfa1ca955dd - __rustc[ea4f61d10b84890b]::rust_begin_unwind
[INFO] [stdout]   10:     0x5dfa1cad472c - core[a373ad73a504971]::panicking::panic_fmt
[INFO] [stdout]   11:     0x5dfa1ca773e4 - hegel[db6f1f3038500cf2]::runner::find_hegel::{closure#0}::{closure#0}
[INFO] [stdout]   12:     0x5dfa1ca773a4 - <std[617be2ca0a6fd877]::sync::once::Once>::call_once_force::<<std[617be2ca0a6fd877]::sync::once_lock::OnceLock<alloc[2e1b2a31b91974c5]::string::String>>::initialize<<std[617be2ca0a6fd877]::sync::once_lock::OnceLock<alloc[2e1b2a31b91974c5]::string::String>>::get_or_init<hegel[db6f1f3038500cf2]::runner::find_hegel::{closure#0}>::{closure#0}, !>::{closure#0}>::{closure#0}
[INFO] [stdout]   13:     0x5dfa1ca9a769 - <std[617be2ca0a6fd877]::sys::sync::once::futex::Once>::call
[INFO] [stdout]   14:     0x5dfa1ca76d9b - <std[617be2ca0a6fd877]::sync::once_lock::OnceLock<alloc[2e1b2a31b91974c5]::string::String>>::initialize::<<std[617be2ca0a6fd877]::sync::once_lock::OnceLock<alloc[2e1b2a31b91974c5]::string::String>>::get_or_init<hegel[db6f1f3038500cf2]::runner::find_hegel::{closure#0}>::{closure#0}, !>
[INFO] [stdout]   15:     0x5dfa1ca5e88c - hegel[db6f1f3038500cf2]::runner::find_hegel
[INFO] [stdout]   16:     0x5dfa1c946856 - <hegel[db6f1f3038500cf2]::runner::Hegel<property[cdb16e085ddacb0d]::newtype_struct_roundtrip::{closure#0}>>::run
[INFO] [stdout]   17:     0x5dfa1c982b45 - <property[cdb16e085ddacb0d]::newtype_struct_roundtrip::{closure#0} as core[a373ad73a504971]::ops::function::FnOnce<()>>::call_once
[INFO] [stdout]   18:     0x5dfa1ca1aa7b - test[aada8e7e76ba119b]::__rust_begin_short_backtrace::<core[a373ad73a504971]::result::Result<(), alloc[2e1b2a31b91974c5]::string::String>, fn() -> core[a373ad73a504971]::result::Result<(), alloc[2e1b2a31b91974c5]::string::String>>
[INFO] [stdout]   19:     0x5dfa1ca27c55 - test[aada8e7e76ba119b]::run_test::{closure#0}
[INFO] [stdout]   20:     0x5dfa1ca21544 - std[617be2ca0a6fd877]::sys::backtrace::__rust_begin_short_backtrace::<test[aada8e7e76ba119b]::run_test::{closure#1}, ()>
[INFO] [stdout]   21:     0x5dfa1ca2ace2 - <std[617be2ca0a6fd877]::thread::lifecycle::spawn_unchecked<test[aada8e7e76ba119b]::run_test::{closure#1}, ()>::{closure#1} as core[a373ad73a504971]::ops::function::FnOnce<()>>::call_once::{shim:vtable#0}
[INFO] [stdout]   22:     0x5dfa1cab9dff - <std[617be2ca0a6fd877]::sys::thread::unix::Thread>::new::thread_start
[INFO] [stdout]   23:     0x796569c41dfa - <unknown>
[INFO] [stdout]   24:     0x796569cd53d4 - clone
[INFO] [stdout]   25:                0x0 - <unknown>
[INFO] [stdout] 
[INFO] [stdout] ---- integer_types_roundtrip stdout ----
[INFO] [stdout] 
[INFO] [stdout] thread 'integer_types_roundtrip' (1294) panicked at /opt/rustwide/cargo-home/registry/src/index.crates.io-1949cf8c6b5b557f/hegeltest-0.2.2/src/runner.rs:271:69:
[INFO] [stdout] Failed to create .hegel: Read-only file system (os error 30)
[INFO] [stdout] stack backtrace:
[INFO] [stdout]    0:     0x5dfa1cabab61 - <<std[617be2ca0a6fd877]::sys::backtrace::BacktraceLock>::print::DisplayBacktrace as core[a373ad73a504971]::fmt::Display>::fmt
[INFO] [stdout]    1:     0x5dfa1cad3f8a - core[a373ad73a504971]::fmt::write
[INFO] [stdout]    2:     0x5dfa1cac0a3c - <alloc[2e1b2a31b91974c5]::vec::Vec<u8> as core[a373ad73a504971]::io::write::Write>::write_fmt
[INFO] [stdout]    3:     0x5dfa1ca94816 - std[617be2ca0a6fd877]::panicking::default_hook::{closure#0}
[INFO] [stdout]    4:     0x5dfa1cab2319 - std[617be2ca0a6fd877]::panicking::default_hook
[INFO] [stdout]    5:     0x5dfa1ca27630 - test[aada8e7e76ba119b]::test_main_inner::{closure#0}
[INFO] [stdout]    6:     0x5dfa1cab24d2 - std[617be2ca0a6fd877]::panicking::panic_with_hook
[INFO] [stdout]    7:     0x5dfa1ca948c2 - std[617be2ca0a6fd877]::panicking::panic_handler::{closure#0}
[INFO] [stdout]    8:     0x5dfa1ca8cd99 - std[617be2ca0a6fd877]::sys::backtrace::__rust_end_short_backtrace::<std[617be2ca0a6fd877]::panicking::panic_handler::{closure#0}, !>
[INFO] [stdout]    9:     0x5dfa1ca955dd - __rustc[ea4f61d10b84890b]::rust_begin_unwind
[INFO] [stdout]   10:     0x5dfa1cad472c - core[a373ad73a504971]::panicking::panic_fmt
[INFO] [stdout]   11:     0x5dfa1ca773e4 - hegel[db6f1f3038500cf2]::runner::find_hegel::{closure#0}::{closure#0}
[INFO] [stdout]   12:     0x5dfa1ca773a4 - <std[617be2ca0a6fd877]::sync::once::Once>::call_once_force::<<std[617be2ca0a6fd877]::sync::once_lock::OnceLock<alloc[2e1b2a31b91974c5]::string::String>>::initialize<<std[617be2ca0a6fd877]::sync::once_lock::OnceLock<alloc[2e1b2a31b91974c5]::string::String>>::get_or_init<hegel[db6f1f3038500cf2]::runner::find_hegel::{closure#0}>::{closure#0}, !>::{closure#0}>::{closure#0}
[INFO] [stdout]   13:     0x5dfa1ca9a769 - <std[617be2ca0a6fd877]::sys::sync::once::futex::Once>::call
[INFO] [stdout]   14:     0x5dfa1ca76d9b - <std[617be2ca0a6fd877]::sync::once_lock::OnceLock<alloc[2e1b2a31b91974c5]::string::String>>::initialize::<<std[617be2ca0a6fd877]::sync::once_lock::OnceLock<alloc[2e1b2a31b91974c5]::string::String>>::get_or_init<hegel[db6f1f3038500cf2]::runner::find_hegel::{closure#0}>::{closure#0}, !>
[INFO] [stdout]   15:     0x5dfa1ca5e88c - hegel[db6f1f3038500cf2]::runner::find_hegel
[INFO] [stdout]   16:     0x5dfa1c93ce96 - <hegel[db6f1f3038500cf2]::runner::Hegel<property[cdb16e085ddacb0d]::integer_types_roundtrip::{closure#0}>>::run
[INFO] [stdout]   17:     0x5dfa1c982033 - <property[cdb16e085ddacb0d]::integer_types_roundtrip::{closure#0} as core[a373ad73a504971]::ops::function::FnOnce<()>>::call_once
[INFO] [stdout]   18:     0x5dfa1ca1aa7b - test[aada8e7e76ba119b]::__rust_begin_short_backtrace::<core[a373ad73a504971]::result::Result<(), alloc[2e1b2a31b91974c5]::string::String>, fn() -> core[a373ad73a504971]::result::Result<(), alloc[2e1b2a31b91974c5]::string::String>>
[INFO] [stdout]   19:     0x5dfa1ca27c55 - test[aada8e7e76ba119b]::run_test::{closure#0}
[INFO] [stdout]   20:     0x5dfa1ca21544 - std[617be2ca0a6fd877]::sys::backtrace::__rust_begin_short_backtrace::<test[aada8e7e76ba119b]::run_test::{closure#1}, ()>
[INFO] [stdout]   21:     0x5dfa1ca2ace2 - <std[617be2ca0a6fd877]::thread::lifecycle::spawn_unchecked<test[aada8e7e76ba119b]::run_test::{closure#1}, ()>::{closure#1} as core[a373ad73a504971]::ops::function::FnOnce<()>>::call_once::{shim:vtable#0}
[INFO] [stdout]   22:     0x5dfa1cab9dff - <std[617be2ca0a6fd877]::sys::thread::unix::Thread>::new::thread_start
[INFO] [stdout]   23:     0x796569c41dfa - <unknown>
[INFO] [stdout]   24:     0x796569cd53d4 - clone
[INFO] [stdout]   25:                0x0 - <unknown>
[INFO] [stdout] 
[INFO] [stdout] ---- complex_enum_roundtrip stdout ----
[INFO] [stdout] 
[INFO] [stdout] thread 'complex_enum_roundtrip' (1286) panicked at /opt/rustwide/cargo-home/registry/src/index.crates.io-1949cf8c6b5b557f/hegeltest-0.2.2/src/runner.rs:271:69:
[INFO] [stdout] Failed to create .hegel: Read-only file system (os error 30)
[INFO] [stdout] stack backtrace:
[INFO] [stdout]    0:     0x5dfa1cabab61 - <<std[617be2ca0a6fd877]::sys::backtrace::BacktraceLock>::print::DisplayBacktrace as core[a373ad73a504971]::fmt::Display>::fmt
[INFO] [stdout]    1:     0x5dfa1cad3f8a - core[a373ad73a504971]::fmt::write
[INFO] [stdout]    2:     0x5dfa1cac0a3c - <alloc[2e1b2a31b91974c5]::vec::Vec<u8> as core[a373ad73a504971]::io::write::Write>::write_fmt
[INFO] [stdout]    3:     0x5dfa1ca94816 - std[617be2ca0a6fd877]::panicking::default_hook::{closure#0}
[INFO] [stdout]    4:     0x5dfa1cab2319 - std[617be2ca0a6fd877]::panicking::default_hook
[INFO] [stdout]    5:     0x5dfa1ca27630 - test[aada8e7e76ba119b]::test_main_inner::{closure#0}
[INFO] [stdout]    6:     0x5dfa1cab24d2 - std[617be2ca0a6fd877]::panicking::panic_with_hook
[INFO] [stdout]    7:     0x5dfa1ca948c2 - std[617be2ca0a6fd877]::panicking::panic_handler::{closure#0}
[INFO] [stdout]    8:     0x5dfa1ca8cd99 - std[617be2ca0a6fd877]::sys::backtrace::__rust_end_short_backtrace::<std[617be2ca0a6fd877]::panicking::panic_handler::{closure#0}, !>
[INFO] [stdout]    9:     0x5dfa1ca955dd - __rustc[ea4f61d10b84890b]::rust_begin_unwind
[INFO] [stdout]   10:     0x5dfa1cad472c - core[a373ad73a504971]::panicking::panic_fmt
[INFO] [stdout]   11:     0x5dfa1ca773e4 - hegel[db6f1f3038500cf2]::runner::find_hegel::{closure#0}::{closure#0}
[INFO] [stdout]   12:     0x5dfa1ca773a4 - <std[617be2ca0a6fd877]::sync::once::Once>::call_once_force::<<std[617be2ca0a6fd877]::sync::once_lock::OnceLock<alloc[2e1b2a31b91974c5]::string::String>>::initialize<<std[617be2ca0a6fd877]::sync::once_lock::OnceLock<alloc[2e1b2a31b91974c5]::string::String>>::get_or_init<hegel[db6f1f3038500cf2]::runner::find_hegel::{closure#0}>::{closure#0}, !>::{closure#0}>::{closure#0}
[INFO] [stdout]   13:     0x5dfa1ca9a769 - <std[617be2ca0a6fd877]::sys::sync::once::futex::Once>::call
[INFO] [stdout]   14:     0x5dfa1ca76d9b - <std[617be2ca0a6fd877]::sync::once_lock::OnceLock<alloc[2e1b2a31b91974c5]::string::String>>::initialize::<<std[617be2ca0a6fd877]::sync::once_lock::OnceLock<alloc[2e1b2a31b91974c5]::string::String>>::get_or_init<hegel[db6f1f3038500cf2]::runner::find_hegel::{closure#0}>::{closure#0}, !>
[INFO] [stdout]   15:     0x5dfa1ca5e88c - hegel[db6f1f3038500cf2]::runner::find_hegel
[INFO] [stdout]   16:     0x5dfa1c929b16 - <hegel[db6f1f3038500cf2]::runner::Hegel<property[cdb16e085ddacb0d]::complex_enum_roundtrip::{closure#0}>>::run
[INFO] [stdout]   17:     0x5dfa1c980a0f - <property[cdb16e085ddacb0d]::complex_enum_roundtrip::{closure#0} as core[a373ad73a504971]::ops::function::FnOnce<()>>::call_once
[INFO] [stdout]   18:     0x5dfa1ca1aa7b - test[aada8e7e76ba119b]::__rust_begin_short_backtrace::<core[a373ad73a504971]::result::Result<(), alloc[2e1b2a31b91974c5]::string::String>, fn() -> core[a373ad73a504971]::result::Result<(), alloc[2e1b2a31b91974c5]::string::String>>
[INFO] [stdout]   19:     0x5dfa1ca27c55 - test[aada8e7e76ba119b]::run_test::{closure#0}
[INFO] [stdout]   20:     0x5dfa1ca21544 - std[617be2ca0a6fd877]::sys::backtrace::__rust_begin_short_backtrace::<test[aada8e7e76ba119b]::run_test::{closure#1}, ()>
[INFO] [stdout]   21:     0x5dfa1ca2ace2 - <std[617be2ca0a6fd877]::thread::lifecycle::spawn_unchecked<test[aada8e7e76ba119b]::run_test::{closure#1}, ()>::{closure#1} as core[a373ad73a504971]::ops::function::FnOnce<()>>::call_once::{shim:vtable#0}
[INFO] [stdout]   22:     0x5dfa1cab9dff - <std[617be2ca0a6fd877]::sys::thread::unix::Thread>::new::thread_start
[INFO] [stdout]   23:     0x796569c41dfa - <unknown>
[INFO] [stdout]   24:     0x796569cd53d4 - clone
[INFO] [stdout]   25:                0x0 - <unknown>
[INFO] [stdout] 
[INFO] [stdout] ---- f32_roundtrip stdout ----
[INFO] [stdout] 
[INFO] [stdout] thread 'f32_roundtrip' (1289) panicked at /opt/rustwide/cargo-home/registry/src/index.crates.io-1949cf8c6b5b557f/hegeltest-0.2.2/src/runner.rs:271:69:
[INFO] [stdout] Failed to create .hegel: Read-only file system (os error 30)
[INFO] [stdout] stack backtrace:
[INFO] [stdout]    0:     0x5dfa1cabab61 - <<std[617be2ca0a6fd877]::sys::backtrace::BacktraceLock>::print::DisplayBacktrace as core[a373ad73a504971]::fmt::Display>::fmt
[INFO] [stdout]    1:     0x5dfa1cad3f8a - core[a373ad73a504971]::fmt::write
[INFO] [stdout]    2:     0x5dfa1cac0a3c - <alloc[2e1b2a31b91974c5]::vec::Vec<u8> as core[a373ad73a504971]::io::write::Write>::write_fmt
[INFO] [stdout]    3:     0x5dfa1ca94816 - std[617be2ca0a6fd877]::panicking::default_hook::{closure#0}
[INFO] [stdout]    4:     0x5dfa1cab2319 - std[617be2ca0a6fd877]::panicking::default_hook
[INFO] [stdout]    5:     0x5dfa1ca27630 - test[aada8e7e76ba119b]::test_main_inner::{closure#0}
[INFO] [stdout]    6:     0x5dfa1cab24d2 - std[617be2ca0a6fd877]::panicking::panic_with_hook
[INFO] [stdout]    7:     0x5dfa1ca948c2 - std[617be2ca0a6fd877]::panicking::panic_handler::{closure#0}
[INFO] [stdout]    8:     0x5dfa1ca8cd99 - std[617be2ca0a6fd877]::sys::backtrace::__rust_end_short_backtrace::<std[617be2ca0a6fd877]::panicking::panic_handler::{closure#0}, !>
[INFO] [stdout]    9:     0x5dfa1ca955dd - __rustc[ea4f61d10b84890b]::rust_begin_unwind
[INFO] [stdout]   10:     0x5dfa1cad472c - core[a373ad73a504971]::panicking::panic_fmt
[INFO] [stdout]   11:     0x5dfa1ca773e4 - hegel[db6f1f3038500cf2]::runner::find_hegel::{closure#0}::{closure#0}
[INFO] [stdout]   12:     0x5dfa1ca773a4 - <std[617be2ca0a6fd877]::sync::once::Once>::call_once_force::<<std[617be2ca0a6fd877]::sync::once_lock::OnceLock<alloc[2e1b2a31b91974c5]::string::String>>::initialize<<std[617be2ca0a6fd877]::sync::once_lock::OnceLock<alloc[2e1b2a31b91974c5]::string::String>>::get_or_init<hegel[db6f1f3038500cf2]::runner::find_hegel::{closure#0}>::{closure#0}, !>::{closure#0}>::{closure#0}
[INFO] [stdout]   13:     0x5dfa1ca9a769 - <std[617be2ca0a6fd877]::sys::sync::once::futex::Once>::call
[INFO] [stdout]   14:     0x5dfa1ca76d9b - <std[617be2ca0a6fd877]::sync::once_lock::OnceLock<alloc[2e1b2a31b91974c5]::string::String>>::initialize::<<std[617be2ca0a6fd877]::sync::once_lock::OnceLock<alloc[2e1b2a31b91974c5]::string::String>>::get_or_init<hegel[db6f1f3038500cf2]::runner::find_hegel::{closure#0}>::{closure#0}, !>
[INFO] [stdout]   15:     0x5dfa1ca5e88c - hegel[db6f1f3038500cf2]::runner::find_hegel
[INFO] [stdout]   16:     0x5dfa1c9000d6 - <hegel[db6f1f3038500cf2]::runner::Hegel<property[cdb16e085ddacb0d]::f32_roundtrip::{closure#0}>>::run
[INFO] [stdout]   17:     0x5dfa1c97da6b - <property[cdb16e085ddacb0d]::f32_roundtrip::{closure#0} as core[a373ad73a504971]::ops::function::FnOnce<()>>::call_once
[INFO] [stdout]   18:     0x5dfa1ca1aa7b - test[aada8e7e76ba119b]::__rust_begin_short_backtrace::<core[a373ad73a504971]::result::Result<(), alloc[2e1b2a31b91974c5]::string::String>, fn() -> core[a373ad73a504971]::result::Result<(), alloc[2e1b2a31b91974c5]::string::String>>
[INFO] [stdout]   19:     0x5dfa1ca27c55 - test[aada8e7e76ba119b]::run_test::{closure#0}
[INFO] [stdout]   20:     0x5dfa1ca21544 - std[617be2ca0a6fd877]::sys::backtrace::__rust_begin_short_backtrace::<test[aada8e7e76ba119b]::run_test::{closure#1}, ()>
[INFO] [stdout]   21:     0x5dfa1ca2ace2 - <std[617be2ca0a6fd877]::thread::lifecycle::spawn_unchecked<test[aada8e7e76ba119b]::run_test::{closure#1}, ()>::{closure#1} as core[a373ad73a504971]::ops::function::FnOnce<()>>::call_once::{shim:vtable#0}
[INFO] [stdout]   22:     0x5dfa1cab9dff - <std[617be2ca0a6fd877]::sys::thread::unix::Thread>::new::thread_start
[INFO] [stdout]   23:     0x796569c41dfa - <unknown>
[INFO] [stdout]   24:     0x796569cd53d4 - clone
[INFO] [stdout]   25:                0x0 - <unknown>
[INFO] [stdout] 
[INFO] [stdout] ---- to_string_and_pretty_agree stdout ----
[INFO] [stdout] 
[INFO] [stdout] thread 'to_string_and_pretty_agree' (1301) panicked at /opt/rustwide/cargo-home/registry/src/index.crates.io-1949cf8c6b5b557f/hegeltest-0.2.2/src/runner.rs:271:69:
[INFO] [stdout] Failed to create .hegel: Read-only file system (os error 30)
[INFO] [stdout] stack backtrace:
[INFO] [stdout]    0:     0x5dfa1cabab61 - <<std[617be2ca0a6fd877]::sys::backtrace::BacktraceLock>::print::DisplayBacktrace as core[a373ad73a504971]::fmt::Display>::fmt
[INFO] [stdout]    1:     0x5dfa1cad3f8a - core[a373ad73a504971]::fmt::write
[INFO] [stdout]    2:     0x5dfa1cac0a3c - <alloc[2e1b2a31b91974c5]::vec::Vec<u8> as core[a373ad73a504971]::io::write::Write>::write_fmt
[INFO] [stdout]    3:     0x5dfa1ca94816 - std[617be2ca0a6fd877]::panicking::default_hook::{closure#0}
[INFO] [stdout]    4:     0x5dfa1cab2319 - std[617be2ca0a6fd877]::panicking::default_hook
[INFO] [stdout]    5:     0x5dfa1ca27630 - test[aada8e7e76ba119b]::test_main_inner::{closure#0}
[INFO] [stderr] error: test failed, to rerun pass `--test property`
[INFO] [stdout]    6:     0x5dfa1cab24d2 - std[617be2ca0a6fd877]::panicking::panic_with_hook
[INFO] [stdout]    7:     0x5dfa1ca948c2 - std[617be2ca0a6fd877]::panicking::panic_handler::{closure#0}
[INFO] [stdout]    8:     0x5dfa1ca8cd99 - std[617be2ca0a6fd877]::sys::backtrace::__rust_end_short_backtrace::<std[617be2ca0a6fd877]::panicking::panic_handler::{closure#0}, !>
[INFO] [stdout]    9:     0x5dfa1ca955dd - __rustc[ea4f61d10b84890b]::rust_begin_unwind
[INFO] [stdout]   10:     0x5dfa1cad472c - core[a373ad73a504971]::panicking::panic_fmt
[INFO] [stdout]   11:     0x5dfa1ca773e4 - hegel[db6f1f3038500cf2]::runner::find_hegel::{closure#0}::{closure#0}
[INFO] [stdout]   12:     0x5dfa1ca773a4 - <std[617be2ca0a6fd877]::sync::once::Once>::call_once_force::<<std[617be2ca0a6fd877]::sync::once_lock::OnceLock<alloc[2e1b2a31b91974c5]::string::String>>::initialize<<std[617be2ca0a6fd877]::sync::once_lock::OnceLock<alloc[2e1b2a31b91974c5]::string::String>>::get_or_init<hegel[db6f1f3038500cf2]::runner::find_hegel::{closure#0}>::{closure#0}, !>::{closure#0}>::{closure#0}
[INFO] [stdout]   13:     0x5dfa1ca9a769 - <std[617be2ca0a6fd877]::sys::sync::once::futex::Once>::call
[INFO] [stdout]   14:     0x5dfa1ca76d9b - <std[617be2ca0a6fd877]::sync::once_lock::OnceLock<alloc[2e1b2a31b91974c5]::string::String>>::initialize::<<std[617be2ca0a6fd877]::sync::once_lock::OnceLock<alloc[2e1b2a31b91974c5]::string::String>>::get_or_init<hegel[db6f1f3038500cf2]::runner::find_hegel::{closure#0}>::{closure#0}, !>
[INFO] [stdout]   15:     0x5dfa1ca5e88c - hegel[db6f1f3038500cf2]::runner::find_hegel
[INFO] [stdout]   16:     0x5dfa1c94ced6 - <hegel[db6f1f3038500cf2]::runner::Hegel<property[cdb16e085ddacb0d]::to_string_and_pretty_agree::{closure#0}>>::run
[INFO] [stdout]   17:     0x5dfa1c9832a3 - <property[cdb16e085ddacb0d]::to_string_and_pretty_agree::{closure#0} as core[a373ad73a504971]::ops::function::FnOnce<()>>::call_once
[INFO] [stdout]   18:     0x5dfa1ca1aa7b - test[aada8e7e76ba119b]::__rust_begin_short_backtrace::<core[a373ad73a504971]::result::Result<(), alloc[2e1b2a31b91974c5]::string::String>, fn() -> core[a373ad73a504971]::result::Result<(), alloc[2e1b2a31b91974c5]::string::String>>
[INFO] [stdout]   19:     0x5dfa1ca27c55 - test[aada8e7e76ba119b]::run_test::{closure#0}
[INFO] [stdout]   20:     0x5dfa1ca21544 - std[617be2ca0a6fd877]::sys::backtrace::__rust_begin_short_backtrace::<test[aada8e7e76ba119b]::run_test::{closure#1}, ()>
[INFO] [stdout]   21:     0x5dfa1ca2ace2 - <std[617be2ca0a6fd877]::thread::lifecycle::spawn_unchecked<test[aada8e7e76ba119b]::run_test::{closure#1}, ()>::{closure#1} as core[a373ad73a504971]::ops::function::FnOnce<()>>::call_once::{shim:vtable#0}
[INFO] [stdout]   22:     0x5dfa1cab9dff - <std[617be2ca0a6fd877]::sys::thread::unix::Thread>::new::thread_start
[INFO] [stdout]   23:     0x796569c41dfa - <unknown>
[INFO] [stdout]   24:     0x796569cd53d4 - clone
[INFO] [stdout]   25:                0x0 - <unknown>
[INFO] [stdout] 
[INFO] [stdout] ---- kitchen_sink_roundtrip stdout ----
[INFO] [stdout] 
[INFO] [stdout] thread 'kitchen_sink_roundtrip' (1295) panicked at /opt/rustwide/cargo-home/registry/src/index.crates.io-1949cf8c6b5b557f/hegeltest-0.2.2/src/runner.rs:271:69:
[INFO] [stdout] Failed to create .hegel: Read-only file system (os error 30)
[INFO] [stdout] stack backtrace:
[INFO] [stdout]    0:     0x5dfa1cabab61 - <<std[617be2ca0a6fd877]::sys::backtrace::BacktraceLock>::print::DisplayBacktrace as core[a373ad73a504971]::fmt::Display>::fmt
[INFO] [stdout]    1:     0x5dfa1cad3f8a - core[a373ad73a504971]::fmt::write
[INFO] [stdout]    2:     0x5dfa1cac0a3c - <alloc[2e1b2a31b91974c5]::vec::Vec<u8> as core[a373ad73a504971]::io::write::Write>::write_fmt
[INFO] [stdout]    3:     0x5dfa1ca94816 - std[617be2ca0a6fd877]::panicking::default_hook::{closure#0}
[INFO] [stdout]    4:     0x5dfa1cab2319 - std[617be2ca0a6fd877]::panicking::default_hook
[INFO] [stdout]    5:     0x5dfa1ca27630 - test[aada8e7e76ba119b]::test_main_inner::{closure#0}
[INFO] [stdout]    6:     0x5dfa1cab24d2 - std[617be2ca0a6fd877]::panicking::panic_with_hook
[INFO] [stdout]    7:     0x5dfa1ca948c2 - std[617be2ca0a6fd877]::panicking::panic_handler::{closure#0}
[INFO] [stdout]    8:     0x5dfa1ca8cd99 - std[617be2ca0a6fd877]::sys::backtrace::__rust_end_short_backtrace::<std[617be2ca0a6fd877]::panicking::panic_handler::{closure#0}, !>
[INFO] [stdout]    9:     0x5dfa1ca955dd - __rustc[ea4f61d10b84890b]::rust_begin_unwind
[INFO] [stdout]   10:     0x5dfa1cad472c - core[a373ad73a504971]::panicking::panic_fmt
[INFO] [stdout]   11:     0x5dfa1ca773e4 - hegel[db6f1f3038500cf2]::runner::find_hegel::{closure#0}::{closure#0}
[INFO] [stdout]   12:     0x5dfa1ca773a4 - <std[617be2ca0a6fd877]::sync::once::Once>::call_once_force::<<std[617be2ca0a6fd877]::sync::once_lock::OnceLock<alloc[2e1b2a31b91974c5]::string::String>>::initialize<<std[617be2ca0a6fd877]::sync::once_lock::OnceLock<alloc[2e1b2a31b91974c5]::string::String>>::get_or_init<hegel[db6f1f3038500cf2]::runner::find_hegel::{closure#0}>::{closure#0}, !>::{closure#0}>::{closure#0}
[INFO] [stdout]   13:     0x5dfa1ca9a769 - <std[617be2ca0a6fd877]::sys::sync::once::futex::Once>::call
[INFO] [stdout]   14:     0x5dfa1ca76d9b - <std[617be2ca0a6fd877]::sync::once_lock::OnceLock<alloc[2e1b2a31b91974c5]::string::String>>::initialize::<<std[617be2ca0a6fd877]::sync::once_lock::OnceLock<alloc[2e1b2a31b91974c5]::string::String>>::get_or_init<hegel[db6f1f3038500cf2]::runner::find_hegel::{closure#0}>::{closure#0}, !>
[INFO] [stdout]   15:     0x5dfa1ca5e88c - hegel[db6f1f3038500cf2]::runner::find_hegel
[INFO] [stdout]   16:     0x5dfa1c92ce56 - <hegel[db6f1f3038500cf2]::runner::Hegel<property[cdb16e085ddacb0d]::kitchen_sink_roundtrip::{closure#0}>>::run
[INFO] [stdout]   17:     0x5dfa1c980dbf - <property[cdb16e085ddacb0d]::kitchen_sink_roundtrip::{closure#0} as core[a373ad73a504971]::ops::function::FnOnce<()>>::call_once
[INFO] [stdout]   18:     0x5dfa1ca1aa7b - test[aada8e7e76ba119b]::__rust_begin_short_backtrace::<core[a373ad73a504971]::result::Result<(), alloc[2e1b2a31b91974c5]::string::String>, fn() -> core[a373ad73a504971]::result::Result<(), alloc[2e1b2a31b91974c5]::string::String>>
[INFO] [stdout]   19:     0x5dfa1ca27c55 - test[aada8e7e76ba119b]::run_test::{closure#0}
[INFO] [stdout]   20:     0x5dfa1ca21544 - std[617be2ca0a6fd877]::sys::backtrace::__rust_begin_short_backtrace::<test[aada8e7e76ba119b]::run_test::{closure#1}, ()>
[INFO] [stdout]   21:     0x5dfa1ca2ace2 - <std[617be2ca0a6fd877]::thread::lifecycle::spawn_unchecked<test[aada8e7e76ba119b]::run_test::{closure#1}, ()>::{closure#1} as core[a373ad73a504971]::ops::function::FnOnce<()>>::call_once::{shim:vtable#0}
[INFO] [stdout]   22:     0x5dfa1cab9dff - <std[617be2ca0a6fd877]::sys::thread::unix::Thread>::new::thread_start
[INFO] [stdout]   23:     0x796569c41dfa - <unknown>
[INFO] [stdout]   24:     0x796569cd53d4 - clone
[INFO] [stdout]   25:                0x0 - <unknown>
[INFO] [stdout] 
[INFO] [stdout] ---- option_fields_roundtrip stdout ----
[INFO] [stdout] 
[INFO] [stdout] thread 'option_fields_roundtrip' (1299) panicked at /opt/rustwide/cargo-home/registry/src/index.crates.io-1949cf8c6b5b557f/hegeltest-0.2.2/src/runner.rs:271:69:
[INFO] [stdout] Failed to create .hegel: Read-only file system (os error 30)
[INFO] [stdout] stack backtrace:
[INFO] [stdout]    0:     0x5dfa1cabab61 - <<std[617be2ca0a6fd877]::sys::backtrace::BacktraceLock>::print::DisplayBacktrace as core[a373ad73a504971]::fmt::Display>::fmt
[INFO] [stdout]    1:     0x5dfa1cad3f8a - core[a373ad73a504971]::fmt::write
[INFO] [stdout]    2:     0x5dfa1cac0a3c - <alloc[2e1b2a31b91974c5]::vec::Vec<u8> as core[a373ad73a504971]::io::write::Write>::write_fmt
[INFO] [stdout]    3:     0x5dfa1ca94816 - std[617be2ca0a6fd877]::panicking::default_hook::{closure#0}
[INFO] [stdout]    4:     0x5dfa1cab2319 - std[617be2ca0a6fd877]::panicking::default_hook
[INFO] [stdout]    5:     0x5dfa1ca27630 - test[aada8e7e76ba119b]::test_main_inner::{closure#0}
[INFO] [stdout]    6:     0x5dfa1cab24d2 - std[617be2ca0a6fd877]::panicking::panic_with_hook
[INFO] [stdout]    7:     0x5dfa1ca948c2 - std[617be2ca0a6fd877]::panicking::panic_handler::{closure#0}
[INFO] [stdout]    8:     0x5dfa1ca8cd99 - std[617be2ca0a6fd877]::sys::backtrace::__rust_end_short_backtrace::<std[617be2ca0a6fd877]::panicking::panic_handler::{closure#0}, !>
[INFO] [stdout]    9:     0x5dfa1ca955dd - __rustc[ea4f61d10b84890b]::rust_begin_unwind
[INFO] [stdout]   10:     0x5dfa1cad472c - core[a373ad73a504971]::panicking::panic_fmt
[INFO] [stdout]   11:     0x5dfa1ca773e4 - hegel[db6f1f3038500cf2]::runner::find_hegel::{closure#0}::{closure#0}
[INFO] [stdout]   12:     0x5dfa1ca773a4 - <std[617be2ca0a6fd877]::sync::once::Once>::call_once_force::<<std[617be2ca0a6fd877]::sync::once_lock::OnceLock<alloc[2e1b2a31b91974c5]::string::String>>::initialize<<std[617be2ca0a6fd877]::sync::once_lock::OnceLock<alloc[2e1b2a31b91974c5]::string::String>>::get_or_init<hegel[db6f1f3038500cf2]::runner::find_hegel::{closure#0}>::{closure#0}, !>::{closure#0}>::{closure#0}
[INFO] [stdout]   13:     0x5dfa1ca9a769 - <std[617be2ca0a6fd877]::sys::sync::once::futex::Once>::call
[INFO] [stdout]   14:     0x5dfa1ca76d9b - <std[617be2ca0a6fd877]::sync::once_lock::OnceLock<alloc[2e1b2a31b91974c5]::string::String>>::initialize::<<std[617be2ca0a6fd877]::sync::once_lock::OnceLock<alloc[2e1b2a31b91974c5]::string::String>>::get_or_init<hegel[db6f1f3038500cf2]::runner::find_hegel::{closure#0}>::{closure#0}, !>
[INFO] [stdout]   15:     0x5dfa1ca5e88c - hegel[db6f1f3038500cf2]::runner::find_hegel
[INFO] [stdout]   16:     0x5dfa1c943516 - <hegel[db6f1f3038500cf2]::runner::Hegel<property[cdb16e085ddacb0d]::option_fields_roundtrip::{closure#0}>>::run
[INFO] [stdout]   17:     0x5dfa1c982793 - <property[cdb16e085ddacb0d]::option_fields_roundtrip::{closure#0} as core[a373ad73a504971]::ops::function::FnOnce<()>>::call_once
[INFO] [stdout]   18:     0x5dfa1ca1aa7b - test[aada8e7e76ba119b]::__rust_begin_short_backtrace::<core[a373ad73a504971]::result::Result<(), alloc[2e1b2a31b91974c5]::string::String>, fn() -> core[a373ad73a504971]::result::Result<(), alloc[2e1b2a31b91974c5]::string::String>>
[INFO] [stdout]   19:     0x5dfa1ca27c55 - test[aada8e7e76ba119b]::run_test::{closure#0}
[INFO] [stdout]   20:     0x5dfa1ca21544 - std[617be2ca0a6fd877]::sys::backtrace::__rust_begin_short_backtrace::<test[aada8e7e76ba119b]::run_test::{closure#1}, ()>
[INFO] [stdout]   21:     0x5dfa1ca2ace2 - <std[617be2ca0a6fd877]::thread::lifecycle::spawn_unchecked<test[aada8e7e76ba119b]::run_test::{closure#1}, ()>::{closure#1} as core[a373ad73a504971]::ops::function::FnOnce<()>>::call_once::{shim:vtable#0}
[INFO] [stdout]   22:     0x5dfa1cab9dff - <std[617be2ca0a6fd877]::sys::thread::unix::Thread>::new::thread_start
[INFO] [stdout]   23:     0x796569c41dfa - <unknown>
[INFO] [stdout]   24:     0x796569cd53d4 - clone
[INFO] [stdout]   25:                0x0 - <unknown>
[INFO] [stdout] 
[INFO] [stdout] ---- nested_struct_roundtrip stdout ----
[INFO] [stdout] 
[INFO] [stdout] thread 'nested_struct_roundtrip' (1296) panicked at /opt/rustwide/cargo-home/registry/src/index.crates.io-1949cf8c6b5b557f/hegeltest-0.2.2/src/runner.rs:271:69:
[INFO] [stdout] Failed to create .hegel: Read-only file system (os error 30)
[INFO] [stdout] stack backtrace:
[INFO] [stdout]    0:     0x5dfa1cabab61 - <<std[617be2ca0a6fd877]::sys::backtrace::BacktraceLock>::print::DisplayBacktrace as core[a373ad73a504971]::fmt::Display>::fmt
[INFO] [stdout]    1:     0x5dfa1cad3f8a - core[a373ad73a504971]::fmt::write
[INFO] [stdout]    2:     0x5dfa1cac0a3c - <alloc[2e1b2a31b91974c5]::vec::Vec<u8> as core[a373ad73a504971]::io::write::Write>::write_fmt
[INFO] [stdout]    3:     0x5dfa1ca94816 - std[617be2ca0a6fd877]::panicking::default_hook::{closure#0}
[INFO] [stdout]    4:     0x5dfa1cab2319 - std[617be2ca0a6fd877]::panicking::default_hook
[INFO] [stdout]    5:     0x5dfa1ca27630 - test[aada8e7e76ba119b]::test_main_inner::{closure#0}
[INFO] [stdout]    6:     0x5dfa1cab24d2 - std[617be2ca0a6fd877]::panicking::panic_with_hook
[INFO] [stdout]    7:     0x5dfa1ca948c2 - std[617be2ca0a6fd877]::panicking::panic_handler::{closure#0}
[INFO] [stdout]    8:     0x5dfa1ca8cd99 - std[617be2ca0a6fd877]::sys::backtrace::__rust_end_short_backtrace::<std[617be2ca0a6fd877]::panicking::panic_handler::{closure#0}, !>
[INFO] [stdout]    9:     0x5dfa1ca955dd - __rustc[ea4f61d10b84890b]::rust_begin_unwind
[INFO] [stdout]   10:     0x5dfa1cad472c - core[a373ad73a504971]::panicking::panic_fmt
[INFO] [stdout]   11:     0x5dfa1ca773e4 - hegel[db6f1f3038500cf2]::runner::find_hegel::{closure#0}::{closure#0}
[INFO] [stdout]   12:     0x5dfa1ca773a4 - <std[617be2ca0a6fd877]::sync::once::Once>::call_once_force::<<std[617be2ca0a6fd877]::sync::once_lock::OnceLock<alloc[2e1b2a31b91974c5]::string::String>>::initialize<<std[617be2ca0a6fd877]::sync::once_lock::OnceLock<alloc[2e1b2a31b91974c5]::string::String>>::get_or_init<hegel[db6f1f3038500cf2]::runner::find_hegel::{closure#0}>::{closure#0}, !>::{closure#0}>::{closure#0}
[INFO] [stdout]   13:     0x5dfa1ca9a769 - <std[617be2ca0a6fd877]::sys::sync::once::futex::Once>::call
[INFO] [stdout]   14:     0x5dfa1ca76d9b - <std[617be2ca0a6fd877]::sync::once_lock::OnceLock<alloc[2e1b2a31b91974c5]::string::String>>::initialize::<<std[617be2ca0a6fd877]::sync::once_lock::OnceLock<alloc[2e1b2a31b91974c5]::string::String>>::get_or_init<hegel[db6f1f3038500cf2]::runner::find_hegel::{closure#0}>::{closure#0}, !>
[INFO] [stdout]   15:     0x5dfa1ca5e88c - hegel[db6f1f3038500cf2]::runner::find_hegel
[INFO] [stdout]   16:     0x5dfa1c9401d6 - <hegel[db6f1f3038500cf2]::runner::Hegel<property[cdb16e085ddacb0d]::nested_struct_roundtrip::{closure#0}>>::run
[INFO] [stdout]   17:     0x5dfa1c9823e3 - <property[cdb16e085ddacb0d]::nested_struct_roundtrip::{closure#0} as core[a373ad73a504971]::ops::function::FnOnce<()>>::call_once
[INFO] [stdout]   18:     0x5dfa1ca1aa7b - test[aada8e7e76ba119b]::__rust_begin_short_backtrace::<core[a373ad73a504971]::result::Result<(), alloc[2e1b2a31b91974c5]::string::String>, fn() -> core[a373ad73a504971]::result::Result<(), alloc[2e1b2a31b91974c5]::string::String>>
[INFO] [stdout]   19:     0x5dfa1ca27c55 - test[aada8e7e76ba119b]::run_test::{closure#0}
[INFO] [stdout]   20:     0x5dfa1ca21544 - std[617be2ca0a6fd877]::sys::backtrace::__rust_begin_short_backtrace::<test[aada8e7e76ba119b]::run_test::{closure#1}, ()>
[INFO] [stdout]   21:     0x5dfa1ca2ace2 - <std[617be2ca0a6fd877]::thread::lifecycle::spawn_unchecked<test[aada8e7e76ba119b]::run_test::{closure#1}, ()>::{closure#1} as core[a373ad73a504971]::ops::function::FnOnce<()>>::call_once::{shim:vtable#0}
[INFO] [stdout]   22:     0x5dfa1cab9dff - <std[617be2ca0a6fd877]::sys::thread::unix::Thread>::new::thread_start
[INFO] [stdout]   23:     0x796569c41dfa - <unknown>
[INFO] [stdout]   24:     0x796569cd53d4 - clone
[INFO] [stdout]   25:                0x0 - <unknown>
[INFO] [stdout] 
[INFO] [stdout] ---- hashmap_roundtrip stdout ----
[INFO] [stdout] 
[INFO] [stdout] thread 'hashmap_roundtrip' (1292) panicked at /opt/rustwide/cargo-home/registry/src/index.crates.io-1949cf8c6b5b557f/hegeltest-0.2.2/src/runner.rs:271:69:
[INFO] [stdout] Failed to create .hegel: Read-only file system (os error 30)
[INFO] [stdout] stack backtrace:
[INFO] [stdout]    0:     0x5dfa1cabab61 - <<std[617be2ca0a6fd877]::sys::backtrace::BacktraceLock>::print::DisplayBacktrace as core[a373ad73a504971]::fmt::Display>::fmt
[INFO] [stdout]    1:     0x5dfa1cad3f8a - core[a373ad73a504971]::fmt::write
[INFO] [stdout]    2:     0x5dfa1cac0a3c - <alloc[2e1b2a31b91974c5]::vec::Vec<u8> as core[a373ad73a504971]::io::write::Write>::write_fmt
[INFO] [stdout]    3:     0x5dfa1ca94816 - std[617be2ca0a6fd877]::panicking::default_hook::{closure#0}
[INFO] [stdout]    4:     0x5dfa1cab2319 - std[617be2ca0a6fd877]::panicking::default_hook
[INFO] [stdout]    5:     0x5dfa1ca27630 - test[aada8e7e76ba119b]::test_main_inner::{closure#0}
[INFO] [stdout]    6:     0x5dfa1cab24d2 - std[617be2ca0a6fd877]::panicking::panic_with_hook
[INFO] [stdout]    7:     0x5dfa1ca948c2 - std[617be2ca0a6fd877]::panicking::panic_handler::{closure#0}
[INFO] [stdout]    8:     0x5dfa1ca8cd99 - std[617be2ca0a6fd877]::sys::backtrace::__rust_end_short_backtrace::<std[617be2ca0a6fd877]::panicking::panic_handler::{closure#0}, !>
[INFO] [stdout]    9:     0x5dfa1ca955dd - __rustc[ea4f61d10b84890b]::rust_begin_unwind
[INFO] [stdout]   10:     0x5dfa1cad472c - core[a373ad73a504971]::panicking::panic_fmt
[INFO] [stdout]   11:     0x5dfa1ca773e4 - hegel[db6f1f3038500cf2]::runner::find_hegel::{closure#0}::{closure#0}
[INFO] [stdout]   12:     0x5dfa1ca773a4 - <std[617be2ca0a6fd877]::sync::once::Once>::call_once_force::<<std[617be2ca0a6fd877]::sync::once_lock::OnceLock<alloc[2e1b2a31b91974c5]::string::String>>::initialize<<std[617be2ca0a6fd877]::sync::once_lock::OnceLock<alloc[2e1b2a31b91974c5]::string::String>>::get_or_init<hegel[db6f1f3038500cf2]::runner::find_hegel::{closure#0}>::{closure#0}, !>::{closure#0}>::{closure#0}
[INFO] [stdout]   13:     0x5dfa1ca9a769 - <std[617be2ca0a6fd877]::sys::sync::once::futex::Once>::call
[INFO] [stdout]   14:     0x5dfa1ca76d9b - <std[617be2ca0a6fd877]::sync::once_lock::OnceLock<alloc[2e1b2a31b91974c5]::string::String>>::initialize::<<std[617be2ca0a6fd877]::sync::once_lock::OnceLock<alloc[2e1b2a31b91974c5]::string::String>>::get_or_init<hegel[db6f1f3038500cf2]::runner::find_hegel::{closure#0}>::{closure#0}, !>
[INFO] [stdout]   15:     0x5dfa1ca5e88c - hegel[db6f1f3038500cf2]::runner::find_hegel
[INFO] [stdout]   16:     0x5dfa1c90cdd6 - <hegel[db6f1f3038500cf2]::runner::Hegel<property[cdb16e085ddacb0d]::hashmap_roundtrip::{closure#0}>>::run
[INFO] [stdout]   17:     0x5dfa1c97e925 - <property[cdb16e085ddacb0d]::hashmap_roundtrip::{closure#0} as core[a373ad73a504971]::ops::function::FnOnce<()>>::call_once
[INFO] [stdout]   18:     0x5dfa1ca1aa7b - test[aada8e7e76ba119b]::__rust_begin_short_backtrace::<core[a373ad73a504971]::result::Result<(), alloc[2e1b2a31b91974c5]::string::String>, fn() -> core[a373ad73a504971]::result::Result<(), alloc[2e1b2a31b91974c5]::string::String>>
[INFO] [stdout]   19:     0x5dfa1ca27c55 - test[aada8e7e76ba119b]::run_test::{closure#0}
[INFO] [stdout]   20:     0x5dfa1ca21544 - std[617be2ca0a6fd877]::sys::backtrace::__rust_begin_short_backtrace::<test[aada8e7e76ba119b]::run_test::{closure#1}, ()>
[INFO] [stdout]   21:     0x5dfa1ca2ace2 - <std[617be2ca0a6fd877]::thread::lifecycle::spawn_unchecked<test[aada8e7e76ba119b]::run_test::{closure#1}, ()>::{closure#1} as core[a373ad73a504971]::ops::function::FnOnce<()>>::call_once::{shim:vtable#0}
[INFO] [stdout]   22:     0x5dfa1cab9dff - <std[617be2ca0a6fd877]::sys::thread::unix::Thread>::new::thread_start
[INFO] [stdout]   23:     0x796569c41dfa - <unknown>
[INFO] [stdout]   24:     0x796569cd53d4 - clone
[INFO] [stdout]   25:                0x0 - <unknown>
[INFO] [stdout] 
[INFO] [stdout] ---- char_roundtrip stdout ----
[INFO] [stdout] 
[INFO] [stdout] thread 'char_roundtrip' (1285) panicked at /opt/rustwide/cargo-home/registry/src/index.crates.io-1949cf8c6b5b557f/hegeltest-0.2.2/src/runner.rs:271:69:
[INFO] [stdout] Failed to create .hegel: Read-only file system (os error 30)
[INFO] [stdout] stack backtrace:
[INFO] [stdout]    0:     0x5dfa1cabab61 - <<std[617be2ca0a6fd877]::sys::backtrace::BacktraceLock>::print::DisplayBacktrace as core[a373ad73a504971]::fmt::Display>::fmt
[INFO] [stdout]    1:     0x5dfa1cad3f8a - core[a373ad73a504971]::fmt::write
[INFO] [stdout]    2:     0x5dfa1cac0a3c - <alloc[2e1b2a31b91974c5]::vec::Vec<u8> as core[a373ad73a504971]::io::write::Write>::write_fmt
[INFO] [stdout]    3:     0x5dfa1ca94816 - std[617be2ca0a6fd877]::panicking::default_hook::{closure#0}
[INFO] [stdout]    4:     0x5dfa1cab2319 - std[617be2ca0a6fd877]::panicking::default_hook
[INFO] [stdout]    5:     0x5dfa1ca27630 - test[aada8e7e76ba119b]::test_main_inner::{closure#0}
[INFO] [stdout]    6:     0x5dfa1cab24d2 - std[617be2ca0a6fd877]::panicking::panic_with_hook
[INFO] [stdout]    7:     0x5dfa1ca948c2 - std[617be2ca0a6fd877]::panicking::panic_handler::{closure#0}
[INFO] [stdout]    8:     0x5dfa1ca8cd99 - std[617be2ca0a6fd877]::sys::backtrace::__rust_end_short_backtrace::<std[617be2ca0a6fd877]::panicking::panic_handler::{closure#0}, !>
[INFO] [stdout]    9:     0x5dfa1ca955dd - __rustc[ea4f61d10b84890b]::rust_begin_unwind
[INFO] [stdout]   10:     0x5dfa1cad472c - core[a373ad73a504971]::panicking::panic_fmt
[INFO] [stdout]   11:     0x5dfa1ca773e4 - hegel[db6f1f3038500cf2]::runner::find_hegel::{closure#0}::{closure#0}
[INFO] [stdout]   12:     0x5dfa1ca773a4 - <std[617be2ca0a6fd877]::sync::once::Once>::call_once_force::<<std[617be2ca0a6fd877]::sync::once_lock::OnceLock<alloc[2e1b2a31b91974c5]::string::String>>::initialize<<std[617be2ca0a6fd877]::sync::once_lock::OnceLock<alloc[2e1b2a31b91974c5]::string::String>>::get_or_init<hegel[db6f1f3038500cf2]::runner::find_hegel::{closure#0}>::{closure#0}, !>::{closure#0}>::{closure#0}
[INFO] [stdout]   13:     0x5dfa1ca9a769 - <std[617be2ca0a6fd877]::sys::sync::once::futex::Once>::call
[INFO] [stdout]   14:     0x5dfa1ca76d9b - <std[617be2ca0a6fd877]::sync::once_lock::OnceLock<alloc[2e1b2a31b91974c5]::string::String>>::initialize::<<std[617be2ca0a6fd877]::sync::once_lock::OnceLock<alloc[2e1b2a31b91974c5]::string::String>>::get_or_init<hegel[db6f1f3038500cf2]::runner::find_hegel::{closure#0}>::{closure#0}, !>
[INFO] [stdout]   15:     0x5dfa1ca5e88c - hegel[db6f1f3038500cf2]::runner::find_hegel
[INFO] [stdout]   16:     0x5dfa1c906756 - <hegel[db6f1f3038500cf2]::runner::Hegel<property[cdb16e085ddacb0d]::char_roundtrip::{closure#0}>>::run
[INFO] [stdout]   17:     0x5dfa1c97e1cb - <property[cdb16e085ddacb0d]::char_roundtrip::{closure#0} as core[a373ad73a504971]::ops::function::FnOnce<()>>::call_once
[INFO] [stdout]   18:     0x5dfa1ca1aa7b - test[aada8e7e76ba119b]::__rust_begin_short_backtrace::<core[a373ad73a504971]::result::Result<(), alloc[2e1b2a31b91974c5]::string::String>, fn() -> core[a373ad73a504971]::result::Result<(), alloc[2e1b2a31b91974c5]::string::String>>
[INFO] [stdout]   19:     0x5dfa1ca27c55 - test[aada8e7e76ba119b]::run_test::{closure#0}
[INFO] [stdout]   20:     0x5dfa1ca21544 - std[617be2ca0a6fd877]::sys::backtrace::__rust_begin_short_backtrace::<test[aada8e7e76ba119b]::run_test::{closure#1}, ()>
[INFO] [stdout]   21:     0x5dfa1ca2ace2 - <std[617be2ca0a6fd877]::thread::lifecycle::spawn_unchecked<test[aada8e7e76ba119b]::run_test::{closure#1}, ()>::{closure#1} as core[a373ad73a504971]::ops::function::FnOnce<()>>::call_once::{shim:vtable#0}
[INFO] [stdout]   22:     0x5dfa1cab9dff - <std[617be2ca0a6fd877]::sys::thread::unix::Thread>::new::thread_start
[INFO] [stdout]   23:     0x796569c41dfa - <unknown>
[INFO] [stdout]   24:     0x796569cd53d4 - clone
[INFO] [stdout]   25:                0x0 - <unknown>
[INFO] [stdout] 
[INFO] [stdout] ---- deeply_nested_roundtrip stdout ----
[INFO] [stdout] 
[INFO] [stdout] thread 'deeply_nested_roundtrip' (1287) panicked at /opt/rustwide/cargo-home/registry/src/index.crates.io-1949cf8c6b5b557f/hegeltest-0.2.2/src/runner.rs:271:69:
[INFO] [stdout] Failed to create .hegel: Read-only file system (os error 30)
[INFO] [stdout] stack backtrace:
[INFO] [stdout]    0:     0x5dfa1cabab61 - <<std[617be2ca0a6fd877]::sys::backtrace::BacktraceLock>::print::DisplayBacktrace as core[a373ad73a504971]::fmt::Display>::fmt
[INFO] [stdout]    1:     0x5dfa1cad3f8a - core[a373ad73a504971]::fmt::write
[INFO] [stdout]    2:     0x5dfa1cac0a3c - <alloc[2e1b2a31b91974c5]::vec::Vec<u8> as core[a373ad73a504971]::io::write::Write>::write_fmt
[INFO] [stdout]    3:     0x5dfa1ca94816 - std[617be2ca0a6fd877]::panicking::default_hook::{closure#0}
[INFO] [stdout]    4:     0x5dfa1cab2319 - std[617be2ca0a6fd877]::panicking::default_hook
[INFO] [stdout]    5:     0x5dfa1ca27630 - test[aada8e7e76ba119b]::test_main_inner::{closure#0}
[INFO] [stdout]    6:     0x5dfa1cab24d2 - std[617be2ca0a6fd877]::panicking::panic_with_hook
[INFO] [stdout]    7:     0x5dfa1ca948c2 - std[617be2ca0a6fd877]::panicking::panic_handler::{closure#0}
[INFO] [stdout]    8:     0x5dfa1ca8cd99 - std[617be2ca0a6fd877]::sys::backtrace::__rust_end_short_backtrace::<std[617be2ca0a6fd877]::panicking::panic_handler::{closure#0}, !>
[INFO] [stdout]    9:     0x5dfa1ca955dd - __rustc[ea4f61d10b84890b]::rust_begin_unwind
[INFO] [stdout]   10:     0x5dfa1cad472c - core[a373ad73a504971]::panicking::panic_fmt
[INFO] [stdout]   11:     0x5dfa1ca773e4 - hegel[db6f1f3038500cf2]::runner::find_hegel::{closure#0}::{closure#0}
[INFO] [stdout]   12:     0x5dfa1ca773a4 - <std[617be2ca0a6fd877]::sync::once::Once>::call_once_force::<<std[617be2ca0a6fd877]::sync::once_lock::OnceLock<alloc[2e1b2a31b91974c5]::string::String>>::initialize<<std[617be2ca0a6fd877]::sync::once_lock::OnceLock<alloc[2e1b2a31b91974c5]::string::String>>::get_or_init<hegel[db6f1f3038500cf2]::runner::find_hegel::{closure#0}>::{closure#0}, !>::{closure#0}>::{closure#0}
[INFO] [stdout]   13:     0x5dfa1ca9a769 - <std[617be2ca0a6fd877]::sys::sync::once::futex::Once>::call
[INFO] [stdout]   14:     0x5dfa1ca76d9b - <std[617be2ca0a6fd877]::sync::once_lock::OnceLock<alloc[2e1b2a31b91974c5]::string::String>>::initialize::<<std[617be2ca0a6fd877]::sync::once_lock::OnceLock<alloc[2e1b2a31b91974c5]::string::String>>::get_or_init<hegel[db6f1f3038500cf2]::runner::find_hegel::{closure#0}>::{closure#0}, !>
[INFO] [stdout]   15:     0x5dfa1ca5e88c - hegel[db6f1f3038500cf2]::runner::find_hegel
[INFO] [stdout]   16:     0x5dfa1c939b56 - <hegel[db6f1f3038500cf2]::runner::Hegel<property[cdb16e085ddacb0d]::deeply_nested_roundtrip::{closure#0}>>::run
[INFO] [stdout]   17:     0x5dfa1c981c83 - <property[cdb16e085ddacb0d]::deeply_nested_roundtrip::{closure#0} as core[a373ad73a504971]::ops::function::FnOnce<()>>::call_once
[INFO] [stdout]   18:     0x5dfa1ca1aa7b - test[aada8e7e76ba119b]::__rust_begin_short_backtrace::<core[a373ad73a504971]::result::Result<(), alloc[2e1b2a31b91974c5]::string::String>, fn() -> core[a373ad73a504971]::result::Result<(), alloc[2e1b2a31b91974c5]::string::String>>
[INFO] [stdout]   19:     0x5dfa1ca27c55 - test[aada8e7e76ba119b]::run_test::{closure#0}
[INFO] [stdout]   20:     0x5dfa1ca21544 - std[617be2ca0a6fd877]::sys::backtrace::__rust_begin_short_backtrace::<test[aada8e7e76ba119b]::run_test::{closure#1}, ()>
[INFO] [stdout]   21:     0x5dfa1ca2ace2 - <std[617be2ca0a6fd877]::thread::lifecycle::spawn_unchecked<test[aada8e7e76ba119b]::run_test::{closure#1}, ()>::{closure#1} as core[a373ad73a504971]::ops::function::FnOnce<()>>::call_once::{shim:vtable#0}
[INFO] [stdout]   22:     0x5dfa1cab9dff - <std[617be2ca0a6fd877]::sys::thread::unix::Thread>::new::thread_start
[INFO] [stdout]   23:     0x796569c41dfa - <unknown>
[INFO] [stdout]   24:     0x796569cd53d4 - clone
[INFO] [stdout]   25:                0x0 - <unknown>
[INFO] [stdout] 
[INFO] [stdout] ---- from_str_never_panics stdout ----
[INFO] [stdout] 
[INFO] [stdout] thread 'from_str_never_panics' (1291) panicked at /opt/rustwide/cargo-home/registry/src/index.crates.io-1949cf8c6b5b557f/hegeltest-0.2.2/src/runner.rs:271:69:
[INFO] [stdout] Failed to create .hegel: Read-only file system (os error 30)
[INFO] [stdout] stack backtrace:
[INFO] [stdout]    0:     0x5dfa1cabab61 - <<std[617be2ca0a6fd877]::sys::backtrace::BacktraceLock>::print::DisplayBacktrace as core[a373ad73a504971]::fmt::Display>::fmt
[INFO] [stdout]    1:     0x5dfa1cad3f8a - core[a373ad73a504971]::fmt::write
[INFO] [stdout]    2:     0x5dfa1cac0a3c - <alloc[2e1b2a31b91974c5]::vec::Vec<u8> as core[a373ad73a504971]::io::write::Write>::write_fmt
[INFO] [stdout]    3:     0x5dfa1ca94816 - std[617be2ca0a6fd877]::panicking::default_hook::{closure#0}
[INFO] [stdout]    4:     0x5dfa1cab2319 - std[617be2ca0a6fd877]::panicking::default_hook
[INFO] [stdout]    5:     0x5dfa1ca27630 - test[aada8e7e76ba119b]::test_main_inner::{closure#0}
[INFO] [stdout]    6:     0x5dfa1cab24d2 - std[617be2ca0a6fd877]::panicking::panic_with_hook
[INFO] [stdout]    7:     0x5dfa1ca948c2 - std[617be2ca0a6fd877]::panicking::panic_handler::{closure#0}
[INFO] [stdout]    8:     0x5dfa1ca8cd99 - std[617be2ca0a6fd877]::sys::backtrace::__rust_end_short_backtrace::<std[617be2ca0a6fd877]::panicking::panic_handler::{closure#0}, !>
[INFO] [stdout]    9:     0x5dfa1ca955dd - __rustc[ea4f61d10b84890b]::rust_begin_unwind
[INFO] [stdout]   10:     0x5dfa1cad472c - core[a373ad73a504971]::panicking::panic_fmt
[INFO] [stdout]   11:     0x5dfa1ca773e4 - hegel[db6f1f3038500cf2]::runner::find_hegel::{closure#0}::{closure#0}
[INFO] [stdout]   12:     0x5dfa1ca773a4 - <std[617be2ca0a6fd877]::sync::once::Once>::call_once_force::<<std[617be2ca0a6fd877]::sync::once_lock::OnceLock<alloc[2e1b2a31b91974c5]::string::String>>::initialize<<std[617be2ca0a6fd877]::sync::once_lock::OnceLock<alloc[2e1b2a31b91974c5]::string::String>>::get_or_init<hegel[db6f1f3038500cf2]::runner::find_hegel::{closure#0}>::{closure#0}, !>::{closure#0}>::{closure#0}
[INFO] [stdout]   13:     0x5dfa1ca9a769 - <std[617be2ca0a6fd877]::sys::sync::once::futex::Once>::call
[INFO] [stdout]   14:     0x5dfa1ca76d9b - <std[617be2ca0a6fd877]::sync::once_lock::OnceLock<alloc[2e1b2a31b91974c5]::string::String>>::initialize::<<std[617be2ca0a6fd877]::sync::once_lock::OnceLock<alloc[2e1b2a31b91974c5]::string::String>>::get_or_init<hegel[db6f1f3038500cf2]::runner::find_hegel::{closure#0}>::{closure#0}, !>
[INFO] [stdout]   15:     0x5dfa1ca5e88c - hegel[db6f1f3038500cf2]::runner::find_hegel
[INFO] [stdout]   16:     0x5dfa1c920156 - <hegel[db6f1f3038500cf2]::runner::Hegel<property[cdb16e085ddacb0d]::from_str_never_panics::{closure#0}>>::run
[INFO] [stdout]   17:     0x5dfa1c97feff - <property[cdb16e085ddacb0d]::from_str_never_panics::{closure#0} as core[a373ad73a504971]::ops::function::FnOnce<()>>::call_once
[INFO] [stdout]   18:     0x5dfa1ca1aa7b - test[aada8e7e76ba119b]::__rust_begin_short_backtrace::<core[a373ad73a504971]::result::Result<(), alloc[2e1b2a31b91974c5]::string::String>, fn() -> core[a373ad73a504971]::result::Result<(), alloc[2e1b2a31b91974c5]::string::String>>
[INFO] [stdout]   19:     0x5dfa1ca27c55 - test[aada8e7e76ba119b]::run_test::{closure#0}
[INFO] [stdout]   20:     0x5dfa1ca21544 - std[617be2ca0a6fd877]::sys::backtrace::__rust_begin_short_backtrace::<test[aada8e7e76ba119b]::run_test::{closure#1}, ()>
[INFO] [stdout]   21:     0x5dfa1ca2ace2 - <std[617be2ca0a6fd877]::thread::lifecycle::spawn_unchecked<test[aada8e7e76ba119b]::run_test::{closure#1}, ()>::{closure#1} as core[a373ad73a504971]::ops::function::FnOnce<()>>::call_once::{shim:vtable#0}
[INFO] [stdout]   22:     0x5dfa1cab9dff - <std[617be2ca0a6fd877]::sys::thread::unix::Thread>::new::thread_start
[INFO] [stdout]   23:     0x796569c41dfa - <unknown>
[INFO] [stdout]   24:     0x796569cd53d4 - clone
[INFO] [stdout]   25:                0x0 - <unknown>
[INFO] [stdout] 
[INFO] [stdout] ---- unit_enum_roundtrip stdout ----
[INFO] [stdout] 
[INFO] [stdout] thread 'unit_enum_roundtrip' (1305) panicked at /opt/rustwide/cargo-home/registry/src/index.crates.io-1949cf8c6b5b557f/hegeltest-0.2.2/src/runner.rs:271:69:
[INFO] [stdout] Failed to create .hegel: Read-only file system (os error 30)
[INFO] [stdout] stack backtrace:
[INFO] [stdout]    0:     0x5dfa1cabab61 - <<std[617be2ca0a6fd877]::sys::backtrace::BacktraceLock>::print::DisplayBacktrace as core[a373ad73a504971]::fmt::Display>::fmt
[INFO] [stdout]    1:     0x5dfa1cad3f8a - core[a373ad73a504971]::fmt::write
[INFO] [stdout]    2:     0x5dfa1cac0a3c - <alloc[2e1b2a31b91974c5]::vec::Vec<u8> as core[a373ad73a504971]::io::write::Write>::write_fmt
[INFO] [stdout]    3:     0x5dfa1ca94816 - std[617be2ca0a6fd877]::panicking::default_hook::{closure#0}
[INFO] [stdout]    4:     0x5dfa1cab2319 - std[617be2ca0a6fd877]::panicking::default_hook
[INFO] [stdout]    5:     0x5dfa1ca27630 - test[aada8e7e76ba119b]::test_main_inner::{closure#0}
[INFO] [stdout]    6:     0x5dfa1cab24d2 - std[617be2ca0a6fd877]::panicking::panic_with_hook
[INFO] [stdout]    7:     0x5dfa1ca948c2 - std[617be2ca0a6fd877]::panicking::panic_handler::{closure#0}
[INFO] [stdout]    8:     0x5dfa1ca8cd99 - std[617be2ca0a6fd877]::sys::backtrace::__rust_end_short_backtrace::<std[617be2ca0a6fd877]::panicking::panic_handler::{closure#0}, !>
[INFO] [stdout]    9:     0x5dfa1ca955dd - __rustc[ea4f61d10b84890b]::rust_begin_unwind
[INFO] [stdout]   10:     0x5dfa1cad472c - core[a373ad73a504971]::panicking::panic_fmt
[INFO] [stdout]   11:     0x5dfa1ca773e4 - hegel[db6f1f3038500cf2]::runner::find_hegel::{closure#0}::{closure#0}
[INFO] [stdout]   12:     0x5dfa1ca773a4 - <std[617be2ca0a6fd877]::sync::once::Once>::call_once_force::<<std[617be2ca0a6fd877]::sync::once_lock::OnceLock<alloc[2e1b2a31b91974c5]::string::String>>::initialize<<std[617be2ca0a6fd877]::sync::once_lock::OnceLock<alloc[2e1b2a31b91974c5]::string::String>>::get_or_init<hegel[db6f1f3038500cf2]::runner::find_hegel::{closure#0}>::{closure#0}, !>::{closure#0}>::{closure#0}
[INFO] [stdout]   13:     0x5dfa1ca9a769 - <std[617be2ca0a6fd877]::sys::sync::once::futex::Once>::call
[INFO] [stdout]   14:     0x5dfa1ca76d9b - <std[617be2ca0a6fd877]::sync::once_lock::OnceLock<alloc[2e1b2a31b91974c5]::string::String>>::initialize::<<std[617be2ca0a6fd877]::sync::once_lock::OnceLock<alloc[2e1b2a31b91974c5]::string::String>>::get_or_init<hegel[db6f1f3038500cf2]::runner::find_hegel::{closure#0}>::{closure#0}, !>
[INFO] [stdout]   15:     0x5dfa1ca5e88c - hegel[db6f1f3038500cf2]::runner::find_hegel
[INFO] [stdout]   16:     0x5dfa1c919ad6 - <hegel[db6f1f3038500cf2]::runner::Hegel<property[cdb16e085ddacb0d]::unit_enum_roundtrip::{closure#0}>>::run
[INFO] [stdout]   17:     0x5dfa1c97f7a8 - <property[cdb16e085ddacb0d]::unit_enum_roundtrip::{closure#0} as core[a373ad73a504971]::ops::function::FnOnce<()>>::call_once
[INFO] [stdout]   18:     0x5dfa1ca1aa7b - test[aada8e7e76ba119b]::__rust_begin_short_backtrace::<core[a373ad73a504971]::result::Result<(), alloc[2e1b2a31b91974c5]::string::String>, fn() -> core[a373ad73a504971]::result::Result<(), alloc[2e1b2a31b91974c5]::string::String>>
[INFO] [stdout]   19:     0x5dfa1ca27c55 - test[aada8e7e76ba119b]::run_test::{closure#0}
[INFO] [stdout]   20:     0x5dfa1ca21544 - std[617be2ca0a6fd877]::sys::backtrace::__rust_begin_short_backtrace::<test[aada8e7e76ba119b]::run_test::{closure#1}, ()>
[INFO] [stdout]   21:     0x5dfa1ca2ace2 - <std[617be2ca0a6fd877]::thread::lifecycle::spawn_unchecked<test[aada8e7e76ba119b]::run_test::{closure#1}, ()>::{closure#1} as core[a373ad73a504971]::ops::function::FnOnce<()>>::call_once::{shim:vtable#0}
[INFO] [stdout]   22:     0x5dfa1cab9dff - <std[617be2ca0a6fd877]::sys::thread::unix::Thread>::new::thread_start
[INFO] [stdout]   23:     0x796569c41dfa - <unknown>
[INFO] [stdout]   24:     0x796569cd53d4 - clone
[INFO] [stdout]   25:                0x0 - <unknown>
[INFO] [stdout] 
[INFO] [stdout] ---- vec_ints_roundtrip stdout ----
[INFO] [stdout] 
[INFO] [stdout] thread 'vec_ints_roundtrip' (1306) panicked at /opt/rustwide/cargo-home/registry/src/index.crates.io-1949cf8c6b5b557f/hegeltest-0.2.2/src/runner.rs:271:69:
[INFO] [stdout] Failed to create .hegel: Read-only file system (os error 30)
[INFO] [stdout] stack backtrace:
[INFO] [stdout]    0:     0x5dfa1cabab61 - <<std[617be2ca0a6fd877]::sys::backtrace::BacktraceLock>::print::DisplayBacktrace as core[a373ad73a504971]::fmt::Display>::fmt
[INFO] [stdout]    1:     0x5dfa1cad3f8a - core[a373ad73a504971]::fmt::write
[INFO] [stdout]    2:     0x5dfa1cac0a3c - <alloc[2e1b2a31b91974c5]::vec::Vec<u8> as core[a373ad73a504971]::io::write::Write>::write_fmt
[INFO] [stdout]    3:     0x5dfa1ca94816 - std[617be2ca0a6fd877]::panicking::default_hook::{closure#0}
[INFO] [stdout]    4:     0x5dfa1cab2319 - std[617be2ca0a6fd877]::panicking::default_hook
[INFO] [stdout]    5:     0x5dfa1ca27630 - test[aada8e7e76ba119b]::test_main_inner::{closure#0}
[INFO] [stdout]    6:     0x5dfa1cab24d2 - std[617be2ca0a6fd877]::panicking::panic_with_hook
[INFO] [stdout]    7:     0x5dfa1ca948c2 - std[617be2ca0a6fd877]::panicking::panic_handler::{closure#0}
[INFO] [stdout]    8:     0x5dfa1ca8cd99 - std[617be2ca0a6fd877]::sys::backtrace::__rust_end_short_backtrace::<std[617be2ca0a6fd877]::panicking::panic_handler::{closure#0}, !>
[INFO] [stdout]    9:     0x5dfa1ca955dd - __rustc[ea4f61d10b84890b]::rust_begin_unwind
[INFO] [stdout]   10:     0x5dfa1cad472c - core[a373ad73a504971]::panicking::panic_fmt
[INFO] [stdout]   11:     0x5dfa1ca773e4 - hegel[db6f1f3038500cf2]::runner::find_hegel::{closure#0}::{closure#0}
[INFO] [stdout]   12:     0x5dfa1ca773a4 - <std[617be2ca0a6fd877]::sync::once::Once>::call_once_force::<<std[617be2ca0a6fd877]::sync::once_lock::OnceLock<alloc[2e1b2a31b91974c5]::string::String>>::initialize<<std[617be2ca0a6fd877]::sync::once_lock::OnceLock<alloc[2e1b2a31b91974c5]::string::String>>::get_or_init<hegel[db6f1f3038500cf2]::runner::find_hegel::{closure#0}>::{closure#0}, !>::{closure#0}>::{closure#0}
[INFO] [stdout]   13:     0x5dfa1ca9a769 - <std[617be2ca0a6fd877]::sys::sync::once::futex::Once>::call
[INFO] [stdout]   14:     0x5dfa1ca76d9b - <std[617be2ca0a6fd877]::sync::once_lock::OnceLock<alloc[2e1b2a31b91974c5]::string::String>>::initialize::<<std[617be2ca0a6fd877]::sync::once_lock::OnceLock<alloc[2e1b2a31b91974c5]::string::String>>::get_or_init<hegel[db6f1f3038500cf2]::runner::find_hegel::{closure#0}>::{closure#0}, !>
[INFO] [stdout]   15:     0x5dfa1ca5e88c - hegel[db6f1f3038500cf2]::runner::find_hegel
[INFO] [stdout]   16:     0x5dfa1c913456 - <hegel[db6f1f3038500cf2]::runner::Hegel<property[cdb16e085ddacb0d]::vec_ints_roundtrip::{closure#0}>>::run
[INFO] [stdout]   17:     0x5dfa1c97f067 - <property[cdb16e085ddacb0d]::vec_ints_roundtrip::{closure#0} as core[a373ad73a504971]::ops::function::FnOnce<()>>::call_once
[INFO] [stdout]   18:     0x5dfa1ca1aa7b - test[aada8e7e76ba119b]::__rust_begin_short_backtrace::<core[a373ad73a504971]::result::Result<(), alloc[2e1b2a31b91974c5]::string::String>, fn() -> core[a373ad73a504971]::result::Result<(), alloc[2e1b2a31b91974c5]::string::String>>
[INFO] [stdout]   19:     0x5dfa1ca27c55 - test[aada8e7e76ba119b]::run_test::{closure#0}
[INFO] [stdout]   20:     0x5dfa1ca21544 - std[617be2ca0a6fd877]::sys::backtrace::__rust_begin_short_backtrace::<test[aada8e7e76ba119b]::run_test::{closure#1}, ()>
[INFO] [stdout]   21:     0x5dfa1ca2ace2 - <std[617be2ca0a6fd877]::thread::lifecycle::spawn_unchecked<test[aada8e7e76ba119b]::run_test::{closure#1}, ()>::{closure#1} as core[a373ad73a504971]::ops::function::FnOnce<()>>::call_once::{shim:vtable#0}
[INFO] [stdout]   22:     0x5dfa1cab9dff - <std[617be2ca0a6fd877]::sys::thread::unix::Thread>::new::thread_start
[INFO] [stdout]   23:     0x796569c41dfa - <unknown>
[INFO] [stdout]   24:     0x796569cd53d4 - clone
[INFO] [stdout]   25:                0x0 - <unknown>
[INFO] [stdout] 
[INFO] [stdout] ---- tuple_enum_variant_roundtrip stdout ----
[INFO] [stdout] 
[INFO] [stdout] thread 'tuple_enum_variant_roundtrip' (1302) panicked at /opt/rustwide/cargo-home/registry/src/index.crates.io-1949cf8c6b5b557f/hegeltest-0.2.2/src/runner.rs:271:69:
[INFO] [stdout] Failed to create .hegel: Read-only file system (os error 30)
[INFO] [stdout] stack backtrace:
[INFO] [stdout]    0:     0x5dfa1cabab61 - <<std[617be2ca0a6fd877]::sys::backtrace::BacktraceLock>::print::DisplayBacktrace as core[a373ad73a504971]::fmt::Display>::fmt
[INFO] [stdout]    1:     0x5dfa1cad3f8a - core[a373ad73a504971]::fmt::write
[INFO] [stdout]    2:     0x5dfa1cac0a3c - <alloc[2e1b2a31b91974c5]::vec::Vec<u8> as core[a373ad73a504971]::io::write::Write>::write_fmt
[INFO] [stdout]    3:     0x5dfa1ca94816 - std[617be2ca0a6fd877]::panicking::default_hook::{closure#0}
[INFO] [stdout]    4:     0x5dfa1cab2319 - std[617be2ca0a6fd877]::panicking::default_hook
[INFO] [stdout]    5:     0x5dfa1ca27630 - test[aada8e7e76ba119b]::test_main_inner::{closure#0}
[INFO] [stdout]    6:     0x5dfa1cab24d2 - std[617be2ca0a6fd877]::panicking::panic_with_hook
[INFO] [stdout]    7:     0x5dfa1ca948c2 - std[617be2ca0a6fd877]::panicking::panic_handler::{closure#0}
[INFO] [stdout]    8:     0x5dfa1ca8cd99 - std[617be2ca0a6fd877]::sys::backtrace::__rust_end_short_backtrace::<std[617be2ca0a6fd877]::panicking::panic_handler::{closure#0}, !>
[INFO] [stdout]    9:     0x5dfa1ca955dd - __rustc[ea4f61d10b84890b]::rust_begin_unwind
[INFO] [stdout]   10:     0x5dfa1cad472c - core[a373ad73a504971]::panicking::panic_fmt
[INFO] [stdout]   11:     0x5dfa1ca773e4 - hegel[db6f1f3038500cf2]::runner::find_hegel::{closure#0}::{closure#0}
[INFO] [stdout]   12:     0x5dfa1ca773a4 - <std[617be2ca0a6fd877]::sync::once::Once>::call_once_force::<<std[617be2ca0a6fd877]::sync::once_lock::OnceLock<alloc[2e1b2a31b91974c5]::string::String>>::initialize<<std[617be2ca0a6fd877]::sync::once_lock::OnceLock<alloc[2e1b2a31b91974c5]::string::String>>::get_or_init<hegel[db6f1f3038500cf2]::runner::find_hegel::{closure#0}>::{closure#0}, !>::{closure#0}>::{closure#0}
[INFO] [stdout]   13:     0x5dfa1ca9a769 - <std[617be2ca0a6fd877]::sys::sync::once::futex::Once>::call
[INFO] [stdout]   14:     0x5dfa1ca76d9b - <std[617be2ca0a6fd877]::sync::once_lock::OnceLock<alloc[2e1b2a31b91974c5]::string::String>>::initialize::<<std[617be2ca0a6fd877]::sync::once_lock::OnceLock<alloc[2e1b2a31b91974c5]::string::String>>::get_or_init<hegel[db6f1f3038500cf2]::runner::find_hegel::{closure#0}>::{closure#0}, !>
[INFO] [stdout]   15:     0x5dfa1ca5e88c - hegel[db6f1f3038500cf2]::runner::find_hegel
[INFO] [stdout]   16:     0x5dfa1c950216 - <hegel[db6f1f3038500cf2]::runner::Hegel<property[cdb16e085ddacb0d]::tuple_enum_variant_roundtrip::{closure#0}>>::run
[INFO] [stdout]   17:     0x5dfa1c98365a - <property[cdb16e085ddacb0d]::tuple_enum_variant_roundtrip::{closure#0} as core[a373ad73a504971]::ops::function::FnOnce<()>>::call_once
[INFO] [stdout]   18:     0x5dfa1ca1aa7b - test[aada8e7e76ba119b]::__rust_begin_short_backtrace::<core[a373ad73a504971]::result::Result<(), alloc[2e1b2a31b91974c5]::string::String>, fn() -> core[a373ad73a504971]::result::Result<(), alloc[2e1b2a31b91974c5]::string::String>>
[INFO] [stdout]   19:     0x5dfa1ca27c55 - test[aada8e7e76ba119b]::run_test::{closure#0}
[INFO] [stdout]   20:     0x5dfa1ca21544 - std[617be2ca0a6fd877]::sys::backtrace::__rust_begin_short_backtrace::<test[aada8e7e76ba119b]::run_test::{closure#1}, ()>
[INFO] [stdout]   21:     0x5dfa1ca2ace2 - <std[617be2ca0a6fd877]::thread::lifecycle::spawn_unchecked<test[aada8e7e76ba119b]::run_test::{closure#1}, ()>::{closure#1} as core[a373ad73a504971]::ops::function::FnOnce<()>>::call_once::{shim:vtable#0}
[INFO] [stdout]   22:     0x5dfa1cab9dff - <std[617be2ca0a6fd877]::sys::thread::unix::Thread>::new::thread_start
[INFO] [stdout]   23:     0x796569c41dfa - <unknown>
[INFO] [stdout]   24:     0x796569cd53d4 - clone
[INFO] [stdout]   25:                0x0 - <unknown>
[INFO] [stdout] 
[INFO] [stdout] ---- i128_u128_roundtrip stdout ----
[INFO] [stdout] 
[INFO] [stdout] thread 'i128_u128_roundtrip' (1293) panicked at /opt/rustwide/cargo-home/registry/src/index.crates.io-1949cf8c6b5b557f/hegeltest-0.2.2/src/runner.rs:271:69:
[INFO] [stdout] Failed to create .hegel: Read-only file system (os error 30)
[INFO] [stdout] stack backtrace:
[INFO] [stdout]    0:     0x5dfa1cabab61 - <<std[617be2ca0a6fd877]::sys::backtrace::BacktraceLock>::print::DisplayBacktrace as core[a373ad73a504971]::fmt::Display>::fmt
[INFO] [stdout]    1:     0x5dfa1cad3f8a - core[a373ad73a504971]::fmt::write
[INFO] [stdout]    2:     0x5dfa1cac0a3c - <alloc[2e1b2a31b91974c5]::vec::Vec<u8> as core[a373ad73a504971]::io::write::Write>::write_fmt
[INFO] [stdout]    3:     0x5dfa1ca94816 - std[617be2ca0a6fd877]::panicking::default_hook::{closure#0}
[INFO] [stdout]    4:     0x5dfa1cab2319 - std[617be2ca0a6fd877]::panicking::default_hook
[INFO] [stdout]    5:     0x5dfa1ca27630 - test[aada8e7e76ba119b]::test_main_inner::{closure#0}
[INFO] [stdout]    6:     0x5dfa1cab24d2 - std[617be2ca0a6fd877]::panicking::panic_with_hook
[INFO] [stdout]    7:     0x5dfa1ca948c2 - std[617be2ca0a6fd877]::panicking::panic_handler::{closure#0}
[INFO] [stdout]    8:     0x5dfa1ca8cd99 - std[617be2ca0a6fd877]::sys::backtrace::__rust_end_short_backtrace::<std[617be2ca0a6fd877]::panicking::panic_handler::{closure#0}, !>
[INFO] [stdout]    9:     0x5dfa1ca955dd - __rustc[ea4f61d10b84890b]::rust_begin_unwind
[INFO] [stdout]   10:     0x5dfa1cad472c - core[a373ad73a504971]::panicking::panic_fmt
[INFO] [stdout]   11:     0x5dfa1ca773e4 - hegel[db6f1f3038500cf2]::runner::find_hegel::{closure#0}::{closure#0}
[INFO] [stdout]   12:     0x5dfa1ca773a4 - <std[617be2ca0a6fd877]::sync::once::Once>::call_once_force::<<std[617be2ca0a6fd877]::sync::once_lock::OnceLock<alloc[2e1b2a31b91974c5]::string::String>>::initialize<<std[617be2ca0a6fd877]::sync::once_lock::OnceLock<alloc[2e1b2a31b91974c5]::string::String>>::get_or_init<hegel[db6f1f3038500cf2]::runner::find_hegel::{closure#0}>::{closure#0}, !>::{closure#0}>::{closure#0}
[INFO] [stdout]   13:     0x5dfa1ca9a769 - <std[617be2ca0a6fd877]::sys::sync::once::futex::Once>::call
[INFO] [stdout]   14:     0x5dfa1ca76d9b - <std[617be2ca0a6fd877]::sync::once_lock::OnceLock<alloc[2e1b2a31b91974c5]::string::String>>::initialize::<<std[617be2ca0a6fd877]::sync::once_lock::OnceLock<alloc[2e1b2a31b91974c5]::string::String>>::get_or_init<hegel[db6f1f3038500cf2]::runner::find_hegel::{closure#0}>::{closure#0}, !>
[INFO] [stdout]   15:     0x5dfa1ca5e88c - hegel[db6f1f3038500cf2]::runner::find_hegel
[INFO] [stdout]   16:     0x5dfa1c916796 - <hegel[db6f1f3038500cf2]::runner::Hegel<property[cdb16e085ddacb0d]::i128_u128_roundtrip::{closure#0}>>::run
[INFO] [stdout]   17:     0x5dfa1c97f408 - <property[cdb16e085ddacb0d]::i128_u128_roundtrip::{closure#0} as core[a373ad73a504971]::ops::function::FnOnce<()>>::call_once
[INFO] [stdout]   18:     0x5dfa1ca1aa7b - test[aada8e7e76ba119b]::__rust_begin_short_backtrace::<core[a373ad73a504971]::result::Result<(), alloc[2e1b2a31b91974c5]::string::String>, fn() -> core[a373ad73a504971]::result::Result<(), alloc[2e1b2a31b91974c5]::string::String>>
[INFO] [stdout]   19:     0x5dfa1ca27c55 - test[aada8e7e76ba119b]::run_test::{closure#0}
[INFO] [stdout]   20:     0x5dfa1ca21544 - std[617be2ca0a6fd877]::sys::backtrace::__rust_begin_short_backtrace::<test[aada8e7e76ba119b]::run_test::{closure#1}, ()>
[INFO] [stdout]   21:     0x5dfa1ca2ace2 - <std[617be2ca0a6fd877]::thread::lifecycle::spawn_unchecked<test[aada8e7e76ba119b]::run_test::{closure#1}, ()>::{closure#1} as core[a373ad73a504971]::ops::function::FnOnce<()>>::call_once::{shim:vtable#0}
[INFO] [stdout]   22:     0x5dfa1cab9dff - <std[617be2ca0a6fd877]::sys::thread::unix::Thread>::new::thread_start
[INFO] [stdout]   23:     0x796569c41dfa - <unknown>
[INFO] [stdout]   24:     0x796569cd53d4 - clone
[INFO] [stdout]   25:                0x0 - <unknown>
[INFO] [stdout] 
[INFO] [stdout] ---- tuple_roundtrip stdout ----
[INFO] [stdout] 
[INFO] [stdout] thread 'tuple_roundtrip' (1303) panicked at /opt/rustwide/cargo-home/registry/src/index.crates.io-1949cf8c6b5b557f/hegeltest-0.2.2/src/runner.rs:271:69:
[INFO] [stdout] Failed to create .hegel: Read-only file system (os error 30)
[INFO] [stdout] stack backtrace:
[INFO] [stdout]    0:     0x5dfa1cabab61 - <<std[617be2ca0a6fd877]::sys::backtrace::BacktraceLock>::print::DisplayBacktrace as core[a373ad73a504971]::fmt::Display>::fmt
[INFO] [stdout]    1:     0x5dfa1cad3f8a - core[a373ad73a504971]::fmt::write
[INFO] [stdout]    2:     0x5dfa1cac0a3c - <alloc[2e1b2a31b91974c5]::vec::Vec<u8> as core[a373ad73a504971]::io::write::Write>::write_fmt
[INFO] [stdout]    3:     0x5dfa1ca94816 - std[617be2ca0a6fd877]::panicking::default_hook::{closure#0}
[INFO] [stdout]    4:     0x5dfa1cab2319 - std[617be2ca0a6fd877]::panicking::default_hook
[INFO] [stdout]    5:     0x5dfa1ca27630 - test[aada8e7e76ba119b]::test_main_inner::{closure#0}
[INFO] [stdout]    6:     0x5dfa1cab24d2 - std[617be2ca0a6fd877]::panicking::panic_with_hook
[INFO] [stdout]    7:     0x5dfa1ca948c2 - std[617be2ca0a6fd877]::panicking::panic_handler::{closure#0}
[INFO] [stdout]    8:     0x5dfa1ca8cd99 - std[617be2ca0a6fd877]::sys::backtrace::__rust_end_short_backtrace::<std[617be2ca0a6fd877]::panicking::panic_handler::{closure#0}, !>
[INFO] [stdout]    9:     0x5dfa1ca955dd - __rustc[ea4f61d10b84890b]::rust_begin_unwind
[INFO] [stdout]   10:     0x5dfa1cad472c - core[a373ad73a504971]::panicking::panic_fmt
[INFO] [stdout]   11:     0x5dfa1ca773e4 - hegel[db6f1f3038500cf2]::runner::find_hegel::{closure#0}::{closure#0}
[INFO] [stdout]   12:     0x5dfa1ca773a4 - <std[617be2ca0a6fd877]::sync::once::Once>::call_once_force::<<std[617be2ca0a6fd877]::sync::once_lock::OnceLock<alloc[2e1b2a31b91974c5]::string::String>>::initialize<<std[617be2ca0a6fd877]::sync::once_lock::OnceLock<alloc[2e1b2a31b91974c5]::string::String>>::get_or_init<hegel[db6f1f3038500cf2]::runner::find_hegel::{closure#0}>::{closure#0}, !>::{closure#0}>::{closure#0}
[INFO] [stdout]   13:     0x5dfa1ca9a769 - <std[617be2ca0a6fd877]::sys::sync::once::futex::Once>::call
[INFO] [stdout]   14:     0x5dfa1ca76d9b - <std[617be2ca0a6fd877]::sync::once_lock::OnceLock<alloc[2e1b2a31b91974c5]::string::String>>::initialize::<<std[617be2ca0a6fd877]::sync::once_lock::OnceLock<alloc[2e1b2a31b91974c5]::string::String>>::get_or_init<hegel[db6f1f3038500cf2]::runner::find_hegel::{closure#0}>::{closure#0}, !>
[INFO] [stdout]   15:     0x5dfa1ca5e88c - hegel[db6f1f3038500cf2]::runner::find_hegel
[INFO] [stdout]   16:     0x5dfa1c909a96 - <hegel[db6f1f3038500cf2]::runner::Hegel<property[cdb16e085ddacb0d]::tuple_roundtrip::{closure#0}>>::run
[INFO] [stdout]   17:     0x5dfa1c97e582 - <property[cdb16e085ddacb0d]::tuple_roundtrip::{closure#0} as core[a373ad73a504971]::ops::function::FnOnce<()>>::call_once
[INFO] [stdout]   18:     0x5dfa1ca1aa7b - test[aada8e7e76ba119b]::__rust_begin_short_backtrace::<core[a373ad73a504971]::result::Result<(), alloc[2e1b2a31b91974c5]::string::String>, fn() -> core[a373ad73a504971]::result::Result<(), alloc[2e1b2a31b91974c5]::string::String>>
[INFO] [stdout]   19:     0x5dfa1ca27c55 - test[aada8e7e76ba119b]::run_test::{closure#0}
[INFO] [stdout]   20:     0x5dfa1ca21544 - std[617be2ca0a6fd877]::sys::backtrace::__rust_begin_short_backtrace::<test[aada8e7e76ba119b]::run_test::{closure#1}, ()>
[INFO] [stdout]   21:     0x5dfa1ca2ace2 - <std[617be2ca0a6fd877]::thread::lifecycle::spawn_unchecked<test[aada8e7e76ba119b]::run_test::{closure#1}, ()>::{closure#1} as core[a373ad73a504971]::ops::function::FnOnce<()>>::call_once::{shim:vtable#0}
[INFO] [stdout]   22:     0x5dfa1cab9dff - <std[617be2ca0a6fd877]::sys::thread::unix::Thread>::new::thread_start
[INFO] [stdout]   23:     0x796569c41dfa - <unknown>
[INFO] [stdout]   24:     0x796569cd53d4 - clone
[INFO] [stdout]   25:                0x0 - <unknown>
[INFO] [stdout] 
[INFO] [stdout] ---- vec_strings_roundtrip stdout ----
[INFO] [stdout] 
[INFO] [stdout] thread 'vec_strings_roundtrip' (1307) panicked at /opt/rustwide/cargo-home/registry/src/index.crates.io-1949cf8c6b5b557f/hegeltest-0.2.2/src/runner.rs:271:69:
[INFO] [stdout] Failed to create .hegel: Read-only file system (os error 30)
[INFO] [stdout] stack backtrace:
[INFO] [stdout]    0:     0x5dfa1cabab61 - <<std[617be2ca0a6fd877]::sys::backtrace::BacktraceLock>::print::DisplayBacktrace as core[a373ad73a504971]::fmt::Display>::fmt
[INFO] [stdout]    1:     0x5dfa1cad3f8a - core[a373ad73a504971]::fmt::write
[INFO] [stdout]    2:     0x5dfa1cac0a3c - <alloc[2e1b2a31b91974c5]::vec::Vec<u8> as core[a373ad73a504971]::io::write::Write>::write_fmt
[INFO] [stdout]    3:     0x5dfa1ca94816 - std[617be2ca0a6fd877]::panicking::default_hook::{closure#0}
[INFO] [stdout]    4:     0x5dfa1cab2319 - std[617be2ca0a6fd877]::panicking::default_hook
[INFO] [stdout]    5:     0x5dfa1ca27630 - test[aada8e7e76ba119b]::test_main_inner::{closure#0}
[INFO] [stdout]    6:     0x5dfa1cab24d2 - std[617be2ca0a6fd877]::panicking::panic_with_hook
[INFO] [stdout]    7:     0x5dfa1ca948c2 - std[617be2ca0a6fd877]::panicking::panic_handler::{closure#0}
[INFO] [stdout]    8:     0x5dfa1ca8cd99 - std[617be2ca0a6fd877]::sys::backtrace::__rust_end_short_backtrace::<std[617be2ca0a6fd877]::panicking::panic_handler::{closure#0}, !>
[INFO] [stdout]    9:     0x5dfa1ca955dd - __rustc[ea4f61d10b84890b]::rust_begin_unwind
[INFO] [stdout]   10:     0x5dfa1cad472c - core[a373ad73a504971]::panicking::panic_fmt
[INFO] [stdout]   11:     0x5dfa1ca773e4 - hegel[db6f1f3038500cf2]::runner::find_hegel::{closure#0}::{closure#0}
[INFO] [stdout]   12:     0x5dfa1ca773a4 - <std[617be2ca0a6fd877]::sync::once::Once>::call_once_force::<<std[617be2ca0a6fd877]::sync::once_lock::OnceLock<alloc[2e1b2a31b91974c5]::string::String>>::initialize<<std[617be2ca0a6fd877]::sync::once_lock::OnceLock<alloc[2e1b2a31b91974c5]::string::String>>::get_or_init<hegel[db6f1f3038500cf2]::runner::find_hegel::{closure#0}>::{closure#0}, !>::{closure#0}>::{closure#0}
[INFO] [stdout]   13:     0x5dfa1ca9a769 - <std[617be2ca0a6fd877]::sys::sync::once::futex::Once>::call
[INFO] [stdout]   14:     0x5dfa1ca76d9b - <std[617be2ca0a6fd877]::sync::once_lock::OnceLock<alloc[2e1b2a31b91974c5]::string::String>>::initialize::<<std[617be2ca0a6fd877]::sync::once_lock::OnceLock<alloc[2e1b2a31b91974c5]::string::String>>::get_or_init<hegel[db6f1f3038500cf2]::runner::find_hegel::{closure#0}>::{closure#0}, !>
[INFO] [stdout]   15:     0x5dfa1ca5e88c - hegel[db6f1f3038500cf2]::runner::find_hegel
[INFO] [stdout]   16:     0x5dfa1c923496 - <hegel[db6f1f3038500cf2]::runner::Hegel<property[cdb16e085ddacb0d]::vec_strings_roundtrip::{closure#0}>>::run
[INFO] [stdout]   17:     0x5dfa1c9802af - <property[cdb16e085ddacb0d]::vec_strings_roundtrip::{closure#0} as core[a373ad73a504971]::ops::function::FnOnce<()>>::call_once
[INFO] [stdout]   18:     0x5dfa1ca1aa7b - test[aada8e7e76ba119b]::__rust_begin_short_backtrace::<core[a373ad73a504971]::result::Result<(), alloc[2e1b2a31b91974c5]::string::String>, fn() -> core[a373ad73a504971]::result::Result<(), alloc[2e1b2a31b91974c5]::string::String>>
[INFO] [stdout]   19:     0x5dfa1ca27c55 - test[aada8e7e76ba119b]::run_test::{closure#0}
[INFO] [stdout]   20:     0x5dfa1ca21544 - std[617be2ca0a6fd877]::sys::backtrace::__rust_begin_short_backtrace::<test[aada8e7e76ba119b]::run_test::{closure#1}, ()>
[INFO] [stdout]   21:     0x5dfa1ca2ace2 - <std[617be2ca0a6fd877]::thread::lifecycle::spawn_unchecked<test[aada8e7e76ba119b]::run_test::{closure#1}, ()>::{closure#1} as core[a373ad73a504971]::ops::function::FnOnce<()>>::call_once::{shim:vtable#0}
[INFO] [stdout]   22:     0x5dfa1cab9dff - <std[617be2ca0a6fd877]::sys::thread::unix::Thread>::new::thread_start
[INFO] [stdout]   23:     0x796569c41dfa - <unknown>
[INFO] [stdout]   24:     0x796569cd53d4 - clone
[INFO] [stdout]   25:                0x0 - <unknown>
[INFO] [stdout] 
[INFO] [stdout] ---- tuple_struct_roundtrip stdout ----
[INFO] [stdout] 
[INFO] [stdout] thread 'tuple_struct_roundtrip' (1304) panicked at /opt/rustwide/cargo-home/registry/src/index.crates.io-1949cf8c6b5b557f/hegeltest-0.2.2/src/runner.rs:271:69:
[INFO] [stdout] Failed to create .hegel: Read-only file system (os error 30)
[INFO] [stdout] stack backtrace:
[INFO] [stdout]    0:     0x5dfa1cabab61 - <<std[617be2ca0a6fd877]::sys::backtrace::BacktraceLock>::print::DisplayBacktrace as core[a373ad73a504971]::fmt::Display>::fmt
[INFO] [stdout]    1:     0x5dfa1cad3f8a - core[a373ad73a504971]::fmt::write
[INFO] [stdout]    2:     0x5dfa1cac0a3c - <alloc[2e1b2a31b91974c5]::vec::Vec<u8> as core[a373ad73a504971]::io::write::Write>::write_fmt
[INFO] [stdout]    3:     0x5dfa1ca94816 - std[617be2ca0a6fd877]::panicking::default_hook::{closure#0}
[INFO] [stdout]    4:     0x5dfa1cab2319 - std[617be2ca0a6fd877]::panicking::default_hook
[INFO] [stdout]    5:     0x5dfa1ca27630 - test[aada8e7e76ba119b]::test_main_inner::{closure#0}
[INFO] [stdout]    6:     0x5dfa1cab24d2 - std[617be2ca0a6fd877]::panicking::panic_with_hook
[INFO] [stdout]    7:     0x5dfa1ca948c2 - std[617be2ca0a6fd877]::panicking::panic_handler::{closure#0}
[INFO] [stdout]    8:     0x5dfa1ca8cd99 - std[617be2ca0a6fd877]::sys::backtrace::__rust_end_short_backtrace::<std[617be2ca0a6fd877]::panicking::panic_handler::{closure#0}, !>
[INFO] [stdout]    9:     0x5dfa1ca955dd - __rustc[ea4f61d10b84890b]::rust_begin_unwind
[INFO] [stdout]   10:     0x5dfa1cad472c - core[a373ad73a504971]::panicking::panic_fmt
[INFO] [stdout]   11:     0x5dfa1ca773e4 - hegel[db6f1f3038500cf2]::runner::find_hegel::{closure#0}::{closure#0}
[INFO] [stdout]   12:     0x5dfa1ca773a4 - <std[617be2ca0a6fd877]::sync::once::Once>::call_once_force::<<std[617be2ca0a6fd877]::sync::once_lock::OnceLock<alloc[2e1b2a31b91974c5]::string::String>>::initialize<<std[617be2ca0a6fd877]::sync::once_lock::OnceLock<alloc[2e1b2a31b91974c5]::string::String>>::get_or_init<hegel[db6f1f3038500cf2]::runner::find_hegel::{closure#0}>::{closure#0}, !>::{closure#0}>::{closure#0}
[INFO] [stdout]   13:     0x5dfa1ca9a769 - <std[617be2ca0a6fd877]::sys::sync::once::futex::Once>::call
[INFO] [stdout]   14:     0x5dfa1ca76d9b - <std[617be2ca0a6fd877]::sync::once_lock::OnceLock<alloc[2e1b2a31b91974c5]::string::String>>::initialize::<<std[617be2ca0a6fd877]::sync::once_lock::OnceLock<alloc[2e1b2a31b91974c5]::string::String>>::get_or_init<hegel[db6f1f3038500cf2]::runner::find_hegel::{closure#0}>::{closure#0}, !>
[INFO] [stdout]   15:     0x5dfa1ca5e88c - hegel[db6f1f3038500cf2]::runner::find_hegel
[INFO] [stdout]   16:     0x5dfa1c936816 - <hegel[db6f1f3038500cf2]::runner::Hegel<property[cdb16e085ddacb0d]::tuple_struct_roundtrip::{closure#0}>>::run
[INFO] [stdout]   17:     0x5dfa1c9818cf - <property[cdb16e085ddacb0d]::tuple_struct_roundtrip::{closure#0} as core[a373ad73a504971]::ops::function::FnOnce<()>>::call_once
[INFO] [stdout]   18:     0x5dfa1ca1aa7b - test[aada8e7e76ba119b]::__rust_begin_short_backtrace::<core[a373ad73a504971]::result::Result<(), alloc[2e1b2a31b91974c5]::string::String>, fn() -> core[a373ad73a504971]::result::Result<(), alloc[2e1b2a31b91974c5]::string::String>>
[INFO] [stdout]   19:     0x5dfa1ca27c55 - test[aada8e7e76ba119b]::run_test::{closure#0}
[INFO] [stdout]   20:     0x5dfa1ca21544 - std[617be2ca0a6fd877]::sys::backtrace::__rust_begin_short_backtrace::<test[aada8e7e76ba119b]::run_test::{closure#1}, ()>
[INFO] [stdout]   21:     0x5dfa1ca2ace2 - <std[617be2ca0a6fd877]::thread::lifecycle::spawn_unchecked<test[aada8e7e76ba119b]::run_test::{closure#1}, ()>::{closure#1} as core[a373ad73a504971]::ops::function::FnOnce<()>>::call_once::{shim:vtable#0}
[INFO] [stdout]   22:     0x5dfa1cab9dff - <std[617be2ca0a6fd877]::sys::thread::unix::Thread>::new::thread_start
[INFO] [stdout]   23:     0x796569c41dfa - <unknown>
[INFO] [stdout]   24:     0x796569cd53d4 - clone
[INFO] [stdout]   25:                0x0 - <unknown>
[INFO] [stdout] 
[INFO] [stdout] ---- vec_structs_roundtrip stdout ----
[INFO] [stdout] 
[INFO] [stdout] thread 'vec_structs_roundtrip' (1308) panicked at /opt/rustwide/cargo-home/registry/src/index.crates.io-1949cf8c6b5b557f/hegeltest-0.2.2/src/runner.rs:271:69:
[INFO] [stdout] Failed to create .hegel: Read-only file system (os error 30)
[INFO] [stdout] stack backtrace:
[INFO] [stdout]    0:     0x5dfa1cabab61 - <<std[617be2ca0a6fd877]::sys::backtrace::BacktraceLock>::print::DisplayBacktrace as core[a373ad73a504971]::fmt::Display>::fmt
[INFO] [stdout]    1:     0x5dfa1cad3f8a - core[a373ad73a504971]::fmt::write
[INFO] [stdout]    2:     0x5dfa1cac0a3c - <alloc[2e1b2a31b91974c5]::vec::Vec<u8> as core[a373ad73a504971]::io::write::Write>::write_fmt
[INFO] [stdout]    3:     0x5dfa1ca94816 - std[617be2ca0a6fd877]::panicking::default_hook::{closure#0}
[INFO] [stdout]    4:     0x5dfa1cab2319 - std[617be2ca0a6fd877]::panicking::default_hook
[INFO] [stdout]    5:     0x5dfa1ca27630 - test[aada8e7e76ba119b]::test_main_inner::{closure#0}
[INFO] [stdout]    6:     0x5dfa1cab24d2 - std[617be2ca0a6fd877]::panicking::panic_with_hook
[INFO] [stdout]    7:     0x5dfa1ca948c2 - std[617be2ca0a6fd877]::panicking::panic_handler::{closure#0}
[INFO] [stdout]    8:     0x5dfa1ca8cd99 - std[617be2ca0a6fd877]::sys::backtrace::__rust_end_short_backtrace::<std[617be2ca0a6fd877]::panicking::panic_handler::{closure#0}, !>
[INFO] [stdout]    9:     0x5dfa1ca955dd - __rustc[ea4f61d10b84890b]::rust_begin_unwind
[INFO] [stdout]   10:     0x5dfa1cad472c - core[a373ad73a504971]::panicking::panic_fmt
[INFO] [stdout]   11:     0x5dfa1ca773e4 - hegel[db6f1f3038500cf2]::runner::find_hegel::{closure#0}::{closure#0}
[INFO] [stdout]   12:     0x5dfa1ca773a4 - <std[617be2ca0a6fd877]::sync::once::Once>::call_once_force::<<std[617be2ca0a6fd877]::sync::once_lock::OnceLock<alloc[2e1b2a31b91974c5]::string::String>>::initialize<<std[617be2ca0a6fd877]::sync::once_lock::OnceLock<alloc[2e1b2a31b91974c5]::string::String>>::get_or_init<hegel[db6f1f3038500cf2]::runner::find_hegel::{closure#0}>::{closure#0}, !>::{closure#0}>::{closure#0}
[INFO] [stdout]   13:     0x5dfa1ca9a769 - <std[617be2ca0a6fd877]::sys::sync::once::futex::Once>::call
[INFO] [stdout]   14:     0x5dfa1ca76d9b - <std[617be2ca0a6fd877]::sync::once_lock::OnceLock<alloc[2e1b2a31b91974c5]::string::String>>::initialize::<<std[617be2ca0a6fd877]::sync::once_lock::OnceLock<alloc[2e1b2a31b91974c5]::string::String>>::get_or_init<hegel[db6f1f3038500cf2]::runner::find_hegel::{closure#0}>::{closure#0}, !>
[INFO] [stdout]   15:     0x5dfa1ca5e88c - hegel[db6f1f3038500cf2]::runner::find_hegel
[INFO] [stdout]   16:     0x5dfa1c9267d6 - <hegel[db6f1f3038500cf2]::runner::Hegel<property[cdb16e085ddacb0d]::vec_structs_roundtrip::{closure#0}>>::run
[INFO] [stdout]   17:     0x5dfa1c98065f - <property[cdb16e085ddacb0d]::vec_structs_roundtrip::{closure#0} as core[a373ad73a504971]::ops::function::FnOnce<()>>::call_once
[INFO] [stdout]   18:     0x5dfa1ca1aa7b - test[aada8e7e76ba119b]::__rust_begin_short_backtrace::<core[a373ad73a504971]::result::Result<(), alloc[2e1b2a31b91974c5]::string::String>, fn() -> core[a373ad73a504971]::result::Result<(), alloc[2e1b2a31b91974c5]::string::String>>
[INFO] [stdout]   19:     0x5dfa1ca27c55 - test[aada8e7e76ba119b]::run_test::{closure#0}
[INFO] [stdout]   20:     0x5dfa1ca21544 - std[617be2ca0a6fd877]::sys::backtrace::__rust_begin_short_backtrace::<test[aada8e7e76ba119b]::run_test::{closure#1}, ()>
[INFO] [stdout]   21:     0x5dfa1ca2ace2 - <std[617be2ca0a6fd877]::thread::lifecycle::spawn_unchecked<test[aada8e7e76ba119b]::run_test::{closure#1}, ()>::{closure#1} as core[a373ad73a504971]::ops::function::FnOnce<()>>::call_once::{shim:vtable#0}
[INFO] [stdout]   22:     0x5dfa1cab9dff - <std[617be2ca0a6fd877]::sys::thread::unix::Thread>::new::thread_start
[INFO] [stdout]   23:     0x796569c41dfa - <unknown>
[INFO] [stdout]   24:     0x796569cd53d4 - clone
[INFO] [stdout]   25:                0x0 - <unknown>
[INFO] [stdout] 
[INFO] [stdout] ---- newtype_enum_roundtrip stdout ----
[INFO] [stdout] 
[INFO] [stdout] thread 'newtype_enum_roundtrip' (1297) panicked at /opt/rustwide/cargo-home/registry/src/index.crates.io-1949cf8c6b5b557f/hegeltest-0.2.2/src/runner.rs:271:69:
[INFO] [stdout] Failed to create .hegel: Read-only file system (os error 30)
[INFO] [stdout] stack backtrace:
[INFO] [stdout]    0:     0x5dfa1cabab61 - <<std[617be2ca0a6fd877]::sys::backtrace::BacktraceLock>::print::DisplayBacktrace as core[a373ad73a504971]::fmt::Display>::fmt
[INFO] [stdout]    1:     0x5dfa1cad3f8a - core[a373ad73a504971]::fmt::write
[INFO] [stdout]    2:     0x5dfa1cac0a3c - <alloc[2e1b2a31b91974c5]::vec::Vec<u8> as core[a373ad73a504971]::io::write::Write>::write_fmt
[INFO] [stdout]    3:     0x5dfa1ca94816 - std[617be2ca0a6fd877]::panicking::default_hook::{closure#0}
[INFO] [stdout]    4:     0x5dfa1cab2319 - std[617be2ca0a6fd877]::panicking::default_hook
[INFO] [stdout]    5:     0x5dfa1ca27630 - test[aada8e7e76ba119b]::test_main_inner::{closure#0}
[INFO] [stdout]    6:     0x5dfa1cab24d2 - std[617be2ca0a6fd877]::panicking::panic_with_hook
[INFO] [stdout]    7:     0x5dfa1ca948c2 - std[617be2ca0a6fd877]::panicking::panic_handler::{closure#0}
[INFO] [stdout]    8:     0x5dfa1ca8cd99 - std[617be2ca0a6fd877]::sys::backtrace::__rust_end_short_backtrace::<std[617be2ca0a6fd877]::panicking::panic_handler::{closure#0}, !>
[INFO] [stdout]    9:     0x5dfa1ca955dd - __rustc[ea4f61d10b84890b]::rust_begin_unwind
[INFO] [stdout]   10:     0x5dfa1cad472c - core[a373ad73a504971]::panicking::panic_fmt
[INFO] [stdout]   11:     0x5dfa1ca773e4 - hegel[db6f1f3038500cf2]::runner::find_hegel::{closure#0}::{closure#0}
[INFO] [stdout]   12:     0x5dfa1ca773a4 - <std[617be2ca0a6fd877]::sync::once::Once>::call_once_force::<<std[617be2ca0a6fd877]::sync::once_lock::OnceLock<alloc[2e1b2a31b91974c5]::string::String>>::initialize<<std[617be2ca0a6fd877]::sync::once_lock::OnceLock<alloc[2e1b2a31b91974c5]::string::String>>::get_or_init<hegel[db6f1f3038500cf2]::runner::find_hegel::{closure#0}>::{closure#0}, !>::{closure#0}>::{closure#0}
[INFO] [stdout]   13:     0x5dfa1ca9a769 - <std[617be2ca0a6fd877]::sys::sync::once::futex::Once>::call
[INFO] [stdout]   14:     0x5dfa1ca76d9b - <std[617be2ca0a6fd877]::sync::once_lock::OnceLock<alloc[2e1b2a31b91974c5]::string::String>>::initialize::<<std[617be2ca0a6fd877]::sync::once_lock::OnceLock<alloc[2e1b2a31b91974c5]::string::String>>::get_or_init<hegel[db6f1f3038500cf2]::runner::find_hegel::{closure#0}>::{closure#0}, !>
[INFO] [stdout]   15:     0x5dfa1ca5e88c - hegel[db6f1f3038500cf2]::runner::find_hegel
[INFO] [stdout]   16:     0x5dfa1c930196 - <hegel[db6f1f3038500cf2]::runner::Hegel<property[cdb16e085ddacb0d]::newtype_enum_roundtrip::{closure#0}>>::run
[INFO] [stdout]   17:     0x5dfa1c98116f - <property[cdb16e085ddacb0d]::newtype_enum_roundtrip::{closure#0} as core[a373ad73a504971]::ops::function::FnOnce<()>>::call_once
[INFO] [stdout]   18:     0x5dfa1ca1aa7b - test[aada8e7e76ba119b]::__rust_begin_short_backtrace::<core[a373ad73a504971]::result::Result<(), alloc[2e1b2a31b91974c5]::string::String>, fn() -> core[a373ad73a504971]::result::Result<(), alloc[2e1b2a31b91974c5]::string::String>>
[INFO] [stdout]   19:     0x5dfa1ca27c55 - test[aada8e7e76ba119b]::run_test::{closure#0}
[INFO] [stdout]   20:     0x5dfa1ca21544 - std[617be2ca0a6fd877]::sys::backtrace::__rust_begin_short_backtrace::<test[aada8e7e76ba119b]::run_test::{closure#1}, ()>
[INFO] [stdout]   21:     0x5dfa1ca2ace2 - <std[617be2ca0a6fd877]::thread::lifecycle::spawn_unchecked<test[aada8e7e76ba119b]::run_test::{closure#1}, ()>::{closure#1} as core[a373ad73a504971]::ops::function::FnOnce<()>>::call_once::{shim:vtable#0}
[INFO] [stdout]   22:     0x5dfa1cab9dff - <std[617be2ca0a6fd877]::sys::thread::unix::Thread>::new::thread_start
[INFO] [stdout]   23:     0x796569c41dfa - <unknown>
[INFO] [stdout]   24:     0x796569cd53d4 - clone
[INFO] [stdout]   25:                0x0 - <unknown>
[INFO] [stdout] 
[INFO] [stdout] ---- flat_struct_roundtrip stdout ----
[INFO] [stdout] 
[INFO] [stdout] thread 'flat_struct_roundtrip' (1290) panicked at /opt/rustwide/cargo-home/registry/src/index.crates.io-1949cf8c6b5b557f/hegeltest-0.2.2/src/runner.rs:271:69:
[INFO] [stdout] Failed to create .hegel: Read-only file system (os error 30)
[INFO] [stdout] stack backtrace:
[INFO] [stdout]    0:     0x5dfa1cabab61 - <<std[617be2ca0a6fd877]::sys::backtrace::BacktraceLock>::print::DisplayBacktrace as core[a373ad73a504971]::fmt::Display>::fmt
[INFO] [stdout]    1:     0x5dfa1cad3f8a - core[a373ad73a504971]::fmt::write
[INFO] [stdout]    2:     0x5dfa1cac0a3c - <alloc[2e1b2a31b91974c5]::vec::Vec<u8> as core[a373ad73a504971]::io::write::Write>::write_fmt
[INFO] [stdout]    3:     0x5dfa1ca94816 - std[617be2ca0a6fd877]::panicking::default_hook::{closure#0}
[INFO] [stdout]    4:     0x5dfa1cab2319 - std[617be2ca0a6fd877]::panicking::default_hook
[INFO] [stdout]    5:     0x5dfa1ca27630 - test[aada8e7e76ba119b]::test_main_inner::{closure#0}
[INFO] [stdout]    6:     0x5dfa1cab24d2 - std[617be2ca0a6fd877]::panicking::panic_with_hook
[INFO] [stdout]    7:     0x5dfa1ca948c2 - std[617be2ca0a6fd877]::panicking::panic_handler::{closure#0}
[INFO] [stdout]    8:     0x5dfa1ca8cd99 - std[617be2ca0a6fd877]::sys::backtrace::__rust_end_short_backtrace::<std[617be2ca0a6fd877]::panicking::panic_handler::{closure#0}, !>
[INFO] [stdout]    9:     0x5dfa1ca955dd - __rustc[ea4f61d10b84890b]::rust_begin_unwind
[INFO] [stdout]   10:     0x5dfa1cad472c - core[a373ad73a504971]::panicking::panic_fmt
[INFO] [stdout]   11:     0x5dfa1ca773e4 - hegel[db6f1f3038500cf2]::runner::find_hegel::{closure#0}::{closure#0}
[INFO] [stdout]   12:     0x5dfa1ca773a4 - <std[617be2ca0a6fd877]::sync::once::Once>::call_once_force::<<std[617be2ca0a6fd877]::sync::once_lock::OnceLock<alloc[2e1b2a31b91974c5]::string::String>>::initialize<<std[617be2ca0a6fd877]::sync::once_lock::OnceLock<alloc[2e1b2a31b91974c5]::string::String>>::get_or_init<hegel[db6f1f3038500cf2]::runner::find_hegel::{closure#0}>::{closure#0}, !>::{closure#0}>::{closure#0}
[INFO] [stdout]   13:     0x5dfa1ca9a769 - <std[617be2ca0a6fd877]::sys::sync::once::futex::Once>::call
[INFO] [stdout]   14:     0x5dfa1ca76d9b - <std[617be2ca0a6fd877]::sync::once_lock::OnceLock<alloc[2e1b2a31b91974c5]::string::String>>::initialize::<<std[617be2ca0a6fd877]::sync::once_lock::OnceLock<alloc[2e1b2a31b91974c5]::string::String>>::get_or_init<hegel[db6f1f3038500cf2]::runner::find_hegel::{closure#0}>::{closure#0}, !>
[INFO] [stdout]   15:     0x5dfa1ca5e88c - hegel[db6f1f3038500cf2]::runner::find_hegel
[INFO] [stdout]   16:     0x5dfa1c91ce16 - <hegel[db6f1f3038500cf2]::runner::Hegel<property[cdb16e085ddacb0d]::flat_struct_roundtrip::{closure#0}>>::run
[INFO] [stdout]   17:     0x5dfa1c97fb4f - <property[cdb16e085ddacb0d]::flat_struct_roundtrip::{closure#0} as core[a373ad73a504971]::ops::function::FnOnce<()>>::call_once
[INFO] [stdout]   18:     0x5dfa1ca1aa7b - test[aada8e7e76ba119b]::__rust_begin_short_backtrace::<core[a373ad73a504971]::result::Result<(), alloc[2e1b2a31b91974c5]::string::String>, fn() -> core[a373ad73a504971]::result::Result<(), alloc[2e1b2a31b91974c5]::string::String>>
[INFO] [stdout]   19:     0x5dfa1ca27c55 - test[aada8e7e76ba119b]::run_test::{closure#0}
[INFO] [stdout]   20:     0x5dfa1ca21544 - std[617be2ca0a6fd877]::sys::backtrace::__rust_begin_short_backtrace::<test[aada8e7e76ba119b]::run_test::{closure#1}, ()>
[INFO] [stdout]   21:     0x5dfa1ca2ace2 - <std[617be2ca0a6fd877]::thread::lifecycle::spawn_unchecked<test[aada8e7e76ba119b]::run_test::{closure#1}, ()>::{closure#1} as core[a373ad73a504971]::ops::function::FnOnce<()>>::call_once::{shim:vtable#0}
[INFO] [stdout]   22:     0x5dfa1cab9dff - <std[617be2ca0a6fd877]::sys::thread::unix::Thread>::new::thread_start
[INFO] [stdout]   23:     0x796569c41dfa - <unknown>
[INFO] [stdout]   24:     0x796569cd53d4 - clone
[INFO] [stdout]   25:                0x0 - <unknown>
[INFO] [stdout] 
[INFO] [stdout] ---- pretty_print_roundtrip stdout ----
[INFO] [stdout] 
[INFO] [stdout] thread 'pretty_print_roundtrip' (1300) panicked at /opt/rustwide/cargo-home/registry/src/index.crates.io-1949cf8c6b5b557f/hegeltest-0.2.2/src/runner.rs:271:69:
[INFO] [stdout] Failed to create .hegel: Read-only file system (os error 30)
[INFO] [stdout] stack backtrace:
[INFO] [stdout]    0:     0x5dfa1cabab61 - <<std[617be2ca0a6fd877]::sys::backtrace::BacktraceLock>::print::DisplayBacktrace as core[a373ad73a504971]::fmt::Display>::fmt
[INFO] [stdout]    1:     0x5dfa1cad3f8a - core[a373ad73a504971]::fmt::write
[INFO] [stdout]    2:     0x5dfa1cac0a3c - <alloc[2e1b2a31b91974c5]::vec::Vec<u8> as core[a373ad73a504971]::io::write::Write>::write_fmt
[INFO] [stdout]    3:     0x5dfa1ca94816 - std[617be2ca0a6fd877]::panicking::default_hook::{closure#0}
[INFO] [stdout]    4:     0x5dfa1cab2319 - std[617be2ca0a6fd877]::panicking::default_hook
[INFO] [stdout]    5:     0x5dfa1ca27630 - test[aada8e7e76ba119b]::test_main_inner::{closure#0}
[INFO] [stdout]    6:     0x5dfa1cab24d2 - std[617be2ca0a6fd877]::panicking::panic_with_hook
[INFO] [stdout]    7:     0x5dfa1ca948c2 - std[617be2ca0a6fd877]::panicking::panic_handler::{closure#0}
[INFO] [stdout]    8:     0x5dfa1ca8cd99 - std[617be2ca0a6fd877]::sys::backtrace::__rust_end_short_backtrace::<std[617be2ca0a6fd877]::panicking::panic_handler::{closure#0}, !>
[INFO] [stdout]    9:     0x5dfa1ca955dd - __rustc[ea4f61d10b84890b]::rust_begin_unwind
[INFO] [stdout]   10:     0x5dfa1cad472c - core[a373ad73a504971]::panicking::panic_fmt
[INFO] [stdout]   11:     0x5dfa1ca773e4 - hegel[db6f1f3038500cf2]::runner::find_hegel::{closure#0}::{closure#0}
[INFO] [stdout]   12:     0x5dfa1ca773a4 - <std[617be2ca0a6fd877]::sync::once::Once>::call_once_force::<<std[617be2ca0a6fd877]::sync::once_lock::OnceLock<alloc[2e1b2a31b91974c5]::string::String>>::initialize<<std[617be2ca0a6fd877]::sync::once_lock::OnceLock<alloc[2e1b2a31b91974c5]::string::String>>::get_or_init<hegel[db6f1f3038500cf2]::runner::find_hegel::{closure#0}>::{closure#0}, !>::{closure#0}>::{closure#0}
[INFO] [stdout]   13:     0x5dfa1ca9a769 - <std[617be2ca0a6fd877]::sys::sync::once::futex::Once>::call
[INFO] [stdout]   14:     0x5dfa1ca76d9b - <std[617be2ca0a6fd877]::sync::once_lock::OnceLock<alloc[2e1b2a31b91974c5]::string::String>>::initialize::<<std[617be2ca0a6fd877]::sync::once_lock::OnceLock<alloc[2e1b2a31b91974c5]::string::String>>::get_or_init<hegel[db6f1f3038500cf2]::runner::find_hegel::{closure#0}>::{closure#0}, !>
[INFO] [stdout]   15:     0x5dfa1ca5e88c - hegel[db6f1f3038500cf2]::runner::find_hegel
[INFO] [stdout]   16:     0x5dfa1c9334d6 - <hegel[db6f1f3038500cf2]::runner::Hegel<property[cdb16e085ddacb0d]::pretty_print_roundtrip::{closure#0}>>::run
[INFO] [stdout]   17:     0x5dfa1c98151f - <property[cdb16e085ddacb0d]::pretty_print_roundtrip::{closure#0} as core[a373ad73a504971]::ops::function::FnOnce<()>>::call_once
[INFO] [stdout]   18:     0x5dfa1ca1aa7b - test[aada8e7e76ba119b]::__rust_begin_short_backtrace::<core[a373ad73a504971]::result::Result<(), alloc[2e1b2a31b91974c5]::string::String>, fn() -> core[a373ad73a504971]::result::Result<(), alloc[2e1b2a31b91974c5]::string::String>>
[INFO] [stdout]   19:     0x5dfa1ca27c55 - test[aada8e7e76ba119b]::run_test::{closure#0}
[INFO] [stdout]   20:     0x5dfa1ca21544 - std[617be2ca0a6fd877]::sys::backtrace::__rust_begin_short_backtrace::<test[aada8e7e76ba119b]::run_test::{closure#1}, ()>
[INFO] [stdout]   21:     0x5dfa1ca2ace2 - <std[617be2ca0a6fd877]::thread::lifecycle::spawn_unchecked<test[aada8e7e76ba119b]::run_test::{closure#1}, ()>::{closure#1} as core[a373ad73a504971]::ops::function::FnOnce<()>>::call_once::{shim:vtable#0}
[INFO] [stdout]   22:     0x5dfa1cab9dff - <std[617be2ca0a6fd877]::sys::thread::unix::Thread>::new::thread_start
[INFO] [stdout]   23:     0x796569c41dfa - <unknown>
[INFO] [stdout]   24:     0x796569cd53d4 - clone
[INFO] [stdout]   25:                0x0 - <unknown>
[INFO] [stdout] 
[INFO] [stdout] 
[INFO] [stdout] failures:
[INFO] [stdout]     bool_roundtrip
[INFO] [stdout]     btreemap_roundtrip
[INFO] [stdout]     char_roundtrip
[INFO] [stdout]     complex_enum_roundtrip
[INFO] [stdout]     deeply_nested_roundtrip
[INFO] [stdout]     doc_api_matches_string_api
[INFO] [stdout]     f32_roundtrip
[INFO] [stdout]     flat_struct_roundtrip
[INFO] [stdout]     from_str_never_panics
[INFO] [stdout]     hashmap_roundtrip
[INFO] [stdout]     i128_u128_roundtrip
[INFO] [stdout]     integer_types_roundtrip
[INFO] [stdout]     kitchen_sink_roundtrip
[INFO] [stdout]     nested_struct_roundtrip
[INFO] [stdout]     newtype_enum_roundtrip
[INFO] [stdout]     newtype_struct_roundtrip
[INFO] [stdout]     option_fields_roundtrip
[INFO] [stdout]     pretty_print_roundtrip
[INFO] [stdout]     to_string_and_pretty_agree
[INFO] [stdout]     tuple_enum_variant_roundtrip
[INFO] [stdout]     tuple_roundtrip
[INFO] [stdout]     tuple_struct_roundtrip
[INFO] [stdout]     unit_enum_roundtrip
[INFO] [stdout]     vec_ints_roundtrip
[INFO] [stdout]     vec_strings_roundtrip
[INFO] [stdout]     vec_structs_roundtrip
[INFO] [stdout] 
[INFO] [stdout] test result: FAILED. 0 passed; 26 failed; 0 ignored; 0 measured; 0 filtered out; finished in 0.01s
[INFO] [stdout] 
[INFO] running `Command { std: "docker" "inspect" "591a06abd6707bbd3dc47455ee49a54c0450e29e1cab46bc794496b8264e0c82", kill_on_drop: false }`
[INFO] running `Command { std: "docker" "rm" "-f" "591a06abd6707bbd3dc47455ee49a54c0450e29e1cab46bc794496b8264e0c82", kill_on_drop: false }`
[INFO] [stdout] 591a06abd6707bbd3dc47455ee49a54c0450e29e1cab46bc794496b8264e0c82
