[INFO] fetching crate serde-gff 0.3.0...
[INFO] testing serde-gff-0.3.0 against 1.99.0-beta.8+cargoflags=--release for beta-release-1.100-2
[INFO] extracting crate serde-gff 0.3.0 into /workspace/builds/worker-1-tc1/source
[INFO] started tweaking crates.io crate serde-gff 0.3.0
[INFO] finished tweaking crates.io crate serde-gff 0.3.0
[INFO] tweaked toml for crates.io crate serde-gff 0.3.0 written to /workspace/builds/worker-1-tc1/source/Cargo.toml
[INFO] validating manifest of crates.io crate serde-gff 0.3.0 on toolchain 1.99.0-beta.8
[INFO] running `Command { std: CARGO_HOME="/workspace/cargo-home" RUSTUP_HOME="/workspace/rustup-home" "/workspace/cargo-home/bin/cargo" "+1.99.0-beta.8" "metadata" "--manifest-path" "Cargo.toml" "--no-deps", kill_on_drop: false }`
[INFO] running `Command { std: CARGO_HOME="/workspace/cargo-home" RUSTUP_HOME="/workspace/rustup-home" "/workspace/cargo-home/bin/cargo" "+1.99.0-beta.8" "generate-lockfile" "--manifest-path" "Cargo.toml", kill_on_drop: false }`
[INFO] [stderr]     Updating crates.io index
[INFO] [stderr]      Locking 19 packages to highest compatible versions
[INFO] [stderr]       Adding indexmap v1.9.3 (available: v2.14.2)
[INFO] running `Command { std: CARGO_HOME="/workspace/cargo-home" RUSTUP_HOME="/workspace/rustup-home" "/workspace/cargo-home/bin/cargo" "+1.99.0-beta.8" "fetch" "--manifest-path" "Cargo.toml", kill_on_drop: false }`
[INFO] running `Command { std: "docker" "create" "-v" "/var/lib/crater-agent-workspace/builds/worker-1-tc1/source:/opt/rustwide/workdir:ro,Z" "-v" "/var/lib/crater-agent-workspace/builds/worker-1-tc1/target:/opt/rustwide/target:rw,Z" "-v" "/var/lib/crater-agent-workspace/cargo-home:/opt/rustwide/cargo-home:ro,Z" "-v" "/var/lib/crater-agent-workspace/rustup-home:/opt/rustwide/rustup-home:ro,Z" "-m" "1610612736" "--network" "none" "ghcr.io/rust-lang/crates-build-env/linux@sha256:77db811e55d90add9212f6832c23229e3de5f1c1f9905e8cb07319ea15df73ac" "sleep" "infinity", kill_on_drop: false }`
[INFO] [stdout] 6bfc8031f46c8226c91e683888aa10ed373765a409198adc753ebf8314642d1b
[INFO] running `Command { std: "docker" "start" "6bfc8031f46c8226c91e683888aa10ed373765a409198adc753ebf8314642d1b", kill_on_drop: false }`
[INFO] running `Command { std: "docker" "inspect" "6bfc8031f46c8226c91e683888aa10ed373765a409198adc753ebf8314642d1b", kill_on_drop: false }`
[INFO] running `Command { std: "docker" "exec" "-e" "SOURCE_DIR=/opt/rustwide/workdir" "-e" "CARGO_HOME=/opt/rustwide/cargo-home" "-e" "RUSTUP_HOME=/opt/rustwide/rustup-home" "-e" "CARGO_TARGET_DIR=/opt/rustwide/target" "-w" "/opt/rustwide/workdir" "--user" "0:0" "6bfc8031f46c8226c91e683888aa10ed373765a409198adc753ebf8314642d1b" "/opt/rustwide/cargo-home/bin/cargo" "+1.99.0-beta.8" "metadata" "--no-deps" "--format-version=1", kill_on_drop: false }`
[INFO] running `Command { std: "docker" "inspect" "6bfc8031f46c8226c91e683888aa10ed373765a409198adc753ebf8314642d1b", kill_on_drop: false }`
[INFO] running `Command { std: "docker" "exec" "-e" "SOURCE_DIR=/opt/rustwide/workdir" "-e" "CARGO_HOME=/opt/rustwide/cargo-home" "-e" "RUSTUP_HOME=/opt/rustwide/rustup-home" "-e" "CARGO_TARGET_DIR=/opt/rustwide/target" "-e" "CARGO_INCREMENTAL=0" "-e" "RUST_BACKTRACE=full" "-e" "RUSTFLAGS=--cap-lints=warn" "-e" "RUSTDOCFLAGS=--cap-lints=warn" "-w" "/opt/rustwide/workdir" "--user" "0:0" "6bfc8031f46c8226c91e683888aa10ed373765a409198adc753ebf8314642d1b" "/opt/rustwide/cargo-home/bin/cargo" "+1.99.0-beta.8" "build" "--frozen" "--message-format=json" "--release", kill_on_drop: false }`
[INFO] [stderr]    Compiling encoding_index_tests v0.1.4
[INFO] [stderr]    Compiling encoding-index-japanese v1.20141219.5
[INFO] [stderr]    Compiling encoding-index-simpchinese v1.20141219.5
[INFO] [stderr]    Compiling encoding-index-korean v1.20141219.5
[INFO] [stderr]    Compiling encoding-index-tradchinese v1.20141219.5
[INFO] [stderr]    Compiling encoding-index-singlebyte v1.20141219.5
[INFO] [stderr]    Compiling encoding v0.2.33
[INFO] [stderr]    Compiling serde-gff v0.3.0 (/opt/rustwide/workdir)
[INFO] [stdout] warning: unexpected `cfg` condition name: `nightly`
[INFO] [stdout]    --> src/raw.rs:105:7
[INFO] [stdout]     |
[INFO] [stdout] 105 | #[cfg(nightly)]
[INFO] [stdout]     |       ^^^^^^^
[INFO] [stdout]     |
[INFO] [stdout]     = help: expected names are: `docsrs`, `feature`, and `test` and 34 more
[INFO] [stdout]     = help: consider using a Cargo feature instead
[INFO] [stdout]     = help: or consider adding in `Cargo.toml` the `check-cfg` lint config for the lint:
[INFO] [stdout]              [lints.rust]
[INFO] [stdout]              unexpected_cfgs = { level = "warn", check-cfg = ['cfg(nightly)'] }
[INFO] [stdout]     = help: or consider adding `println!("cargo::rustc-check-cfg=cfg(nightly)");` to the top of the `build.rs`
[INFO] [stdout]     = note: see <https://doc.rust-lang.org/nightly/rustc/check-cfg/cargo-specifics.html> for more information about checking conditional configuration
[INFO] [stdout]     = note: `#[warn(unexpected_cfgs)]` on by default
[INFO] [stdout] 
[INFO] [stdout] 
[INFO] [stdout] warning: fields `by_field` and `raw` are never read
[INFO] [stdout]    --> src/raw.rs:201:3
[INFO] [stdout]     |
[INFO] [stdout] 199 | struct DebugFieldData<'a> {
[INFO] [stdout]     |        -------------- fields in this struct
[INFO] [stdout] 200 |   /// Данные, разбитые по принадлежности к отдельным полям, для удобства отладочного вывода
[INFO] [stdout] 201 |   by_field: Vec<FieldData<'a>>,
[INFO] [stdout]     |   ^^^^^^^^
[INFO] [stdout] 202 |   /// Данные в том виде, в каком они хранятся в файле
[INFO] [stdout] 203 |   raw: &'a [u8],
[INFO] [stdout]     |   ^^^
[INFO] [stdout]     |
[INFO] [stdout]     = note: `DebugFieldData` has a derived impl for the trait `Debug`, but this is intentionally ignored during dead code analysis
[INFO] [stdout]     = note: `#[warn(dead_code)]` (part of `#[warn(unused)]`) on by default
[INFO] [stdout] 
[INFO] [stdout] 
[INFO] [stdout] warning: fields `by_struct` and `raw` are never read
[INFO] [stdout]    --> src/raw.rs:219:3
[INFO] [stdout]     |
[INFO] [stdout] 217 | struct DebugFieldIndex<'a> {
[INFO] [stdout]     |        --------------- fields in this struct
[INFO] [stdout] 218 |   /// Данные, разбитые по принадлежности к отдельным структурам, для удобства отладочного вывода
[INFO] [stdout] 219 |   by_struct: Vec<FieldIndex<'a>>,
[INFO] [stdout]     |   ^^^^^^^^^
[INFO] [stdout] 220 |   /// Данные в том виде, в каком они хранятся в файле
[INFO] [stdout] 221 |   raw: &'a [u32],
[INFO] [stdout]     |   ^^^
[INFO] [stdout]     |
[INFO] [stdout]     = note: `DebugFieldIndex` has a derived impl for the trait `Debug`, but this is intentionally ignored during dead code analysis
[INFO] [stdout] 
[INFO] [stdout] 
[INFO] [stdout] warning: fields `by_list` and `raw` are never read
[INFO] [stdout]    --> src/raw.rs:237:3
[INFO] [stdout]     |
[INFO] [stdout] 235 | struct DebugListIndex<'a> {
[INFO] [stdout]     |        -------------- fields in this struct
[INFO] [stdout] 236 |   /// Данные, разбитые по принадлежности к отдельным спискам и без длины, для удобства отладочного вывода
[INFO] [stdout] 237 |   by_list: Vec<ListIndex<'a>>,
[INFO] [stdout]     |   ^^^^^^^
[INFO] [stdout] 238 |   /// Данные в том виде, в каком они хранятся в файле
[INFO] [stdout] 239 |   raw: &'a [u32],
[INFO] [stdout]     |   ^^^
[INFO] [stdout]     |
[INFO] [stdout]     = note: `DebugListIndex` has a derived impl for the trait `Debug`, but this is intentionally ignored during dead code analysis
[INFO] [stdout] 
[INFO] [stdout] 
[INFO] [stdout] warning: hiding a lifetime that's elided elsewhere is confusing
[INFO] [stdout]    --> src/ser/mod.rs:206:24
[INFO] [stdout]     |
[INFO] [stdout] 206 |   fn add_tuple_variant(&mut self, struct_index: StructIndex, variant: &'static str, len: usize) -> Result<ListSerializer> {
[INFO] [stdout]     |                        ^^^^^^^^^ the lifetime is elided here                                              ^^^^^^^^^^^^^^ the same lifetime is hidden here
[INFO] [stdout]     |
[INFO] [stdout]     = help: the same lifetime is referred to in inconsistent ways, making the signature confusing
[INFO] [stdout]     = note: `#[warn(mismatched_lifetime_syntaxes)]` on by default
[INFO] [stdout] help: use `'_` for type paths
[INFO] [stdout]     |
[INFO] [stdout] 206 |   fn add_tuple_variant(&mut self, struct_index: StructIndex, variant: &'static str, len: usize) -> Result<ListSerializer<'_>> {
[INFO] [stdout]     |                                                                                                                         ++++
[INFO] [stdout] 
[INFO] [stdout] 
[INFO] [stdout] warning: hiding a lifetime that's elided elsewhere is confusing
[INFO] [stdout]    --> src/ser/mod.rs:217:25
[INFO] [stdout]     |
[INFO] [stdout] 217 |   fn add_struct_variant(&mut self, struct_index: StructIndex, variant: &'static str, len: usize) -> Result<StructSerializer> {
[INFO] [stdout]     |                         ^^^^^^^^^ the lifetime is elided here                                              ^^^^^^^^^^^^^^^^ the same lifetime is hidden here
[INFO] [stdout]     |
[INFO] [stdout]     = help: the same lifetime is referred to in inconsistent ways, making the signature confusing
[INFO] [stdout] help: use `'_` for type paths
[INFO] [stdout]     |
[INFO] [stdout] 217 |   fn add_struct_variant(&mut self, struct_index: StructIndex, variant: &'static str, len: usize) -> Result<StructSerializer<'_>> {
[INFO] [stdout]     |                                                                                                                            ++++
[INFO] [stdout] 
[INFO] [stdout] 
[INFO] [stderr]     Finished `release` profile [optimized] target(s) in 2.99s
[INFO] running `Command { std: "docker" "inspect" "6bfc8031f46c8226c91e683888aa10ed373765a409198adc753ebf8314642d1b", kill_on_drop: false }`
[INFO] running `Command { std: "docker" "exec" "-e" "SOURCE_DIR=/opt/rustwide/workdir" "-e" "CARGO_HOME=/opt/rustwide/cargo-home" "-e" "RUSTUP_HOME=/opt/rustwide/rustup-home" "-e" "CARGO_TARGET_DIR=/opt/rustwide/target" "-e" "CARGO_INCREMENTAL=0" "-e" "RUST_BACKTRACE=full" "-e" "RUSTFLAGS=--cap-lints=warn" "-e" "RUSTDOCFLAGS=--cap-lints=warn" "-w" "/opt/rustwide/workdir" "--user" "0:0" "6bfc8031f46c8226c91e683888aa10ed373765a409198adc753ebf8314642d1b" "/opt/rustwide/cargo-home/bin/cargo" "+1.99.0-beta.8" "test" "--frozen" "--no-run" "--message-format=json" "--release", kill_on_drop: false }`
[INFO] [stderr]    Compiling serde-gff v0.3.0 (/opt/rustwide/workdir)
[INFO] [stdout] warning: unexpected `cfg` condition name: `nightly`
[INFO] [stdout]    --> src/raw.rs:105:7
[INFO] [stdout]     |
[INFO] [stdout] 105 | #[cfg(nightly)]
[INFO] [stdout]     |       ^^^^^^^
[INFO] [stdout]     |
[INFO] [stdout]     = help: expected names are: `docsrs`, `feature`, and `test` and 34 more
[INFO] [stdout]     = help: consider using a Cargo feature instead
[INFO] [stdout]     = help: or consider adding in `Cargo.toml` the `check-cfg` lint config for the lint:
[INFO] [stdout]              [lints.rust]
[INFO] [stdout]              unexpected_cfgs = { level = "warn", check-cfg = ['cfg(nightly)'] }
[INFO] [stdout]     = help: or consider adding `println!("cargo::rustc-check-cfg=cfg(nightly)");` to the top of the `build.rs`
[INFO] [stdout]     = note: see <https://doc.rust-lang.org/nightly/rustc/check-cfg/cargo-specifics.html> for more information about checking conditional configuration
[INFO] [stdout]     = note: `#[warn(unexpected_cfgs)]` on by default
[INFO] [stdout] 
[INFO] [stdout] 
[INFO] [stdout] warning: fields `by_field` and `raw` are never read
[INFO] [stdout]    --> src/raw.rs:201:3
[INFO] [stdout]     |
[INFO] [stdout] 199 | struct DebugFieldData<'a> {
[INFO] [stdout]     |        -------------- fields in this struct
[INFO] [stdout] 200 |   /// Данные, разбитые по принадлежности к отдельным полям, для удобства отладочного вывода
[INFO] [stdout] 201 |   by_field: Vec<FieldData<'a>>,
[INFO] [stdout]     |   ^^^^^^^^
[INFO] [stdout] 202 |   /// Данные в том виде, в каком они хранятся в файле
[INFO] [stdout] 203 |   raw: &'a [u8],
[INFO] [stdout]     |   ^^^
[INFO] [stdout]     |
[INFO] [stdout]     = note: `DebugFieldData` has a derived impl for the trait `Debug`, but this is intentionally ignored during dead code analysis
[INFO] [stdout]     = note: `#[warn(dead_code)]` (part of `#[warn(unused)]`) on by default
[INFO] [stdout] 
[INFO] [stdout] 
[INFO] [stdout] warning: fields `by_struct` and `raw` are never read
[INFO] [stdout]    --> src/raw.rs:219:3
[INFO] [stdout]     |
[INFO] [stdout] 217 | struct DebugFieldIndex<'a> {
[INFO] [stdout]     |        --------------- fields in this struct
[INFO] [stdout] 218 |   /// Данные, разбитые по принадлежности к отдельным структурам, для удобства отладочного вывода
[INFO] [stdout] 219 |   by_struct: Vec<FieldIndex<'a>>,
[INFO] [stdout]     |   ^^^^^^^^^
[INFO] [stdout] 220 |   /// Данные в том виде, в каком они хранятся в файле
[INFO] [stdout] 221 |   raw: &'a [u32],
[INFO] [stdout]     |   ^^^
[INFO] [stdout]     |
[INFO] [stdout]     = note: `DebugFieldIndex` has a derived impl for the trait `Debug`, but this is intentionally ignored during dead code analysis
[INFO] [stdout] 
[INFO] [stdout] 
[INFO] [stdout] warning: fields `by_list` and `raw` are never read
[INFO] [stdout]    --> src/raw.rs:237:3
[INFO] [stdout]     |
[INFO] [stdout] 235 | struct DebugListIndex<'a> {
[INFO] [stdout]     |        -------------- fields in this struct
[INFO] [stdout] 236 |   /// Данные, разбитые по принадлежности к отдельным спискам и без длины, для удобства отладочного вывода
[INFO] [stdout] 237 |   by_list: Vec<ListIndex<'a>>,
[INFO] [stdout]     |   ^^^^^^^
[INFO] [stdout] 238 |   /// Данные в том виде, в каком они хранятся в файле
[INFO] [stdout] 239 |   raw: &'a [u32],
[INFO] [stdout]     |   ^^^
[INFO] [stdout]     |
[INFO] [stdout]     = note: `DebugListIndex` has a derived impl for the trait `Debug`, but this is intentionally ignored during dead code analysis
[INFO] [stdout] 
[INFO] [stdout] 
[INFO] [stdout] warning: hiding a lifetime that's elided elsewhere is confusing
[INFO] [stdout]    --> src/ser/mod.rs:206:24
[INFO] [stdout]     |
[INFO] [stdout] 206 |   fn add_tuple_variant(&mut self, struct_index: StructIndex, variant: &'static str, len: usize) -> Result<ListSerializer> {
[INFO] [stdout]     |                        ^^^^^^^^^ the lifetime is elided here                                              ^^^^^^^^^^^^^^ the same lifetime is hidden here
[INFO] [stdout]     |
[INFO] [stdout]     = help: the same lifetime is referred to in inconsistent ways, making the signature confusing
[INFO] [stdout]     = note: `#[warn(mismatched_lifetime_syntaxes)]` on by default
[INFO] [stdout] help: use `'_` for type paths
[INFO] [stdout]     |
[INFO] [stdout] 206 |   fn add_tuple_variant(&mut self, struct_index: StructIndex, variant: &'static str, len: usize) -> Result<ListSerializer<'_>> {
[INFO] [stdout]     |                                                                                                                         ++++
[INFO] [stdout] 
[INFO] [stdout] 
[INFO] [stdout] warning: hiding a lifetime that's elided elsewhere is confusing
[INFO] [stdout]    --> src/ser/mod.rs:217:25
[INFO] [stdout]     |
[INFO] [stdout] 217 |   fn add_struct_variant(&mut self, struct_index: StructIndex, variant: &'static str, len: usize) -> Result<StructSerializer> {
[INFO] [stdout]     |                         ^^^^^^^^^ the lifetime is elided here                                              ^^^^^^^^^^^^^^^^ the same lifetime is hidden here
[INFO] [stdout]     |
[INFO] [stdout]     = help: the same lifetime is referred to in inconsistent ways, making the signature confusing
[INFO] [stdout] help: use `'_` for type paths
[INFO] [stdout]     |
[INFO] [stdout] 217 |   fn add_struct_variant(&mut self, struct_index: StructIndex, variant: &'static str, len: usize) -> Result<StructSerializer<'_>> {
[INFO] [stdout]     |                                                                                                                            ++++
[INFO] [stdout] 
[INFO] [stdout] 
[INFO] [stdout] warning: unexpected `cfg` condition name: `nightly`
[INFO] [stdout]    --> src/raw.rs:105:7
[INFO] [stdout]     |
[INFO] [stdout] 105 | #[cfg(nightly)]
[INFO] [stdout]     |       ^^^^^^^
[INFO] [stdout]     |
[INFO] [stdout]     = help: expected names are: `docsrs`, `feature`, and `test` and 34 more
[INFO] [stdout]     = help: consider using a Cargo feature instead
[INFO] [stdout]     = help: or consider adding in `Cargo.toml` the `check-cfg` lint config for the lint:
[INFO] [stdout]              [lints.rust]
[INFO] [stdout]              unexpected_cfgs = { level = "warn", check-cfg = ['cfg(nightly)'] }
[INFO] [stdout]     = help: or consider adding `println!("cargo::rustc-check-cfg=cfg(nightly)");` to the top of the `build.rs`
[INFO] [stdout]     = note: see <https://doc.rust-lang.org/nightly/rustc/check-cfg/cargo-specifics.html> for more information about checking conditional configuration
[INFO] [stdout]     = note: `#[warn(unexpected_cfgs)]` on by default
[INFO] [stdout] 
[INFO] [stdout] 
[INFO] [stdout] warning: unnecessary trailing semicolon
[INFO] [stdout]     --> src/ser/mod.rs:1523:49
[INFO] [stdout]      |
[INFO] [stdout] 1523 |       struct Struct { field1: u32, field2: f32 };
[INFO] [stdout]      |                                                 ^ help: remove this semicolon
[INFO] [stdout]      |
[INFO] [stdout]      = note: `#[warn(redundant_semicolons)]` (part of `#[warn(unused)]`) on by default
[INFO] [stdout] 
[INFO] [stdout] 
[INFO] [stdout] warning: unnecessary trailing semicolon
[INFO] [stdout]     --> src/ser/mod.rs:1614:36
[INFO] [stdout]      |
[INFO] [stdout] 1614 |       struct Item1 { payload: u32 };
[INFO] [stdout]      |                                    ^ help: remove this semicolon
[INFO] [stdout] 
[INFO] [stdout] 
[INFO] [stdout] warning: unnecessary trailing semicolon
[INFO] [stdout]     --> src/ser/mod.rs:1616:34
[INFO] [stdout]      |
[INFO] [stdout] 1616 |       struct Item2 { value: u64 };
[INFO] [stdout]      |                                  ^ help: remove this semicolon
[INFO] [stdout] 
[INFO] [stdout] 
[INFO] [stdout] warning: unnecessary trailing semicolon
[INFO] [stdout]     --> src/ser/mod.rs:1636:49
[INFO] [stdout]      |
[INFO] [stdout] 1636 |       struct Struct { field1: u32, field2: f32 };
[INFO] [stdout]      |                                                 ^ help: remove this semicolon
[INFO] [stdout] 
[INFO] [stdout] 
[INFO] [stdout] warning: unnecessary trailing semicolon
[INFO] [stdout]     --> src/ser/mod.rs:1647:8
[INFO] [stdout]      |
[INFO] [stdout] 1647 |       };
[INFO] [stdout]      |        ^ help: remove this semicolon
[INFO] [stdout] 
[INFO] [stdout] 
[INFO] [stdout] warning: unnecessary trailing semicolon
[INFO] [stdout]     --> src/ser/mod.rs:1310:36
[INFO] [stdout]      |
[INFO] [stdout] 1310 |         struct Value { value: u32 };
[INFO] [stdout]      |                                    ^
[INFO] [stdout] ...
[INFO] [stdout] 1758 |     enum_tests!(toplevel);
[INFO] [stdout]      |     --------------------- in this macro invocation
[INFO] [stdout]      |
[INFO] [stdout]      = note: this warning originates in the macro `enum_tests` (in Nightly builds, run with -Z macro-backtrace for more info)
[INFO] [stdout] 
[INFO] [stdout] 
[INFO] [stdout] warning: unnecessary trailing semicolon
[INFO] [stdout]     --> src/ser/mod.rs:1940:49
[INFO] [stdout]      |
[INFO] [stdout] 1940 |       struct Struct { field1: u32, field2: f32 };
[INFO] [stdout]      |                                                 ^ help: remove this semicolon
[INFO] [stdout] 
[INFO] [stdout] 
[INFO] [stdout] warning: unnecessary trailing semicolon
[INFO] [stdout]     --> src/ser/mod.rs:2022:36
[INFO] [stdout]      |
[INFO] [stdout] 2022 |       struct Item1 { payload: u32 };
[INFO] [stdout]      |                                    ^ help: remove this semicolon
[INFO] [stdout] 
[INFO] [stdout] 
[INFO] [stdout] warning: unnecessary trailing semicolon
[INFO] [stdout]     --> src/ser/mod.rs:2024:34
[INFO] [stdout]      |
[INFO] [stdout] 2024 |       struct Item2 { value: u64 };
[INFO] [stdout]      |                                  ^ help: remove this semicolon
[INFO] [stdout] 
[INFO] [stdout] 
[INFO] [stdout] warning: unnecessary trailing semicolon
[INFO] [stdout]     --> src/ser/mod.rs:2044:49
[INFO] [stdout]      |
[INFO] [stdout] 2044 |       struct Struct { field1: u32, field2: f32 };
[INFO] [stdout]      |                                                 ^ help: remove this semicolon
[INFO] [stdout] 
[INFO] [stdout] 
[INFO] [stdout] warning: unnecessary trailing semicolon
[INFO] [stdout]     --> src/ser/mod.rs:1310:36
[INFO] [stdout]      |
[INFO] [stdout] 1310 |         struct Value { value: u32 };
[INFO] [stdout]      |                                    ^
[INFO] [stdout] ...
[INFO] [stdout] 2315 |     enum_tests!(as_field);
[INFO] [stdout]      |     --------------------- in this macro invocation
[INFO] [stdout]      |
[INFO] [stdout]      = note: this warning originates in the macro `enum_tests` (in Nightly builds, run with -Z macro-backtrace for more info)
[INFO] [stdout] 
[INFO] [stdout] 
[INFO] [stdout] warning: fields `by_field` and `raw` are never read
[INFO] [stdout]    --> src/raw.rs:201:3
[INFO] [stdout]     |
[INFO] [stdout] 199 | struct DebugFieldData<'a> {
[INFO] [stdout]     |        -------------- fields in this struct
[INFO] [stdout] 200 |   /// Данные, разбитые по принадлежности к отдельным полям, для удобства отладочного вывода
[INFO] [stdout] 201 |   by_field: Vec<FieldData<'a>>,
[INFO] [stdout]     |   ^^^^^^^^
[INFO] [stdout] 202 |   /// Данные в том виде, в каком они хранятся в файле
[INFO] [stdout] 203 |   raw: &'a [u8],
[INFO] [stdout]     |   ^^^
[INFO] [stdout]     |
[INFO] [stdout]     = note: `DebugFieldData` has a derived impl for the trait `Debug`, but this is intentionally ignored during dead code analysis
[INFO] [stdout]     = note: `#[warn(dead_code)]` (part of `#[warn(unused)]`) on by default
[INFO] [stdout] 
[INFO] [stdout] 
[INFO] [stdout] warning: fields `by_struct` and `raw` are never read
[INFO] [stdout]    --> src/raw.rs:219:3
[INFO] [stdout]     |
[INFO] [stdout] 217 | struct DebugFieldIndex<'a> {
[INFO] [stdout]     |        --------------- fields in this struct
[INFO] [stdout] 218 |   /// Данные, разбитые по принадлежности к отдельным структурам, для удобства отладочного вывода
[INFO] [stdout] 219 |   by_struct: Vec<FieldIndex<'a>>,
[INFO] [stdout]     |   ^^^^^^^^^
[INFO] [stdout] 220 |   /// Данные в том виде, в каком они хранятся в файле
[INFO] [stdout] 221 |   raw: &'a [u32],
[INFO] [stdout]     |   ^^^
[INFO] [stdout]     |
[INFO] [stdout]     = note: `DebugFieldIndex` has a derived impl for the trait `Debug`, but this is intentionally ignored during dead code analysis
[INFO] [stdout] 
[INFO] [stdout] 
[INFO] [stdout] warning: fields `by_list` and `raw` are never read
[INFO] [stdout]    --> src/raw.rs:237:3
[INFO] [stdout]     |
[INFO] [stdout] 235 | struct DebugListIndex<'a> {
[INFO] [stdout]     |        -------------- fields in this struct
[INFO] [stdout] 236 |   /// Данные, разбитые по принадлежности к отдельным спискам и без длины, для удобства отладочного вывода
[INFO] [stdout] 237 |   by_list: Vec<ListIndex<'a>>,
[INFO] [stdout]     |   ^^^^^^^
[INFO] [stdout] 238 |   /// Данные в том виде, в каком они хранятся в файле
[INFO] [stdout] 239 |   raw: &'a [u32],
[INFO] [stdout]     |   ^^^
[INFO] [stdout]     |
[INFO] [stdout]     = note: `DebugListIndex` has a derived impl for the trait `Debug`, but this is intentionally ignored during dead code analysis
[INFO] [stdout] 
[INFO] [stdout] 
[INFO] [stdout] warning: hiding a lifetime that's elided elsewhere is confusing
[INFO] [stdout]    --> src/ser/mod.rs:206:24
[INFO] [stdout]     |
[INFO] [stdout] 206 |   fn add_tuple_variant(&mut self, struct_index: StructIndex, variant: &'static str, len: usize) -> Result<ListSerializer> {
[INFO] [stdout]     |                        ^^^^^^^^^ the lifetime is elided here                                              ^^^^^^^^^^^^^^ the same lifetime is hidden here
[INFO] [stdout]     |
[INFO] [stdout]     = help: the same lifetime is referred to in inconsistent ways, making the signature confusing
[INFO] [stdout]     = note: `#[warn(mismatched_lifetime_syntaxes)]` on by default
[INFO] [stdout] help: use `'_` for type paths
[INFO] [stdout]     |
[INFO] [stdout] 206 |   fn add_tuple_variant(&mut self, struct_index: StructIndex, variant: &'static str, len: usize) -> Result<ListSerializer<'_>> {
[INFO] [stdout]     |                                                                                                                         ++++
[INFO] [stdout] 
[INFO] [stdout] 
[INFO] [stdout] warning: hiding a lifetime that's elided elsewhere is confusing
[INFO] [stdout]    --> src/ser/mod.rs:217:25
[INFO] [stdout]     |
[INFO] [stdout] 217 |   fn add_struct_variant(&mut self, struct_index: StructIndex, variant: &'static str, len: usize) -> Result<StructSerializer> {
[INFO] [stdout]     |                         ^^^^^^^^^ the lifetime is elided here                                              ^^^^^^^^^^^^^^^^ the same lifetime is hidden here
[INFO] [stdout]     |
[INFO] [stdout]     = help: the same lifetime is referred to in inconsistent ways, making the signature confusing
[INFO] [stdout] help: use `'_` for type paths
[INFO] [stdout]     |
[INFO] [stdout] 217 |   fn add_struct_variant(&mut self, struct_index: StructIndex, variant: &'static str, len: usize) -> Result<StructSerializer<'_>> {
[INFO] [stdout]     |                                                                                                                            ++++
[INFO] [stdout] 
[INFO] [stdout] 
[INFO] [stderr]     Finished `release` profile [optimized] target(s) in 7.51s
[INFO] running `Command { std: "docker" "inspect" "6bfc8031f46c8226c91e683888aa10ed373765a409198adc753ebf8314642d1b", kill_on_drop: false }`
[INFO] running `Command { std: "docker" "exec" "-e" "SOURCE_DIR=/opt/rustwide/workdir" "-e" "CARGO_HOME=/opt/rustwide/cargo-home" "-e" "RUSTUP_HOME=/opt/rustwide/rustup-home" "-e" "CARGO_TARGET_DIR=/opt/rustwide/target" "-e" "CARGO_INCREMENTAL=0" "-e" "RUST_BACKTRACE=full" "-e" "RUSTFLAGS=--cap-lints=warn" "-e" "RUSTDOCFLAGS=--cap-lints=warn" "-w" "/opt/rustwide/workdir" "--user" "0:0" "6bfc8031f46c8226c91e683888aa10ed373765a409198adc753ebf8314642d1b" "/opt/rustwide/cargo-home/bin/cargo" "+1.99.0-beta.8" "test" "--frozen" "--release", kill_on_drop: false }`
[INFO] [stderr] warning: unexpected `cfg` condition name: `nightly`
[INFO] [stderr]    --> src/raw.rs:105:7
[INFO] [stderr]     |
[INFO] [stderr] 105 | #[cfg(nightly)]
[INFO] [stderr]     |       ^^^^^^^
[INFO] [stderr]     |
[INFO] [stderr]     = help: expected names are: `docsrs`, `feature`, and `test` and 34 more
[INFO] [stderr]     = help: consider using a Cargo feature instead
[INFO] [stderr]     = help: or consider adding in `Cargo.toml` the `check-cfg` lint config for the lint:
[INFO] [stderr]              [lints.rust]
[INFO] [stderr]              unexpected_cfgs = { level = "warn", check-cfg = ['cfg(nightly)'] }
[INFO] [stderr]     = help: or consider adding `println!("cargo::rustc-check-cfg=cfg(nightly)");` to the top of the `build.rs`
[INFO] [stderr]     = note: see <https://doc.rust-lang.org/nightly/rustc/check-cfg/cargo-specifics.html> for more information about checking conditional configuration
[INFO] [stderr]     = note: `#[warn(unexpected_cfgs)]` on by default
[INFO] [stderr] 
[INFO] [stderr] warning: fields `by_field` and `raw` are never read
[INFO] [stderr]    --> src/raw.rs:201:3
[INFO] [stderr]     |
[INFO] [stderr] 199 | struct DebugFieldData<'a> {
[INFO] [stderr]     |        -------------- fields in this struct
[INFO] [stderr] 200 |   /// Данные, разбитые по принадлежности к отдельным полям, для удобства отладочного вывода
[INFO] [stderr] 201 |   by_field: Vec<FieldData<'a>>,
[INFO] [stderr]     |   ^^^^^^^^
[INFO] [stderr] 202 |   /// Данные в том виде, в каком они хранятся в файле
[INFO] [stderr] 203 |   raw: &'a [u8],
[INFO] [stderr]     |   ^^^
[INFO] [stderr]     |
[INFO] [stderr]     = note: `DebugFieldData` has a derived impl for the trait `Debug`, but this is intentionally ignored during dead code analysis
[INFO] [stderr]     = note: `#[warn(dead_code)]` (part of `#[warn(unused)]`) on by default
[INFO] [stderr] 
[INFO] [stderr] warning: fields `by_struct` and `raw` are never read
[INFO] [stderr]    --> src/raw.rs:219:3
[INFO] [stderr]     |
[INFO] [stderr] 217 | struct DebugFieldIndex<'a> {
[INFO] [stderr]     |        --------------- fields in this struct
[INFO] [stderr] 218 |   /// Данные, разбитые по принадлежности к отдельным структурам, для удобства отладочного вывода
[INFO] [stderr] 219 |   by_struct: Vec<FieldIndex<'a>>,
[INFO] [stderr]     |   ^^^^^^^^^
[INFO] [stderr] 220 |   /// Данные в том виде, в каком они хранятся в файле
[INFO] [stderr] 221 |   raw: &'a [u32],
[INFO] [stderr]     |   ^^^
[INFO] [stderr]     |
[INFO] [stderr]     = note: `DebugFieldIndex` has a derived impl for the trait `Debug`, but this is intentionally ignored during dead code analysis
[INFO] [stderr] 
[INFO] [stderr] warning: fields `by_list` and `raw` are never read
[INFO] [stderr]    --> src/raw.rs:237:3
[INFO] [stderr]     |
[INFO] [stderr] 235 | struct DebugListIndex<'a> {
[INFO] [stderr]     |        -------------- fields in this struct
[INFO] [stderr] 236 |   /// Данные, разбитые по принадлежности к отдельным спискам и без длины, для удобства отладочного вывода
[INFO] [stderr] 237 |   by_list: Vec<ListIndex<'a>>,
[INFO] [stderr]     |   ^^^^^^^
[INFO] [stderr] 238 |   /// Данные в том виде, в каком они хранятся в файле
[INFO] [stderr] 239 |   raw: &'a [u32],
[INFO] [stderr]     |   ^^^
[INFO] [stderr]     |
[INFO] [stderr]     = note: `DebugListIndex` has a derived impl for the trait `Debug`, but this is intentionally ignored during dead code analysis
[INFO] [stderr] 
[INFO] [stderr] warning: hiding a lifetime that's elided elsewhere is confusing
[INFO] [stderr]    --> src/ser/mod.rs:206:24
[INFO] [stderr]     |
[INFO] [stderr] 206 |   fn add_tuple_variant(&mut self, struct_index: StructIndex, variant: &'static str, len: usize) -> Result<ListSerializer> {
[INFO] [stderr]     |                        ^^^^^^^^^ the lifetime is elided here                                              ^^^^^^^^^^^^^^ the same lifetime is hidden here
[INFO] [stderr]     |
[INFO] [stderr]     = help: the same lifetime is referred to in inconsistent ways, making the signature confusing
[INFO] [stderr]     = note: `#[warn(mismatched_lifetime_syntaxes)]` on by default
[INFO] [stderr] help: use `'_` for type paths
[INFO] [stderr]     |
[INFO] [stderr] 206 |   fn add_tuple_variant(&mut self, struct_index: StructIndex, variant: &'static str, len: usize) -> Result<ListSerializer<'_>> {
[INFO] [stderr]     |                                                                                                                         ++++
[INFO] [stderr] 
[INFO] [stderr] warning: hiding a lifetime that's elided elsewhere is confusing
[INFO] [stderr]    --> src/ser/mod.rs:217:25
[INFO] [stderr]     |
[INFO] [stderr] 217 |   fn add_struct_variant(&mut self, struct_index: StructIndex, variant: &'static str, len: usize) -> Result<StructSerializer> {
[INFO] [stderr]     |                         ^^^^^^^^^ the lifetime is elided here                                              ^^^^^^^^^^^^^^^^ the same lifetime is hidden here
[INFO] [stderr]     |
[INFO] [stderr]     = help: the same lifetime is referred to in inconsistent ways, making the signature confusing
[INFO] [stderr] help: use `'_` for type paths
[INFO] [stderr]     |
[INFO] [stderr] 217 |   fn add_struct_variant(&mut self, struct_index: StructIndex, variant: &'static str, len: usize) -> Result<StructSerializer<'_>> {
[INFO] [stderr]     |                                                                                                                            ++++
[INFO] [stderr] 
[INFO] [stderr] warning: `serde-gff` (lib) generated 6 warnings (run `cargo fix --lib -p serde-gff` to apply 2 suggestions)
[INFO] [stderr] warning: unnecessary trailing semicolon
[INFO] [stderr]     --> src/ser/mod.rs:1523:49
[INFO] [stderr]      |
[INFO] [stderr] 1523 |       struct Struct { field1: u32, field2: f32 };
[INFO] [stderr]      |                                                 ^ help: remove this semicolon
[INFO] [stderr]      |
[INFO] [stderr]      = note: `#[warn(redundant_semicolons)]` (part of `#[warn(unused)]`) on by default
[INFO] [stderr] 
[INFO] [stderr] warning: unnecessary trailing semicolon
[INFO] [stderr]     --> src/ser/mod.rs:1614:36
[INFO] [stderr]      |
[INFO] [stderr] 1614 |       struct Item1 { payload: u32 };
[INFO] [stderr]      |                                    ^ help: remove this semicolon
[INFO] [stderr] 
[INFO] [stderr] warning: unnecessary trailing semicolon
[INFO] [stderr]     --> src/ser/mod.rs:1616:34
[INFO] [stderr]      |
[INFO] [stderr] 1616 |       struct Item2 { value: u64 };
[INFO] [stderr]      |                                  ^ help: remove this semicolon
[INFO] [stderr] 
[INFO] [stderr] warning: unnecessary trailing semicolon
[INFO] [stderr]     --> src/ser/mod.rs:1636:49
[INFO] [stderr]      |
[INFO] [stderr] 1636 |       struct Struct { field1: u32, field2: f32 };
[INFO] [stderr]      |                                                 ^ help: remove this semicolon
[INFO] [stderr] 
[INFO] [stderr] warning: unnecessary trailing semicolon
[INFO] [stderr]     --> src/ser/mod.rs:1647:8
[INFO] [stderr]      |
[INFO] [stderr] 1647 |       };
[INFO] [stderr]      |        ^ help: remove this semicolon
[INFO] [stderr] 
[INFO] [stderr] warning: unnecessary trailing semicolon
[INFO] [stderr]     --> src/ser/mod.rs:1310:36
[INFO] [stderr]      |
[INFO] [stderr] 1310 |         struct Value { value: u32 };
[INFO] [stderr]      |                                    ^
[INFO] [stderr] ...
[INFO] [stderr] 1758 |     enum_tests!(toplevel);
[INFO] [stderr]      |     --------------------- in this macro invocation
[INFO] [stderr]      |
[INFO] [stderr]      = note: this warning originates in the macro `enum_tests` (in Nightly builds, run with -Z macro-backtrace for more info)
[INFO] [stderr] 
[INFO] [stderr] warning: unnecessary trailing semicolon
[INFO] [stderr]     --> src/ser/mod.rs:1940:49
[INFO] [stderr]      |
[INFO] [stderr] 1940 |       struct Struct { field1: u32, field2: f32 };
[INFO] [stderr]      |                                                 ^ help: remove this semicolon
[INFO] [stderr] 
[INFO] [stderr] warning: unnecessary trailing semicolon
[INFO] [stderr]     --> src/ser/mod.rs:2022:36
[INFO] [stderr]      |
[INFO] [stderr] 2022 |       struct Item1 { payload: u32 };
[INFO] [stderr]      |                                    ^ help: remove this semicolon
[INFO] [stderr] 
[INFO] [stderr] warning: unnecessary trailing semicolon
[INFO] [stderr]     --> src/ser/mod.rs:2024:34
[INFO] [stderr]      |
[INFO] [stderr] 2024 |       struct Item2 { value: u64 };
[INFO] [stderr]      |                                  ^ help: remove this semicolon
[INFO] [stderr] 
[INFO] [stderr] warning: unnecessary trailing semicolon
[INFO] [stderr]     --> src/ser/mod.rs:2044:49
[INFO] [stderr]      |
[INFO] [stderr] 2044 |       struct Struct { field1: u32, field2: f32 };
[INFO] [stderr]      |                                                 ^ help: remove this semicolon
[INFO] [stderr] 
[INFO] [stderr] warning: unnecessary trailing semicolon
[INFO] [stderr]     --> src/ser/mod.rs:1310:36
[INFO] [stderr]      |
[INFO] [stderr] 1310 |         struct Value { value: u32 };
[INFO] [stderr]      |                                    ^
[INFO] [stderr] ...
[INFO] [stderr] 2315 |     enum_tests!(as_field);
[INFO] [stderr]      |     --------------------- in this macro invocation
[INFO] [stderr]      |
[INFO] [stderr]      = note: this warning originates in the macro `enum_tests` (in Nightly builds, run with -Z macro-backtrace for more info)
[INFO] [stderr] 
[INFO] [stderr] warning: `serde-gff` (lib test) generated 17 warnings (6 duplicates)
[INFO] [stderr]     Finished `release` profile [optimized] target(s) in 0.06s
[INFO] [stderr]      Running unittests src/lib.rs (/opt/rustwide/target/release/deps/serde_gff-621cfe19476c820d)
[INFO] [stdout] 
[INFO] [stdout] running 48 tests
[INFO] [stdout] test ser::tests::as_field::test_bool ... ok
[INFO] [stdout] test de::empty_file::to_struct - should panic ... ok
[INFO] [stdout] test ser::tests::as_field::test_enum_adjacently_tagged ... ok
[INFO] [stdout] test ser::tests::as_field::test_enum_externally_tagged ... ok
[INFO] [stdout] test ser::tests::as_field::test_enum_internally_tagged ... ok
[INFO] [stdout] test ser::tests::as_field::test_map ... ok
[INFO] [stdout] test ser::tests::as_field::test_multilist_with_struct_item ... ok
[INFO] [stdout] test ser::tests::as_field::test_nested_list_with_struct_item ... ok
[INFO] [stdout] test ser::tests::as_field::test_simple_numbers ... ok
[INFO] [stdout] test ser::tests::as_field::test_string ... ok
[INFO] [stdout] test ser::tests::as_field::test_list_with_non_struct_item ... ok
[INFO] [stdout] test ser::tests::as_field::test_newtype ... ok
[INFO] [stdout] test ser::tests::as_field::test_none ... ok
[INFO] [stdout] test ser::tests::as_field::test_some ... ok
[INFO] [stdout] test ser::tests::as_field::test_bytes ... ok
[INFO] [stdout] test ser::tests::as_field::test_struct ... ok
[INFO] [stdout] test ser::tests::toplevel::test_complex_numbers ... ok
[INFO] [stdout] test ser::tests::as_field::test_tuple_with_non_struct_item ... ok
[INFO] [stdout] test ser::tests::as_field::test_tuple_with_struct_item ... ok
[INFO] [stdout] test ser::tests::toplevel::test_bool_true - should panic ... FAILED
[INFO] [stdout] test ser::tests::toplevel::test_bool_false - should panic ... FAILED
[INFO] [stdout] test de::empty_file::to_empty_struct ... ok
[INFO] [stdout] test ser::tests::as_field::test_unit ... ok
[INFO] [stdout] test ser::tests::as_field::test_complex_numbers ... ok
[INFO] [stdout] test ser::tests::toplevel::test_bytes_slice - should panic ... FAILED
[INFO] [stdout] test ser::tests::toplevel::test_bytes_owned - should panic ... FAILED
[INFO] [stdout] test de::empty_file::to_unit_struct ... ok
[INFO] [stdout] test label::tests::label_constructs_from_str ... ok
[INFO] [stdout] test de::empty_file::to_unit ... ok
[INFO] [stdout] test ser::tests::toplevel::test_list_with_non_struct_item ... ok
[INFO] [stdout] test ser::tests::toplevel::test_list_with_struct_item ... ok
[INFO] [stdout] test ser::tests::toplevel::test_map ... ok
[INFO] [stdout] test ser::tests::toplevel::test_none ... ok
[INFO] [stdout] test ser::tests::toplevel::test_simple_numbers ... ok
[INFO] [stdout] test ser::tests::toplevel::test_unit ... ok
[INFO] [stdout] test ser::tests::toplevel::test_struct ... ok
[INFO] [stdout] test ser::tests::toplevel::test_tuple_with_non_struct_item ... ok
[INFO] [stdout] test ser::tests::toplevel::test_some ... ok
[INFO] [stdout] test ser::tests::toplevel::test_newtype ... ok
[INFO] [stdout] test ser::tests::toplevel::test_str_slice - should panic ... FAILED
[INFO] [stdout] test ser::tests::toplevel::test_tuple_with_struct_item ... ok
[INFO] [stdout] test ser::tests::toplevel::test_str_owned - should panic ... FAILED
[INFO] [stdout] test ser::tests::as_field::test_list_with_struct_item ... ok
[INFO] [stdout] test ser::tests::as_field::test_enum_untagged ... ok
[INFO] [stdout] test ser::tests::toplevel::test_enum_internally_tagged ... ok
[INFO] [stdout] test ser::tests::toplevel::test_enum_adjacently_tagged ... ok
[INFO] [stderr] error: test failed, to rerun pass `--lib`
[INFO] [stdout] test ser::tests::toplevel::test_enum_untagged ... ok
[INFO] [stdout] test ser::tests::toplevel::test_enum_externally_tagged ... ok
[INFO] [stdout] 
[INFO] [stdout] failures:
[INFO] [stdout] 
[INFO] [stdout] ---- ser::tests::toplevel::test_bool_true stdout ----
[INFO] [stdout] 
[INFO] [stdout] thread 'ser::tests::toplevel::test_bool_true' (270) panicked at src/ser/mod.rs:1443:23:
[INFO] [stdout] called `Result::unwrap()` on an `Err` value: Serialize("`serialize_bool` can't be implemented in GFF format. Wrap value to the struct and serialize struct")
[INFO] [stdout] stack backtrace:
[INFO] [stdout]    0:     0x5fcea894bba1 - <<std[70759c8f55707aa4]::sys::backtrace::BacktraceLock>::print::DisplayBacktrace as core[df12db4294e9bfd3]::fmt::Display>::fmt
[INFO] [stdout]    1:     0x5fcea8960a8a - core[df12db4294e9bfd3]::fmt::write
[INFO] [stdout]    2:     0x5fcea89500bc - <alloc[2182bb758b4b3781]::vec::Vec<u8> as core[df12db4294e9bfd3]::io::write::Write>::write_fmt
[INFO] [stdout]    3:     0x5fcea8928196 - std[70759c8f55707aa4]::panicking::default_hook::{closure#0}
[INFO] [stdout]    4:     0x5fcea8944309 - std[70759c8f55707aa4]::panicking::default_hook
[INFO] [stdout]    5:     0x5fcea88df980 - test[9d35eded1c95d3be]::test_main_inner::<test[9d35eded1c95d3be]::test_main_static::{closure#0}>::{closure#0}
[INFO] [stdout]    6:     0x5fcea89444c2 - std[70759c8f55707aa4]::panicking::panic_with_hook
[INFO] [stdout]    7:     0x5fcea8928242 - std[70759c8f55707aa4]::panicking::panic_handler::{closure#0}
[INFO] [stdout]    8:     0x5fcea8920fc9 - std[70759c8f55707aa4]::sys::backtrace::__rust_end_short_backtrace::<std[70759c8f55707aa4]::panicking::panic_handler::{closure#0}, !>
[INFO] [stdout]    9:     0x5fcea8928e3d - __rustc[8fa7c3cbc660c2b3]::rust_begin_unwind
[INFO] [stdout]   10:     0x5fcea89611bc - core[df12db4294e9bfd3]::panicking::panic_fmt
[INFO] [stdout]   11:     0x5fcea8960f92 - core[df12db4294e9bfd3]::result::unwrap_failed
[INFO] [stdout]   12:     0x5fcea88d045d - <serde_gff[2f2d550bbef49e13]::ser::tests::toplevel::test_bool_true::{closure#0} as core[df12db4294e9bfd3]::ops::function::FnOnce<()>>::call_once
[INFO] [stdout]   13:     0x5fcea88d2c6b - test[9d35eded1c95d3be]::__rust_begin_short_backtrace::<core[df12db4294e9bfd3]::result::Result<(), alloc[2182bb758b4b3781]::string::String>, fn() -> core[df12db4294e9bfd3]::result::Result<(), alloc[2182bb758b4b3781]::string::String>>
[INFO] [stdout]   14:     0x5fcea88e02d5 - test[9d35eded1c95d3be]::run_test::{closure#0}
[INFO] [stdout]   15:     0x5fcea88d9b94 - std[70759c8f55707aa4]::sys::backtrace::__rust_begin_short_backtrace::<test[9d35eded1c95d3be]::run_test::{closure#1}, ()>
[INFO] [stdout]   16:     0x5fcea88e3432 - <std[70759c8f55707aa4]::thread::lifecycle::spawn_unchecked<test[9d35eded1c95d3be]::run_test::{closure#1}, ()>::{closure#1} as core[df12db4294e9bfd3]::ops::function::FnOnce<()>>::call_once::{shim:vtable#0}
[INFO] [stdout]   17:     0x5fcea894b479 - <std[70759c8f55707aa4]::sys::thread::unix::Thread>::new::thread_start
[INFO] [stdout]   18:     0x74d35afc4dfa - <unknown>
[INFO] [stdout]   19:     0x74d35b0583d4 - clone
[INFO] [stdout]   20:                0x0 - <unknown>
[INFO] [stdout] note: panic did not contain expected string
[INFO] [stdout]       panic message: "called `Result::unwrap()` on an `Err` value: Serialize(\"`serialize_bool` can't be implemented in GFF format. Wrap value to the struct and serialize struct\")"
[INFO] [stdout]  expected substring: "`serialize_bool` can\\'t be implemented in GFF format. Wrap value to the struct and serialize struct"
[INFO] [stdout] ---- ser::tests::toplevel::test_bool_false stdout ----
[INFO] [stdout] 
[INFO] [stdout] thread 'ser::tests::toplevel::test_bool_false' (269) panicked at src/ser/mod.rs:1449:24:
[INFO] [stdout] called `Result::unwrap()` on an `Err` value: Serialize("`serialize_bool` can't be implemented in GFF format. Wrap value to the struct and serialize struct")
[INFO] [stdout] stack backtrace:
[INFO] [stdout]    0:     0x5fcea894bba1 - <<std[70759c8f55707aa4]::sys::backtrace::BacktraceLock>::print::DisplayBacktrace as core[df12db4294e9bfd3]::fmt::Display>::fmt
[INFO] [stdout]    1:     0x5fcea8960a8a - core[df12db4294e9bfd3]::fmt::write
[INFO] [stdout]    2:     0x5fcea89500bc - <alloc[2182bb758b4b3781]::vec::Vec<u8> as core[df12db4294e9bfd3]::io::write::Write>::write_fmt
[INFO] [stdout]    3:     0x5fcea8928196 - std[70759c8f55707aa4]::panicking::default_hook::{closure#0}
[INFO] [stdout]    4:     0x5fcea8944309 - std[70759c8f55707aa4]::panicking::default_hook
[INFO] [stdout]    5:     0x5fcea88df980 - test[9d35eded1c95d3be]::test_main_inner::<test[9d35eded1c95d3be]::test_main_static::{closure#0}>::{closure#0}
[INFO] [stdout]    6:     0x5fcea89444c2 - std[70759c8f55707aa4]::panicking::panic_with_hook
[INFO] [stdout]    7:     0x5fcea8928242 - std[70759c8f55707aa4]::panicking::panic_handler::{closure#0}
[INFO] [stdout]    8:     0x5fcea8920fc9 - std[70759c8f55707aa4]::sys::backtrace::__rust_end_short_backtrace::<std[70759c8f55707aa4]::panicking::panic_handler::{closure#0}, !>
[INFO] [stdout]    9:     0x5fcea8928e3d - __rustc[8fa7c3cbc660c2b3]::rust_begin_unwind
[INFO] [stdout]   10:     0x5fcea89611bc - core[df12db4294e9bfd3]::panicking::panic_fmt
[INFO] [stdout]   11:     0x5fcea8960f92 - core[df12db4294e9bfd3]::result::unwrap_failed
[INFO] [stdout]   12:     0x5fcea88d053a - <serde_gff[2f2d550bbef49e13]::ser::tests::toplevel::test_bool_false::{closure#0} as core[df12db4294e9bfd3]::ops::function::FnOnce<()>>::call_once
[INFO] [stdout]   13:     0x5fcea88d2c6b - test[9d35eded1c95d3be]::__rust_begin_short_backtrace::<core[df12db4294e9bfd3]::result::Result<(), alloc[2182bb758b4b3781]::string::String>, fn() -> core[df12db4294e9bfd3]::result::Result<(), alloc[2182bb758b4b3781]::string::String>>
[INFO] [stdout]   14:     0x5fcea88e02d5 - test[9d35eded1c95d3be]::run_test::{closure#0}
[INFO] [stdout]   15:     0x5fcea88d9b94 - std[70759c8f55707aa4]::sys::backtrace::__rust_begin_short_backtrace::<test[9d35eded1c95d3be]::run_test::{closure#1}, ()>
[INFO] [stdout]   16:     0x5fcea88e3432 - <std[70759c8f55707aa4]::thread::lifecycle::spawn_unchecked<test[9d35eded1c95d3be]::run_test::{closure#1}, ()>::{closure#1} as core[df12db4294e9bfd3]::ops::function::FnOnce<()>>::call_once::{shim:vtable#0}
[INFO] [stdout]   17:     0x5fcea894b479 - <std[70759c8f55707aa4]::sys::thread::unix::Thread>::new::thread_start
[INFO] [stdout]   18:     0x74d35afc4dfa - <unknown>
[INFO] [stdout]   19:     0x74d35b0583d4 - clone
[INFO] [stdout]   20:                0x0 - <unknown>
[INFO] [stdout] note: panic did not contain expected string
[INFO] [stdout]       panic message: "called `Result::unwrap()` on an `Err` value: Serialize(\"`serialize_bool` can't be implemented in GFF format. Wrap value to the struct and serialize struct\")"
[INFO] [stdout]  expected substring: "`serialize_bool` can\\'t be implemented in GFF format. Wrap value to the struct and serialize struct"
[INFO] [stdout] ---- ser::tests::toplevel::test_bytes_slice stdout ----
[INFO] [stdout] 
[INFO] [stdout] thread 'ser::tests::toplevel::test_bytes_slice' (272) panicked at src/ser/mod.rs:1471:36:
[INFO] [stdout] called `Result::unwrap()` on an `Err` value: Serialize("`serialize_bytes` can't be implemented in GFF format. Wrap value to the struct and serialize struct")
[INFO] [stdout] stack backtrace:
[INFO] [stdout]    0:     0x5fcea894bba1 - <<std[70759c8f55707aa4]::sys::backtrace::BacktraceLock>::print::DisplayBacktrace as core[df12db4294e9bfd3]::fmt::Display>::fmt
[INFO] [stdout]    1:     0x5fcea8960a8a - core[df12db4294e9bfd3]::fmt::write
[INFO] [stdout]    2:     0x5fcea89500bc - <alloc[2182bb758b4b3781]::vec::Vec<u8> as core[df12db4294e9bfd3]::io::write::Write>::write_fmt
[INFO] [stdout]    3:     0x5fcea8928196 - std[70759c8f55707aa4]::panicking::default_hook::{closure#0}
[INFO] [stdout]    4:     0x5fcea8944309 - std[70759c8f55707aa4]::panicking::default_hook
[INFO] [stdout]    5:     0x5fcea88df980 - test[9d35eded1c95d3be]::test_main_inner::<test[9d35eded1c95d3be]::test_main_static::{closure#0}>::{closure#0}
[INFO] [stdout]    6:     0x5fcea89444c2 - std[70759c8f55707aa4]::panicking::panic_with_hook
[INFO] [stdout]    7:     0x5fcea8928242 - std[70759c8f55707aa4]::panicking::panic_handler::{closure#0}
[INFO] [stdout]    8:     0x5fcea8920fc9 - std[70759c8f55707aa4]::sys::backtrace::__rust_end_short_backtrace::<std[70759c8f55707aa4]::panicking::panic_handler::{closure#0}, !>
[INFO] [stdout]    9:     0x5fcea8928e3d - __rustc[8fa7c3cbc660c2b3]::rust_begin_unwind
[INFO] [stdout]   10:     0x5fcea89611bc - core[df12db4294e9bfd3]::panicking::panic_fmt
[INFO] [stdout]   11:     0x5fcea8960f92 - core[df12db4294e9bfd3]::result::unwrap_failed
[INFO] [stdout]   12:     0x5fcea88b9de7 - serde_gff[2f2d550bbef49e13]::ser::tests::toplevel::test_bytes_slice
[INFO] [stdout]   13:     0x5fcea88d0589 - <serde_gff[2f2d550bbef49e13]::ser::tests::toplevel::test_bytes_slice::{closure#0} as core[df12db4294e9bfd3]::ops::function::FnOnce<()>>::call_once
[INFO] [stdout]   14:     0x5fcea88d2c6b - test[9d35eded1c95d3be]::__rust_begin_short_backtrace::<core[df12db4294e9bfd3]::result::Result<(), alloc[2182bb758b4b3781]::string::String>, fn() -> core[df12db4294e9bfd3]::result::Result<(), alloc[2182bb758b4b3781]::string::String>>
[INFO] [stdout]   15:     0x5fcea88e02d5 - test[9d35eded1c95d3be]::run_test::{closure#0}
[INFO] [stdout]   16:     0x5fcea88d9b94 - std[70759c8f55707aa4]::sys::backtrace::__rust_begin_short_backtrace::<test[9d35eded1c95d3be]::run_test::{closure#1}, ()>
[INFO] [stdout]   17:     0x5fcea88e3432 - <std[70759c8f55707aa4]::thread::lifecycle::spawn_unchecked<test[9d35eded1c95d3be]::run_test::{closure#1}, ()>::{closure#1} as core[df12db4294e9bfd3]::ops::function::FnOnce<()>>::call_once::{shim:vtable#0}
[INFO] [stdout]   18:     0x5fcea894b479 - <std[70759c8f55707aa4]::sys::thread::unix::Thread>::new::thread_start
[INFO] [stdout]   19:     0x74d35afc4dfa - <unknown>
[INFO] [stdout]   20:     0x74d35b0583d4 - clone
[INFO] [stdout]   21:                0x0 - <unknown>
[INFO] [stdout] note: panic did not contain expected string
[INFO] [stdout]       panic message: "called `Result::unwrap()` on an `Err` value: Serialize(\"`serialize_bytes` can't be implemented in GFF format. Wrap value to the struct and serialize struct\")"
[INFO] [stdout]  expected substring: "`serialize_bytes` can\\'t be implemented in GFF format. Wrap value to the struct and serialize struct"
[INFO] [stdout] ---- ser::tests::toplevel::test_bytes_owned stdout ----
[INFO] [stdout] 
[INFO] [stdout] thread 'ser::tests::toplevel::test_bytes_owned' (271) panicked at src/ser/mod.rs:1479:48:
[INFO] [stdout] called `Result::unwrap()` on an `Err` value: Serialize("`serialize_bytes` can't be implemented in GFF format. Wrap value to the struct and serialize struct")
[INFO] [stdout] stack backtrace:
[INFO] [stdout]    0:     0x5fcea894bba1 - <<std[70759c8f55707aa4]::sys::backtrace::BacktraceLock>::print::DisplayBacktrace as core[df12db4294e9bfd3]::fmt::Display>::fmt
[INFO] [stdout]    1:     0x5fcea8960a8a - core[df12db4294e9bfd3]::fmt::write
[INFO] [stdout]    2:     0x5fcea89500bc - <alloc[2182bb758b4b3781]::vec::Vec<u8> as core[df12db4294e9bfd3]::io::write::Write>::write_fmt
[INFO] [stdout]    3:     0x5fcea8928196 - std[70759c8f55707aa4]::panicking::default_hook::{closure#0}
[INFO] [stdout]    4:     0x5fcea8944309 - std[70759c8f55707aa4]::panicking::default_hook
[INFO] [stdout]    5:     0x5fcea88df980 - test[9d35eded1c95d3be]::test_main_inner::<test[9d35eded1c95d3be]::test_main_static::{closure#0}>::{closure#0}
[INFO] [stdout]    6:     0x5fcea89444c2 - std[70759c8f55707aa4]::panicking::panic_with_hook
[INFO] [stdout]    7:     0x5fcea8928242 - std[70759c8f55707aa4]::panicking::panic_handler::{closure#0}
[INFO] [stdout]    8:     0x5fcea8920fc9 - std[70759c8f55707aa4]::sys::backtrace::__rust_end_short_backtrace::<std[70759c8f55707aa4]::panicking::panic_handler::{closure#0}, !>
[INFO] [stdout]    9:     0x5fcea8928e3d - __rustc[8fa7c3cbc660c2b3]::rust_begin_unwind
[INFO] [stdout]   10:     0x5fcea89611bc - core[df12db4294e9bfd3]::panicking::panic_fmt
[INFO] [stdout]   11:     0x5fcea8960f92 - core[df12db4294e9bfd3]::result::unwrap_failed
[INFO] [stdout]   12:     0x5fcea88b9bfd - serde_gff[2f2d550bbef49e13]::ser::tests::toplevel::test_bytes_owned
[INFO] [stdout]   13:     0x5fcea88d0569 - <serde_gff[2f2d550bbef49e13]::ser::tests::toplevel::test_bytes_owned::{closure#0} as core[df12db4294e9bfd3]::ops::function::FnOnce<()>>::call_once
[INFO] [stdout]   14:     0x5fcea88d2c6b - test[9d35eded1c95d3be]::__rust_begin_short_backtrace::<core[df12db4294e9bfd3]::result::Result<(), alloc[2182bb758b4b3781]::string::String>, fn() -> core[df12db4294e9bfd3]::result::Result<(), alloc[2182bb758b4b3781]::string::String>>
[INFO] [stdout]   15:     0x5fcea88e02d5 - test[9d35eded1c95d3be]::run_test::{closure#0}
[INFO] [stdout]   16:     0x5fcea88d9b94 - std[70759c8f55707aa4]::sys::backtrace::__rust_begin_short_backtrace::<test[9d35eded1c95d3be]::run_test::{closure#1}, ()>
[INFO] [stdout]   17:     0x5fcea88e3432 - <std[70759c8f55707aa4]::thread::lifecycle::spawn_unchecked<test[9d35eded1c95d3be]::run_test::{closure#1}, ()>::{closure#1} as core[df12db4294e9bfd3]::ops::function::FnOnce<()>>::call_once::{shim:vtable#0}
[INFO] [stdout]   18:     0x5fcea894b479 - <std[70759c8f55707aa4]::sys::thread::unix::Thread>::new::thread_start
[INFO] [stdout]   19:     0x74d35afc4dfa - <unknown>
[INFO] [stdout]   20:     0x74d35b0583d4 - clone
[INFO] [stdout]   21:                0x0 - <unknown>
[INFO] [stdout] note: panic did not contain expected string
[INFO] [stdout]       panic message: "called `Result::unwrap()` on an `Err` value: Serialize(\"`serialize_bytes` can't be implemented in GFF format. Wrap value to the struct and serialize struct\")"
[INFO] [stdout]  expected substring: "`serialize_bytes` can\\'t be implemented in GFF format. Wrap value to the struct and serialize struct"
[INFO] [stdout] ---- ser::tests::toplevel::test_str_slice stdout ----
[INFO] [stdout] 
[INFO] [stdout] thread 'ser::tests::toplevel::test_str_slice' (286) panicked at src/ser/mod.rs:1456:27:
[INFO] [stdout] called `Result::unwrap()` on an `Err` value: Serialize("`serialize_str` can't be implemented in GFF format. Wrap value to the struct and serialize struct")
[INFO] [stdout] stack backtrace:
[INFO] [stdout]    0:     0x5fcea894bba1 - <<std[70759c8f55707aa4]::sys::backtrace::BacktraceLock>::print::DisplayBacktrace as core[df12db4294e9bfd3]::fmt::Display>::fmt
[INFO] [stdout]    1:     0x5fcea8960a8a - core[df12db4294e9bfd3]::fmt::write
[INFO] [stdout]    2:     0x5fcea89500bc - <alloc[2182bb758b4b3781]::vec::Vec<u8> as core[df12db4294e9bfd3]::io::write::Write>::write_fmt
[INFO] [stdout]    3:     0x5fcea8928196 - std[70759c8f55707aa4]::panicking::default_hook::{closure#0}
[INFO] [stdout]    4:     0x5fcea8944309 - std[70759c8f55707aa4]::panicking::default_hook
[INFO] [stdout]    5:     0x5fcea88df980 - test[9d35eded1c95d3be]::test_main_inner::<test[9d35eded1c95d3be]::test_main_static::{closure#0}>::{closure#0}
[INFO] [stdout]    6:     0x5fcea89444c2 - std[70759c8f55707aa4]::panicking::panic_with_hook
[INFO] [stdout]    7:     0x5fcea8928242 - std[70759c8f55707aa4]::panicking::panic_handler::{closure#0}
[INFO] [stdout]    8:     0x5fcea8920fc9 - std[70759c8f55707aa4]::sys::backtrace::__rust_end_short_backtrace::<std[70759c8f55707aa4]::panicking::panic_handler::{closure#0}, !>
[INFO] [stdout]    9:     0x5fcea8928e3d - __rustc[8fa7c3cbc660c2b3]::rust_begin_unwind
[INFO] [stdout]   10:     0x5fcea89611bc - core[df12db4294e9bfd3]::panicking::panic_fmt
[INFO] [stdout]   11:     0x5fcea8960f92 - core[df12db4294e9bfd3]::result::unwrap_failed
[INFO] [stdout]   12:     0x5fcea88b9a18 - serde_gff[2f2d550bbef49e13]::ser::tests::toplevel::test_str_slice
[INFO] [stdout]   13:     0x5fcea88d04a9 - <serde_gff[2f2d550bbef49e13]::ser::tests::toplevel::test_str_slice::{closure#0} as core[df12db4294e9bfd3]::ops::function::FnOnce<()>>::call_once
[INFO] [stdout]   14:     0x5fcea88d2c6b - test[9d35eded1c95d3be]::__rust_begin_short_backtrace::<core[df12db4294e9bfd3]::result::Result<(), alloc[2182bb758b4b3781]::string::String>, fn() -> core[df12db4294e9bfd3]::result::Result<(), alloc[2182bb758b4b3781]::string::String>>
[INFO] [stdout]   15:     0x5fcea88e02d5 - test[9d35eded1c95d3be]::run_test::{closure#0}
[INFO] [stdout]   16:     0x5fcea88d9b94 - std[70759c8f55707aa4]::sys::backtrace::__rust_begin_short_backtrace::<test[9d35eded1c95d3be]::run_test::{closure#1}, ()>
[INFO] [stdout]   17:     0x5fcea88e3432 - <std[70759c8f55707aa4]::thread::lifecycle::spawn_unchecked<test[9d35eded1c95d3be]::run_test::{closure#1}, ()>::{closure#1} as core[df12db4294e9bfd3]::ops::function::FnOnce<()>>::call_once::{shim:vtable#0}
[INFO] [stdout]   18:     0x5fcea894b479 - <std[70759c8f55707aa4]::sys::thread::unix::Thread>::new::thread_start
[INFO] [stdout]   19:     0x74d35afc4dfa - <unknown>
[INFO] [stdout]   20:     0x74d35b0583d4 - clone
[INFO] [stdout]   21:                0x0 - <unknown>
[INFO] [stdout] note: panic did not contain expected string
[INFO] [stdout]       panic message: "called `Result::unwrap()` on an `Err` value: Serialize(\"`serialize_str` can't be implemented in GFF format. Wrap value to the struct and serialize struct\")"
[INFO] [stdout]  expected substring: "`serialize_str` can\\'t be implemented in GFF format. Wrap value to the struct and serialize struct"
[INFO] [stdout] ---- ser::tests::toplevel::test_str_owned stdout ----
[INFO] [stdout] 
[INFO] [stdout] thread 'ser::tests::toplevel::test_str_owned' (285) panicked at src/ser/mod.rs:1462:38:
[INFO] [stdout] called `Result::unwrap()` on an `Err` value: Serialize("`serialize_str` can't be implemented in GFF format. Wrap value to the struct and serialize struct")
[INFO] [stdout] stack backtrace:
[INFO] [stdout]    0:     0x5fcea894bba1 - <<std[70759c8f55707aa4]::sys::backtrace::BacktraceLock>::print::DisplayBacktrace as core[df12db4294e9bfd3]::fmt::Display>::fmt
[INFO] [stdout]    1:     0x5fcea8960a8a - core[df12db4294e9bfd3]::fmt::write
[INFO] [stdout]    2:     0x5fcea89500bc - <alloc[2182bb758b4b3781]::vec::Vec<u8> as core[df12db4294e9bfd3]::io::write::Write>::write_fmt
[INFO] [stdout]    3:     0x5fcea8928196 - std[70759c8f55707aa4]::panicking::default_hook::{closure#0}
[INFO] [stdout]    4:     0x5fcea8944309 - std[70759c8f55707aa4]::panicking::default_hook
[INFO] [stdout]    5:     0x5fcea88df980 - test[9d35eded1c95d3be]::test_main_inner::<test[9d35eded1c95d3be]::test_main_static::{closure#0}>::{closure#0}
[INFO] [stdout]    6:     0x5fcea89444c2 - std[70759c8f55707aa4]::panicking::panic_with_hook
[INFO] [stdout]    7:     0x5fcea8928242 - std[70759c8f55707aa4]::panicking::panic_handler::{closure#0}
[INFO] [stdout]    8:     0x5fcea8920fc9 - std[70759c8f55707aa4]::sys::backtrace::__rust_end_short_backtrace::<std[70759c8f55707aa4]::panicking::panic_handler::{closure#0}, !>
[INFO] [stdout]    9:     0x5fcea8928e3d - __rustc[8fa7c3cbc660c2b3]::rust_begin_unwind
[INFO] [stdout]   10:     0x5fcea89611bc - core[df12db4294e9bfd3]::panicking::panic_fmt
[INFO] [stdout]   11:     0x5fcea8960f92 - core[df12db4294e9bfd3]::result::unwrap_failed
[INFO] [stdout]   12:     0x5fcea88b982e - serde_gff[2f2d550bbef49e13]::ser::tests::toplevel::test_str_owned
[INFO] [stdout]   13:     0x5fcea88d0489 - <serde_gff[2f2d550bbef49e13]::ser::tests::toplevel::test_str_owned::{closure#0} as core[df12db4294e9bfd3]::ops::function::FnOnce<()>>::call_once
[INFO] [stdout]   14:     0x5fcea88d2c6b - test[9d35eded1c95d3be]::__rust_begin_short_backtrace::<core[df12db4294e9bfd3]::result::Result<(), alloc[2182bb758b4b3781]::string::String>, fn() -> core[df12db4294e9bfd3]::result::Result<(), alloc[2182bb758b4b3781]::string::String>>
[INFO] [stdout]   15:     0x5fcea88e02d5 - test[9d35eded1c95d3be]::run_test::{closure#0}
[INFO] [stdout]   16:     0x5fcea88d9b94 - std[70759c8f55707aa4]::sys::backtrace::__rust_begin_short_backtrace::<test[9d35eded1c95d3be]::run_test::{closure#1}, ()>
[INFO] [stdout]   17:     0x5fcea88e3432 - <std[70759c8f55707aa4]::thread::lifecycle::spawn_unchecked<test[9d35eded1c95d3be]::run_test::{closure#1}, ()>::{closure#1} as core[df12db4294e9bfd3]::ops::function::FnOnce<()>>::call_once::{shim:vtable#0}
[INFO] [stdout]   18:     0x5fcea894b479 - <std[70759c8f55707aa4]::sys::thread::unix::Thread>::new::thread_start
[INFO] [stdout]   19:     0x74d35afc4dfa - <unknown>
[INFO] [stdout]   20:     0x74d35b0583d4 - clone
[INFO] [stdout]   21:                0x0 - <unknown>
[INFO] [stdout] note: panic did not contain expected string
[INFO] [stdout]       panic message: "called `Result::unwrap()` on an `Err` value: Serialize(\"`serialize_str` can't be implemented in GFF format. Wrap value to the struct and serialize struct\")"
[INFO] [stdout]  expected substring: "`serialize_str` can\\'t be implemented in GFF format. Wrap value to the struct and serialize struct"
[INFO] [stdout] 
[INFO] [stdout] failures:
[INFO] [stdout]     ser::tests::toplevel::test_bool_false
[INFO] [stdout]     ser::tests::toplevel::test_bool_true
[INFO] [stdout]     ser::tests::toplevel::test_bytes_owned
[INFO] [stdout]     ser::tests::toplevel::test_bytes_slice
[INFO] [stdout]     ser::tests::toplevel::test_str_owned
[INFO] [stdout]     ser::tests::toplevel::test_str_slice
[INFO] [stdout] 
[INFO] [stdout] test result: FAILED. 42 passed; 6 failed; 0 ignored; 0 measured; 0 filtered out; finished in 0.03s
[INFO] [stdout] 
[INFO] running `Command { std: "docker" "inspect" "6bfc8031f46c8226c91e683888aa10ed373765a409198adc753ebf8314642d1b", kill_on_drop: false }`
[INFO] running `Command { std: "docker" "rm" "-f" "6bfc8031f46c8226c91e683888aa10ed373765a409198adc753ebf8314642d1b", kill_on_drop: false }`
[INFO] [stdout] 6bfc8031f46c8226c91e683888aa10ed373765a409198adc753ebf8314642d1b
