[INFO] fetching crate serb_stem 0.1.4...
[INFO] testing serb_stem-0.1.4 against 1.99.0-beta.8+cargoflags=--release for beta-release-1.100-2
[INFO] extracting crate serb_stem 0.1.4 into /workspace/builds/worker-2-tc1/source
[INFO] started tweaking crates.io crate serb_stem 0.1.4
[INFO] removed 0 missing tests
[INFO] finished tweaking crates.io crate serb_stem 0.1.4
[INFO] tweaked toml for crates.io crate serb_stem 0.1.4 written to /workspace/builds/worker-2-tc1/source/Cargo.toml
[INFO] validating manifest of crates.io crate serb_stem 0.1.4 on toolchain 1.99.0-beta.8
[INFO] running `Command { std: CARGO_HOME="/workspace/cargo-home" RUSTUP_HOME="/workspace/rustup-home" "/workspace/cargo-home/bin/cargo" "+1.99.0-beta.8" "metadata" "--manifest-path" "Cargo.toml" "--no-deps", kill_on_drop: false }`
[INFO] crate crates.io crate serb_stem 0.1.4 already has a lockfile, it will not be regenerated
[INFO] running `Command { std: CARGO_HOME="/workspace/cargo-home" RUSTUP_HOME="/workspace/rustup-home" "/workspace/cargo-home/bin/cargo" "+1.99.0-beta.8" "fetch" "--manifest-path" "Cargo.toml", kill_on_drop: false }`
[INFO] [stderr]  Downloading crates ...
[INFO] [stderr]   Downloaded pyo3-ffi v0.19.2
[INFO] [stderr]   Downloaded pyo3-macros v0.19.2
[INFO] [stderr]   Downloaded unindent v0.1.11
[INFO] [stderr]   Downloaded indoc v1.0.9
[INFO] [stderr]   Downloaded pyo3-build-config v0.19.2
[INFO] [stderr]   Downloaded pyo3-macros-backend v0.19.2
[INFO] [stderr]   Downloaded pyo3 v0.19.2
[INFO] running `Command { std: "docker" "create" "-v" "/var/lib/crater-agent-workspace/builds/worker-2-tc1/source:/opt/rustwide/workdir:ro,Z" "-v" "/var/lib/crater-agent-workspace/builds/worker-2-tc1/target:/opt/rustwide/target:rw,Z" "-v" "/var/lib/crater-agent-workspace/cargo-home:/opt/rustwide/cargo-home:ro,Z" "-v" "/var/lib/crater-agent-workspace/rustup-home:/opt/rustwide/rustup-home:ro,Z" "-m" "1610612736" "--network" "none" "ghcr.io/rust-lang/crates-build-env/linux@sha256:77db811e55d90add9212f6832c23229e3de5f1c1f9905e8cb07319ea15df73ac" "sleep" "infinity", kill_on_drop: false }`
[INFO] [stdout] da1d6bc29da46a4d5279262d74d35163797f4258e6ee65a6b62350aed15b7214
[INFO] running `Command { std: "docker" "start" "da1d6bc29da46a4d5279262d74d35163797f4258e6ee65a6b62350aed15b7214", kill_on_drop: false }`
[INFO] running `Command { std: "docker" "inspect" "da1d6bc29da46a4d5279262d74d35163797f4258e6ee65a6b62350aed15b7214", kill_on_drop: false }`
[INFO] running `Command { std: "docker" "exec" "-e" "SOURCE_DIR=/opt/rustwide/workdir" "-e" "CARGO_HOME=/opt/rustwide/cargo-home" "-e" "RUSTUP_HOME=/opt/rustwide/rustup-home" "-e" "CARGO_TARGET_DIR=/opt/rustwide/target" "-w" "/opt/rustwide/workdir" "--user" "0:0" "da1d6bc29da46a4d5279262d74d35163797f4258e6ee65a6b62350aed15b7214" "/opt/rustwide/cargo-home/bin/cargo" "+1.99.0-beta.8" "metadata" "--no-deps" "--format-version=1", kill_on_drop: false }`
[INFO] running `Command { std: "docker" "inspect" "da1d6bc29da46a4d5279262d74d35163797f4258e6ee65a6b62350aed15b7214", kill_on_drop: false }`
[INFO] running `Command { std: "docker" "exec" "-e" "SOURCE_DIR=/opt/rustwide/workdir" "-e" "CARGO_HOME=/opt/rustwide/cargo-home" "-e" "RUSTUP_HOME=/opt/rustwide/rustup-home" "-e" "CARGO_TARGET_DIR=/opt/rustwide/target" "-e" "CARGO_INCREMENTAL=0" "-e" "RUST_BACKTRACE=full" "-e" "RUSTFLAGS=--cap-lints=warn" "-e" "RUSTDOCFLAGS=--cap-lints=warn" "-w" "/opt/rustwide/workdir" "--user" "0:0" "da1d6bc29da46a4d5279262d74d35163797f4258e6ee65a6b62350aed15b7214" "/opt/rustwide/cargo-home/bin/cargo" "+1.99.0-beta.8" "build" "--frozen" "--message-format=json" "--release", kill_on_drop: false }`
[INFO] [stderr]    Compiling wasm-bindgen-shared v0.2.108
[INFO] [stderr]    Compiling unicode-ident v1.0.22
[INFO] [stderr]    Compiling quote v1.0.44
[INFO] [stderr]    Compiling bumpalo v3.19.1
[INFO] [stderr]    Compiling once_cell v1.21.3
[INFO] [stderr]    Compiling cfg-if v1.0.4
[INFO] [stderr]    Compiling lazy_static v1.5.0
[INFO] [stderr]    Compiling wasm-bindgen v0.2.108
[INFO] [stderr]    Compiling proc-macro2 v1.0.106
[INFO] [stderr]    Compiling syn v2.0.114
[INFO] [stderr]    Compiling wasm-bindgen-macro-support v0.2.108
[INFO] [stderr]    Compiling wasm-bindgen-macro v0.2.108
[INFO] [stderr]    Compiling serb_stem v0.1.4 (/opt/rustwide/workdir)
[INFO] [stderr]     Finished `release` profile [optimized] target(s) in 8.91s
[INFO] running `Command { std: "docker" "inspect" "da1d6bc29da46a4d5279262d74d35163797f4258e6ee65a6b62350aed15b7214", kill_on_drop: false }`
[INFO] running `Command { std: "docker" "exec" "-e" "SOURCE_DIR=/opt/rustwide/workdir" "-e" "CARGO_HOME=/opt/rustwide/cargo-home" "-e" "RUSTUP_HOME=/opt/rustwide/rustup-home" "-e" "CARGO_TARGET_DIR=/opt/rustwide/target" "-e" "CARGO_INCREMENTAL=0" "-e" "RUST_BACKTRACE=full" "-e" "RUSTFLAGS=--cap-lints=warn" "-e" "RUSTDOCFLAGS=--cap-lints=warn" "-w" "/opt/rustwide/workdir" "--user" "0:0" "da1d6bc29da46a4d5279262d74d35163797f4258e6ee65a6b62350aed15b7214" "/opt/rustwide/cargo-home/bin/cargo" "+1.99.0-beta.8" "test" "--frozen" "--no-run" "--message-format=json" "--release", kill_on_drop: false }`
[INFO] [stderr]    Compiling zmij v1.0.17
[INFO] [stderr]    Compiling unicode-ident v1.0.22
[INFO] [stderr]    Compiling once_cell v1.21.3
[INFO] [stderr]    Compiling cfg-if v1.0.4
[INFO] [stderr]    Compiling lazy_static v1.5.0
[INFO] [stderr]    Compiling memchr v2.7.6
[INFO] [stderr]    Compiling itoa v1.0.17
[INFO] [stderr]    Compiling serde_core v1.0.228
[INFO] [stderr]    Compiling serde v1.0.228
[INFO] [stderr]    Compiling serde_json v1.0.149
[INFO] [stderr]    Compiling serde_derive v1.0.228
[INFO] [stderr]    Compiling wasm-bindgen-shared v0.2.108
[INFO] [stderr]    Compiling wasm-bindgen v0.2.108
[INFO] [stderr]    Compiling serb_stem v0.1.4 (/opt/rustwide/workdir)
[INFO] [stderr]     Finished `release` profile [optimized] target(s) in 17.68s
[INFO] running `Command { std: "docker" "inspect" "da1d6bc29da46a4d5279262d74d35163797f4258e6ee65a6b62350aed15b7214", kill_on_drop: false }`
[INFO] running `Command { std: "docker" "exec" "-e" "SOURCE_DIR=/opt/rustwide/workdir" "-e" "CARGO_HOME=/opt/rustwide/cargo-home" "-e" "RUSTUP_HOME=/opt/rustwide/rustup-home" "-e" "CARGO_TARGET_DIR=/opt/rustwide/target" "-e" "CARGO_INCREMENTAL=0" "-e" "RUST_BACKTRACE=full" "-e" "RUSTFLAGS=--cap-lints=warn" "-e" "RUSTDOCFLAGS=--cap-lints=warn" "-w" "/opt/rustwide/workdir" "--user" "0:0" "da1d6bc29da46a4d5279262d74d35163797f4258e6ee65a6b62350aed15b7214" "/opt/rustwide/cargo-home/bin/cargo" "+1.99.0-beta.8" "test" "--frozen" "--release", kill_on_drop: false }`
[INFO] [stderr]     Finished `release` profile [optimized] target(s) in 0.08s
[INFO] [stderr]      Running unittests src/lib.rs (/opt/rustwide/target/release/deps/serb_stem-5735f7c40e1490ae)
[INFO] [stdout] 
[INFO] [stdout] running 8 tests
[INFO] [stdout] test tests::test_ekavize ... ok
[INFO] [stdout] test tests::test_latin_to_cyrillic ... ok
[INFO] [stdout] test tests::test_normalize_case ... ok
[INFO] [stdout] test tests::test_cyrillic_to_latin ... ok
[INFO] [stdout] test tests::test_conservative_stem_basic ... ok
[INFO] [stdout] test tests::test_remove_punctuation ... ok
[INFO] [stdout] test tests::test_stem_basic ... ok
[INFO] [stdout] test tests::test_accuracy_percentage ... ok
[INFO] [stdout] 
[INFO] [stdout] test result: ok. 8 passed; 0 failed; 0 ignored; 0 measured; 0 filtered out; finished in 0.00s
[INFO] [stdout] 
[INFO] [stderr]      Running tests/integration_test.rs (/opt/rustwide/target/release/deps/integration_test-2971c3e4b34ce2d4)
[INFO] [stdout] 
[INFO] [stdout] running 1 test
[INFO] [stdout] test test_stemming_against_corpus ... FAILED
[INFO] [stdout] 
[INFO] [stdout] failures:
[INFO] [stdout] 
[INFO] [stdout] ---- test_stemming_against_corpus stdout ----
[INFO] [stdout] 
[INFO] [stdout] thread 'test_stemming_against_corpus' (628) panicked at tests/integration_test.rs:28:9:
[INFO] [stdout] assertion `left == right` failed: Failed on word: devojčice
[INFO] [stdout]   left: "devojčik"
[INFO] [stdout]  right: "devojčic"
[INFO] [stdout] stack backtrace:
[INFO] [stdout]    0:     0x6034f1cdf687 - <unknown>
[INFO] [stdout]    1:     0x6034f1cc4574 - <unknown>
[INFO] [stdout]    2:     0x6034f1cdec4b - <unknown>
[INFO] [stdout]    3:     0x6034f1cde849 - <unknown>
[INFO] [stdout]    4:     0x6034f1cde4ca - <unknown>
[INFO] [stdout]    5:     0x6034f1cde003 - <unknown>
[INFO] [stdout]    6:     0x6034f1d04151 - <unknown>
[INFO] [stdout]    7:     0x6034f1d04109 - <unknown>
[INFO] [stdout]    8:     0x6034f1d0460c - <unknown>
[INFO] [stdout]    9:     0x6034f1cc440b - <unknown>
[INFO] [stdout]   10:     0x6034f1cc4385 - <unknown>
[INFO] [stdout]   11:     0x6034f1cbd395 - <unknown>
[INFO] [stdout]   12:     0x6034f1cc296a - <unknown>
[INFO] [stdout]   13:     0x6034f1d1a55b - <unknown>
[INFO] [stdout]   14:     0x6034f1d15e92 - <unknown>
[INFO] [stdout]   15:     0x6034f1d1593c - <unknown>
[INFO] [stdout]   16:     0x6034f1d30eec - <unknown>
[INFO] [stdout]   17:     0x6034f1d0590a - <unknown>
[INFO] [stdout]   18:     0x725afbea1dfa - <unknown>
[INFO] [stdout]   19:     0x725afbf353d4 - clone
[INFO] [stdout]   20:                0x0 - <unknown>
[INFO] [stdout] 
[INFO] [stdout] 
[INFO] [stdout] failures:
[INFO] [stdout]     test_stemming_against_corpus
[INFO] [stdout] 
[INFO] [stdout] test result: FAILED. 0 passed; 1 failed; 0 ignored; 0 measured; 0 filtered out; finished in 0.01s
[INFO] [stdout] 
[INFO] [stderr] error: test failed, to rerun pass `--test integration_test`
[INFO] running `Command { std: "docker" "inspect" "da1d6bc29da46a4d5279262d74d35163797f4258e6ee65a6b62350aed15b7214", kill_on_drop: false }`
[INFO] running `Command { std: "docker" "rm" "-f" "da1d6bc29da46a4d5279262d74d35163797f4258e6ee65a6b62350aed15b7214", kill_on_drop: false }`
[INFO] [stdout] da1d6bc29da46a4d5279262d74d35163797f4258e6ee65a6b62350aed15b7214
