[INFO] fetching crate seraphine-core 0.1.1...
[INFO] testing seraphine-core-0.1.1 against 1.99.0-beta.8+cargoflags=--release for beta-release-1.100-2
[INFO] extracting crate seraphine-core 0.1.1 into /workspace/builds/worker-4-tc1/source
[INFO] started tweaking crates.io crate seraphine-core 0.1.1
[INFO] finished tweaking crates.io crate seraphine-core 0.1.1
[INFO] tweaked toml for crates.io crate seraphine-core 0.1.1 written to /workspace/builds/worker-4-tc1/source/Cargo.toml
[INFO] validating manifest of crates.io crate seraphine-core 0.1.1 on toolchain 1.99.0-beta.8
[INFO] running `Command { std: CARGO_HOME="/workspace/cargo-home" RUSTUP_HOME="/workspace/rustup-home" "/workspace/cargo-home/bin/cargo" "+1.99.0-beta.8" "metadata" "--manifest-path" "Cargo.toml" "--no-deps", kill_on_drop: false }`
[INFO] running `Command { std: CARGO_HOME="/workspace/cargo-home" RUSTUP_HOME="/workspace/rustup-home" "/workspace/cargo-home/bin/cargo" "+1.99.0-beta.8" "generate-lockfile" "--manifest-path" "Cargo.toml", kill_on_drop: false }`
[INFO] running `Command { std: CARGO_HOME="/workspace/cargo-home" RUSTUP_HOME="/workspace/rustup-home" "/workspace/cargo-home/bin/cargo" "+1.99.0-beta.8" "fetch" "--manifest-path" "Cargo.toml", kill_on_drop: false }`
[INFO] running `Command { std: "docker" "create" "-v" "/var/lib/crater-agent-workspace/builds/worker-4-tc1/source:/opt/rustwide/workdir:ro,Z" "-v" "/var/lib/crater-agent-workspace/builds/worker-4-tc1/target:/opt/rustwide/target:rw,Z" "-v" "/var/lib/crater-agent-workspace/cargo-home:/opt/rustwide/cargo-home:ro,Z" "-v" "/var/lib/crater-agent-workspace/rustup-home:/opt/rustwide/rustup-home:ro,Z" "-m" "1610612736" "--network" "none" "ghcr.io/rust-lang/crates-build-env/linux@sha256:77db811e55d90add9212f6832c23229e3de5f1c1f9905e8cb07319ea15df73ac" "sleep" "infinity", kill_on_drop: false }`
[INFO] [stdout] 42e6a4618eaf4b113548763d7a9a9c06c6d60d78dd4227eed82d8e04ab48f84c
[INFO] running `Command { std: "docker" "start" "42e6a4618eaf4b113548763d7a9a9c06c6d60d78dd4227eed82d8e04ab48f84c", kill_on_drop: false }`
[INFO] running `Command { std: "docker" "inspect" "42e6a4618eaf4b113548763d7a9a9c06c6d60d78dd4227eed82d8e04ab48f84c", kill_on_drop: false }`
[INFO] running `Command { std: "docker" "exec" "-e" "SOURCE_DIR=/opt/rustwide/workdir" "-e" "CARGO_HOME=/opt/rustwide/cargo-home" "-e" "RUSTUP_HOME=/opt/rustwide/rustup-home" "-e" "CARGO_TARGET_DIR=/opt/rustwide/target" "-w" "/opt/rustwide/workdir" "--user" "0:0" "42e6a4618eaf4b113548763d7a9a9c06c6d60d78dd4227eed82d8e04ab48f84c" "/opt/rustwide/cargo-home/bin/cargo" "+1.99.0-beta.8" "metadata" "--no-deps" "--format-version=1", kill_on_drop: false }`
[INFO] running `Command { std: "docker" "inspect" "42e6a4618eaf4b113548763d7a9a9c06c6d60d78dd4227eed82d8e04ab48f84c", kill_on_drop: false }`
[INFO] running `Command { std: "docker" "exec" "-e" "SOURCE_DIR=/opt/rustwide/workdir" "-e" "CARGO_HOME=/opt/rustwide/cargo-home" "-e" "RUSTUP_HOME=/opt/rustwide/rustup-home" "-e" "CARGO_TARGET_DIR=/opt/rustwide/target" "-e" "CARGO_INCREMENTAL=0" "-e" "RUST_BACKTRACE=full" "-e" "RUSTFLAGS=--cap-lints=warn" "-e" "RUSTDOCFLAGS=--cap-lints=warn" "-w" "/opt/rustwide/workdir" "--user" "0:0" "42e6a4618eaf4b113548763d7a9a9c06c6d60d78dd4227eed82d8e04ab48f84c" "/opt/rustwide/cargo-home/bin/cargo" "+1.99.0-beta.8" "build" "--frozen" "--message-format=json" "--release", kill_on_drop: false }`
[INFO] [stderr]    Compiling seraphine-core v0.1.1 (/opt/rustwide/workdir)
[INFO] [stderr]     Finished `release` profile [optimized] target(s) in 3.38s
[INFO] running `Command { std: "docker" "inspect" "42e6a4618eaf4b113548763d7a9a9c06c6d60d78dd4227eed82d8e04ab48f84c", kill_on_drop: false }`
[INFO] running `Command { std: "docker" "exec" "-e" "SOURCE_DIR=/opt/rustwide/workdir" "-e" "CARGO_HOME=/opt/rustwide/cargo-home" "-e" "RUSTUP_HOME=/opt/rustwide/rustup-home" "-e" "CARGO_TARGET_DIR=/opt/rustwide/target" "-e" "CARGO_INCREMENTAL=0" "-e" "RUST_BACKTRACE=full" "-e" "RUSTFLAGS=--cap-lints=warn" "-e" "RUSTDOCFLAGS=--cap-lints=warn" "-w" "/opt/rustwide/workdir" "--user" "0:0" "42e6a4618eaf4b113548763d7a9a9c06c6d60d78dd4227eed82d8e04ab48f84c" "/opt/rustwide/cargo-home/bin/cargo" "+1.99.0-beta.8" "test" "--frozen" "--no-run" "--message-format=json" "--release", kill_on_drop: false }`
[INFO] [stderr]    Compiling seraphine-core v0.1.1 (/opt/rustwide/workdir)
[INFO] [stderr]     Finished `release` profile [optimized] target(s) in 4.71s
[INFO] running `Command { std: "docker" "inspect" "42e6a4618eaf4b113548763d7a9a9c06c6d60d78dd4227eed82d8e04ab48f84c", kill_on_drop: false }`
[INFO] running `Command { std: "docker" "exec" "-e" "SOURCE_DIR=/opt/rustwide/workdir" "-e" "CARGO_HOME=/opt/rustwide/cargo-home" "-e" "RUSTUP_HOME=/opt/rustwide/rustup-home" "-e" "CARGO_TARGET_DIR=/opt/rustwide/target" "-e" "CARGO_INCREMENTAL=0" "-e" "RUST_BACKTRACE=full" "-e" "RUSTFLAGS=--cap-lints=warn" "-e" "RUSTDOCFLAGS=--cap-lints=warn" "-w" "/opt/rustwide/workdir" "--user" "0:0" "42e6a4618eaf4b113548763d7a9a9c06c6d60d78dd4227eed82d8e04ab48f84c" "/opt/rustwide/cargo-home/bin/cargo" "+1.99.0-beta.8" "test" "--frozen" "--release", kill_on_drop: false }`
[INFO] [stderr]     Finished `release` profile [optimized] target(s) in 0.01s
[INFO] [stderr]      Running unittests src/lib.rs (/opt/rustwide/target/release/deps/seraphine_core-c3d33dc516248c07)
[INFO] [stdout] 
[INFO] [stdout] running 68 tests
[INFO] [stdout] test error::tests::test_format_error ... ok
[INFO] [stdout] test tests::test_and_operator_short_circuit ... ok
[INFO] [stdout] test tests::test_continue_statement ... ok
[INFO] [stdout] test tests::test_boolean_negate_operator ... ok
[INFO] [stdout] test tests::test_brackets ... ok
[INFO] [stdout] test tests::test_function_values ... ok
[INFO] [stdout] test tests::test_break_statement ... ok
[INFO] [stdout] test tests::test_builtin_range ... ok
[INFO] [stdout] test tests::test_function_equality ... ok
[INFO] [stdout] test tests::test_errors_on_missing_newline ... ok
[INFO] [stdout] test tests::test_and_operator ... ok
[INFO] [stdout] test tests::test_boolean_literals ... ok
[INFO] [stdout] test tests::test_indexing_assignment ... ok
[INFO] [stdout] test tests::test_inequality_operator ... ok
[INFO] [stdout] test tests::test_greater_than_or_equal_operator ... ok
[INFO] [stdout] test tests::test_less_than_operator ... ok
[INFO] [stdout] test tests::test_multiline_function_call ... ok
[INFO] [stdout] test tests::test_if_statements ... ok
[INFO] [stdout] test tests::test_greater_than_operator ... ok
[INFO] [stdout] test tests::test_list_equality ... ok
[INFO] [stdout] test tests::test_list_indexing ... ok
[INFO] [stdout] test tests::test_equality_operator ... ok
[INFO] [stdout] test tests::test_functions ... ok
[INFO] [stdout] test tests::test_multiple_lines ... ok
[INFO] [stdout] test tests::test_named_functions_are_not_expressions ... ok
[INFO] [stdout] test tests::test_eval_str ... ok
[INFO] [stdout] test tests::test_newline_in_assignment ... ok
[INFO] [stdout] test tests::test_for_loops ... ok
[INFO] [stdout] test tests::test_less_than_or_equal_operator ... ok
[INFO] [stdout] test tests::test_newlines_in_for_loop ... ok
[INFO] [stdout] test tests::test_list_literals ... ok
[INFO] [stdout] test tests::test_newlines_in_if_statement ... ok
[INFO] [stdout] test tests::test_member_access ... ok
[INFO] [stdout] test tests::test_object_literals ... ok
[INFO] [stdout] test tests::test_mod ... ok
[INFO] [stdout] test tests::test_newlines_in_expressions ... ok
[INFO] [stdout] test tests::test_newline_in_member_access ... ok
[INFO] [stdout] test tests::test_newlines_in_while_loop ... ok
[INFO] [stdout] test tests::test_number_parsing ... ok
[INFO] [stdout] test tests::test_null ... ok
[INFO] [stdout] test tests::test_multiline_function_definition ... ok
[INFO] [stdout] test tests::test_multiline_list_literal ... ok
[INFO] [stdout] test tests::test_object_equality ... ok
[INFO] [stdout] test tests::test_newline_in_indexing ... ok
[INFO] [stdout] test tests::test_object_get ... ok
[INFO] [stdout] test tests::test_multiline_obeject_literals ... ok
[INFO] [stdout] test tests::test_object_methods ... ok
[INFO] [stdout] test tests::test_object_set ... ok
[INFO] [stdout] test tests::test_builtin_functions ... ok
[INFO] [stdout] test tests::test_precedence_bug_fix ... ok
[INFO] [stdout] test tests::test_string_boolean_coercion ... ok
[INFO] [stdout] test tests::test_string_concatenation ... ok
[INFO] [stdout] test tests::test_user_functions ... ok
[INFO] [stdout] test tests::test_return_statement ... ok
[INFO] [stdout] test tests::test_variables ... ok
[INFO] [stdout] test tests::test_while_loop ... ok
[INFO] [stdout] test tests::test_or_operator ... ok
[INFO] [stdout] test tests::test_self_referential_print ... ok
[INFO] [stdout] test tests::test_power ... ok
[INFO] [stdout] test tests::test_print ... ok
[INFO] [stdout] test tests::test_string_literals ... ok
[INFO] [stdout] test tests::test_read_line ... ok
[INFO] [stdout] test tests::test_unary_minus ... ok
[INFO] [stdout] test tests::test_or_operator_short_circuit ... ok
[INFO] [stdout] test tests::test_parse_number ... ok
[INFO] [stdout] test tests::test_to_string ... ok
[INFO] [stdout] test tests::test_unnamed_functions ... ok
[INFO] [stdout] test tests::test_comments ... ok
[INFO] [stderr]      Running tests/example-tests.rs (/opt/rustwide/target/release/deps/example_tests-1d8ca40889cf5077)
[INFO] [stdout] 
[INFO] [stdout] test result: ok. 68 passed; 0 failed; 0 ignored; 0 measured; 0 filtered out; finished in 0.07s
[INFO] [stdout] 
[INFO] [stdout] 
[INFO] [stdout] running 1 test
[INFO] [stdout] test test_that_examples_parse ... FAILED
[INFO] [stdout] 
[INFO] [stdout] failures:
[INFO] [stdout] 
[INFO] [stdout] ---- test_that_examples_parse stdout ----
[INFO] [stdout] 
[INFO] [stdout] thread 'test_that_examples_parse' (283) panicked at tests/example-tests.rs:7:49:
[INFO] [stdout] called `Result::unwrap()` on an `Err` value: Os { code: 2, kind: NotFound, message: "No such file or directory" }
[INFO] [stdout] stack backtrace:
[INFO] [stdout]    0:     0x64daaf516761 - <<std[70759c8f55707aa4]::sys::backtrace::BacktraceLock>::print::DisplayBacktrace as core[df12db4294e9bfd3]::fmt::Display>::fmt
[INFO] [stdout]    1:     0x64daaf52b8ea - core[df12db4294e9bfd3]::fmt::write
[INFO] [stdout]    2:     0x64daaf51aecc - <alloc[2182bb758b4b3781]::vec::Vec<u8> as core[df12db4294e9bfd3]::io::write::Write>::write_fmt
[INFO] [stdout]    3:     0x64daaf4f2586 - std[70759c8f55707aa4]::panicking::default_hook::{closure#0}
[INFO] [stdout]    4:     0x64daaf50e949 - std[70759c8f55707aa4]::panicking::default_hook
[INFO] [stdout]    5:     0x64daaf4a00c0 - test[9d35eded1c95d3be]::test_main_inner::<test[9d35eded1c95d3be]::test_main_static::{closure#0}>::{closure#0}
[INFO] [stdout]    6:     0x64daaf50eb02 - std[70759c8f55707aa4]::panicking::panic_with_hook
[INFO] [stdout]    7:     0x64daaf4f2632 - std[70759c8f55707aa4]::panicking::panic_handler::{closure#0}
[INFO] [stdout]    8:     0x64daaf4eb189 - std[70759c8f55707aa4]::sys::backtrace::__rust_end_short_backtrace::<std[70759c8f55707aa4]::panicking::panic_handler::{closure#0}, !>
[INFO] [stdout]    9:     0x64daaf4f322d - __rustc[8fa7c3cbc660c2b3]::rust_begin_unwind
[INFO] [stdout]   10:     0x64daaf52c01c - core[df12db4294e9bfd3]::panicking::panic_fmt
[INFO] [stdout]   11:     0x64daaf52bdf2 - core[df12db4294e9bfd3]::result::unwrap_failed
[INFO] [stdout]   12:     0x64daaf4931f8 - <example_tests[4c521dc414360b65]::test_that_examples_parse::{closure#0} as core[df12db4294e9bfd3]::ops::function::FnOnce<()>>::call_once
[INFO] [stdout]   13:     0x64daaf4933ab - test[9d35eded1c95d3be]::__rust_begin_short_backtrace::<core[df12db4294e9bfd3]::result::Result<(), alloc[2182bb758b4b3781]::string::String>, fn() -> core[df12db4294e9bfd3]::result::Result<(), alloc[2182bb758b4b3781]::string::String>>
[INFO] [stdout]   14:     0x64daaf4a0a15 - test[9d35eded1c95d3be]::run_test::{closure#0}
[INFO] [stdout]   15:     0x64daaf49a2d4 - std[70759c8f55707aa4]::sys::backtrace::__rust_begin_short_backtrace::<test[9d35eded1c95d3be]::run_test::{closure#1}, ()>
[INFO] [stdout]   16:     0x64daaf4a3b72 - <std[70759c8f55707aa4]::thread::lifecycle::spawn_unchecked<test[9d35eded1c95d3be]::run_test::{closure#1}, ()>::{closure#1} as core[df12db4294e9bfd3]::ops::function::FnOnce<()>>::call_once::{shim:vtable#0}
[INFO] [stdout]   17:     0x64daaf515cc9 - <std[70759c8f55707aa4]::sys::thread::unix::Thread>::new::thread_start
[INFO] [stdout]   18:     0x7f386abaadfa - <unknown>
[INFO] [stdout]   19:     0x7f386ac3e3d4 - clone
[INFO] [stdout]   20:                0x0 - <unknown>
[INFO] [stdout] 
[INFO] [stdout] 
[INFO] [stdout] failures:
[INFO] [stdout]     test_that_examples_parse
[INFO] [stdout] 
[INFO] [stdout] test result: FAILED. 0 passed; 1 failed; 0 ignored; 0 measured; 0 filtered out; finished in 0.00s
[INFO] [stdout] 
[INFO] [stderr] error: test failed, to rerun pass `--test example-tests`
[INFO] running `Command { std: "docker" "inspect" "42e6a4618eaf4b113548763d7a9a9c06c6d60d78dd4227eed82d8e04ab48f84c", kill_on_drop: false }`
[INFO] running `Command { std: "docker" "rm" "-f" "42e6a4618eaf4b113548763d7a9a9c06c6d60d78dd4227eed82d8e04ab48f84c", kill_on_drop: false }`
[INFO] [stdout] 42e6a4618eaf4b113548763d7a9a9c06c6d60d78dd4227eed82d8e04ab48f84c
