[INFO] fetching crate sentry_arroyo 2.46.0...
[INFO] testing sentry_arroyo-2.46.0 against 1.99.0-beta.8+cargoflags=--release for beta-release-1.100-2
[INFO] extracting crate sentry_arroyo 2.46.0 into /workspace/builds/worker-6-tc1/source
[INFO] started tweaking crates.io crate sentry_arroyo 2.46.0
[INFO] removed 0 missing examples
[INFO] removed 0 missing tests
[INFO] finished tweaking crates.io crate sentry_arroyo 2.46.0
[INFO] tweaked toml for crates.io crate sentry_arroyo 2.46.0 written to /workspace/builds/worker-6-tc1/source/Cargo.toml
[INFO] validating manifest of crates.io crate sentry_arroyo 2.46.0 on toolchain 1.99.0-beta.8
[INFO] running `Command { std: CARGO_HOME="/workspace/cargo-home" RUSTUP_HOME="/workspace/rustup-home" "/workspace/cargo-home/bin/cargo" "+1.99.0-beta.8" "metadata" "--manifest-path" "Cargo.toml" "--no-deps", kill_on_drop: false }`
[INFO] crate crates.io crate sentry_arroyo 2.46.0 already has a lockfile, it will not be regenerated
[INFO] running `Command { std: CARGO_HOME="/workspace/cargo-home" RUSTUP_HOME="/workspace/rustup-home" "/workspace/cargo-home/bin/cargo" "+1.99.0-beta.8" "fetch" "--manifest-path" "Cargo.toml", kill_on_drop: false }`
[INFO] [stderr]     Updating crates.io index
[INFO] [stderr]  Downloading crates ...
[INFO] [stderr]   Downloaded sentry-types v0.49.3
[INFO] [stderr]   Downloaded sigchld v0.2.5
[INFO] [stderr]   Downloaded coarsetime v0.1.38
[INFO] [stderr]   Downloaded shared_child v1.1.2
[INFO] [stderr]   Downloaded sentry-core v0.49.3
[INFO] [stderr]   Downloaded duct v0.13.7
[INFO] [stderr]   Downloaded signal-hook v0.4.5
[INFO] [stderr]   Downloaded rdkafka v0.39.0
[INFO] [stderr]   Downloaded wasix v0.13.2
[INFO] [stderr]   Downloaded sasl2-sys v0.1.22+2.1.28
[INFO] [stderr]   Downloaded rdkafka-sys v4.10.0+2.12.1
[INFO] running `Command { std: "docker" "create" "-v" "/var/lib/crater-agent-workspace/builds/worker-6-tc1/source:/opt/rustwide/workdir:ro,Z" "-v" "/var/lib/crater-agent-workspace/builds/worker-6-tc1/target:/opt/rustwide/target:rw,Z" "-v" "/var/lib/crater-agent-workspace/cargo-home:/opt/rustwide/cargo-home:ro,Z" "-v" "/var/lib/crater-agent-workspace/rustup-home:/opt/rustwide/rustup-home:ro,Z" "-m" "1610612736" "--network" "none" "ghcr.io/rust-lang/crates-build-env/linux@sha256:77db811e55d90add9212f6832c23229e3de5f1c1f9905e8cb07319ea15df73ac" "sleep" "infinity", kill_on_drop: false }`
[INFO] [stdout] 4e918e77c6db41eae90891616d09d0b7117c76688c4c784d5877efe6032b5f4d
[INFO] running `Command { std: "docker" "start" "4e918e77c6db41eae90891616d09d0b7117c76688c4c784d5877efe6032b5f4d", kill_on_drop: false }`
[INFO] running `Command { std: "docker" "inspect" "4e918e77c6db41eae90891616d09d0b7117c76688c4c784d5877efe6032b5f4d", kill_on_drop: false }`
[INFO] running `Command { std: "docker" "exec" "-e" "SOURCE_DIR=/opt/rustwide/workdir" "-e" "CARGO_HOME=/opt/rustwide/cargo-home" "-e" "RUSTUP_HOME=/opt/rustwide/rustup-home" "-e" "CARGO_TARGET_DIR=/opt/rustwide/target" "-w" "/opt/rustwide/workdir" "--user" "0:0" "4e918e77c6db41eae90891616d09d0b7117c76688c4c784d5877efe6032b5f4d" "/opt/rustwide/cargo-home/bin/cargo" "+1.99.0-beta.8" "metadata" "--no-deps" "--format-version=1", kill_on_drop: false }`
[INFO] running `Command { std: "docker" "inspect" "4e918e77c6db41eae90891616d09d0b7117c76688c4c784d5877efe6032b5f4d", kill_on_drop: false }`
[INFO] running `Command { std: "docker" "exec" "-e" "SOURCE_DIR=/opt/rustwide/workdir" "-e" "CARGO_HOME=/opt/rustwide/cargo-home" "-e" "RUSTUP_HOME=/opt/rustwide/rustup-home" "-e" "CARGO_TARGET_DIR=/opt/rustwide/target" "-e" "CARGO_INCREMENTAL=0" "-e" "RUST_BACKTRACE=full" "-e" "RUSTFLAGS=--cap-lints=warn" "-e" "RUSTDOCFLAGS=--cap-lints=warn" "-w" "/opt/rustwide/workdir" "--user" "0:0" "4e918e77c6db41eae90891616d09d0b7117c76688c4c784d5877efe6032b5f4d" "/opt/rustwide/cargo-home/bin/cargo" "+1.99.0-beta.8" "build" "--frozen" "--message-format=json" "--release", kill_on_drop: false }`
[INFO] [stderr]    Compiling smallvec v1.16.3
[INFO] [stderr]    Compiling getrandom v0.4.3
[INFO] [stderr]    Compiling indexmap v2.14.2
[INFO] [stderr]    Compiling toml_parser v1.1.5+spec-1.1.0
[INFO] [stderr]    Compiling toml_datetime v1.1.2+spec-1.1.0
[INFO] [stderr]    Compiling libz-sys v1.1.30
[INFO] [stderr]    Compiling zerocopy v0.8.62
[INFO] [stderr]    Compiling serde v1.0.229
[INFO] [stderr]    Compiling chacha20 v0.10.2
[INFO] [stderr]    Compiling rdkafka-sys v4.10.0+2.12.1
[INFO] [stderr]    Compiling getrandom v0.2.17
[INFO] [stderr]    Compiling futures-core v0.3.34
[INFO] [stderr]    Compiling time v0.3.55
[INFO] [stderr]    Compiling mio v1.2.4
[INFO] [stderr]    Compiling tokio-macros v2.7.2
[INFO] [stderr]    Compiling futures-task v0.3.34
[INFO] [stderr]    Compiling rapidhash v4.5.1
[INFO] [stderr]    Compiling futures-channel v0.3.34
[INFO] [stderr]    Compiling futures-util v0.3.34
[INFO] [stderr]    Compiling rand_core v0.6.4
[INFO] [stderr]    Compiling uuid v1.28.0
[INFO] [stderr]    Compiling thiserror-impl v1.0.69
[INFO] [stderr]    Compiling icu_normalizer v2.3.0
[INFO] [stderr]    Compiling parking_lot_core v0.9.12
[INFO] [stderr]    Compiling rand v0.10.3
[INFO] [stderr]    Compiling parking_lot v0.12.5
[INFO] [stderr]    Compiling chrono v0.4.45
[INFO] [stderr]    Compiling metrics v0.24.6
[INFO] [stderr]    Compiling coarsetime v0.1.38
[INFO] [stderr]    Compiling idna_adapter v1.2.2
[INFO] [stderr]    Compiling tokio v1.53.2
[INFO] [stderr]    Compiling idna v1.1.0
[INFO] [stderr]    Compiling debugid v0.8.0
[INFO] [stderr]    Compiling toml_edit v0.25.17+spec-1.1.0
[INFO] [stderr]    Compiling url v2.5.8
[INFO] [stderr]    Compiling thiserror v1.0.69
[INFO] [stderr]    Compiling proc-macro-crate v3.5.0
[INFO] [stderr]    Compiling num_enum_derive v0.7.6
[INFO] [stderr]    Compiling num_enum v0.7.6
[INFO] [stderr]    Compiling sentry-types v0.49.3
[INFO] [stderr]    Compiling ppv-lite86 v0.2.21
[INFO] [stderr]    Compiling rand_chacha v0.3.1
[INFO] [stderr]    Compiling rand v0.8.8
[INFO] [stderr]    Compiling sentry-core v0.49.3
[INFO] [stderr]    Compiling rdkafka v0.39.0
[INFO] [stderr]    Compiling sentry_arroyo v2.46.0 (/opt/rustwide/workdir)
[INFO] [stdout] warning: hiding a lifetime that's elided elsewhere is confusing
[INFO] [stdout]   --> rust-arroyo/src/processing/mod.rs:88:21
[INFO] [stdout]    |
[INFO] [stdout] 88 |     fn locked_state(&self) -> MutexGuard<ConsumerStateInner<TPayload>> {
[INFO] [stdout]    |                     ^^^^^     ^^^^^^^^^^^^^^^^^^^^^^^^^^^^^^^^^^^^^^^^ the same lifetime is hidden here
[INFO] [stdout]    |                     |
[INFO] [stdout]    |                     the lifetime is elided here
[INFO] [stdout]    |
[INFO] [stdout]    = help: the same lifetime is referred to in inconsistent ways, making the signature confusing
[INFO] [stdout]    = note: `#[warn(mismatched_lifetime_syntaxes)]` on by default
[INFO] [stdout] help: use `'_` for type paths
[INFO] [stdout]    |
[INFO] [stdout] 88 |     fn locked_state(&self) -> MutexGuard<'_, ConsumerStateInner<TPayload>> {
[INFO] [stdout]    |                                          +++
[INFO] [stdout] 
[INFO] [stdout] 
[INFO] [stdout] warning: hiding a lifetime that's elided elsewhere is confusing
[INFO] [stdout]    --> rust-arroyo/src/types/mod.rs:286:24
[INFO] [stdout]     |
[INFO] [stdout] 286 |     pub fn committable(&self) -> Committable {
[INFO] [stdout]     |                        ^^^^^     ^^^^^^^^^^^ the same lifetime is hidden here
[INFO] [stdout]     |                        |
[INFO] [stdout]     |                        the lifetime is elided here
[INFO] [stdout]     |
[INFO] [stdout]     = help: the same lifetime is referred to in inconsistent ways, making the signature confusing
[INFO] [stdout] help: use `'_` for type paths
[INFO] [stdout]     |
[INFO] [stdout] 286 |     pub fn committable(&self) -> Committable<'_> {
[INFO] [stdout]     |                                             ++++
[INFO] [stdout] 
[INFO] [stdout] 
[INFO] [stderr]     Finished `release` profile [optimized] target(s) in 1m 21s
[INFO] running `Command { std: "docker" "inspect" "4e918e77c6db41eae90891616d09d0b7117c76688c4c784d5877efe6032b5f4d", kill_on_drop: false }`
[INFO] running `Command { std: "docker" "exec" "-e" "SOURCE_DIR=/opt/rustwide/workdir" "-e" "CARGO_HOME=/opt/rustwide/cargo-home" "-e" "RUSTUP_HOME=/opt/rustwide/rustup-home" "-e" "CARGO_TARGET_DIR=/opt/rustwide/target" "-e" "CARGO_INCREMENTAL=0" "-e" "RUST_BACKTRACE=full" "-e" "RUSTFLAGS=--cap-lints=warn" "-e" "RUSTDOCFLAGS=--cap-lints=warn" "-w" "/opt/rustwide/workdir" "--user" "0:0" "4e918e77c6db41eae90891616d09d0b7117c76688c4c784d5877efe6032b5f4d" "/opt/rustwide/cargo-home/bin/cargo" "+1.99.0-beta.8" "test" "--frozen" "--no-run" "--message-format=json" "--release", kill_on_drop: false }`
[INFO] [stderr]    Compiling tracing v0.1.44
[INFO] [stderr]    Compiling sharded-slab v0.1.7
[INFO] [stderr]    Compiling thread_local v1.1.10
[INFO] [stderr]    Compiling rdkafka v0.39.0
[INFO] [stderr]    Compiling tracing-subscriber v0.3.23
[INFO] [stderr]    Compiling sentry_arroyo v2.46.0 (/opt/rustwide/workdir)
[INFO] [stdout] warning: hiding a lifetime that's elided elsewhere is confusing
[INFO] [stdout]   --> rust-arroyo/src/processing/mod.rs:88:21
[INFO] [stdout]    |
[INFO] [stdout] 88 |     fn locked_state(&self) -> MutexGuard<ConsumerStateInner<TPayload>> {
[INFO] [stdout]    |                     ^^^^^     ^^^^^^^^^^^^^^^^^^^^^^^^^^^^^^^^^^^^^^^^ the same lifetime is hidden here
[INFO] [stdout]    |                     |
[INFO] [stdout]    |                     the lifetime is elided here
[INFO] [stdout]    |
[INFO] [stdout]    = help: the same lifetime is referred to in inconsistent ways, making the signature confusing
[INFO] [stdout]    = note: `#[warn(mismatched_lifetime_syntaxes)]` on by default
[INFO] [stdout] help: use `'_` for type paths
[INFO] [stdout]    |
[INFO] [stdout] 88 |     fn locked_state(&self) -> MutexGuard<'_, ConsumerStateInner<TPayload>> {
[INFO] [stdout]    |                                          +++
[INFO] [stdout] 
[INFO] [stdout] 
[INFO] [stdout] warning: hiding a lifetime that's elided elsewhere is confusing
[INFO] [stdout]    --> rust-arroyo/src/types/mod.rs:286:24
[INFO] [stdout]     |
[INFO] [stdout] 286 |     pub fn committable(&self) -> Committable {
[INFO] [stdout]     |                        ^^^^^     ^^^^^^^^^^^ the same lifetime is hidden here
[INFO] [stdout]     |                        |
[INFO] [stdout]     |                        the lifetime is elided here
[INFO] [stdout]     |
[INFO] [stdout]     = help: the same lifetime is referred to in inconsistent ways, making the signature confusing
[INFO] [stdout] help: use `'_` for type paths
[INFO] [stdout]     |
[INFO] [stdout] 286 |     pub fn committable(&self) -> Committable<'_> {
[INFO] [stdout]     |                                             ++++
[INFO] [stdout] 
[INFO] [stdout] 
[INFO] [stdout] warning: hiding a lifetime that's elided elsewhere is confusing
[INFO] [stdout]   --> rust-arroyo/src/processing/mod.rs:88:21
[INFO] [stdout]    |
[INFO] [stdout] 88 |     fn locked_state(&self) -> MutexGuard<ConsumerStateInner<TPayload>> {
[INFO] [stdout]    |                     ^^^^^     ^^^^^^^^^^^^^^^^^^^^^^^^^^^^^^^^^^^^^^^^ the same lifetime is hidden here
[INFO] [stdout]    |                     |
[INFO] [stdout]    |                     the lifetime is elided here
[INFO] [stdout]    |
[INFO] [stdout]    = help: the same lifetime is referred to in inconsistent ways, making the signature confusing
[INFO] [stdout]    = note: `#[warn(mismatched_lifetime_syntaxes)]` on by default
[INFO] [stdout] help: use `'_` for type paths
[INFO] [stdout]    |
[INFO] [stdout] 88 |     fn locked_state(&self) -> MutexGuard<'_, ConsumerStateInner<TPayload>> {
[INFO] [stdout]    |                                          +++
[INFO] [stdout] 
[INFO] [stdout] 
[INFO] [stdout] warning: hiding a lifetime that's elided elsewhere is confusing
[INFO] [stdout]    --> rust-arroyo/src/types/mod.rs:286:24
[INFO] [stdout]     |
[INFO] [stdout] 286 |     pub fn committable(&self) -> Committable {
[INFO] [stdout]     |                        ^^^^^     ^^^^^^^^^^^ the same lifetime is hidden here
[INFO] [stdout]     |                        |
[INFO] [stdout]     |                        the lifetime is elided here
[INFO] [stdout]     |
[INFO] [stdout]     = help: the same lifetime is referred to in inconsistent ways, making the signature confusing
[INFO] [stdout] help: use `'_` for type paths
[INFO] [stdout]     |
[INFO] [stdout] 286 |     pub fn committable(&self) -> Committable<'_> {
[INFO] [stdout]     |                                             ++++
[INFO] [stdout] 
[INFO] [stdout] 
[INFO] [stderr]     Finished `release` profile [optimized] target(s) in 41.87s
[INFO] running `Command { std: "docker" "inspect" "4e918e77c6db41eae90891616d09d0b7117c76688c4c784d5877efe6032b5f4d", kill_on_drop: false }`
[INFO] running `Command { std: "docker" "exec" "-e" "SOURCE_DIR=/opt/rustwide/workdir" "-e" "CARGO_HOME=/opt/rustwide/cargo-home" "-e" "RUSTUP_HOME=/opt/rustwide/rustup-home" "-e" "CARGO_TARGET_DIR=/opt/rustwide/target" "-e" "CARGO_INCREMENTAL=0" "-e" "RUST_BACKTRACE=full" "-e" "RUSTFLAGS=--cap-lints=warn" "-e" "RUSTDOCFLAGS=--cap-lints=warn" "-w" "/opt/rustwide/workdir" "--user" "0:0" "4e918e77c6db41eae90891616d09d0b7117c76688c4c784d5877efe6032b5f4d" "/opt/rustwide/cargo-home/bin/cargo" "+1.99.0-beta.8" "test" "--frozen" "--release", kill_on_drop: false }`
[INFO] [stderr] warning: hiding a lifetime that's elided elsewhere is confusing
[INFO] [stderr]   --> rust-arroyo/src/processing/mod.rs:88:21
[INFO] [stderr]    |
[INFO] [stderr] 88 |     fn locked_state(&self) -> MutexGuard<ConsumerStateInner<TPayload>> {
[INFO] [stderr]    |                     ^^^^^     ^^^^^^^^^^^^^^^^^^^^^^^^^^^^^^^^^^^^^^^^ the same lifetime is hidden here
[INFO] [stderr]    |                     |
[INFO] [stderr]    |                     the lifetime is elided here
[INFO] [stderr]    |
[INFO] [stderr]    = help: the same lifetime is referred to in inconsistent ways, making the signature confusing
[INFO] [stderr]    = note: `#[warn(mismatched_lifetime_syntaxes)]` on by default
[INFO] [stderr] help: use `'_` for type paths
[INFO] [stderr]    |
[INFO] [stderr] 88 |     fn locked_state(&self) -> MutexGuard<'_, ConsumerStateInner<TPayload>> {
[INFO] [stderr]    |                                          +++
[INFO] [stderr] 
[INFO] [stderr] warning: hiding a lifetime that's elided elsewhere is confusing
[INFO] [stderr]    --> rust-arroyo/src/types/mod.rs:286:24
[INFO] [stderr]     |
[INFO] [stderr] 286 |     pub fn committable(&self) -> Committable {
[INFO] [stderr]     |                        ^^^^^     ^^^^^^^^^^^ the same lifetime is hidden here
[INFO] [stderr]     |                        |
[INFO] [stderr]     |                        the lifetime is elided here
[INFO] [stderr]     |
[INFO] [stderr]     = help: the same lifetime is referred to in inconsistent ways, making the signature confusing
[INFO] [stderr] help: use `'_` for type paths
[INFO] [stderr]     |
[INFO] [stderr] 286 |     pub fn committable(&self) -> Committable<'_> {
[INFO] [stderr]     |                                             ++++
[INFO] [stderr] 
[INFO] [stderr] warning: `sentry_arroyo` (lib) generated 2 warnings (run `cargo fix --lib -p sentry_arroyo` to apply 2 suggestions)
[INFO] [stderr] warning: `sentry_arroyo` (lib test) generated 2 warnings (2 duplicates)
[INFO] [stderr]     Finished `release` profile [optimized] target(s) in 0.17s
[INFO] [stderr]      Running unittests rust-arroyo/src/lib.rs (/opt/rustwide/target/release/deps/sentry_arroyo-012a0ee66e6ff4db)
[INFO] [stdout] 
[INFO] [stdout] running 104 tests
[INFO] [stdout] test backends::kafka::config_blob::tests::test_app_without_override_keeps_cluster_value ... ok
[INFO] [stdout] test backends::kafka::async_consumer::tests::test_strict_offset_reset_is_rejected ... ok
[INFO] [stdout] test backends::kafka::config_blob::tests::test_missing_env_var_is_rejected ... ok
[INFO] [stdout] test backends::kafka::config_blob::tests::test_unexpected_logical_topic_is_rejected ... ok
[INFO] [stdout] test backends::kafka::config_blob::tests::test_layers_cluster_topic_and_app_config ... ok
[INFO] [stdout] test backends::kafka::config_blob::tests::test_env_config_is_resolved_from_environment ... ok
[INFO] [stdout] test backends::kafka::config_blob::tests::test_unknown_cluster_is_rejected ... ok
[INFO] [stdout] test backends::kafka::config_blob::tests::test_matching_logical_topic_is_accepted ... ok
[INFO] [stdout] test backends::kafka::producer::statistics::tests::handles_empty_broker_stats ... ok
[INFO] [stdout] test backends::kafka::producer::statistics::tests::handles_no_brokers ... ok
[INFO] [stdout] test backends::kafka::producer::statistics::tests::handles_partial_metrics ... ok
[INFO] [stdout] test backends::kafka::producer::tests::test_invalid_async_producer_configuration_returns_error ... ok
[INFO] [stdout] test backends::kafka::config_blob::tests::test_malformed_blob_is_rejected ... ok
[INFO] [stdout] test backends::kafka::config::tests::test_build_consumer_configuration ... ok
[INFO] [stdout] test backends::kafka::config_blob::tests::test_unknown_topic_is_rejected ... ok
[INFO] [stdout] test backends::kafka::producer::tests::test_invalid_producer_configuration_returns_error ... ok
[INFO] [stdout] test backends::kafka::config_blob::tests::test_unknown_fields_are_tolerated ... ok
[INFO] [stdout] test backends::kafka::producer::statistics::tests::records_all_metrics ... ok
[INFO] [stdout] test backends::kafka::producer::tests::test_produce_record ... ok
[INFO] [stdout] test backends::kafka::producer::tests::test_delivery_callback_broker_error ... ok
[INFO] [stdout] test backends::kafka::producer::tests::test_async_producer ... ok
[INFO] [stdout] test backends::kafka::producer::tests::test_topic_validation_reused_producer ... ok
[INFO] [stdout] test backends::kafka::producer::tests::test_async_producer_with_error ... ok
[INFO] [stdout] test backends::kafka::producer::tests::test_async_enqueue_error_retains_queue_full_error ... ok
[INFO] [stdout] test backends::kafka::producer::tests::test_delivery_callback_success ... ok
[INFO] [stdout] test backends::kafka::producer::tests::test_sync_enqueue_error_retains_queue_full_error ... ok
[INFO] [stdout] test backends::kafka::reloading_producer::tests::test_buffer_full_is_reported_to_the_caller ... ok
[INFO] [stdout] test backends::kafka::producer::tests::test_producer ... ok
[INFO] [stdout] test backends::kafka::reloading_producer::tests::test_clones_share_one_client ... ok
[INFO] [stdout] test backends::kafka::producer::tests::test_topic_validation_existing_physical_topic ... ok
[INFO] [stdout] test backends::kafka::producer::tests::test_topic_validation_unknown_topic ... ok
[INFO] [stdout] test backends::kafka::reloading_producer::tests::test_ignoring_ordering_still_drains_the_retired_client ... ok
[INFO] [stdout] test backends::kafka::producer::tests::test_topic_validation_metadata_fetch_failure ... ok
[INFO] [stdout] test backends::kafka::reloading_producer::tests::test_produce_buffers_while_the_old_client_drains ... ok
[INFO] [stdout] test backends::kafka::reloading_producer::tests::test_config_rejected_by_rdkafka_keeps_the_running_client ... ok
[INFO] [stdout] test backends::kafka::reloading_producer::tests::test_reload_replaces_the_client ... ok
[INFO] [stdout] test backends::kafka::reloading_producer::tests::test_produce_works_across_a_reload ... ok
[INFO] [stdout] test backends::kafka::reloading_producer::tests::test_identical_config_does_not_swap ... ok
[INFO] [stdout] test backends::kafka::reloading_producer::tests::test_invalid_blob_keeps_the_running_client ... ok
[INFO] [stdout] test backends::kafka::reloading_producer::tests::test_revert_between_probe_and_install_cancels_the_swap ... ok
[INFO] [stdout] test backends::kafka::reloading_producer::tests::test_pending_config_replaced_before_pickup_is_dropped ... ok
[INFO] [stdout] test backends::kafka::reloading_producer::tests::test_failed_probe_is_superseded_by_a_good_config ... ok
[INFO] [stdout] test backends::kafka::tests::test_subscribe ... ok
[INFO] [stdout] test backends::kafka::reloading_producer::tests::test_worker_exits_when_handles_are_dropped ... ok
[INFO] [stdout] test backends::kafka::types::tests::test_headers ... ok
[INFO] [stdout] test backends::kafka::types::tests::test_kafka_payload ... ok
[INFO] [stdout] test backends::local::broker::tests::test_assignment ... ok
[INFO] [stdout] test backends::local::broker::tests::test_produce_consume ... ok
[INFO] [stdout] test backends::local::broker::tests::test_topic_creation ... ok
[INFO] [stdout] test backends::local::tests::test_commit ... ok
[INFO] [stdout] test backends::local::tests::test_consume ... ok
[INFO] [stdout] test backends::kafka::reloading_producer::tests::test_duplicate_push_does_not_swap_twice ... ok
[INFO] [stdout] test backends::local::tests::test_paused ... ok
[INFO] [stdout] test backends::local::tests::test_consumer_subscription ... ok
[INFO] [stdout] test backends::storages::memory::tests::create_manage_topic ... ok
[INFO] [stdout] test backends::local::tests::test_subscription_callback ... ok
[INFO] [stdout] test backends::storages::memory::tests::test_add_messages ... ok
[INFO] [stdout] test backends::storages::memory::tests::test_empty_partitions ... ok
[INFO] [stdout] test backends::storages::memory::tests::test_invalid_partition ... ok
[INFO] [stdout] test backends::storages::memory::tests::test_consume_empty ... ok
[INFO] [stdout] test backends::storages::memory::tests::test_mem_partition_count ... ok
[INFO] [stdout] test backends::storages::memory::tests::test_partition_count ... ok
[INFO] [stdout] test backends::storages::memory::tests::test_produce ... ok
[INFO] [stdout] test processing::dlq::tests::test_buffered_messages ... ok
[INFO] [stdout] test processing::dlq::tests::test_buffered_messages_limit ... ok
[INFO] [stdout] test backends::kafka::reloading_producer::tests::test_burst_collapses_to_one_swap ... ok
[INFO] [stdout] test processing::dlq::tests::test_dlq_limit_state ... ok
[INFO] [stdout] test processing::dlq::tests::test_dlq_policy_wrapper ... ok
[INFO] [stdout] test processing::dlq::tests::test_no_buffered_messages ... ok
[INFO] [stdout] test processing::dlq::tests::test_state_with_no_policy ... ok
[INFO] [stdout] test processing::dlq::tests::test_state_with_limited_dlq_policy ... ok
[INFO] [stdout] test processing::dlq::tests::test_dlq_policy_wrapper_limit_exceeded - should panic ... ok
[INFO] [stdout] test processing::dlq::tests::test_state_with_unlimited_dlq_policy ... ok
[INFO] [stdout] test processing::strategies::produce::tests::test_produce_local ... ok
[INFO] [stdout] test backends::kafka::reloading_producer::tests::test_retired_client_is_drained_exactly_once ... ok
[INFO] [stdout] test processing::strategies::reduce::tests::test_reduce_with_backpressure ... ok
[INFO] [stdout] test processing::strategies::reduce::tests::test_reduce_with_custom_batch_size ... ok
[INFO] [stdout] test processing::strategies::reduce::tests::test_reduce_with_zero_batch_size ... ok
[INFO] [stdout] test processing::strategies::reduce::tests::test_reduce_with_zero_batch_size_flush ... ok
[INFO] [stdout] test processing::strategies::reduce::tests::test_reduce ... ok
[INFO] [stdout] test processing::strategies::run_task::tests::test_run_task ... ok
[INFO] [stdout] test processing::strategies::run_task_in_threads::tests::test ... ok
[INFO] [stdout] test processing::strategies::tests::merge ... ok
[INFO] [stdout] test processing::tests::test_consume ... ok
[INFO] [stdout] test processing::tests::test_processor ... ok
[INFO] [stdout] test processing::tests::test_strategy_panic ... ok
[INFO] [stdout] test types::tests::broker_message_take ... ok
[INFO] [stdout] test types::tests::fmt_display ... ok
[INFO] [stdout] test types::tests::message ... ok
[INFO] [stdout] test backends::kafka::reloading_producer::tests::test_revert_cancels_an_in_flight_rollout ... ok
[INFO] [stdout] test processing::strategies::produce::tests::test_produce ... ok
[INFO] [stdout] test backends::kafka::reloading_producer::tests::test_old_queue_is_empty_when_the_swap_happens ... ok
[INFO] [stdout] test backends::kafka::reloading_producer::tests::test_revert_stops_the_probe_retry_loop ... ok
[INFO] [stdout] test processing::strategies::run_task_in_threads::tests::test_run_task_in_threads ... ok
[INFO] [stdout] test processing::strategies::commit_offsets::tests::test_commit_offsets ... ok
[INFO] [stdout] test backends::kafka::reloading_producer::tests::test_produce_does_not_wait_for_a_drain_that_never_finishes ... ok
[INFO] [stdout] test backends::kafka::producer::tests::test_delivery_callback_only_for_accepted_messages ... ok
[INFO] [stdout] test backends::kafka::async_consumer::tests::test_each_partition_has_its_own_queue has been running for over 60 seconds
[INFO] [stdout] test backends::kafka::async_consumer::tests::test_rebalance_splits_fresh_queues has been running for over 60 seconds
[INFO] [stdout] test backends::kafka::async_consumer::tests::test_stored_offsets_are_committed_on_shutdown has been running for over 60 seconds
[INFO] [stdout] test backends::kafka::async_consumer::tests::test_stored_offsets_are_committed_on_shutdown ... FAILED
[INFO] [stdout] test backends::kafka::async_consumer::tests::test_rebalance_splits_fresh_queues ... FAILED
[INFO] [stdout] test backends::kafka::async_consumer::tests::test_each_partition_has_its_own_queue ... FAILED
[INFO] [stdout] test backends::kafka::tests::test_commit has been running for over 60 seconds
[INFO] [stdout] test backends::kafka::tests::test_offset_reset_strict has been running for over 60 seconds
[INFO] [stdout] test backends::kafka::tests::test_pause has been running for over 60 seconds
[INFO] [stdout] test backends::kafka::tests::test_tell has been running for over 60 seconds
[INFO] [stdout] test backends::kafka::tests::test_commit ... FAILED
[INFO] [stdout] test backends::kafka::tests::test_offset_reset_strict ... FAILED
[INFO] [stdout] test backends::kafka::tests::test_pause ... FAILED
[INFO] [stdout] test backends::kafka::tests::test_tell ... FAILED
[INFO] [stdout] 
[INFO] [stdout] failures:
[INFO] [stdout] 
[INFO] [stdout] ---- backends::kafka::async_consumer::tests::test_stored_offsets_are_committed_on_shutdown stdout ----
[INFO] [stdout] 
[INFO] [stdout] thread 'backends::kafka::async_consumer::tests::test_stored_offsets_are_committed_on_shutdown' (2258) panicked at rust-arroyo/src/testutils.rs:76:10:
[INFO] [stdout] called `Result::unwrap()` on an `Err` value: KafkaError (Admin operation error: OperationTimedOut (Local: Timed out))
[INFO] [stdout] stack backtrace:
[INFO] [stdout]    0:     0x63670d733011 - <<std[70759c8f55707aa4]::sys::backtrace::BacktraceLock>::print::DisplayBacktrace as core[df12db4294e9bfd3]::fmt::Display>::fmt
[INFO] [stdout]    1:     0x63670d74936a - core[df12db4294e9bfd3]::fmt::write
[INFO] [stdout]    2:     0x63670d73769c - <alloc[2182bb758b4b3781]::vec::Vec<u8> as core[df12db4294e9bfd3]::io::write::Write>::write_fmt
[INFO] [stdout]    3:     0x63670d70ee76 - std[70759c8f55707aa4]::panicking::default_hook::{closure#0}
[INFO] [stdout]    4:     0x63670d72b2f9 - std[70759c8f55707aa4]::panicking::default_hook
[INFO] [stdout]    5:     0x63670d4f40a0 - test[9d35eded1c95d3be]::test_main_inner::<test[9d35eded1c95d3be]::test_main_static::{closure#0}>::{closure#0}
[INFO] [stdout]    6:     0x63670d72b622 - std[70759c8f55707aa4]::panicking::panic_with_hook
[INFO] [stdout]    7:     0x63670d70ef22 - std[70759c8f55707aa4]::panicking::panic_handler::{closure#0}
[INFO] [stdout]    8:     0x63670d707ca9 - std[70759c8f55707aa4]::sys::backtrace::__rust_end_short_backtrace::<std[70759c8f55707aa4]::panicking::panic_handler::{closure#0}, !>
[INFO] [stdout]    9:     0x63670d70fb1d - __rustc[8fa7c3cbc660c2b3]::rust_begin_unwind
[INFO] [stdout]   10:     0x63670d749acc - core[df12db4294e9bfd3]::panicking::panic_fmt
[INFO] [stdout]   11:     0x63670d7498a2 - core[df12db4294e9bfd3]::result::unwrap_failed
[INFO] [stdout]   12:     0x63670d42779d - sentry_arroyo[b043768f8de67a75]::testutils::create_topic::{closure#0}
[INFO] [stdout]   13:     0x63670d42184d - <tokio[dc8fbf125273c01]::runtime::park::CachedParkThread>::block_on::<sentry_arroyo[b043768f8de67a75]::testutils::create_topic::{closure#0}>
[INFO] [stdout]   14:     0x63670d46df1e - <tokio[dc8fbf125273c01]::runtime::runtime::Runtime>::block_on::<sentry_arroyo[b043768f8de67a75]::testutils::create_topic::{closure#0}>
[INFO] [stdout]   15:     0x63670d481dad - <sentry_arroyo[b043768f8de67a75]::testutils::TestTopic>::create_with_partitions
[INFO] [stdout]   16:     0x63670d48a303 - sentry_arroyo[b043768f8de67a75]::backends::kafka::async_consumer::tests::test_stored_offsets_are_committed_on_shutdown
[INFO] [stdout]   17:     0x63670d4b01a9 - <sentry_arroyo[b043768f8de67a75]::backends::kafka::async_consumer::tests::test_stored_offsets_are_committed_on_shutdown::{closure#0} as core[df12db4294e9bfd3]::ops::function::FnOnce<()>>::call_once
[INFO] [stdout]   18:     0x63670d4e738b - test[9d35eded1c95d3be]::__rust_begin_short_backtrace::<core[df12db4294e9bfd3]::result::Result<(), alloc[2182bb758b4b3781]::string::String>, fn() -> core[df12db4294e9bfd3]::result::Result<(), alloc[2182bb758b4b3781]::string::String>>
[INFO] [stdout]   19:     0x63670d4f49f5 - test[9d35eded1c95d3be]::run_test::{closure#0}
[INFO] [stdout]   20:     0x63670d4ee2b4 - std[70759c8f55707aa4]::sys::backtrace::__rust_begin_short_backtrace::<test[9d35eded1c95d3be]::run_test::{closure#1}, ()>
[INFO] [stdout]   21:     0x63670d4f7b52 - <std[70759c8f55707aa4]::thread::lifecycle::spawn_unchecked<test[9d35eded1c95d3be]::run_test::{closure#1}, ()>::{closure#1} as core[df12db4294e9bfd3]::ops::function::FnOnce<()>>::call_once::{shim:vtable#0}
[INFO] [stdout]   22:     0x63670d7328a9 - <std[70759c8f55707aa4]::sys::thread::unix::Thread>::new::thread_start
[INFO] [stdout]   23:     0x7392e147ddfa - <unknown>
[INFO] [stdout]   24:     0x7392e15113d4 - clone
[INFO] [stdout]   25:                0x0 - <unknown>
[INFO] [stdout] 
[INFO] [stdout] ---- backends::kafka::async_consumer::tests::test_rebalance_splits_fresh_queues stdout ----
[INFO] [stdout] 
[INFO] [stdout] thread 'backends::kafka::async_consumer::tests::test_rebalance_splits_fresh_queues' (2257) panicked at rust-arroyo/src/testutils.rs:76:10:
[INFO] [stdout] called `Result::unwrap()` on an `Err` value: KafkaError (Admin operation error: OperationTimedOut (Local: Timed out))
[INFO] [stdout] stack backtrace:
[INFO] [stdout]    0:     0x63670d733011 - <<std[70759c8f55707aa4]::sys::backtrace::BacktraceLock>::print::DisplayBacktrace as core[df12db4294e9bfd3]::fmt::Display>::fmt
[INFO] [stdout]    1:     0x63670d74936a - core[df12db4294e9bfd3]::fmt::write
[INFO] [stdout]    2:     0x63670d73769c - <alloc[2182bb758b4b3781]::vec::Vec<u8> as core[df12db4294e9bfd3]::io::write::Write>::write_fmt
[INFO] [stdout]    3:     0x63670d70ee76 - std[70759c8f55707aa4]::panicking::default_hook::{closure#0}
[INFO] [stdout]    4:     0x63670d72b2f9 - std[70759c8f55707aa4]::panicking::default_hook
[INFO] [stdout]    5:     0x63670d4f40a0 - test[9d35eded1c95d3be]::test_main_inner::<test[9d35eded1c95d3be]::test_main_static::{closure#0}>::{closure#0}
[INFO] [stdout]    6:     0x63670d72b622 - std[70759c8f55707aa4]::panicking::panic_with_hook
[INFO] [stdout]    7:     0x63670d70ef22 - std[70759c8f55707aa4]::panicking::panic_handler::{closure#0}
[INFO] [stdout]    8:     0x63670d707ca9 - std[70759c8f55707aa4]::sys::backtrace::__rust_end_short_backtrace::<std[70759c8f55707aa4]::panicking::panic_handler::{closure#0}, !>
[INFO] [stdout]    9:     0x63670d70fb1d - __rustc[8fa7c3cbc660c2b3]::rust_begin_unwind
[INFO] [stdout]   10:     0x63670d749acc - core[df12db4294e9bfd3]::panicking::panic_fmt
[INFO] [stdout]   11:     0x63670d7498a2 - core[df12db4294e9bfd3]::result::unwrap_failed
[INFO] [stdout]   12:     0x63670d42779d - sentry_arroyo[b043768f8de67a75]::testutils::create_topic::{closure#0}
[INFO] [stdout]   13:     0x63670d42184d - <tokio[dc8fbf125273c01]::runtime::park::CachedParkThread>::block_on::<sentry_arroyo[b043768f8de67a75]::testutils::create_topic::{closure#0}>
[INFO] [stdout]   14:     0x63670d46df1e - <tokio[dc8fbf125273c01]::runtime::runtime::Runtime>::block_on::<sentry_arroyo[b043768f8de67a75]::testutils::create_topic::{closure#0}>
[INFO] [stdout]   15:     0x63670d481dad - <sentry_arroyo[b043768f8de67a75]::testutils::TestTopic>::create_with_partitions
[INFO] [stdout]   16:     0x63670d489c83 - sentry_arroyo[b043768f8de67a75]::backends::kafka::async_consumer::tests::test_rebalance_splits_fresh_queues
[INFO] [stdout]   17:     0x63670d4b0149 - <sentry_arroyo[b043768f8de67a75]::backends::kafka::async_consumer::tests::test_rebalance_splits_fresh_queues::{closure#0} as core[df12db4294e9bfd3]::ops::function::FnOnce<()>>::call_once
[INFO] [stdout]   18:     0x63670d4e738b - test[9d35eded1c95d3be]::__rust_begin_short_backtrace::<core[df12db4294e9bfd3]::result::Result<(), alloc[2182bb758b4b3781]::string::String>, fn() -> core[df12db4294e9bfd3]::result::Result<(), alloc[2182bb758b4b3781]::string::String>>
[INFO] [stdout]   19:     0x63670d4f49f5 - test[9d35eded1c95d3be]::run_test::{closure#0}
[INFO] [stdout]   20:     0x63670d4ee2b4 - std[70759c8f55707aa4]::sys::backtrace::__rust_begin_short_backtrace::<test[9d35eded1c95d3be]::run_test::{closure#1}, ()>
[INFO] [stdout]   21:     0x63670d4f7b52 - <std[70759c8f55707aa4]::thread::lifecycle::spawn_unchecked<test[9d35eded1c95d3be]::run_test::{closure#1}, ()>::{closure#1} as core[df12db4294e9bfd3]::ops::function::FnOnce<()>>::call_once::{shim:vtable#0}
[INFO] [stdout]   22:     0x63670d7328a9 - <std[70759c8f55707aa4]::sys::thread::unix::Thread>::new::thread_start
[INFO] [stdout]   23:     0x7392e147ddfa - <unknown>
[INFO] [stdout]   24:     0x7392e15113d4 - clone
[INFO] [stdout]   25:                0x0 - <unknown>
[INFO] [stdout] 
[INFO] [stdout] ---- backends::kafka::async_consumer::tests::test_each_partition_has_its_own_queue stdout ----
[INFO] [stdout] 
[INFO] [stdout] thread 'backends::kafka::async_consumer::tests::test_each_partition_has_its_own_queue' (2256) panicked at rust-arroyo/src/testutils.rs:76:10:
[INFO] [stdout] called `Result::unwrap()` on an `Err` value: KafkaError (Admin operation error: OperationTimedOut (Local: Timed out))
[INFO] [stdout] stack backtrace:
[INFO] [stdout]    0:     0x63670d733011 - <<std[70759c8f55707aa4]::sys::backtrace::BacktraceLock>::print::DisplayBacktrace as core[df12db4294e9bfd3]::fmt::Display>::fmt
[INFO] [stdout]    1:     0x63670d74936a - core[df12db4294e9bfd3]::fmt::write
[INFO] [stdout]    2:     0x63670d73769c - <alloc[2182bb758b4b3781]::vec::Vec<u8> as core[df12db4294e9bfd3]::io::write::Write>::write_fmt
[INFO] [stdout]    3:     0x63670d70ee76 - std[70759c8f55707aa4]::panicking::default_hook::{closure#0}
[INFO] [stdout]    4:     0x63670d72b2f9 - std[70759c8f55707aa4]::panicking::default_hook
[INFO] [stdout]    5:     0x63670d4f40a0 - test[9d35eded1c95d3be]::test_main_inner::<test[9d35eded1c95d3be]::test_main_static::{closure#0}>::{closure#0}
[INFO] [stdout]    6:     0x63670d72b622 - std[70759c8f55707aa4]::panicking::panic_with_hook
[INFO] [stdout]    7:     0x63670d70ef22 - std[70759c8f55707aa4]::panicking::panic_handler::{closure#0}
[INFO] [stdout]    8:     0x63670d707ca9 - std[70759c8f55707aa4]::sys::backtrace::__rust_end_short_backtrace::<std[70759c8f55707aa4]::panicking::panic_handler::{closure#0}, !>
[INFO] [stdout]    9:     0x63670d70fb1d - __rustc[8fa7c3cbc660c2b3]::rust_begin_unwind
[INFO] [stdout]   10:     0x63670d749acc - core[df12db4294e9bfd3]::panicking::panic_fmt
[INFO] [stdout]   11:     0x63670d7498a2 - core[df12db4294e9bfd3]::result::unwrap_failed
[INFO] [stdout]   12:     0x63670d42779d - sentry_arroyo[b043768f8de67a75]::testutils::create_topic::{closure#0}
[INFO] [stdout]   13:     0x63670d42184d - <tokio[dc8fbf125273c01]::runtime::park::CachedParkThread>::block_on::<sentry_arroyo[b043768f8de67a75]::testutils::create_topic::{closure#0}>
[INFO] [stdout]   14:     0x63670d46df1e - <tokio[dc8fbf125273c01]::runtime::runtime::Runtime>::block_on::<sentry_arroyo[b043768f8de67a75]::testutils::create_topic::{closure#0}>
[INFO] [stdout]   15:     0x63670d481dad - <sentry_arroyo[b043768f8de67a75]::testutils::TestTopic>::create_with_partitions
[INFO] [stdout]   16:     0x63670d48a113 - sentry_arroyo[b043768f8de67a75]::backends::kafka::async_consumer::tests::test_each_partition_has_its_own_queue
[INFO] [stdout]   17:     0x63670d4b0189 - <sentry_arroyo[b043768f8de67a75]::backends::kafka::async_consumer::tests::test_each_partition_has_its_own_queue::{closure#0} as core[df12db4294e9bfd3]::ops::function::FnOnce<()>>::call_once
[INFO] [stdout]   18:     0x63670d4e738b - test[9d35eded1c95d3be]::__rust_begin_short_backtrace::<core[df12db4294e9bfd3]::result::Result<(), alloc[2182bb758b4b3781]::string::String>, fn() -> core[df12db4294e9bfd3]::result::Result<(), alloc[2182bb758b4b3781]::string::String>>
[INFO] [stdout]   19:     0x63670d4f49f5 - test[9d35eded1c95d3be]::run_test::{closure#0}
[INFO] [stdout]   20:     0x63670d4ee2b4 - std[70759c8f55707aa4]::sys::backtrace::__rust_begin_short_backtrace::<test[9d35eded1c95d3be]::run_test::{closure#1}, ()>
[INFO] [stdout]   21:     0x63670d4f7b52 - <std[70759c8f55707aa4]::thread::lifecycle::spawn_unchecked<test[9d35eded1c95d3be]::run_test::{closure#1}, ()>::{closure#1} as core[df12db4294e9bfd3]::ops::function::FnOnce<()>>::call_once::{shim:vtable#0}
[INFO] [stdout]   22:     0x63670d7328a9 - <std[70759c8f55707aa4]::sys::thread::unix::Thread>::new::thread_start
[INFO] [stdout]   23:     0x7392e147ddfa - <unknown>
[INFO] [stdout]   24:     0x7392e15113d4 - clone
[INFO] [stdout]   25:                0x0 - <unknown>
[INFO] [stdout] 
[INFO] [stdout] ---- backends::kafka::tests::test_commit stdout ----
[INFO] [stdout] 
[INFO] [stdout] thread 'backends::kafka::tests::test_commit' (2754) panicked at rust-arroyo/src/testutils.rs:76:10:
[INFO] [stdout] called `Result::unwrap()` on an `Err` value: KafkaError (Admin operation error: OperationTimedOut (Local: Timed out))
[INFO] [stdout] stack backtrace:
[INFO] [stdout]    0:     0x63670d733011 - <<std[70759c8f55707aa4]::sys::backtrace::BacktraceLock>::print::DisplayBacktrace as core[df12db4294e9bfd3]::fmt::Display>::fmt
[INFO] [stdout]    1:     0x63670d74936a - core[df12db4294e9bfd3]::fmt::write
[INFO] [stdout]    2:     0x63670d73769c - <alloc[2182bb758b4b3781]::vec::Vec<u8> as core[df12db4294e9bfd3]::io::write::Write>::write_fmt
[INFO] [stdout]    3:     0x63670d70ee76 - std[70759c8f55707aa4]::panicking::default_hook::{closure#0}
[INFO] [stdout]    4:     0x63670d72b2f9 - std[70759c8f55707aa4]::panicking::default_hook
[INFO] [stdout]    5:     0x63670d4f40a0 - test[9d35eded1c95d3be]::test_main_inner::<test[9d35eded1c95d3be]::test_main_static::{closure#0}>::{closure#0}
[INFO] [stdout]    6:     0x63670d72b622 - std[70759c8f55707aa4]::panicking::panic_with_hook
[INFO] [stdout]    7:     0x63670d70ef22 - std[70759c8f55707aa4]::panicking::panic_handler::{closure#0}
[INFO] [stdout]    8:     0x63670d707ca9 - std[70759c8f55707aa4]::sys::backtrace::__rust_end_short_backtrace::<std[70759c8f55707aa4]::panicking::panic_handler::{closure#0}, !>
[INFO] [stdout]    9:     0x63670d70fb1d - __rustc[8fa7c3cbc660c2b3]::rust_begin_unwind
[INFO] [stdout]   10:     0x63670d749acc - core[df12db4294e9bfd3]::panicking::panic_fmt
[INFO] [stdout]   11:     0x63670d7498a2 - core[df12db4294e9bfd3]::result::unwrap_failed
[INFO] [stdout]   12:     0x63670d42779d - sentry_arroyo[b043768f8de67a75]::testutils::create_topic::{closure#0}
[INFO] [stdout]   13:     0x63670d42184d - <tokio[dc8fbf125273c01]::runtime::park::CachedParkThread>::block_on::<sentry_arroyo[b043768f8de67a75]::testutils::create_topic::{closure#0}>
[INFO] [stdout]   14:     0x63670d46df1e - <tokio[dc8fbf125273c01]::runtime::runtime::Runtime>::block_on::<sentry_arroyo[b043768f8de67a75]::testutils::create_topic::{closure#0}>
[INFO] [stdout]   15:     0x63670d481dad - <sentry_arroyo[b043768f8de67a75]::testutils::TestTopic>::create_with_partitions
[INFO] [stdout]   16:     0x63670d48474f - sentry_arroyo[b043768f8de67a75]::backends::kafka::tests::test_commit
[INFO] [stdout]   17:     0x63670d4aca69 - <sentry_arroyo[b043768f8de67a75]::backends::kafka::tests::test_commit::{closure#0} as core[df12db4294e9bfd3]::ops::function::FnOnce<()>>::call_once
[INFO] [stdout]   18:     0x63670d4e738b - test[9d35eded1c95d3be]::__rust_begin_short_backtrace::<core[df12db4294e9bfd3]::result::Result<(), alloc[2182bb758b4b3781]::string::String>, fn() -> core[df12db4294e9bfd3]::result::Result<(), alloc[2182bb758b4b3781]::string::String>>
[INFO] [stdout]   19:     0x63670d4f49f5 - test[9d35eded1c95d3be]::run_test::{closure#0}
[INFO] [stdout]   20:     0x63670d4ee2b4 - std[70759c8f55707aa4]::sys::backtrace::__rust_begin_short_backtrace::<test[9d35eded1c95d3be]::run_test::{closure#1}, ()>
[INFO] [stdout]   21:     0x63670d4f7b52 - <std[70759c8f55707aa4]::thread::lifecycle::spawn_unchecked<test[9d35eded1c95d3be]::run_test::{closure#1}, ()>::{closure#1} as core[df12db4294e9bfd3]::ops::function::FnOnce<()>>::call_once::{shim:vtable#0}
[INFO] [stdout]   22:     0x63670d7328a9 - <std[70759c8f55707aa4]::sys::thread::unix::Thread>::new::thread_start
[INFO] [stdout]   23:     0x7392e147ddfa - <unknown>
[INFO] [stdout]   24:     0x7392e15113d4 - clone
[INFO] [stdout]   25:                0x0 - <unknown>
[INFO] [stdout] 
[INFO] [stdout] ---- backends::kafka::tests::test_offset_reset_strict stdout ----
[INFO] [stdout] 
[INFO] [stdout] thread 'backends::kafka::tests::test_offset_reset_strict' (2783) panicked at rust-arroyo/src/testutils.rs:76:10:
[INFO] [stdout] called `Result::unwrap()` on an `Err` value: KafkaError (Admin operation error: OperationTimedOut (Local: Timed out))
[INFO] [stdout] stack backtrace:
[INFO] [stdout]    0:     0x63670d733011 - <<std[70759c8f55707aa4]::sys::backtrace::BacktraceLock>::print::DisplayBacktrace as core[df12db4294e9bfd3]::fmt::Display>::fmt
[INFO] [stdout]    1:     0x63670d74936a - core[df12db4294e9bfd3]::fmt::write
[INFO] [stdout]    2:     0x63670d73769c - <alloc[2182bb758b4b3781]::vec::Vec<u8> as core[df12db4294e9bfd3]::io::write::Write>::write_fmt
[INFO] [stdout]    3:     0x63670d70ee76 - std[70759c8f55707aa4]::panicking::default_hook::{closure#0}
[INFO] [stdout]    4:     0x63670d72b2f9 - std[70759c8f55707aa4]::panicking::default_hook
[INFO] [stdout]    5:     0x63670d4f40a0 - test[9d35eded1c95d3be]::test_main_inner::<test[9d35eded1c95d3be]::test_main_static::{closure#0}>::{closure#0}
[INFO] [stdout]    6:     0x63670d72b622 - std[70759c8f55707aa4]::panicking::panic_with_hook
[INFO] [stdout]    7:     0x63670d70ef22 - std[70759c8f55707aa4]::panicking::panic_handler::{closure#0}
[INFO] [stdout]    8:     0x63670d707ca9 - std[70759c8f55707aa4]::sys::backtrace::__rust_end_short_backtrace::<std[70759c8f55707aa4]::panicking::panic_handler::{closure#0}, !>
[INFO] [stdout]    9:     0x63670d70fb1d - __rustc[8fa7c3cbc660c2b3]::rust_begin_unwind
[INFO] [stdout]   10:     0x63670d749acc - core[df12db4294e9bfd3]::panicking::panic_fmt
[INFO] [stdout]   11:     0x63670d7498a2 - core[df12db4294e9bfd3]::result::unwrap_failed
[INFO] [stdout]   12:     0x63670d42779d - sentry_arroyo[b043768f8de67a75]::testutils::create_topic::{closure#0}
[INFO] [stdout]   13:     0x63670d42184d - <tokio[dc8fbf125273c01]::runtime::park::CachedParkThread>::block_on::<sentry_arroyo[b043768f8de67a75]::testutils::create_topic::{closure#0}>
[INFO] [stdout]   14:     0x63670d46df1e - <tokio[dc8fbf125273c01]::runtime::runtime::Runtime>::block_on::<sentry_arroyo[b043768f8de67a75]::testutils::create_topic::{closure#0}>
[INFO] [stdout]   15:     0x63670d481dad - <sentry_arroyo[b043768f8de67a75]::testutils::TestTopic>::create_with_partitions
[INFO] [stdout]   16:     0x63670d48541f - sentry_arroyo[b043768f8de67a75]::backends::kafka::tests::test_offset_reset_strict
[INFO] [stdout]   17:     0x63670d4acaa9 - <sentry_arroyo[b043768f8de67a75]::backends::kafka::tests::test_offset_reset_strict::{closure#0} as core[df12db4294e9bfd3]::ops::function::FnOnce<()>>::call_once
[INFO] [stdout]   18:     0x63670d4e738b - test[9d35eded1c95d3be]::__rust_begin_short_backtrace::<core[df12db4294e9bfd3]::result::Result<(), alloc[2182bb758b4b3781]::string::String>, fn() -> core[df12db4294e9bfd3]::result::Result<(), alloc[2182bb758b4b3781]::string::String>>
[INFO] [stdout]   19:     0x63670d4f49f5 - test[9d35eded1c95d3be]::run_test::{closure#0}
[INFO] [stdout]   20:     0x63670d4ee2b4 - std[70759c8f55707aa4]::sys::backtrace::__rust_begin_short_backtrace::<test[9d35eded1c95d3be]::run_test::{closure#1}, ()>
[INFO] [stdout]   21:     0x63670d4f7b52 - <std[70759c8f55707aa4]::thread::lifecycle::spawn_unchecked<test[9d35eded1c95d3be]::run_test::{closure#1}, ()>::{closure#1} as core[df12db4294e9bfd3]::ops::function::FnOnce<()>>::call_once::{shim:vtable#0}
[INFO] [stdout]   22:     0x63670d7328a9 - <std[70759c8f55707aa4]::sys::thread::unix::Thread>::new::thread_start
[INFO] [stdout]   23:     0x7392e147ddfa - <unknown>
[INFO] [stdout]   24:     0x7392e15113d4 - clone
[INFO] [stdout]   25:                0x0 - <unknown>
[INFO] [stdout] 
[INFO] [stdout] ---- backends::kafka::tests::test_pause stdout ----
[INFO] [stdout] 
[INFO] [stdout] thread 'backends::kafka::tests::test_pause' (2804) panicked at rust-arroyo/src/testutils.rs:76:10:
[INFO] [stdout] called `Result::unwrap()` on an `Err` value: KafkaError (Admin operation error: OperationTimedOut (Local: Timed out))
[INFO] [stdout] stack backtrace:
[INFO] [stdout]    0:     0x63670d733011 - <<std[70759c8f55707aa4]::sys::backtrace::BacktraceLock>::print::DisplayBacktrace as core[df12db4294e9bfd3]::fmt::Display>::fmt
[INFO] [stdout]    1:     0x63670d74936a - core[df12db4294e9bfd3]::fmt::write
[INFO] [stdout]    2:     0x63670d73769c - <alloc[2182bb758b4b3781]::vec::Vec<u8> as core[df12db4294e9bfd3]::io::write::Write>::write_fmt
[INFO] [stdout]    3:     0x63670d70ee76 - std[70759c8f55707aa4]::panicking::default_hook::{closure#0}
[INFO] [stdout]    4:     0x63670d72b2f9 - std[70759c8f55707aa4]::panicking::default_hook
[INFO] [stdout]    5:     0x63670d4f40a0 - test[9d35eded1c95d3be]::test_main_inner::<test[9d35eded1c95d3be]::test_main_static::{closure#0}>::{closure#0}
[INFO] [stdout]    6:     0x63670d72b622 - std[70759c8f55707aa4]::panicking::panic_with_hook
[INFO] [stdout]    7:     0x63670d70ef22 - std[70759c8f55707aa4]::panicking::panic_handler::{closure#0}
[INFO] [stdout]    8:     0x63670d707ca9 - std[70759c8f55707aa4]::sys::backtrace::__rust_end_short_backtrace::<std[70759c8f55707aa4]::panicking::panic_handler::{closure#0}, !>
[INFO] [stdout]    9:     0x63670d70fb1d - __rustc[8fa7c3cbc660c2b3]::rust_begin_unwind
[INFO] [stdout]   10:     0x63670d749acc - core[df12db4294e9bfd3]::panicking::panic_fmt
[INFO] [stdout]   11:     0x63670d7498a2 - core[df12db4294e9bfd3]::result::unwrap_failed
[INFO] [stdout]   12:     0x63670d42779d - sentry_arroyo[b043768f8de67a75]::testutils::create_topic::{closure#0}
[INFO] [stdout]   13:     0x63670d42184d - <tokio[dc8fbf125273c01]::runtime::park::CachedParkThread>::block_on::<sentry_arroyo[b043768f8de67a75]::testutils::create_topic::{closure#0}>
[INFO] [stdout]   14:     0x63670d46df1e - <tokio[dc8fbf125273c01]::runtime::runtime::Runtime>::block_on::<sentry_arroyo[b043768f8de67a75]::testutils::create_topic::{closure#0}>
[INFO] [stdout]   15:     0x63670d481dad - <sentry_arroyo[b043768f8de67a75]::testutils::TestTopic>::create_with_partitions
[INFO] [stdout]   16:     0x63670d4828ef - sentry_arroyo[b043768f8de67a75]::backends::kafka::tests::test_pause
[INFO] [stdout]   17:     0x63670d4aca49 - <sentry_arroyo[b043768f8de67a75]::backends::kafka::tests::test_pause::{closure#0} as core[df12db4294e9bfd3]::ops::function::FnOnce<()>>::call_once
[INFO] [stdout]   18:     0x63670d4e738b - test[9d35eded1c95d3be]::__rust_begin_short_backtrace::<core[df12db4294e9bfd3]::result::Result<(), alloc[2182bb758b4b3781]::string::String>, fn() -> core[df12db4294e9bfd3]::result::Result<(), alloc[2182bb758b4b3781]::string::String>>
[INFO] [stdout]   19:     0x63670d4f49f5 - test[9d35eded1c95d3be]::run_test::{closure#0}
[INFO] [stdout]   20:     0x63670d4ee2b4 - std[70759c8f55707aa4]::sys::backtrace::__rust_begin_short_backtrace::<test[9d35eded1c95d3be]::run_test::{closure#1}, ()>
[INFO] [stdout]   21:     0x63670d4f7b52 - <std[70759c8f55707aa4]::thread::lifecycle::spawn_unchecked<test[9d35eded1c95d3be]::run_test::{closure#1}, ()>::{closure#1} as core[df12db4294e9bfd3]::ops::function::FnOnce<()>>::call_once::{shim:vtable#0}
[INFO] [stdout]   22:     0x63670d7328a9 - <std[70759c8f55707aa4]::sys::thread::unix::Thread>::new::thread_start
[INFO] [stdout]   23:     0x7392e147ddfa - <unknown>
[INFO] [stdout]   24:     0x7392e15113d4 - clone
[INFO] [stdout]   25:                0x0 - <unknown>
[INFO] [stdout] 
[INFO] [stdout] ---- backends::kafka::tests::test_tell stdout ----
[INFO] [stdout] 
[INFO] [stdout] thread 'backends::kafka::tests::test_tell' (2835) panicked at rust-arroyo/src/testutils.rs:76:10:
[INFO] [stdout] called `Result::unwrap()` on an `Err` value: KafkaError (Admin operation error: OperationTimedOut (Local: Timed out))
[INFO] [stdout] stack backtrace:
[INFO] [stdout]    0:     0x63670d733011 - <<std[70759c8f55707aa4]::sys::backtrace::BacktraceLock>::print::DisplayBacktrace as core[df12db4294e9bfd3]::fmt::Display>::fmt
[INFO] [stdout]    1:     0x63670d74936a - core[df12db4294e9bfd3]::fmt::write
[INFO] [stdout]    2:     0x63670d73769c - <alloc[2182bb758b4b3781]::vec::Vec<u8> as core[df12db4294e9bfd3]::io::write::Write>::write_fmt
[INFO] [stdout]    3:     0x63670d70ee76 - std[70759c8f55707aa4]::panicking::default_hook::{closure#0}
[INFO] [stdout]    4:     0x63670d72b2f9 - std[70759c8f55707aa4]::panicking::default_hook
[INFO] [stdout]    5:     0x63670d4f40a0 - test[9d35eded1c95d3be]::test_main_inner::<test[9d35eded1c95d3be]::test_main_static::{closure#0}>::{closure#0}
[INFO] [stdout]    6:     0x63670d72b622 - std[70759c8f55707aa4]::panicking::panic_with_hook
[INFO] [stdout]    7:     0x63670d70ef22 - std[70759c8f55707aa4]::panicking::panic_handler::{closure#0}
[INFO] [stdout]    8:     0x63670d707ca9 - std[70759c8f55707aa4]::sys::backtrace::__rust_end_short_backtrace::<std[70759c8f55707aa4]::panicking::panic_handler::{closure#0}, !>
[INFO] [stdout]    9:     0x63670d70fb1d - __rustc[8fa7c3cbc660c2b3]::rust_begin_unwind
[INFO] [stdout]   10:     0x63670d749acc - core[df12db4294e9bfd3]::panicking::panic_fmt
[INFO] [stdout]   11:     0x63670d7498a2 - core[df12db4294e9bfd3]::result::unwrap_failed
[INFO] [stdout]   12:     0x63670d42779d - sentry_arroyo[b043768f8de67a75]::testutils::create_topic::{closure#0}
[INFO] [stdout]   13:     0x63670d42184d - <tokio[dc8fbf125273c01]::runtime::park::CachedParkThread>::block_on::<sentry_arroyo[b043768f8de67a75]::testutils::create_topic::{closure#0}>
[INFO] [stdout]   14:     0x63670d46df1e - <tokio[dc8fbf125273c01]::runtime::runtime::Runtime>::block_on::<sentry_arroyo[b043768f8de67a75]::testutils::create_topic::{closure#0}>
[INFO] [stdout]   15:     0x63670d481dad - <sentry_arroyo[b043768f8de67a75]::testutils::TestTopic>::create_with_partitions
[INFO] [stdout]   16:     0x63670d4864af - sentry_arroyo[b043768f8de67a75]::backends::kafka::tests::test_tell
[INFO] [stdout]   17:     0x63670d4acac9 - <sentry_arroyo[b043768f8de67a75]::backends::kafka::tests::test_tell::{closure#0} as core[df12db4294e9bfd3]::ops::function::FnOnce<()>>::call_once
[INFO] [stdout]   18:     0x63670d4e738b - test[9d35eded1c95d3be]::__rust_begin_short_backtrace::<core[df12db4294e9bfd3]::result::Result<(), alloc[2182bb758b4b3781]::string::String>, fn() -> core[df12db4294e9bfd3]::result::Result<(), alloc[2182bb758b4b3781]::string::String>>
[INFO] [stdout]   19:     0x63670d4f49f5 - test[9d35eded1c95d3be]::run_test::{closure#0}
[INFO] [stdout]   20:     0x63670d4ee2b4 - std[70759c8f55707aa4]::sys::backtrace::__rust_begin_short_backtrace::<test[9d35eded1c95d3be]::run_test::{closure#1}, ()>
[INFO] [stdout]   21:     0x63670d4f7b52 - <std[70759c8f55707aa4]::thread::lifecycle::spawn_unchecked<test[9d35eded1c95d3be]::run_test::{closure#1}, ()>::{closure#1} as core[df12db4294e9bfd3]::ops::function::FnOnce<()>>::call_once::{shim:vtable#0}
[INFO] [stdout]   22:     0x63670d7328a9 - <std[70759c8f55707aa4]::sys::thread::unix::Thread>::new::thread_start
[INFO] [stdout]   23:     0x7392e147ddfa - <unknown>
[INFO] [stdout]   24:     0x7392e15113d4 - clone
[INFO] [stdout]   25:                0x0 - <unknown>
[INFO] [stdout] 
[INFO] [stdout] 
[INFO] [stdout] failures:
[INFO] [stdout]     backends::kafka::async_consumer::tests::test_each_partition_has_its_own_queue
[INFO] [stdout]     backends::kafka::async_consumer::tests::test_rebalance_splits_fresh_queues
[INFO] [stdout]     backends::kafka::async_consumer::tests::test_stored_offsets_are_committed_on_shutdown
[INFO] [stdout]     backends::kafka::tests::test_commit
[INFO] [stdout]     backends::kafka::tests::test_offset_reset_strict
[INFO] [stdout]     backends::kafka::tests::test_pause
[INFO] [stdout]     backends::kafka::tests::test_tell
[INFO] [stdout] 
[INFO] [stdout] test result: FAILED. 97 passed; 7 failed; 0 ignored; 0 measured; 0 filtered out; finished in 60.77s
[INFO] [stdout] 
[INFO] [stderr] error: test failed, to rerun pass `--lib`
[INFO] running `Command { std: "docker" "inspect" "4e918e77c6db41eae90891616d09d0b7117c76688c4c784d5877efe6032b5f4d", kill_on_drop: false }`
[INFO] running `Command { std: "docker" "rm" "-f" "4e918e77c6db41eae90891616d09d0b7117c76688c4c784d5877efe6032b5f4d", kill_on_drop: false }`
[INFO] [stdout] 4e918e77c6db41eae90891616d09d0b7117c76688c4c784d5877efe6032b5f4d
