[INFO] fetching crate sentry-options 1.2.16...
[INFO] testing sentry-options-1.2.16 against 1.99.0-beta.8+cargoflags=--release for beta-release-1.100-2
[INFO] extracting crate sentry-options 1.2.16 into /workspace/builds/worker-7-tc1/source
[INFO] started tweaking crates.io crate sentry-options 1.2.16
[INFO] removed 0 missing tests
[INFO] finished tweaking crates.io crate sentry-options 1.2.16
[INFO] tweaked toml for crates.io crate sentry-options 1.2.16 written to /workspace/builds/worker-7-tc1/source/Cargo.toml
[INFO] validating manifest of crates.io crate sentry-options 1.2.16 on toolchain 1.99.0-beta.8
[INFO] running `Command { std: CARGO_HOME="/workspace/cargo-home" RUSTUP_HOME="/workspace/rustup-home" "/workspace/cargo-home/bin/cargo" "+1.99.0-beta.8" "metadata" "--manifest-path" "Cargo.toml" "--no-deps", kill_on_drop: false }`
[INFO] crate crates.io crate sentry-options 1.2.16 already has a lockfile, it will not be regenerated
[INFO] running `Command { std: CARGO_HOME="/workspace/cargo-home" RUSTUP_HOME="/workspace/rustup-home" "/workspace/cargo-home/bin/cargo" "+1.99.0-beta.8" "fetch" "--manifest-path" "Cargo.toml", kill_on_drop: false }`
[INFO] [stderr]     Updating crates.io index
[INFO] [stderr]  Downloading crates ...
[INFO] [stderr]   Downloaded wasm-bindgen-futures v0.4.55
[INFO] [stderr]   Downloaded sentry-options-validation v1.2.16
[INFO] [stderr]   Downloaded jsonschema v0.36.0
[INFO] [stderr]   Downloaded referencing v0.36.0
[INFO] [stderr]   Downloaded syn v2.0.110
[INFO] [stderr]   Downloaded hyper-util v0.1.18
[INFO] [stderr]   Downloaded web-sys v0.3.82
[INFO] running `Command { std: "docker" "create" "-v" "/var/lib/crater-agent-workspace/builds/worker-7-tc1/source:/opt/rustwide/workdir:ro,Z" "-v" "/var/lib/crater-agent-workspace/builds/worker-7-tc1/target:/opt/rustwide/target:rw,Z" "-v" "/var/lib/crater-agent-workspace/cargo-home:/opt/rustwide/cargo-home:ro,Z" "-v" "/var/lib/crater-agent-workspace/rustup-home:/opt/rustwide/rustup-home:ro,Z" "-m" "1610612736" "--network" "none" "ghcr.io/rust-lang/crates-build-env/linux@sha256:77db811e55d90add9212f6832c23229e3de5f1c1f9905e8cb07319ea15df73ac" "sleep" "infinity", kill_on_drop: false }`
[INFO] [stdout] a7d38db1ccc2c3178ffbe536397d674c920b05ac7b07fd1f4deadb18c1661dcf
[INFO] running `Command { std: "docker" "start" "a7d38db1ccc2c3178ffbe536397d674c920b05ac7b07fd1f4deadb18c1661dcf", kill_on_drop: false }`
[INFO] running `Command { std: "docker" "inspect" "a7d38db1ccc2c3178ffbe536397d674c920b05ac7b07fd1f4deadb18c1661dcf", kill_on_drop: false }`
[INFO] running `Command { std: "docker" "exec" "-e" "SOURCE_DIR=/opt/rustwide/workdir" "-e" "CARGO_HOME=/opt/rustwide/cargo-home" "-e" "RUSTUP_HOME=/opt/rustwide/rustup-home" "-e" "CARGO_TARGET_DIR=/opt/rustwide/target" "-w" "/opt/rustwide/workdir" "--user" "0:0" "a7d38db1ccc2c3178ffbe536397d674c920b05ac7b07fd1f4deadb18c1661dcf" "/opt/rustwide/cargo-home/bin/cargo" "+1.99.0-beta.8" "metadata" "--no-deps" "--format-version=1", kill_on_drop: false }`
[INFO] running `Command { std: "docker" "inspect" "a7d38db1ccc2c3178ffbe536397d674c920b05ac7b07fd1f4deadb18c1661dcf", kill_on_drop: false }`
[INFO] running `Command { std: "docker" "exec" "-e" "SOURCE_DIR=/opt/rustwide/workdir" "-e" "CARGO_HOME=/opt/rustwide/cargo-home" "-e" "RUSTUP_HOME=/opt/rustwide/rustup-home" "-e" "CARGO_TARGET_DIR=/opt/rustwide/target" "-e" "CARGO_INCREMENTAL=0" "-e" "RUST_BACKTRACE=full" "-e" "RUSTFLAGS=--cap-lints=warn" "-e" "RUSTDOCFLAGS=--cap-lints=warn" "-w" "/opt/rustwide/workdir" "--user" "0:0" "a7d38db1ccc2c3178ffbe536397d674c920b05ac7b07fd1f4deadb18c1661dcf" "/opt/rustwide/cargo-home/bin/cargo" "+1.99.0-beta.8" "build" "--frozen" "--message-format=json" "--release", kill_on_drop: false }`
[INFO] [stderr]    Compiling syn v2.0.110
[INFO] [stderr]    Compiling num-traits v0.2.19
[INFO] [stderr]    Compiling icu_properties_data v2.1.1
[INFO] [stderr]    Compiling http v1.3.1
[INFO] [stderr]    Compiling futures-util v0.3.31
[INFO] [stderr]    Compiling ref-cast v1.0.25
[INFO] [stderr]    Compiling zerocopy v0.8.27
[INFO] [stderr]    Compiling getrandom v0.3.4
[INFO] [stderr]    Compiling tokio v1.48.0
[INFO] [stderr]    Compiling futures-channel v0.3.31
[INFO] [stderr]    Compiling sync_wrapper v1.0.2
[INFO] [stderr]    Compiling parking_lot_core v0.9.12
[INFO] [stderr]    Compiling regex-automata v0.4.13
[INFO] [stderr]    Compiling ahash v0.8.12
[INFO] [stderr]    Compiling ipnet v2.11.0
[INFO] [stderr]    Compiling rustix v1.1.2
[INFO] [stderr]    Compiling unicode-general-category v1.1.0
[INFO] [stderr]    Compiling iri-string v0.7.9
[INFO] [stderr]    Compiling hashbrown v0.16.0
[INFO] [stderr]    Compiling vsimd v0.8.0
[INFO] [stderr]    Compiling linux-raw-sys v0.11.0
[INFO] [stderr]    Compiling outref v0.5.2
[INFO] [stderr]    Compiling bytecount v0.6.9
[INFO] [stderr]    Compiling parking_lot v0.12.5
[INFO] [stderr]    Compiling num-cmp v0.1.0
[INFO] [stderr]    Compiling arc-swap v1.9.1
[INFO] [stderr]    Compiling uuid-simd v0.8.0
[INFO] [stderr]    Compiling num-integer v0.1.46
[INFO] [stderr]    Compiling num-complex v0.4.6
[INFO] [stderr]    Compiling chrono v0.4.45
[INFO] [stderr]    Compiling num-bigint v0.4.6
[INFO] [stderr]    Compiling num-iter v0.1.45
[INFO] [stderr]    Compiling http-body v1.0.1
[INFO] [stderr]    Compiling http-body-util v0.1.3
[INFO] [stderr]    Compiling tempfile v3.23.0
[INFO] [stderr]    Compiling num-rational v0.4.2
[INFO] [stderr]    Compiling num v0.4.3
[INFO] [stderr]    Compiling fraction v0.15.3
[INFO] [stderr]    Compiling tower v0.5.2
[INFO] [stderr]    Compiling hyper v1.8.1
[INFO] [stderr]    Compiling synstructure v0.13.2
[INFO] [stderr]    Compiling tower-http v0.6.8
[INFO] [stderr]    Compiling zerofrom-derive v0.1.6
[INFO] [stderr]    Compiling yoke-derive v0.8.1
[INFO] [stderr]    Compiling zerovec-derive v0.11.2
[INFO] [stderr]    Compiling displaydoc v0.2.5
[INFO] [stderr]    Compiling serde_derive v1.0.228
[INFO] [stderr]    Compiling tracing-attributes v0.1.31
[INFO] [stderr]    Compiling ref-cast-impl v1.0.25
[INFO] [stderr]    Compiling thiserror-impl v2.0.17
[INFO] [stderr]    Compiling fancy-regex v0.16.2
[INFO] [stderr]    Compiling regex v1.12.2
[INFO] [stderr]    Compiling zerofrom v0.1.6
[INFO] [stderr]    Compiling tracing v0.1.44
[INFO] [stderr]    Compiling yoke v0.8.1
[INFO] [stderr]    Compiling thiserror v2.0.17
[INFO] [stderr]    Compiling zerovec v0.11.5
[INFO] [stderr]    Compiling zerotrie v0.2.3
[INFO] [stderr]    Compiling hyper-util v0.1.18
[INFO] [stderr]    Compiling tinystr v0.8.2
[INFO] [stderr]    Compiling potential_utf v0.1.4
[INFO] [stderr]    Compiling icu_collections v2.1.1
[INFO] [stderr]    Compiling icu_locale_core v2.1.1
[INFO] [stderr]    Compiling serde v1.0.228
[INFO] [stderr]    Compiling icu_provider v2.1.1
[INFO] [stderr]    Compiling serde_urlencoded v0.7.1
[INFO] [stderr]    Compiling fluent-uri v0.4.1
[INFO] [stderr]    Compiling email_address v0.2.9
[INFO] [stderr]    Compiling icu_properties v2.1.1
[INFO] [stderr]    Compiling icu_normalizer v2.1.1
[INFO] [stderr]    Compiling referencing v0.36.0
[INFO] [stderr]    Compiling idna_adapter v1.2.1
[INFO] [stderr]    Compiling idna v1.1.0
[INFO] [stderr]    Compiling url v2.5.7
[INFO] [stderr]    Compiling reqwest v0.12.28
[INFO] [stderr]    Compiling jsonschema v0.36.0
[INFO] [stderr]    Compiling sentry-options-validation v1.2.16
[INFO] [stderr]    Compiling sentry-options v1.2.16 (/opt/rustwide/workdir)
[INFO] [stderr]     Finished `release` profile [optimized] target(s) in 1m 36s
[INFO] running `Command { std: "docker" "inspect" "a7d38db1ccc2c3178ffbe536397d674c920b05ac7b07fd1f4deadb18c1661dcf", kill_on_drop: false }`
[INFO] running `Command { std: "docker" "exec" "-e" "SOURCE_DIR=/opt/rustwide/workdir" "-e" "CARGO_HOME=/opt/rustwide/cargo-home" "-e" "RUSTUP_HOME=/opt/rustwide/rustup-home" "-e" "CARGO_TARGET_DIR=/opt/rustwide/target" "-e" "CARGO_INCREMENTAL=0" "-e" "RUST_BACKTRACE=full" "-e" "RUSTFLAGS=--cap-lints=warn" "-e" "RUSTDOCFLAGS=--cap-lints=warn" "-w" "/opt/rustwide/workdir" "--user" "0:0" "a7d38db1ccc2c3178ffbe536397d674c920b05ac7b07fd1f4deadb18c1661dcf" "/opt/rustwide/cargo-home/bin/cargo" "+1.99.0-beta.8" "test" "--frozen" "--no-run" "--message-format=json" "--release", kill_on_drop: false }`
[INFO] [stderr]    Compiling zerocopy v0.8.27
[INFO] [stderr]    Compiling zerocopy-derive v0.8.27
[INFO] [stderr]    Compiling either v1.15.0
[INFO] [stderr]    Compiling plotters-backend v0.3.7
[INFO] [stderr]    Compiling ciborium-io v0.2.2
[INFO] [stderr]    Compiling clap_builder v4.5.53
[INFO] [stderr]    Compiling tinytemplate v1.2.1
[INFO] [stderr]    Compiling is-terminal v0.4.17
[INFO] [stderr]    Compiling oorandom v11.1.5
[INFO] [stderr]    Compiling anes v0.1.6
[INFO] [stderr]    Compiling itertools v0.10.5
[INFO] [stderr]    Compiling rayon v1.12.0
[INFO] [stderr]    Compiling plotters-svg v0.3.7
[INFO] [stderr]    Compiling plotters v0.3.7
[INFO] [stderr]    Compiling criterion-plot v0.5.0
[INFO] [stderr]    Compiling clap v4.5.53
[INFO] [stderr]    Compiling ahash v0.8.12
[INFO] [stderr]    Compiling half v2.7.1
[INFO] [stderr]    Compiling ciborium-ll v0.2.2
[INFO] [stderr]    Compiling referencing v0.36.0
[INFO] [stderr]    Compiling ciborium v0.2.2
[INFO] [stderr]    Compiling criterion v0.5.1
[INFO] [stderr]    Compiling jsonschema v0.36.0
[INFO] [stderr]    Compiling sentry-options-validation v1.2.16
[INFO] [stderr]    Compiling sentry-options v1.2.16 (/opt/rustwide/workdir)
[INFO] [stderr]     Finished `release` profile [optimized] target(s) in 56.47s
[INFO] running `Command { std: "docker" "inspect" "a7d38db1ccc2c3178ffbe536397d674c920b05ac7b07fd1f4deadb18c1661dcf", kill_on_drop: false }`
[INFO] running `Command { std: "docker" "exec" "-e" "SOURCE_DIR=/opt/rustwide/workdir" "-e" "CARGO_HOME=/opt/rustwide/cargo-home" "-e" "RUSTUP_HOME=/opt/rustwide/rustup-home" "-e" "CARGO_TARGET_DIR=/opt/rustwide/target" "-e" "CARGO_INCREMENTAL=0" "-e" "RUST_BACKTRACE=full" "-e" "RUSTFLAGS=--cap-lints=warn" "-e" "RUSTDOCFLAGS=--cap-lints=warn" "-w" "/opt/rustwide/workdir" "--user" "0:0" "a7d38db1ccc2c3178ffbe536397d674c920b05ac7b07fd1f4deadb18c1661dcf" "/opt/rustwide/cargo-home/bin/cargo" "+1.99.0-beta.8" "test" "--frozen" "--release", kill_on_drop: false }`
[INFO] [stderr]     Finished `release` profile [optimized] target(s) in 0.21s
[INFO] [stderr]      Running unittests src/lib.rs (/opt/rustwide/target/release/deps/sentry_options-045a8383fd24eaa9)
[INFO] [stdout] 
[INFO] [stdout] running 103 tests
[INFO] [stdout] test features::tests::test_bucket_id_resets_on_context_changes ... ok
[INFO] [stdout] test features::tests::test_bucket_id_matches_bigint_reference ... ok
[INFO] [stdout] test features::tests::test_bucket_id_pinned_values ... ok
[INFO] [stdout] test features::tests::test_condition_matches_multi_segment_wildcard ... ok
[INFO] [stdout] test features::tests::test_condition_matches_no_match ... ok
[INFO] [stdout] test features::tests::test_condition_in_matches_across_int_and_float ... ok
[INFO] [stdout] test features::tests::test_condition_contains ... ok
[INFO] [stdout] test features::tests::test_condition_contains_matches_across_int_and_float ... ok
[INFO] [stdout] test features::tests::test_condition_matches_overlapping_prefix_suffix_anchors ... ok
[INFO] [stdout] test features::tests::test_condition_matches_case_insensitive ... ok
[INFO] [stdout] test features::tests::test_condition_matches_non_string_context_returns_false ... ok
[INFO] [stdout] test features::tests::test_condition_in_list_property_matches_on_overlap ... ok
[INFO] [stdout] test features::tests::test_condition_equals_bool ... ok
[INFO] [stdout] test features::tests::test_condition_equals_large_ints_compare_exactly ... ok
[INFO] [stdout] test features::tests::test_condition_in_string_case_insensitive ... ok
[INFO] [stdout] test features::tests::test_condition_matches_literal ... ok
[INFO] [stdout] test features::tests::test_condition_matches_multiple_patterns ... ok
[INFO] [stdout] test features::tests::test_condition_equals ... ok
[INFO] [stdout] test features::tests::test_condition_not_matches_overlapping_prefix_suffix_anchors ... ok
[INFO] [stdout] test features::tests::test_condition_matches_prefix_and_suffix_wildcard ... ok
[INFO] [stdout] test features::tests::test_condition_in_large_ints_compare_exactly ... ok
[INFO] [stdout] test features::tests::test_condition_not_matches_prefix_and_suffix_wildcard ... ok
[INFO] [stdout] test features::tests::test_condition_not_in ... ok
[INFO] [stdout] test features::tests::test_condition_not_matches_non_string_context_returns_true ... ok
[INFO] [stdout] test features::tests::test_condition_not_matches_literal ... ok
[INFO] [stdout] test features::tests::test_created_after_epoch ... ok
[INFO] [stdout] test features::tests::test_condition_not_matches_star_only_pattern ... ok
[INFO] [stdout] test features::tests::test_condition_not_matches_prefix_wildcard ... ok
[INFO] [stdout] test features::tests::test_condition_not_matches_multiple_patterns ... ok
[INFO] [stdout] test features::tests::test_condition_not_in_list_property_requires_no_overlap ... ok
[INFO] [stdout] test features::tests::test_condition_not_matches_multi_segment_wildcard ... ok
[INFO] [stdout] test features::tests::test_feature_context_id_is_cached ... ok
[INFO] [stdout] test features::tests::test_condition_not_matches_suffix_wildcard ... ok
[INFO] [stdout] test features::tests::test_condition_matches_star_only_pattern ... ok
[INFO] [stdout] test features::tests::test_disabled_feature_returns_false ... ok
[INFO] [stdout] test features::tests::test_feature_context_id_resets_on_identity_change ... ok
[INFO] [stdout] test features::tests::test_feature_context_insert_and_get ... ok
[INFO] [stdout] test features::tests::test_condition_not_matches_no_match ... ok
[INFO] [stdout] test features::tests::test_condition_not_matches_case_insensitive ... ok
[INFO] [stdout] test features::tests::test_first_matching_segment_decides_rollout ... ok
[INFO] [stdout] test features::tests::test_condition_in_list_property_no_type_coercion ... ok
[INFO] [stdout] test features::tests::test_condition_matches_suffix_wildcard ... ok
[INFO] [stdout] test features::tests::test_id_string_is_stable ... ok
[INFO] [stdout] test features::tests::test_feature_context_id_value_align_with_python ... ok
[INFO] [stdout] test features::tests::test_in_bool_context_against_string_list_returns_false ... ok
[INFO] [stdout] test features::tests::test_has_still_collapses_every_failure_to_false ... ok
[INFO] [stdout] test features::tests::test_missing_property_matches_only_negated_conditions ... ok
[INFO] [stdout] test features::tests::test_not_in_int_context_against_string_list_returns_true ... ok
[INFO] [stdout] test features::tests::test_feature_context_id_deterministic ... ok
[INFO] [stdout] test features::tests::test_condition_matches_prefix_wildcard ... ok
[INFO] [stdout] test features::tests::test_multiple_segments_or_logic ... ok
[INFO] [stdout] test features::tests::test_rollout_buckets_by_feature_for_features_created_after_epoch ... ok
[INFO] [stdout] test features::tests::test_in_string_context_against_int_list_returns_false ... ok
[INFO] [stdout] test features::tests::test_rollout_keeps_identity_bucketing_for_features_created_before_epoch ... ok
[INFO] [stdout] test features::tests::test_rollout_100_returns_true ... ok
[INFO] [stdout] test features::tests::test_try_has_absent_when_no_value_set ... ok
[INFO] [stdout] test features::tests::test_in_int_context_against_string_list_returns_false ... ok
[INFO] [stdout] test features::tests::test_in_float_context_against_string_list_returns_false ... ok
[INFO] [stdout] test features::tests::test_try_has_errors_on_unknown_namespace ... ok
[INFO] [stdout] test features::tests::test_try_has_errors_when_uninitialized ... ok
[INFO] [stdout] test features::tests::test_unusable_property_type_matches_neither_form ... ok
[INFO] [stdout] test features::tests::test_feature_with_no_segments_returns_false ... ok
[INFO] [stdout] test features::tests::test_not_in_string_context_against_int_list_returns_true ... ok
[INFO] [stdout] test schema_fetch::tests::test_fetch_schemas_errors_if_output_exists ... ok
[INFO] [stdout] test features::tests::test_undefined_feature_returns_false ... ok
[INFO] [stdout] test schema_fetch::tests::test_copy_schemas ... ok
[INFO] [stdout] test features::tests::test_rollout_zero_returns_false ... ok
[INFO] [stdout] test schema_fetch::tests::test_from_file_rejects_unknown_fields ... ok
[INFO] [stdout] test schema_fetch::tests::test_from_file_valid_json ... ok
[INFO] [stdout] test features::tests::test_feature_enabled_and_rollout_default_values ... ok
[INFO] [stdout] test features::tests::test_multiple_conditions_and_logic ... ok
[INFO] [stdout] test testing::tests::test_always_off_forces_feature_off ... FAILED
[INFO] [stdout] test features::tests::test_try_has_evaluated ... ok
[INFO] [stdout] test testing::tests::test_override_guard_restores ... FAILED
[INFO] [stdout] test testing::tests::test_override_guard_clears_new_key ... FAILED
[INFO] [stdout] test testing::tests::test_set_get_clear_override ... ok
[INFO] [stdout] test features::tests::test_try_has_evaluated_false_is_not_absent ... ok
[INFO] [stdout] test testing::tests::test_nested_overrides ... FAILED
[INFO] [stdout] test features::tests::test_matching_context_returns_true ... ok
[INFO] [stdout] test testing::tests::test_override_feature_flag ... FAILED
[INFO] [stdout] test features::tests::test_try_has_absent_when_feature_not_in_schema ... ok
[INFO] [stdout] test features::tests::test_feature_prefix_is_added ... ok
[INFO] [stdout] test features::tests::test_non_matching_context_returns_false ... ok
[INFO] [stdout] test features::tests::test_missing_context_field_returns_false ... ok
[INFO] [stdout] test features::tests::test_segment_with_no_conditions_always_matches ... ok
[INFO] [stdout] test features::tests::test_rollout_is_deterministic ... ok
[INFO] [stdout] test tests::builder_refresh_threshold_custom ... ok
[INFO] [stdout] test tests::builder_with_schemas ... ok
[INFO] [stdout] test tests::test_from_schemas_get_default ... ok
[INFO] [stdout] test tests::test_from_schemas_with_values ... ok
[INFO] [stdout] test tests::builder_with_directory ... ok
[INFO] [stdout] test tests::test_from_schemas_invalid_json ... ok
[INFO] [stdout] test tests::builder_refresh_threshold_none_with_manual_refresh ... ok
[INFO] [stdout] test tests::get_forced_sees_change ... ok
[INFO] [stdout] test tests::test_missing_values_dir ... ok
[INFO] [stdout] test tests::test_get_default ... ok
[INFO] [stdout] test tests::isset_with_defined_and_undefined_keys ... ok
[INFO] [stdout] test tests::test_unknown_namespace ... ok
[INFO] [stdout] test tests::test_unknown_option ... ok
[INFO] [stdout] test tests::test_get_value ... ok
[INFO] [stdout] test tests::test_with_schemas_and_additional_schemas_compose ... ok
[INFO] [stdout] test tests::test_with_additional_schemas_conflicting_namespace_errors ... ok
[INFO] [stdout] test tests::test_with_additional_schemas_overlays_directory_schemas ... ok
[INFO] [stdout] 
[INFO] [stdout] failures:
[INFO] [stdout] 
[INFO] [stdout] ---- testing::tests::test_always_off_forces_feature_off stdout ----
[INFO] [stdout] 
[INFO] [stdout] thread 'testing::tests::test_always_off_forces_feature_off' (2248) panicked at src/testing.rs:289:23:
[INFO] [stdout] called `Result::unwrap()` on an `Err` value: Schema(FileRead(Os { code: 2, kind: NotFound, message: "No such file or directory" }))
[INFO] [stdout] stack backtrace:
[INFO] [stdout]    0:     0x598531e7a531 - <<std[70759c8f55707aa4]::sys::backtrace::BacktraceLock>::print::DisplayBacktrace as core[df12db4294e9bfd3]::fmt::Display>::fmt
[INFO] [stdout]    1:     0x598531e91dba - core[df12db4294e9bfd3]::fmt::write
[INFO] [stdout]    2:     0x598531e7f32c - <alloc[2182bb758b4b3781]::vec::Vec<u8> as core[df12db4294e9bfd3]::io::write::Write>::write_fmt
[INFO] [stdout]    3:     0x598531e52716 - std[70759c8f55707aa4]::panicking::default_hook::{closure#0}
[INFO] [stdout]    4:     0x598531e70619 - std[70759c8f55707aa4]::panicking::default_hook
[INFO] [stdout]    5:     0x598531af9dc0 - test[9d35eded1c95d3be]::test_main_inner::<test[9d35eded1c95d3be]::test_main_static::{closure#0}>::{closure#0}
[INFO] [stdout]    6:     0x598531e70942 - std[70759c8f55707aa4]::panicking::panic_with_hook
[INFO] [stdout]    7:     0x598531e527c2 - std[70759c8f55707aa4]::panicking::panic_handler::{closure#0}
[INFO] [stdout]    8:     0x598531e4b119 - std[70759c8f55707aa4]::sys::backtrace::__rust_end_short_backtrace::<std[70759c8f55707aa4]::panicking::panic_handler::{closure#0}, !>
[INFO] [stdout]    9:     0x598531e535ad - __rustc[8fa7c3cbc660c2b3]::rust_begin_unwind
[INFO] [stdout]   10:     0x598531e9259c - core[df12db4294e9bfd3]::panicking::panic_fmt
[INFO] [stdout]   11:     0x598531e92372 - core[df12db4294e9bfd3]::result::unwrap_failed
[INFO] [stdout]   12:     0x598531ad99a5 - sentry_options[e76d02d048009470]::testing::tests::test_always_off_forces_feature_off
[INFO] [stdout]   13:     0x598531aeb139 - <sentry_options[e76d02d048009470]::testing::tests::test_always_off_forces_feature_off::{closure#0} as core[df12db4294e9bfd3]::ops::function::FnOnce<()>>::call_once
[INFO] [stdout]   14:     0x598531aed0ab - test[9d35eded1c95d3be]::__rust_begin_short_backtrace::<core[df12db4294e9bfd3]::result::Result<(), alloc[2182bb758b4b3781]::string::String>, fn() -> core[df12db4294e9bfd3]::result::Result<(), alloc[2182bb758b4b3781]::string::String>>
[INFO] [stdout]   15:     0x598531afa715 - test[9d35eded1c95d3be]::run_test::{closure#0}
[INFO] [stdout]   16:     0x598531af3fd4 - std[70759c8f55707aa4]::sys::backtrace::__rust_begin_short_backtrace::<test[9d35eded1c95d3be]::run_test::{closure#1}, ()>
[INFO] [stdout]   17:     0x598531afd872 - <std[70759c8f55707aa4]::thread::lifecycle::spawn_unchecked<test[9d35eded1c95d3be]::run_test::{closure#1}, ()>::{closure#1} as core[df12db4294e9bfd3]::ops::function::FnOnce<()>>::call_once::{shim:vtable#0}
[INFO] [stdout]   18:     0x598531e79439 - <std[70759c8f55707aa4]::sys::thread::unix::Thread>::new::thread_start
[INFO] [stdout]   19:     0x7150235aedfa - <unknown>
[INFO] [stdout]   20:     0x7150236423d4 - clone
[INFO] [stdout]   21:                0x0 - <unknown>
[INFO] [stdout] 
[INFO] [stdout] ---- testing::tests::test_override_guard_restores stdout ----
[INFO] [stdout] 
[INFO] [stdout] thread 'testing::tests::test_override_guard_restores' (2252) panicked at src/testing.rs:187:23:
[INFO] [stdout] called `Result::unwrap()` on an `Err` value: Schema(FileRead(Os { code: 2, kind: NotFound, message: "No such file or directory" }))
[INFO] [stdout] stack backtrace:
[INFO] [stdout]    0:     0x598531e7a531 - <<std[70759c8f55707aa4]::sys::backtrace::BacktraceLock>::print::DisplayBacktrace as core[df12db4294e9bfd3]::fmt::Display>::fmt
[INFO] [stdout]    1:     0x598531e91dba - core[df12db4294e9bfd3]::fmt::write
[INFO] [stdout]    2:     0x598531e7f32c - <alloc[2182bb758b4b3781]::vec::Vec<u8> as core[df12db4294e9bfd3]::io::write::Write>::write_fmt
[INFO] [stdout]    3:     0x598531e52716 - std[70759c8f55707aa4]::panicking::default_hook::{closure#0}
[INFO] [stdout]    4:     0x598531e70619 - std[70759c8f55707aa4]::panicking::default_hook
[INFO] [stdout]    5:     0x598531af9dc0 - test[9d35eded1c95d3be]::test_main_inner::<test[9d35eded1c95d3be]::test_main_static::{closure#0}>::{closure#0}
[INFO] [stdout]    6:     0x598531e70942 - std[70759c8f55707aa4]::panicking::panic_with_hook
[INFO] [stdout]    7:     0x598531e527c2 - std[70759c8f55707aa4]::panicking::panic_handler::{closure#0}
[INFO] [stdout]    8:     0x598531e4b119 - std[70759c8f55707aa4]::sys::backtrace::__rust_end_short_backtrace::<std[70759c8f55707aa4]::panicking::panic_handler::{closure#0}, !>
[INFO] [stdout]    9:     0x598531e535ad - __rustc[8fa7c3cbc660c2b3]::rust_begin_unwind
[INFO] [stdout]   10:     0x598531e9259c - core[df12db4294e9bfd3]::panicking::panic_fmt
[INFO] [stdout]   11:     0x598531e92372 - core[df12db4294e9bfd3]::result::unwrap_failed
[INFO] [stdout]   12:     0x598531ad9144 - sentry_options[e76d02d048009470]::testing::tests::test_override_guard_restores
[INFO] [stdout]   13:     0x598531aeb119 - <sentry_options[e76d02d048009470]::testing::tests::test_override_guard_restores::{closure#0} as core[df12db4294e9bfd3]::ops::function::FnOnce<()>>::call_once
[INFO] [stdout]   14:     0x598531aed0ab - test[9d35eded1c95d3be]::__rust_begin_short_backtrace::<core[df12db4294e9bfd3]::result::Result<(), alloc[2182bb758b4b3781]::string::String>, fn() -> core[df12db4294e9bfd3]::result::Result<(), alloc[2182bb758b4b3781]::string::String>>
[INFO] [stdout]   15:     0x598531afa715 - test[9d35eded1c95d3be]::run_test::{closure#0}
[INFO] [stdout]   16:     0x598531af3fd4 - std[70759c8f55707aa4]::sys::backtrace::__rust_begin_short_backtrace::<test[9d35eded1c95d3be]::run_test::{closure#1}, ()>
[INFO] [stdout]   17:     0x598531afd872 - <std[70759c8f55707aa4]::thread::lifecycle::spawn_unchecked<test[9d35eded1c95d3be]::run_test::{closure#1}, ()>::{closure#1} as core[df12db4294e9bfd3]::ops::function::FnOnce<()>>::call_once::{shim:vtable#0}
[INFO] [stdout]   18:     0x598531e79439 - <std[70759c8f55707aa4]::sys::thread::unix::Thread>::new::thread_start
[INFO] [stdout]   19:     0x7150235aedfa - <unknown>
[INFO] [stdout]   20:     0x7150236423d4 - clone
[INFO] [stdout]   21:                0x0 - <unknown>
[INFO] [stdout] 
[INFO] [stdout] ---- testing::tests::test_override_guard_clears_new_key stdout ----
[INFO] [stdout] 
[INFO] [stdout] thread 'testing::tests::test_override_guard_clears_new_key' (2251) panicked at src/testing.rs:208:23:
[INFO] [stdout] called `Result::unwrap()` on an `Err` value: Schema(FileRead(Os { code: 2, kind: NotFound, message: "No such file or directory" }))
[INFO] [stdout] stack backtrace:
[INFO] [stdout]    0:     0x598531e7a531 - <<std[70759c8f55707aa4]::sys::backtrace::BacktraceLock>::print::DisplayBacktrace as core[df12db4294e9bfd3]::fmt::Display>::fmt
[INFO] [stdout]    1:     0x598531e91dba - core[df12db4294e9bfd3]::fmt::write
[INFO] [stdout]    2:     0x598531e7f32c - <alloc[2182bb758b4b3781]::vec::Vec<u8> as core[df12db4294e9bfd3]::io::write::Write>::write_fmt
[INFO] [stdout]    3:     0x598531e52716 - std[70759c8f55707aa4]::panicking::default_hook::{closure#0}
[INFO] [stdout]    4:     0x598531e70619 - std[70759c8f55707aa4]::panicking::default_hook
[INFO] [stdout]    5:     0x598531af9dc0 - test[9d35eded1c95d3be]::test_main_inner::<test[9d35eded1c95d3be]::test_main_static::{closure#0}>::{closure#0}
[INFO] [stdout]    6:     0x598531e70942 - std[70759c8f55707aa4]::panicking::panic_with_hook
[INFO] [stdout]    7:     0x598531e527c2 - std[70759c8f55707aa4]::panicking::panic_handler::{closure#0}
[INFO] [stdout]    8:     0x598531e4b119 - std[70759c8f55707aa4]::sys::backtrace::__rust_end_short_backtrace::<std[70759c8f55707aa4]::panicking::panic_handler::{closure#0}, !>
[INFO] [stdout]    9:     0x598531e535ad - __rustc[8fa7c3cbc660c2b3]::rust_begin_unwind
[INFO] [stdout]   10:     0x598531e9259c - core[df12db4294e9bfd3]::panicking::panic_fmt
[INFO] [stdout]   11:     0x598531e92372 - core[df12db4294e9bfd3]::result::unwrap_failed
[INFO] [stdout]   12:     0x598531ad9db3 - sentry_options[e76d02d048009470]::testing::tests::test_override_guard_clears_new_key
[INFO] [stdout]   13:     0x598531aeb159 - <sentry_options[e76d02d048009470]::testing::tests::test_override_guard_clears_new_key::{closure#0} as core[df12db4294e9bfd3]::ops::function::FnOnce<()>>::call_once
[INFO] [stdout]   14:     0x598531aed0ab - test[9d35eded1c95d3be]::__rust_begin_short_backtrace::<core[df12db4294e9bfd3]::result::Result<(), alloc[2182bb758b4b3781]::string::String>, fn() -> core[df12db4294e9bfd3]::result::Result<(), alloc[2182bb758b4b3781]::string::String>>
[INFO] [stdout]   15:     0x598531afa715 - test[9d35eded1c95d3be]::run_test::{closure#0}
[INFO] [stdout]   16:     0x598531af3fd4 - std[70759c8f55707aa4]::sys::backtrace::__rust_begin_short_backtrace::<test[9d35eded1c95d3be]::run_test::{closure#1}, ()>
[INFO] [stdout]   17:     0x598531afd872 - <std[70759c8f55707aa4]::thread::lifecycle::spawn_unchecked<test[9d35eded1c95d3be]::run_test::{closure#1}, ()>::{closure#1} as core[df12db4294e9bfd3]::ops::function::FnOnce<()>>::call_once::{shim:vtable#0}
[INFO] [stdout]   18:     0x598531e79439 - <std[70759c8f55707aa4]::sys::thread::unix::Thread>::new::thread_start
[INFO] [stdout]   19:     0x7150235aedfa - <unknown>
[INFO] [stdout]   20:     0x7150236423d4 - clone
[INFO] [stdout]   21:                0x0 - <unknown>
[INFO] [stdout] 
[INFO] [stdout] ---- testing::tests::test_nested_overrides stdout ----
[INFO] [stdout] 
[INFO] [stdout] thread 'testing::tests::test_nested_overrides' (2249) panicked at src/testing.rs:226:23:
[INFO] [stdout] called `Result::unwrap()` on an `Err` value: Schema(FileRead(Os { code: 2, kind: NotFound, message: "No such file or directory" }))
[INFO] [stdout] stack backtrace:
[INFO] [stdout]    0:     0x598531e7a531 - <<std[70759c8f55707aa4]::sys::backtrace::BacktraceLock>::print::DisplayBacktrace as core[df12db4294e9bfd3]::fmt::Display>::fmt
[INFO] [stdout]    1:     0x598531e91dba - core[df12db4294e9bfd3]::fmt::write
[INFO] [stdout]    2:     0x598531e7f32c - <alloc[2182bb758b4b3781]::vec::Vec<u8> as core[df12db4294e9bfd3]::io::write::Write>::write_fmt
[INFO] [stdout]    3:     0x598531e52716 - std[70759c8f55707aa4]::panicking::default_hook::{closure#0}
[INFO] [stdout]    4:     0x598531e70619 - std[70759c8f55707aa4]::panicking::default_hook
[INFO] [stdout]    5:     0x598531af9dc0 - test[9d35eded1c95d3be]::test_main_inner::<test[9d35eded1c95d3be]::test_main_static::{closure#0}>::{closure#0}
[INFO] [stdout]    6:     0x598531e70942 - std[70759c8f55707aa4]::panicking::panic_with_hook
[INFO] [stdout]    7:     0x598531e527c2 - std[70759c8f55707aa4]::panicking::panic_handler::{closure#0}
[INFO] [stdout]    8:     0x598531e4b119 - std[70759c8f55707aa4]::sys::backtrace::__rust_end_short_backtrace::<std[70759c8f55707aa4]::panicking::panic_handler::{closure#0}, !>
[INFO] [stdout]    9:     0x598531e535ad - __rustc[8fa7c3cbc660c2b3]::rust_begin_unwind
[INFO] [stdout]   10:     0x598531e9259c - core[df12db4294e9bfd3]::panicking::panic_fmt
[INFO] [stdout]   11:     0x598531e92372 - core[df12db4294e9bfd3]::result::unwrap_failed
[INFO] [stdout]   12:     0x598531ad7e7b - sentry_options[e76d02d048009470]::testing::tests::test_nested_overrides
[INFO] [stdout]   13:     0x598531aeb0b9 - <sentry_options[e76d02d048009470]::testing::tests::test_nested_overrides::{closure#0} as core[df12db4294e9bfd3]::ops::function::FnOnce<()>>::call_once
[INFO] [stdout]   14:     0x598531aed0ab - test[9d35eded1c95d3be]::__rust_begin_short_backtrace::<core[df12db4294e9bfd3]::result::Result<(), alloc[2182bb758b4b3781]::string::String>, fn() -> core[df12db4294e9bfd3]::result::Result<(), alloc[2182bb758b4b3781]::string::String>>
[INFO] [stdout]   15:     0x598531afa715 - test[9d35eded1c95d3be]::run_test::{closure#0}
[INFO] [stdout]   16:     0x598531af3fd4 - std[70759c8f55707aa4]::sys::backtrace::__rust_begin_short_backtrace::<test[9d35eded1c95d3be]::run_test::{closure#1}, ()>
[INFO] [stdout]   17:     0x598531afd872 - <std[70759c8f55707aa4]::thread::lifecycle::spawn_unchecked<test[9d35eded1c95d3be]::run_test::{closure#1}, ()>::{closure#1} as core[df12db4294e9bfd3]::ops::function::FnOnce<()>>::call_once::{shim:vtable#0}
[INFO] [stdout]   18:     0x598531e79439 - <std[70759c8f55707aa4]::sys::thread::unix::Thread>::new::thread_start
[INFO] [stdout]   19:     0x7150235aedfa - <unknown>
[INFO] [stdout]   20:     0x7150236423d4 - clone
[INFO] [stdout]   21:                0x0 - <unknown>
[INFO] [stdout] 
[INFO] [stdout] ---- testing::tests::test_override_feature_flag stdout ----
[INFO] [stdout] 
[INFO] [stdout] thread 'testing::tests::test_override_feature_flag' (2250) panicked at src/testing.rs:256:23:
[INFO] [stdout] called `Result::unwrap()` on an `Err` value: Schema(FileRead(Os { code: 2, kind: NotFound, message: "No such file or directory" }))
[INFO] [stdout] stack backtrace:
[INFO] [stdout]    0:     0x598531e7a531 - <<std[70759c8f55707aa4]::sys::backtrace::BacktraceLock>::print::DisplayBacktrace as core[df12db4294e9bfd3]::fmt::Display>::fmt
[INFO] [stdout]    1:     0x598531e91dba - core[df12db4294e9bfd3]::fmt::write
[INFO] [stdout]    2:     0x598531e7f32c - <alloc[2182bb758b4b3781]::vec::Vec<u8> as core[df12db4294e9bfd3]::io::write::Write>::write_fmt
[INFO] [stdout]    3:     0x598531e52716 - std[70759c8f55707aa4]::panicking::default_hook::{closure#0}
[INFO] [stdout]    4:     0x598531e70619 - std[70759c8f55707aa4]::panicking::default_hook
[INFO] [stdout]    5:     0x598531af9dc0 - test[9d35eded1c95d3be]::test_main_inner::<test[9d35eded1c95d3be]::test_main_static::{closure#0}>::{closure#0}
[INFO] [stdout]    6:     0x598531e70942 - std[70759c8f55707aa4]::panicking::panic_with_hook
[INFO] [stdout]    7:     0x598531e527c2 - std[70759c8f55707aa4]::panicking::panic_handler::{closure#0}
[INFO] [stdout]    8:     0x598531e4b119 - std[70759c8f55707aa4]::sys::backtrace::__rust_end_short_backtrace::<std[70759c8f55707aa4]::panicking::panic_handler::{closure#0}, !>
[INFO] [stdout]    9:     0x598531e535ad - __rustc[8fa7c3cbc660c2b3]::rust_begin_unwind
[INFO] [stdout]   10:     0x598531e9259c - core[df12db4294e9bfd3]::panicking::panic_fmt
[INFO] [stdout]   11:     0x598531e92372 - core[df12db4294e9bfd3]::result::unwrap_failed
[INFO] [stdout]   12:     0x598531ad8a45 - sentry_options[e76d02d048009470]::testing::tests::test_override_feature_flag
[INFO] [stdout]   13:     0x598531aeb0d9 - <sentry_options[e76d02d048009470]::testing::tests::test_override_feature_flag::{closure#0} as core[df12db4294e9bfd3]::ops::function::FnOnce<()>>::call_once
[INFO] [stdout]   14:     0x598531aed0ab - test[9d35eded1c95d3be]::__rust_begin_short_backtrace::<core[df12db4294e9bfd3]::result::Result<(), alloc[2182bb758b4b3781]::string::String>, fn() -> core[df12db4294e9bfd3]::result::Result<(), alloc[2182bb758b4b3781]::string::String>>
[INFO] [stdout]   15:     0x598531afa715 - test[9d35eded1c95d3be]::run_test::{closure#0}
[INFO] [stdout]   16:     0x598531af3fd4 - std[70759c8f55707aa4]::sys::backtrace::__rust_begin_short_backtrace::<test[9d35eded1c95d3be]::run_test::{closure#1}, ()>
[INFO] [stdout]   17:     0x598531afd872 - <std[70759c8f55707aa4]::thread::lifecycle::spawn_unchecked<test[9d35eded1c95d3be]::run_test::{closure#1}, ()>::{closure#1} as core[df12db4294e9bfd3]::ops::function::FnOnce<()>>::call_once::{shim:vtable#0}
[INFO] [stdout]   18:     0x598531e79439 - <std[70759c8f55707aa4]::sys::thread::unix::Thread>::new::thread_start
[INFO] [stdout]   19:     0x7150235aedfa - <unknown>
[INFO] [stdout]   20:     0x7150236423d4 - clone
[INFO] [stdout]   21:                0x0 - <unknown>
[INFO] [stdout] 
[INFO] [stdout] 
[INFO] [stdout] failures:
[INFO] [stdout]     testing::tests::test_always_off_forces_feature_off
[INFO] [stdout]     testing::tests::test_nested_overrides
[INFO] [stdout]     testing::tests::test_override_feature_flag
[INFO] [stdout]     testing::tests::test_override_guard_clears_new_key
[INFO] [stdout]     testing::tests::test_override_guard_restores
[INFO] [stdout] 
[INFO] [stdout] test result: FAILED. 98 passed; 5 failed; 0 ignored; 0 measured; 0 filtered out; finished in 0.16s
[INFO] [stdout] 
[INFO] [stderr] error: test failed, to rerun pass `--lib`
[INFO] running `Command { std: "docker" "inspect" "a7d38db1ccc2c3178ffbe536397d674c920b05ac7b07fd1f4deadb18c1661dcf", kill_on_drop: false }`
[INFO] running `Command { std: "docker" "rm" "-f" "a7d38db1ccc2c3178ffbe536397d674c920b05ac7b07fd1f4deadb18c1661dcf", kill_on_drop: false }`
[INFO] [stdout] a7d38db1ccc2c3178ffbe536397d674c920b05ac7b07fd1f4deadb18c1661dcf
