[INFO] fetching crate sensitive-fmt 0.3.0...
[INFO] testing sensitive-fmt-0.3.0 against 1.99.0-beta.8+cargoflags=--release for beta-release-1.100-2
[INFO] extracting crate sensitive-fmt 0.3.0 into /workspace/builds/worker-4-tc1/source
[INFO] started tweaking crates.io crate sensitive-fmt 0.3.0
[INFO] removed 0 missing tests
[INFO] finished tweaking crates.io crate sensitive-fmt 0.3.0
[INFO] tweaked toml for crates.io crate sensitive-fmt 0.3.0 written to /workspace/builds/worker-4-tc1/source/Cargo.toml
[INFO] validating manifest of crates.io crate sensitive-fmt 0.3.0 on toolchain 1.99.0-beta.8
[INFO] running `Command { std: CARGO_HOME="/workspace/cargo-home" RUSTUP_HOME="/workspace/rustup-home" "/workspace/cargo-home/bin/cargo" "+1.99.0-beta.8" "metadata" "--manifest-path" "Cargo.toml" "--no-deps", kill_on_drop: false }`
[INFO] crate crates.io crate sensitive-fmt 0.3.0 already has a lockfile, it will not be regenerated
[INFO] running `Command { std: CARGO_HOME="/workspace/cargo-home" RUSTUP_HOME="/workspace/rustup-home" "/workspace/cargo-home/bin/cargo" "+1.99.0-beta.8" "fetch" "--manifest-path" "Cargo.toml", kill_on_drop: false }`
[INFO] running `Command { std: "docker" "create" "-v" "/var/lib/crater-agent-workspace/builds/worker-4-tc1/source:/opt/rustwide/workdir:ro,Z" "-v" "/var/lib/crater-agent-workspace/builds/worker-4-tc1/target:/opt/rustwide/target:rw,Z" "-v" "/var/lib/crater-agent-workspace/cargo-home:/opt/rustwide/cargo-home:ro,Z" "-v" "/var/lib/crater-agent-workspace/rustup-home:/opt/rustwide/rustup-home:ro,Z" "-m" "1610612736" "--network" "none" "ghcr.io/rust-lang/crates-build-env/linux@sha256:77db811e55d90add9212f6832c23229e3de5f1c1f9905e8cb07319ea15df73ac" "sleep" "infinity", kill_on_drop: false }`
[INFO] [stdout] 95f7b1be4bba5fb13d603b9b29f717addd3109d61db6ee36245a16e51c30f0fd
[INFO] running `Command { std: "docker" "start" "95f7b1be4bba5fb13d603b9b29f717addd3109d61db6ee36245a16e51c30f0fd", kill_on_drop: false }`
[INFO] running `Command { std: "docker" "inspect" "95f7b1be4bba5fb13d603b9b29f717addd3109d61db6ee36245a16e51c30f0fd", kill_on_drop: false }`
[INFO] running `Command { std: "docker" "exec" "-e" "SOURCE_DIR=/opt/rustwide/workdir" "-e" "CARGO_HOME=/opt/rustwide/cargo-home" "-e" "RUSTUP_HOME=/opt/rustwide/rustup-home" "-e" "CARGO_TARGET_DIR=/opt/rustwide/target" "-w" "/opt/rustwide/workdir" "--user" "0:0" "95f7b1be4bba5fb13d603b9b29f717addd3109d61db6ee36245a16e51c30f0fd" "/opt/rustwide/cargo-home/bin/cargo" "+1.99.0-beta.8" "metadata" "--no-deps" "--format-version=1", kill_on_drop: false }`
[INFO] running `Command { std: "docker" "inspect" "95f7b1be4bba5fb13d603b9b29f717addd3109d61db6ee36245a16e51c30f0fd", kill_on_drop: false }`
[INFO] running `Command { std: "docker" "exec" "-e" "SOURCE_DIR=/opt/rustwide/workdir" "-e" "CARGO_HOME=/opt/rustwide/cargo-home" "-e" "RUSTUP_HOME=/opt/rustwide/rustup-home" "-e" "CARGO_TARGET_DIR=/opt/rustwide/target" "-e" "CARGO_INCREMENTAL=0" "-e" "RUST_BACKTRACE=full" "-e" "RUSTFLAGS=--cap-lints=warn" "-e" "RUSTDOCFLAGS=--cap-lints=warn" "-w" "/opt/rustwide/workdir" "--user" "0:0" "95f7b1be4bba5fb13d603b9b29f717addd3109d61db6ee36245a16e51c30f0fd" "/opt/rustwide/cargo-home/bin/cargo" "+1.99.0-beta.8" "build" "--frozen" "--message-format=json" "--release", kill_on_drop: false }`
[INFO] [stderr]    Compiling syn v3.0.7
[INFO] [stderr]    Compiling sensitive-fmt v0.3.0 (/opt/rustwide/workdir)
[INFO] [stderr]     Finished `release` profile [optimized] target(s) in 9.33s
[INFO] running `Command { std: "docker" "inspect" "95f7b1be4bba5fb13d603b9b29f717addd3109d61db6ee36245a16e51c30f0fd", kill_on_drop: false }`
[INFO] running `Command { std: "docker" "exec" "-e" "SOURCE_DIR=/opt/rustwide/workdir" "-e" "CARGO_HOME=/opt/rustwide/cargo-home" "-e" "RUSTUP_HOME=/opt/rustwide/rustup-home" "-e" "CARGO_TARGET_DIR=/opt/rustwide/target" "-e" "CARGO_INCREMENTAL=0" "-e" "RUST_BACKTRACE=full" "-e" "RUSTFLAGS=--cap-lints=warn" "-e" "RUSTDOCFLAGS=--cap-lints=warn" "-w" "/opt/rustwide/workdir" "--user" "0:0" "95f7b1be4bba5fb13d603b9b29f717addd3109d61db6ee36245a16e51c30f0fd" "/opt/rustwide/cargo-home/bin/cargo" "+1.99.0-beta.8" "test" "--frozen" "--no-run" "--message-format=json" "--release", kill_on_drop: false }`
[INFO] [stderr]    Compiling serde v1.0.229
[INFO] [stderr]    Compiling target-tuple v1.0.2
[INFO] [stderr]    Compiling proc-macro2 v1.0.107
[INFO] [stderr]    Compiling quote v1.0.47
[INFO] [stderr]    Compiling toml_writer v1.1.3+spec-1.1.0
[INFO] [stderr]    Compiling serde_core v1.0.229
[INFO] [stderr]    Compiling toml_parser v1.1.5+spec-1.1.0
[INFO] [stderr]    Compiling zmij v1.0.23
[INFO] [stderr]    Compiling winnow v1.0.4
[INFO] [stderr]    Compiling serde_json v1.0.151
[INFO] [stderr]    Compiling serde_derive v1.0.229
[INFO] [stderr]    Compiling toml_datetime v1.1.2+spec-1.1.0
[INFO] [stderr]    Compiling serde_spanned v1.1.2
[INFO] [stderr]    Compiling sensitive-fmt v0.3.0 (/opt/rustwide/workdir)
[INFO] [stderr]    Compiling termcolor v1.4.1
[INFO] [stderr]    Compiling toml v1.1.8+spec-1.1.0
[INFO] [stderr]    Compiling syn v3.0.7
[INFO] [stderr]    Compiling trybuild v1.0.122
[INFO] [stderr]     Finished `release` profile [optimized] target(s) in 34.15s
[INFO] running `Command { std: "docker" "inspect" "95f7b1be4bba5fb13d603b9b29f717addd3109d61db6ee36245a16e51c30f0fd", kill_on_drop: false }`
[INFO] running `Command { std: "docker" "exec" "-e" "SOURCE_DIR=/opt/rustwide/workdir" "-e" "CARGO_HOME=/opt/rustwide/cargo-home" "-e" "RUSTUP_HOME=/opt/rustwide/rustup-home" "-e" "CARGO_TARGET_DIR=/opt/rustwide/target" "-e" "CARGO_INCREMENTAL=0" "-e" "RUST_BACKTRACE=full" "-e" "RUSTFLAGS=--cap-lints=warn" "-e" "RUSTDOCFLAGS=--cap-lints=warn" "-w" "/opt/rustwide/workdir" "--user" "0:0" "95f7b1be4bba5fb13d603b9b29f717addd3109d61db6ee36245a16e51c30f0fd" "/opt/rustwide/cargo-home/bin/cargo" "+1.99.0-beta.8" "test" "--frozen" "--release", kill_on_drop: false }`
[INFO] [stderr]     Finished `release` profile [optimized] target(s) in 0.07s
[INFO] [stderr]      Running unittests src/lib.rs (/opt/rustwide/target/release/deps/sensitive_fmt-7b56a09065b85d3f)
[INFO] [stdout] 
[INFO] [stderr]      Running tests/basic.rs (/opt/rustwide/target/release/deps/basic-1d271165eba10b86)
[INFO] [stdout] running 0 tests
[INFO] [stdout] 
[INFO] [stdout] test result: ok. 0 passed; 0 failed; 0 ignored; 0 measured; 0 filtered out; finished in 0.00s
[INFO] [stdout] 
[INFO] [stdout] 
[INFO] [stdout] running 5 tests
[INFO] [stdout] test raw_identifier_labels_match_std ... ok
[INFO] [stdout] test recursive_debug_struct_compiles_and_renders ... ok
[INFO] [stdout] test debug_named_struct ... ok
[INFO] [stdout] test debug_empty_struct_renders_with_braces ... ok
[INFO] [stdout] test debug_pretty_print_works ... ok
[INFO] [stdout] 
[INFO] [stdout] test result: ok. 5 passed; 0 failed; 0 ignored; 0 measured; 0 filtered out; finished in 0.01s
[INFO] [stdout] 
[INFO] [stderr]      Running tests/compile_fail.rs (/opt/rustwide/target/release/deps/compile_fail-07b9acae8d4b7d87)
[INFO] [stdout] 
[INFO] [stdout] running 1 test
[INFO] [stderr]    Compiling proc-macro2 v1.0.107
[INFO] [stderr]    Compiling quote v1.0.47
[INFO] [stderr]    Compiling unicode-ident v1.0.26
[INFO] [stderr]     Checking syn v3.0.7
[INFO] [stderr]    Compiling sensitive-fmt v0.3.0 (/opt/rustwide/workdir)
[INFO] [stderr]     Checking sensitive-fmt-tests v0.0.0 (/opt/rustwide/target/tests/trybuild/sensitive-fmt)
[INFO] [stderr]     Finished `dev` profile [unoptimized + debuginfo] target(s) in 6.46s
[INFO] [stderr] 
[INFO] [stderr] 
[INFO] [stderr] test tests/compile_fail/associated_debug_missing_bound.rs ... mismatch
[INFO] [stderr] 
[INFO] [stderr] EXPECTED:
[INFO] [stderr] ┈┈┈┈┈┈┈┈┈┈┈┈┈┈┈┈┈┈┈┈┈┈┈┈┈┈┈┈┈┈┈┈┈┈┈┈┈┈┈┈┈┈┈┈┈┈┈┈┈┈┈┈┈┈┈┈┈┈┈┈
[INFO] [stderr] error[E0277]: `NotDebug` doesn't implement `Debug`
[INFO] [stderr]   --> tests/compile_fail/associated_debug_missing_bound.rs:25:29
[INFO] [stderr]    |
[INFO] [stderr] 25 |     let _ = format!("{:?}", value);
[INFO] [stderr]    |                      ----   ^^^^^ `NotDebug` cannot be formatted using `{:?}` because it doesn't implement `Debug`
[INFO] [stderr]    |                      |
[INFO] [stderr]    |                      required by this formatting parameter
[INFO] [stderr]    |
[INFO] [stderr]    = help: the trait `Debug` is not implemented for `NotDebug`
[INFO] [stderr] help: the trait `Debug` is conditionally implemented for `Wrapper<T>`
[INFO] [stderr]   --> tests/compile_fail/associated_debug_missing_bound.rs:15:10
[INFO] [stderr]    |
[INFO] [stderr] 15 | #[derive(SensitiveDebug)]
[INFO] [stderr]    |          ^^^^^^^^^^^^^^ unsatisfied requirement introduced here: `<Demo as HasAssoc>::Assoc: Debug`
[INFO] [stderr] note: required for `Wrapper<Demo>` to implement `Debug`
[INFO] [stderr]   --> tests/compile_fail/associated_debug_missing_bound.rs:16:8
[INFO] [stderr]    |
[INFO] [stderr] 15 | #[derive(SensitiveDebug)]
[INFO] [stderr]    |          -------------- type parameter would need to implement `Debug`
[INFO] [stderr] 16 | struct Wrapper<T>
[INFO] [stderr]    |        ^^^^^^^^^^
[INFO] [stderr]    = help: consider manually implementing `Debug` to avoid undesired bounds
[INFO] [stderr]    = note: this error originates in the macro `$crate::__export::format_args` which comes from the expansion of the derive macro `SensitiveDebug` (in Nightly builds, run with -Z macro-backtrace for more info)
[INFO] [stderr] help: consider annotating `NotDebug` with `#[derive(Debug)]`
[INFO] [stderr]    |
[INFO] [stderr]  7 + #[derive(Debug)]
[INFO] [stderr]  8 | struct NotDebug;
[INFO] [stderr]    |
[INFO] [stderr] ┈┈┈┈┈┈┈┈┈┈┈┈┈┈┈┈┈┈┈┈┈┈┈┈┈┈┈┈┈┈┈┈┈┈┈┈┈┈┈┈┈┈┈┈┈┈┈┈┈┈┈┈┈┈┈┈┈┈┈┈
[INFO] [stderr] 
[INFO] [stderr] ACTUAL OUTPUT:
[INFO] [stderr] ┈┈┈┈┈┈┈┈┈┈┈┈┈┈┈┈┈┈┈┈┈┈┈┈┈┈┈┈┈┈┈┈┈┈┈┈┈┈┈┈┈┈┈┈┈┈┈┈┈┈┈┈┈┈┈┈┈┈┈┈
[INFO] [stderr] error[E0277]: `NotDebug` doesn't implement `Debug`
[INFO] [stderr]   --> tests/compile_fail/associated_debug_missing_bound.rs:25:29
[INFO] [stderr]    |
[INFO] [stderr] 25 |     let _ = format!("{:?}", value);
[INFO] [stderr]    |                      ----   ^^^^^ `NotDebug` cannot be formatted using `{:?}` because it doesn't implement `Debug`
[INFO] [stderr]    |                      |
[INFO] [stderr]    |                      required by this formatting parameter
[INFO] [stderr]    |
[INFO] [stderr]    = help: the trait `Debug` is not implemented for `NotDebug`
[INFO] [stderr] help: the trait `Debug` is conditionally implemented for `Wrapper<T>`
[INFO] [stderr]   --> tests/compile_fail/associated_debug_missing_bound.rs:15:10
[INFO] [stderr]    |
[INFO] [stderr] 15 | #[derive(SensitiveDebug)]
[INFO] [stderr]    |          ^^^^^^^^^^^^^^ unsatisfied requirement introduced here: `<Demo as HasAssoc>::Assoc: Debug`
[INFO] [stderr] note: required for `Wrapper<Demo>` to implement `Debug`
[INFO] [stderr]   --> tests/compile_fail/associated_debug_missing_bound.rs:16:8
[INFO] [stderr]    |
[INFO] [stderr] 15 | #[derive(SensitiveDebug)]
[INFO] [stderr]    |          -------------- type parameter would need to implement `Debug`
[INFO] [stderr] 16 | struct Wrapper<T>
[INFO] [stderr]    |        ^^^^^^^^^^
[INFO] [stderr]    = help: consider manually implementing `Debug` to avoid undesired bounds caused by "imperfect derives"
[INFO] [stderr]    = note: to learn more, visit <https://github.com/rust-lang/rust/issues/26925>
[INFO] [stderr]    = note: this error originates in the macro `$crate::__export::format_args` which comes from the expansion of the derive macro `SensitiveDebug` (in Nightly builds, run with -Z macro-backtrace for more info)
[INFO] [stderr] help: consider annotating `NotDebug` with `#[derive(Debug)]`
[INFO] [stderr]    |
[INFO] [stderr]  7 + #[derive(Debug)]
[INFO] [stderr]  8 | struct NotDebug;
[INFO] [stderr]    |
[INFO] [stderr] ┈┈┈┈┈┈┈┈┈┈┈┈┈┈┈┈┈┈┈┈┈┈┈┈┈┈┈┈┈┈┈┈┈┈┈┈┈┈┈┈┈┈┈┈┈┈┈┈┈┈┈┈┈┈┈┈┈┈┈┈
[INFO] [stderr] note: If the actual output is the correct output you can bless it by rerunning
[INFO] [stderr]       your test with the environment variable TRYBUILD=overwrite
[INFO] [stderr] 
[INFO] [stderr] test tests/compile_fail/associated_display_missing_bound.rs ... mismatch
[INFO] [stderr] 
[INFO] [stderr] EXPECTED:
[INFO] [stderr] ┈┈┈┈┈┈┈┈┈┈┈┈┈┈┈┈┈┈┈┈┈┈┈┈┈┈┈┈┈┈┈┈┈┈┈┈┈┈┈┈┈┈┈┈┈┈┈┈┈┈┈┈┈┈┈┈┈┈┈┈
[INFO] [stderr] error[E0277]: `NotDisplay` doesn't implement `std::fmt::Display`
[INFO] [stderr]   --> tests/compile_fail/associated_display_missing_bound.rs:25:27
[INFO] [stderr]    |
[INFO] [stderr] 25 |     let _ = format!("{}", value);
[INFO] [stderr]    |                      --   ^^^^^ `NotDisplay` cannot be formatted with the default formatter
[INFO] [stderr]    |                      |
[INFO] [stderr]    |                      required by this formatting parameter
[INFO] [stderr]    |
[INFO] [stderr] help: the trait `std::fmt::Display` is not implemented for `NotDisplay`
[INFO] [stderr]   --> tests/compile_fail/associated_display_missing_bound.rs:7:1
[INFO] [stderr]    |
[INFO] [stderr]  7 | struct NotDisplay;
[INFO] [stderr]    | ^^^^^^^^^^^^^^^^^
[INFO] [stderr]    = note: in format strings you may be able to use `{:?}` (or {:#?} for pretty-print) instead
[INFO] [stderr] help: the trait `std::fmt::Display` is conditionally implemented for `Wrapper<T>`
[INFO] [stderr]   --> tests/compile_fail/associated_display_missing_bound.rs:15:10
[INFO] [stderr]    |
[INFO] [stderr] 15 | #[derive(SensitiveDisplay)]
[INFO] [stderr]    |          ^^^^^^^^^^^^^^^^ unsatisfied requirement introduced here: `<Demo as HasAssoc>::Assoc: std::fmt::Display`
[INFO] [stderr] note: required for `Wrapper<Demo>` to implement `std::fmt::Display`
[INFO] [stderr]   --> tests/compile_fail/associated_display_missing_bound.rs:16:8
[INFO] [stderr]    |
[INFO] [stderr] 15 | #[derive(SensitiveDisplay)]
[INFO] [stderr]    |          ---------------- type parameter would need to implement `std::fmt::Display`
[INFO] [stderr] 16 | struct Wrapper<T>
[INFO] [stderr]    |        ^^^^^^^^^^
[INFO] [stderr]    = help: consider manually implementing `std::fmt::Display` to avoid undesired bounds
[INFO] [stderr]    = note: this error originates in the macro `$crate::__export::format_args` which comes from the expansion of the derive macro `SensitiveDisplay` (in Nightly builds, run with -Z macro-backtrace for more info)
[INFO] [stderr] ┈┈┈┈┈┈┈┈┈┈┈┈┈┈┈┈┈┈┈┈┈┈┈┈┈┈┈┈┈┈┈┈┈┈┈┈┈┈┈┈┈┈┈┈┈┈┈┈┈┈┈┈┈┈┈┈┈┈┈┈
[INFO] [stderr] 
[INFO] [stderr] ACTUAL OUTPUT:
[INFO] [stderr] ┈┈┈┈┈┈┈┈┈┈┈┈┈┈┈┈┈┈┈┈┈┈┈┈┈┈┈┈┈┈┈┈┈┈┈┈┈┈┈┈┈┈┈┈┈┈┈┈┈┈┈┈┈┈┈┈┈┈┈┈
[INFO] [stdout] test compile_fail_cases ... FAILED
[INFO] [stderr] error[E0277]: `NotDisplay` doesn't implement `std::fmt::Display`
[INFO] [stdout] 
[INFO] [stderr]   --> tests/compile_fail/associated_display_missing_bound.rs:25:27
[INFO] [stdout] failures:
[INFO] [stderr]    |
[INFO] [stdout] 
[INFO] [stderr] 25 |     let _ = format!("{}", value);
[INFO] [stdout] ---- compile_fail_cases stdout ----
[INFO] [stderr]    |                      --   ^^^^^ `NotDisplay` cannot be formatted with the default formatter
[INFO] [stdout] 
[INFO] [stderr]    |                      |
[INFO] [stdout] thread 'compile_fail_cases' (924) panicked at /opt/rustwide/cargo-home/registry/src/index.crates.io-1949cf8c6b5b557f/trybuild-1.0.122/src/run.rs:103:13:
[INFO] [stderr]    |                      required by this formatting parameter
[INFO] [stdout] 3 of 16 tests failed
[INFO] [stderr]    |
[INFO] [stdout] stack backtrace:
[INFO] [stderr] help: the trait `std::fmt::Display` is not implemented for `NotDisplay`
[INFO] [stdout]    0:     0x58c5e9eb6cc1 - <<std[70759c8f55707aa4]::sys::backtrace::BacktraceLock>::print::DisplayBacktrace as core[df12db4294e9bfd3]::fmt::Display>::fmt
[INFO] [stderr]   --> tests/compile_fail/associated_display_missing_bound.rs:7:1
[INFO] [stdout]    1:     0x58c5e9ecd34a - core[df12db4294e9bfd3]::fmt::write
[INFO] [stderr]    |
[INFO] [stdout]    2:     0x58c5e9ebb78c - <alloc[2182bb758b4b3781]::vec::Vec<u8> as core[df12db4294e9bfd3]::io::write::Write>::write_fmt
[INFO] [stderr]  7 | struct NotDisplay;
[INFO] [stdout]    3:     0x58c5e9e901a6 - std[70759c8f55707aa4]::panicking::default_hook::{closure#0}
[INFO] [stderr]    | ^^^^^^^^^^^^^^^^^
[INFO] [stdout]    4:     0x58c5e9eae339 - std[70759c8f55707aa4]::panicking::default_hook
[INFO] [stderr]    = note: in format strings you may be able to use `{:?}` (or `{:#?}` for pretty-print) instead
[INFO] [stdout]    5:     0x58c5e9e47610 - test[9d35eded1c95d3be]::test_main_inner::<test[9d35eded1c95d3be]::test_main_static::{closure#0}>::{closure#0}
[INFO] [stderr] help: the trait `std::fmt::Display` is conditionally implemented for `Wrapper<T>`
[INFO] [stdout]    6:     0x58c5e9eae4f2 - std[70759c8f55707aa4]::panicking::panic_with_hook
[INFO] [stderr]   --> tests/compile_fail/associated_display_missing_bound.rs:15:10
[INFO] [stdout]    7:     0x58c5e9e90252 - std[70759c8f55707aa4]::panicking::panic_handler::{closure#0}
[INFO] [stderr]    |
[INFO] [stdout]    8:     0x58c5e9e88b19 - std[70759c8f55707aa4]::sys::backtrace::__rust_end_short_backtrace::<std[70759c8f55707aa4]::panicking::panic_handler::{closure#0}, !>
[INFO] [stderr] 15 | #[derive(SensitiveDisplay)]
[INFO] [stdout]    9:     0x58c5e9e90e4d - __rustc[8fa7c3cbc660c2b3]::rust_begin_unwind
[INFO] [stderr]    |          ^^^^^^^^^^^^^^^^ unsatisfied requirement introduced here: `<Demo as HasAssoc>::Assoc: std::fmt::Display`
[INFO] [stdout]   10:     0x58c5e9ecdabc - core[df12db4294e9bfd3]::panicking::panic_fmt
[INFO] [stderr] note: required for `Wrapper<Demo>` to implement `std::fmt::Display`
[INFO] [stdout]   11:     0x58c5e9d9ac9b - <trybuild[4b645a0bdd756960]::Runner>::run
[INFO] [stderr]   --> tests/compile_fail/associated_display_missing_bound.rs:16:8
[INFO] [stdout]   12:     0x58c5e9d9e090 - <trybuild[4b645a0bdd756960]::TestCases as core[df12db4294e9bfd3]::ops::drop::Drop>::drop
[INFO] [stderr]    |
[INFO] [stdout]   13:     0x58c5e9d94d0d - <compile_fail[2afda33881c54e1c]::compile_fail_cases::{closure#0} as core[df12db4294e9bfd3]::ops::function::FnOnce<()>>::call_once
[INFO] [stderr] 15 | #[derive(SensitiveDisplay)]
[INFO] [stdout]   14:     0x58c5e9e3a8fb - test[9d35eded1c95d3be]::__rust_begin_short_backtrace::<core[df12db4294e9bfd3]::result::Result<(), alloc[2182bb758b4b3781]::string::String>, fn() -> core[df12db4294e9bfd3]::result::Result<(), alloc[2182bb758b4b3781]::string::String>>
[INFO] [stderr]    |          ---------------- type parameter would need to implement `std::fmt::Display`
[INFO] [stdout]   15:     0x58c5e9e47f65 - test[9d35eded1c95d3be]::run_test::{closure#0}
[INFO] [stderr] 16 | struct Wrapper<T>
[INFO] [stdout]   16:     0x58c5e9e41824 - std[70759c8f55707aa4]::sys::backtrace::__rust_begin_short_backtrace::<test[9d35eded1c95d3be]::run_test::{closure#1}, ()>
[INFO] [stderr]    |        ^^^^^^^^^^
[INFO] [stdout]   17:     0x58c5e9e4b0c2 - <std[70759c8f55707aa4]::thread::lifecycle::spawn_unchecked<test[9d35eded1c95d3be]::run_test::{closure#1}, ()>::{closure#1} as core[df12db4294e9bfd3]::ops::function::FnOnce<()>>::call_once::{shim:vtable#0}
[INFO] [stderr]    = help: consider manually implementing `std::fmt::Display` to avoid undesired bounds caused by "imperfect derives"
[INFO] [stdout]   18:     0x58c5e9eb5f79 - <std[70759c8f55707aa4]::sys::thread::unix::Thread>::new::thread_start
[INFO] [stderr]    = note: to learn more, visit <https://github.com/rust-lang/rust/issues/26925>
[INFO] [stdout]   19:     0x70b9c1cb2dfa - <unknown>
[INFO] [stderr]    = note: this error originates in the macro `$crate::__export::format_args` which comes from the expansion of the derive macro `SensitiveDisplay` (in Nightly builds, run with -Z macro-backtrace for more info)
[INFO] [stdout]   20:     0x70b9c1d463d4 - clone
[INFO] [stderr] ┈┈┈┈┈┈┈┈┈┈┈┈┈┈┈┈┈┈┈┈┈┈┈┈┈┈┈┈┈┈┈┈┈┈┈┈┈┈┈┈┈┈┈┈┈┈┈┈┈┈┈┈┈┈┈┈┈┈┈┈
[INFO] [stdout]   21:                0x0 - <unknown>
[INFO] [stderr] note: If the actual output is the correct output you can bless it by rerunning
[INFO] [stdout] 
[INFO] [stderr]       your test with the environment variable TRYBUILD=overwrite
[INFO] [stdout] 
[INFO] [stderr] 
[INFO] [stdout] failures:
[INFO] [stderr] test tests/compile_fail/associated_truncate_missing_display_bound.rs ... mismatch
[INFO] [stdout]     compile_fail_cases
[INFO] [stderr] 
[INFO] [stdout] 
[INFO] [stderr] EXPECTED:
[INFO] [stdout] test result: FAILED. 0 passed; 1 failed; 0 ignored; 0 measured; 0 filtered out; finished in 9.68s
[INFO] [stderr] ┈┈┈┈┈┈┈┈┈┈┈┈┈┈┈┈┈┈┈┈┈┈┈┈┈┈┈┈┈┈┈┈┈┈┈┈┈┈┈┈┈┈┈┈┈┈┈┈┈┈┈┈┈┈┈┈┈┈┈┈
[INFO] [stdout] 
[INFO] [stderr] error[E0277]: `NotDisplay` doesn't implement `std::fmt::Display`
[INFO] [stderr]   --> tests/compile_fail/associated_truncate_missing_display_bound.rs:26:29
[INFO] [stderr]    |
[INFO] [stderr] 26 |     let _ = format!("{:?}", value);
[INFO] [stderr]    |                      ----   ^^^^^ `NotDisplay` cannot be formatted with the default formatter
[INFO] [stderr]    |                      |
[INFO] [stderr]    |                      required by this formatting parameter
[INFO] [stderr]    |
[INFO] [stderr] help: the trait `std::fmt::Display` is not implemented for `NotDisplay`
[INFO] [stderr]   --> tests/compile_fail/associated_truncate_missing_display_bound.rs:7:1
[INFO] [stderr]    |
[INFO] [stderr]  7 | struct NotDisplay;
[INFO] [stderr]    | ^^^^^^^^^^^^^^^^^
[INFO] [stderr]    = note: in format strings you may be able to use `{:?}` (or {:#?} for pretty-print) instead
[INFO] [stderr] help: the trait `Debug` is conditionally implemented for `Wrapper<T>`
[INFO] [stderr]   --> tests/compile_fail/associated_truncate_missing_display_bound.rs:15:10
[INFO] [stderr]    |
[INFO] [stderr] 15 | #[derive(SensitiveDebug)]
[INFO] [stderr]    |          ^^^^^^^^^^^^^^ unsatisfied requirement introduced here: `<Demo as HasAssoc>::Assoc: std::fmt::Display`
[INFO] [stderr] note: required for `Wrapper<Demo>` to implement `Debug`
[INFO] [stderr]   --> tests/compile_fail/associated_truncate_missing_display_bound.rs:16:8
[INFO] [stderr]    |
[INFO] [stderr] 15 | #[derive(SensitiveDebug)]
[INFO] [stderr]    |          -------------- type parameter would need to implement `Debug`
[INFO] [stderr] 16 | struct Wrapper<T>
[INFO] [stderr]    |        ^^^^^^^^^^
[INFO] [stderr]    = help: consider manually implementing `Debug` to avoid undesired bounds
[INFO] [stderr]    = note: this error originates in the macro `$crate::__export::format_args` which comes from the expansion of the derive macro `SensitiveDebug` (in Nightly builds, run with -Z macro-backtrace for more info)
[INFO] [stderr] ┈┈┈┈┈┈┈┈┈┈┈┈┈┈┈┈┈┈┈┈┈┈┈┈┈┈┈┈┈┈┈┈┈┈┈┈┈┈┈┈┈┈┈┈┈┈┈┈┈┈┈┈┈┈┈┈┈┈┈┈
[INFO] [stderr] 
[INFO] [stderr] ACTUAL OUTPUT:
[INFO] [stderr] ┈┈┈┈┈┈┈┈┈┈┈┈┈┈┈┈┈┈┈┈┈┈┈┈┈┈┈┈┈┈┈┈┈┈┈┈┈┈┈┈┈┈┈┈┈┈┈┈┈┈┈┈┈┈┈┈┈┈┈┈
[INFO] [stderr] error[E0277]: `NotDisplay` doesn't implement `std::fmt::Display`
[INFO] [stderr]   --> tests/compile_fail/associated_truncate_missing_display_bound.rs:26:29
[INFO] [stderr]    |
[INFO] [stderr] 26 |     let _ = format!("{:?}", value);
[INFO] [stderr]    |                      ----   ^^^^^ `NotDisplay` cannot be formatted with the default formatter
[INFO] [stderr]    |                      |
[INFO] [stderr]    |                      required by this formatting parameter
[INFO] [stderr]    |
[INFO] [stderr] help: the trait `std::fmt::Display` is not implemented for `NotDisplay`
[INFO] [stderr]   --> tests/compile_fail/associated_truncate_missing_display_bound.rs:7:1
[INFO] [stderr]    |
[INFO] [stderr]  7 | struct NotDisplay;
[INFO] [stderr]    | ^^^^^^^^^^^^^^^^^
[INFO] [stderr]    = note: in format strings you may be able to use `{:?}` (or `{:#?}` for pretty-print) instead
[INFO] [stderr] help: the trait `Debug` is conditionally implemented for `Wrapper<T>`
[INFO] [stderr]   --> tests/compile_fail/associated_truncate_missing_display_bound.rs:15:10
[INFO] [stderr]    |
[INFO] [stderr] 15 | #[derive(SensitiveDebug)]
[INFO] [stderr]    |          ^^^^^^^^^^^^^^ unsatisfied requirement introduced here: `<Demo as HasAssoc>::Assoc: std::fmt::Display`
[INFO] [stderr] note: required for `Wrapper<Demo>` to implement `Debug`
[INFO] [stderr]   --> tests/compile_fail/associated_truncate_missing_display_bound.rs:16:8
[INFO] [stderr]    |
[INFO] [stderr] 15 | #[derive(SensitiveDebug)]
[INFO] [stderr]    |          -------------- type parameter would need to implement `Debug`
[INFO] [stderr] 16 | struct Wrapper<T>
[INFO] [stderr]    |        ^^^^^^^^^^
[INFO] [stderr]    = help: consider manually implementing `Debug` to avoid undesired bounds caused by "imperfect derives"
[INFO] [stderr]    = note: to learn more, visit <https://github.com/rust-lang/rust/issues/26925>
[INFO] [stderr]    = note: this error originates in the macro `$crate::__export::format_args` which comes from the expansion of the derive macro `SensitiveDebug` (in Nightly builds, run with -Z macro-backtrace for more info)
[INFO] [stderr] ┈┈┈┈┈┈┈┈┈┈┈┈┈┈┈┈┈┈┈┈┈┈┈┈┈┈┈┈┈┈┈┈┈┈┈┈┈┈┈┈┈┈┈┈┈┈┈┈┈┈┈┈┈┈┈┈┈┈┈┈
[INFO] [stderr] note: If the actual output is the correct output you can bless it by rerunning
[INFO] [stderr]       your test with the environment variable TRYBUILD=overwrite
[INFO] [stderr] 
[INFO] [stderr] test tests/compile_fail/duplicate_attribute.rs ... ok
[INFO] [stderr] test tests/compile_fail/empty_attribute.rs ... ok
[INFO] [stderr] test tests/compile_fail/item_attribute.rs ... ok
[INFO] [stderr] test tests/compile_fail/truncate_negative.rs ... ok
[INFO] [stderr] test tests/compile_fail/truncate_string_literal.rs ... ok
[INFO] [stderr] test tests/compile_fail/truncate_zero.rs ... ok
[INFO] [stderr] test tests/compile_fail/tuple_struct.rs ... ok
[INFO] [stderr] test tests/compile_fail/tuple_variant.rs ... ok
[INFO] [stderr] test tests/compile_fail/two_modifiers.rs ... ok
[INFO] [stderr] test tests/compile_fail/union_input.rs ... ok
[INFO] [stderr] test tests/compile_fail/unit_struct.rs ... ok
[INFO] [stderr] test tests/compile_fail/unknown_modifier.rs ... ok
[INFO] [stderr] test tests/compile_fail/variant_attribute.rs ... ok
[INFO] [stderr] 
[INFO] [stderr] 
[INFO] [stderr] error: test failed, to rerun pass `--test compile_fail`
[INFO] running `Command { std: "docker" "inspect" "95f7b1be4bba5fb13d603b9b29f717addd3109d61db6ee36245a16e51c30f0fd", kill_on_drop: false }`
[INFO] running `Command { std: "docker" "rm" "-f" "95f7b1be4bba5fb13d603b9b29f717addd3109d61db6ee36245a16e51c30f0fd", kill_on_drop: false }`
[INFO] [stdout] 95f7b1be4bba5fb13d603b9b29f717addd3109d61db6ee36245a16e51c30f0fd
