[INFO] fetching crate sen6x 0.1.4...
[INFO] testing sen6x-0.1.4 against 1.99.0-beta.8+cargoflags=--release for beta-release-1.100-2
[INFO] extracting crate sen6x 0.1.4 into /workspace/builds/worker-2-tc1/source
[INFO] removed /workspace/builds/worker-2-tc1/source/.cargo/config.toml
[INFO] started tweaking crates.io crate sen6x 0.1.4
[INFO] finished tweaking crates.io crate sen6x 0.1.4
[INFO] tweaked toml for crates.io crate sen6x 0.1.4 written to /workspace/builds/worker-2-tc1/source/Cargo.toml
[INFO] validating manifest of crates.io crate sen6x 0.1.4 on toolchain 1.99.0-beta.8
[INFO] running `Command { std: CARGO_HOME="/workspace/cargo-home" RUSTUP_HOME="/workspace/rustup-home" "/workspace/cargo-home/bin/cargo" "+1.99.0-beta.8" "metadata" "--manifest-path" "Cargo.toml" "--no-deps", kill_on_drop: false }`
[INFO] crate crates.io crate sen6x 0.1.4 already has a lockfile, it will not be regenerated
[INFO] running `Command { std: CARGO_HOME="/workspace/cargo-home" RUSTUP_HOME="/workspace/rustup-home" "/workspace/cargo-home/bin/cargo" "+1.99.0-beta.8" "fetch" "--manifest-path" "Cargo.toml", kill_on_drop: false }`
[INFO] [stderr]     Updating crates.io index
[INFO] [stderr]  Downloading crates ...
[INFO] [stderr]   Downloaded defmt-macros v0.4.0
[INFO] [stderr]   Downloaded embedded-hal-mock v0.11.1
[INFO] [stderr]   Downloaded defmt-parser v0.4.1
[INFO] [stderr]   Downloaded defmt v0.3.10
[INFO] running `Command { std: "docker" "create" "-v" "/var/lib/crater-agent-workspace/builds/worker-2-tc1/source:/opt/rustwide/workdir:ro,Z" "-v" "/var/lib/crater-agent-workspace/builds/worker-2-tc1/target:/opt/rustwide/target:rw,Z" "-v" "/var/lib/crater-agent-workspace/cargo-home:/opt/rustwide/cargo-home:ro,Z" "-v" "/var/lib/crater-agent-workspace/rustup-home:/opt/rustwide/rustup-home:ro,Z" "-m" "1610612736" "--network" "none" "ghcr.io/rust-lang/crates-build-env/linux@sha256:77db811e55d90add9212f6832c23229e3de5f1c1f9905e8cb07319ea15df73ac" "sleep" "infinity", kill_on_drop: false }`
[INFO] [stdout] babc3105c17bf7e21449e5cd9e1d57686dd77d87c35c866351c5e3673e424a68
[INFO] running `Command { std: "docker" "start" "babc3105c17bf7e21449e5cd9e1d57686dd77d87c35c866351c5e3673e424a68", kill_on_drop: false }`
[INFO] running `Command { std: "docker" "inspect" "babc3105c17bf7e21449e5cd9e1d57686dd77d87c35c866351c5e3673e424a68", kill_on_drop: false }`
[INFO] running `Command { std: "docker" "exec" "-e" "SOURCE_DIR=/opt/rustwide/workdir" "-e" "CARGO_HOME=/opt/rustwide/cargo-home" "-e" "RUSTUP_HOME=/opt/rustwide/rustup-home" "-e" "CARGO_TARGET_DIR=/opt/rustwide/target" "-w" "/opt/rustwide/workdir" "--user" "0:0" "babc3105c17bf7e21449e5cd9e1d57686dd77d87c35c866351c5e3673e424a68" "/opt/rustwide/cargo-home/bin/cargo" "+1.99.0-beta.8" "metadata" "--no-deps" "--format-version=1", kill_on_drop: false }`
[INFO] running `Command { std: "docker" "inspect" "babc3105c17bf7e21449e5cd9e1d57686dd77d87c35c866351c5e3673e424a68", kill_on_drop: false }`
[INFO] running `Command { std: "docker" "exec" "-e" "SOURCE_DIR=/opt/rustwide/workdir" "-e" "CARGO_HOME=/opt/rustwide/cargo-home" "-e" "RUSTUP_HOME=/opt/rustwide/rustup-home" "-e" "CARGO_TARGET_DIR=/opt/rustwide/target" "-e" "CARGO_INCREMENTAL=0" "-e" "RUST_BACKTRACE=full" "-e" "RUSTFLAGS=--cap-lints=warn" "-e" "RUSTDOCFLAGS=--cap-lints=warn" "-w" "/opt/rustwide/workdir" "--user" "0:0" "babc3105c17bf7e21449e5cd9e1d57686dd77d87c35c866351c5e3673e424a68" "/opt/rustwide/cargo-home/bin/cargo" "+1.99.0-beta.8" "build" "--frozen" "--message-format=json" "--release", kill_on_drop: false }`
[INFO] [stderr]    Compiling embedded-hal-async v1.0.0
[INFO] [stderr]    Compiling embedded-hal v1.0.0
[INFO] [stderr]    Compiling sen6x v0.1.4 (/opt/rustwide/workdir)
[INFO] [stderr]     Finished `release` profile [optimized] target(s) in 0.65s
[INFO] running `Command { std: "docker" "inspect" "babc3105c17bf7e21449e5cd9e1d57686dd77d87c35c866351c5e3673e424a68", kill_on_drop: false }`
[INFO] running `Command { std: "docker" "exec" "-e" "SOURCE_DIR=/opt/rustwide/workdir" "-e" "CARGO_HOME=/opt/rustwide/cargo-home" "-e" "RUSTUP_HOME=/opt/rustwide/rustup-home" "-e" "CARGO_TARGET_DIR=/opt/rustwide/target" "-e" "CARGO_INCREMENTAL=0" "-e" "RUST_BACKTRACE=full" "-e" "RUSTFLAGS=--cap-lints=warn" "-e" "RUSTDOCFLAGS=--cap-lints=warn" "-w" "/opt/rustwide/workdir" "--user" "0:0" "babc3105c17bf7e21449e5cd9e1d57686dd77d87c35c866351c5e3673e424a68" "/opt/rustwide/cargo-home/bin/cargo" "+1.99.0-beta.8" "test" "--frozen" "--no-run" "--message-format=json" "--release", kill_on_drop: false }`
[INFO] [stderr]    Compiling unicode-ident v1.0.17
[INFO] [stderr]    Compiling num-rational v0.3.2
[INFO] [stderr]    Compiling nb v1.1.0
[INFO] [stderr]    Compiling futures-sink v0.3.31
[INFO] [stderr]    Compiling futures-core v0.3.31
[INFO] [stderr]    Compiling num-iter v0.1.45
[INFO] [stderr]    Compiling num-complex v0.3.1
[INFO] [stderr]    Compiling void v1.0.2
[INFO] [stderr]    Compiling crc-catalog v2.4.0
[INFO] [stderr]    Compiling log v0.4.26
[INFO] [stderr]    Compiling nb v0.1.3
[INFO] [stderr]    Compiling embedded-hal-nb v1.0.0
[INFO] [stderr]    Compiling proc-macro2 v1.0.93
[INFO] [stderr]    Compiling embedded-hal v0.2.7
[INFO] [stderr]    Compiling futures-channel v0.3.31
[INFO] [stderr]    Compiling crc v3.2.1
[INFO] [stderr]    Compiling quote v1.0.38
[INFO] [stderr]    Compiling syn v2.0.98
[INFO] [stderr]    Compiling num v0.3.1
[INFO] [stderr]    Compiling embedded-time v0.12.1
[INFO] [stderr]    Compiling embedded-hal-mock v0.11.1
[INFO] [stderr]    Compiling futures-macro v0.3.31
[INFO] [stderr]    Compiling futures-util v0.3.31
[INFO] [stderr]    Compiling futures-executor v0.3.31
[INFO] [stderr]    Compiling futures v0.3.31
[INFO] [stderr]    Compiling sen6x v0.1.4 (/opt/rustwide/workdir)
[INFO] [stderr]     Finished `release` profile [optimized] target(s) in 11.26s
[INFO] running `Command { std: "docker" "inspect" "babc3105c17bf7e21449e5cd9e1d57686dd77d87c35c866351c5e3673e424a68", kill_on_drop: false }`
[INFO] running `Command { std: "docker" "exec" "-e" "SOURCE_DIR=/opt/rustwide/workdir" "-e" "CARGO_HOME=/opt/rustwide/cargo-home" "-e" "RUSTUP_HOME=/opt/rustwide/rustup-home" "-e" "CARGO_TARGET_DIR=/opt/rustwide/target" "-e" "CARGO_INCREMENTAL=0" "-e" "RUST_BACKTRACE=full" "-e" "RUSTFLAGS=--cap-lints=warn" "-e" "RUSTDOCFLAGS=--cap-lints=warn" "-w" "/opt/rustwide/workdir" "--user" "0:0" "babc3105c17bf7e21449e5cd9e1d57686dd77d87c35c866351c5e3673e424a68" "/opt/rustwide/cargo-home/bin/cargo" "+1.99.0-beta.8" "test" "--frozen" "--release", kill_on_drop: false }`
[INFO] [stderr]     Finished `release` profile [optimized] target(s) in 0.06s
[INFO] [stderr]      Running unittests src/lib.rs (/opt/rustwide/target/release/deps/sen6x-80b143016495f8e5)
[INFO] [stdout] 
[INFO] [stdout] running 35 tests
[INFO] [stdout] test blocking::tests::test_error_handling ... ok
[INFO] [stdout] test blocking::tests::test_get_raw_concentration_sample ... ok
[INFO] [stdout] test blocking::tests::test_get_raw_sample_sen66 ... ok
[INFO] [stdout] test blocking::tests::test_get_sample_sen66 ... ok
[INFO] [stdout] test blocking::tests::test_get_serial_number ... ok
[INFO] [stdout] test blocking::tests::test_get_voc_algo_state ... ok
[INFO] [stdout] test blocking::tests::test_reset ... ok
[INFO] [stdout] test blocking::tests::test_set_altitude ... ok
[INFO] [stdout] test blocking::tests::test_new ... ok
[INFO] [stdout] test blocking::tests::test_activate_sht_heater ... ok
[INFO] [stdout] test blocking::tests::test_read_device_status ... ok
[INFO] [stdout] test blocking::tests::test_get_product_name ... ok
[INFO] [stdout] test blocking::tests::test_get_nox_algo_tuning_parameters ... ok
[INFO] [stdout] test blocking::tests::test_set_and_get_ambient_pressure ... ok
[INFO] [stdout] test blocking::tests::test_invalid_state_errors ... ok
[INFO] [stdout] test blocking::tests::test_get_is_data_ready_false ... ok
[INFO] [stdout] test blocking::tests::test_get_is_data_ready_true ... ok
[INFO] [stdout] test blocking::tests::test_get_altitude ... ok
[INFO] [stdout] test blocking::tests::test_get_voc_algo_tuning_parameters ... ok
[INFO] [stdout] test blocking::tests::test_perform_forced_co2_recalibration ... ok
[INFO] [stdout] test blocking::tests::test_read_and_clear_device_status ... ok
[INFO] [stdout] test blocking::tests::test_start_continuous_measurement ... ok
[INFO] [stdout] test crc_internal::tests::test_buffer_too_small ... ok
[INFO] [stdout] test crc_internal::tests::test_validate_and_extract ... ok
[INFO] [stdout] test crc_internal::tests::test_invalid_input_length ... ok
[INFO] [stdout] test blocking::tests::test_set_temp_accel_pars ... ok
[INFO] [stdout] test blocking::tests::test_set_temp_offset_pars ... ok
[INFO] [stdout] test crc_internal::tests::test_invalid_crc ... ok
[INFO] [stdout] test blocking::tests::test_set_voc_algo_state ... ok
[INFO] [stdout] test blocking::tests::test_set_voc_algo_tuning_parameters ... ok
[INFO] [stdout] test blocking::tests::test_start_fan_cleaning ... ok
[INFO] [stdout] test blocking::tests::test_get_is_co2_auto_self_calibrated ... ok
[INFO] [stdout] test blocking::tests::test_set_nox_algo_tuning_parameters ... ok
[INFO] [stdout] test blocking::tests::test_stop_measurement ... ok
[INFO] [stderr]    Doc-tests sen6x
[INFO] [stdout] test blocking::tests::test_set_co2_auto_self_calibration ... ok
[INFO] [stdout] 
[INFO] [stdout] test result: ok. 35 passed; 0 failed; 0 ignored; 0 measured; 0 filtered out; finished in 0.21s
[INFO] [stdout] 
[INFO] [stdout] 
[INFO] [stdout] running 1 test
[INFO] [stdout] test src/crc_internal.rs - crc_internal::validate_and_extract_data (line 51) ... FAILED
[INFO] [stdout] 
[INFO] [stdout] failures:
[INFO] [stdout] 
[INFO] [stdout] ---- src/crc_internal.rs - crc_internal::validate_and_extract_data (line 51) stdout ----
[INFO] [stdout] error[E0425]: cannot find function `validate_and_extract_data` in this scope
[INFO] [stdout]   --> src/crc_internal.rs:55:7
[INFO] [stdout]    |
[INFO] [stdout] 55 | match validate_and_extract_data(&input, &mut output) {
[INFO] [stdout]    |       ^^^^^^^^^^^^^^^^^^^^^^^^^ not found in this scope
[INFO] [stdout] 
[INFO] [stdout] error: aborting due to 1 previous error
[INFO] [stdout] 
[INFO] [stdout] For more information about this error, try `rustc --explain E0425`.
[INFO] [stdout] Couldn't compile the test.
[INFO] [stdout] 
[INFO] [stdout] failures:
[INFO] [stdout]     src/crc_internal.rs - crc_internal::validate_and_extract_data (line 51)
[INFO] [stdout] 
[INFO] [stdout] test result: FAILED. 0 passed; 1 failed; 0 ignored; 0 measured; 0 filtered out; finished in 0.10s
[INFO] [stdout] 
[INFO] [stdout] all doctests ran in 0.23s; merged doctests compilation took 0.13s
[INFO] [stderr] error: doctest failed, to rerun pass `--doc`
[INFO] running `Command { std: "docker" "inspect" "babc3105c17bf7e21449e5cd9e1d57686dd77d87c35c866351c5e3673e424a68", kill_on_drop: false }`
[INFO] running `Command { std: "docker" "rm" "-f" "babc3105c17bf7e21449e5cd9e1d57686dd77d87c35c866351c5e3673e424a68", kill_on_drop: false }`
[INFO] [stdout] babc3105c17bf7e21449e5cd9e1d57686dd77d87c35c866351c5e3673e424a68
