[INFO] fetching crate selium-userland-macros 1.0.0-alpha.6...
[INFO] testing selium-userland-macros-1.0.0-alpha.6 against 1.100.0-beta.1+cargoflags=--release for beta-release-1.100-2
[INFO] extracting crate selium-userland-macros 1.0.0-alpha.6 into /workspace/builds/worker-4-tc2/source
[INFO] started tweaking crates.io crate selium-userland-macros 1.0.0-alpha.6
[INFO] removed 0 missing tests
[INFO] finished tweaking crates.io crate selium-userland-macros 1.0.0-alpha.6
[INFO] tweaked toml for crates.io crate selium-userland-macros 1.0.0-alpha.6 written to /workspace/builds/worker-4-tc2/source/Cargo.toml
[INFO] validating manifest of crates.io crate selium-userland-macros 1.0.0-alpha.6 on toolchain 1.100.0-beta.1
[INFO] running `Command { std: CARGO_HOME="/workspace/cargo-home" RUSTUP_HOME="/workspace/rustup-home" "/workspace/cargo-home/bin/cargo" "+1.100.0-beta.1" "metadata" "--manifest-path" "Cargo.toml" "--no-deps", kill_on_drop: false }`
[INFO] crate crates.io crate selium-userland-macros 1.0.0-alpha.6 already has a lockfile, it will not be regenerated
[INFO] running `Command { std: CARGO_HOME="/workspace/cargo-home" RUSTUP_HOME="/workspace/rustup-home" "/workspace/cargo-home/bin/cargo" "+1.100.0-beta.1" "fetch" "--manifest-path" "Cargo.toml", kill_on_drop: false }`
[INFO] running `Command { std: "docker" "create" "-v" "/var/lib/crater-agent-workspace/builds/worker-4-tc2/source:/opt/rustwide/workdir:ro,Z" "-v" "/var/lib/crater-agent-workspace/builds/worker-4-tc2/target:/opt/rustwide/target:rw,Z" "-v" "/var/lib/crater-agent-workspace/cargo-home:/opt/rustwide/cargo-home:ro,Z" "-v" "/var/lib/crater-agent-workspace/rustup-home:/opt/rustwide/rustup-home:ro,Z" "-m" "1610612736" "--network" "none" "ghcr.io/rust-lang/crates-build-env/linux@sha256:77db811e55d90add9212f6832c23229e3de5f1c1f9905e8cb07319ea15df73ac" "sleep" "infinity", kill_on_drop: false }`
[INFO] [stdout] 1d45b527201df47c3593f062f3e14989744629c22e1440d97aa604064404c6c9
[INFO] running `Command { std: "docker" "start" "1d45b527201df47c3593f062f3e14989744629c22e1440d97aa604064404c6c9", kill_on_drop: false }`
[INFO] running `Command { std: "docker" "inspect" "1d45b527201df47c3593f062f3e14989744629c22e1440d97aa604064404c6c9", kill_on_drop: false }`
[INFO] running `Command { std: "docker" "exec" "-e" "SOURCE_DIR=/opt/rustwide/workdir" "-e" "CARGO_HOME=/opt/rustwide/cargo-home" "-e" "RUSTUP_HOME=/opt/rustwide/rustup-home" "-e" "CARGO_TARGET_DIR=/opt/rustwide/target" "-w" "/opt/rustwide/workdir" "--user" "0:0" "1d45b527201df47c3593f062f3e14989744629c22e1440d97aa604064404c6c9" "/opt/rustwide/cargo-home/bin/cargo" "+1.100.0-beta.1" "metadata" "--no-deps" "--format-version=1", kill_on_drop: false }`
[INFO] running `Command { std: "docker" "inspect" "1d45b527201df47c3593f062f3e14989744629c22e1440d97aa604064404c6c9", kill_on_drop: false }`
[INFO] running `Command { std: "docker" "exec" "-e" "SOURCE_DIR=/opt/rustwide/workdir" "-e" "CARGO_HOME=/opt/rustwide/cargo-home" "-e" "RUSTUP_HOME=/opt/rustwide/rustup-home" "-e" "CARGO_TARGET_DIR=/opt/rustwide/target" "-e" "CARGO_INCREMENTAL=0" "-e" "RUST_BACKTRACE=full" "-e" "RUSTFLAGS=--cap-lints=warn" "-e" "RUSTDOCFLAGS=--cap-lints=warn" "-w" "/opt/rustwide/workdir" "--user" "0:0" "1d45b527201df47c3593f062f3e14989744629c22e1440d97aa604064404c6c9" "/opt/rustwide/cargo-home/bin/cargo" "+1.100.0-beta.1" "build" "--frozen" "--message-format=json" "--release", kill_on_drop: false }`
[INFO] [stderr]    Compiling hashbrown v0.17.0
[INFO] [stderr]    Compiling winnow v1.0.1
[INFO] [stderr]    Compiling cc v1.2.59
[INFO] [stderr]    Compiling selium-userland-macros v1.0.0-alpha.6 (/opt/rustwide/workdir)
[INFO] [stderr]    Compiling constant_time_eq v0.4.2
[INFO] [stderr]    Compiling cpufeatures v0.3.0
[INFO] [stderr]    Compiling arrayref v0.3.9
[INFO] [stderr]    Compiling arrayvec v0.7.6
[INFO] [stderr]    Compiling syn v2.0.117
[INFO] [stderr]    Compiling indexmap v2.14.0
[INFO] [stderr]    Compiling toml_parser v1.1.2+spec-1.1.0
[INFO] [stderr]    Compiling blake3 v1.8.4
[INFO] [stderr]    Compiling toml_edit v0.25.11+spec-1.1.0
[INFO] [stderr]    Compiling proc-macro-crate v3.5.0
[INFO] [stderr]     Finished `release` profile [optimized] target(s) in 21.22s
[INFO] running `Command { std: "docker" "inspect" "1d45b527201df47c3593f062f3e14989744629c22e1440d97aa604064404c6c9", kill_on_drop: false }`
[INFO] running `Command { std: "docker" "exec" "-e" "SOURCE_DIR=/opt/rustwide/workdir" "-e" "CARGO_HOME=/opt/rustwide/cargo-home" "-e" "RUSTUP_HOME=/opt/rustwide/rustup-home" "-e" "CARGO_TARGET_DIR=/opt/rustwide/target" "-e" "CARGO_INCREMENTAL=0" "-e" "RUST_BACKTRACE=full" "-e" "RUSTFLAGS=--cap-lints=warn" "-e" "RUSTDOCFLAGS=--cap-lints=warn" "-w" "/opt/rustwide/workdir" "--user" "0:0" "1d45b527201df47c3593f062f3e14989744629c22e1440d97aa604064404c6c9" "/opt/rustwide/cargo-home/bin/cargo" "+1.100.0-beta.1" "test" "--frozen" "--no-run" "--message-format=json" "--release", kill_on_drop: false }`
[INFO] [stderr]    Compiling target-triple v1.0.0
[INFO] [stderr]    Compiling toml_datetime v1.1.1+spec-1.1.0
[INFO] [stderr]    Compiling anyhow v1.0.102
[INFO] [stderr]    Compiling syn v2.0.117
[INFO] [stderr]    Compiling winnow v1.0.1
[INFO] [stderr]    Compiling zmij v1.0.21
[INFO] [stderr]    Compiling proc-macro2 v1.0.106
[INFO] [stderr]    Compiling selium-userland-macros v1.0.0-alpha.6 (/opt/rustwide/workdir)
[INFO] [stderr]    Compiling serde_spanned v1.1.1
[INFO] [stderr]    Compiling toml_edit v0.25.11+spec-1.1.0
[INFO] [stderr]    Compiling quote v1.0.45
[INFO] [stderr]    Compiling toml_writer v1.1.1+spec-1.1.0
[INFO] [stderr]    Compiling serde_json v1.0.149
[INFO] [stderr]    Compiling toml v1.1.2+spec-1.1.0
[INFO] [stderr]    Compiling serde v1.0.228
[INFO] [stderr]    Compiling proc-macro-crate v3.5.0
[INFO] [stderr]    Compiling flatbuffers v25.12.19
[INFO] [stderr]    Compiling blake3 v1.8.4
[INFO] [stderr]    Compiling termcolor v1.4.1
[INFO] [stderr]    Compiling bitflags v2.11.0
[INFO] [stderr]    Compiling toml_parser v1.1.2+spec-1.1.0
[INFO] [stderr]    Compiling constant_time_eq v0.4.2
[INFO] [stderr]    Compiling arrayvec v0.7.6
[INFO] [stderr]    Compiling serde_derive v1.0.228
[INFO] [stderr]    Compiling trybuild v1.0.116
[INFO] [stderr]     Finished `release` profile [optimized] target(s) in 1m 25s
[INFO] running `Command { std: "docker" "inspect" "1d45b527201df47c3593f062f3e14989744629c22e1440d97aa604064404c6c9", kill_on_drop: false }`
[INFO] running `Command { std: "docker" "exec" "-e" "SOURCE_DIR=/opt/rustwide/workdir" "-e" "CARGO_HOME=/opt/rustwide/cargo-home" "-e" "RUSTUP_HOME=/opt/rustwide/rustup-home" "-e" "CARGO_TARGET_DIR=/opt/rustwide/target" "-e" "CARGO_INCREMENTAL=0" "-e" "RUST_BACKTRACE=full" "-e" "RUSTFLAGS=--cap-lints=warn" "-e" "RUSTDOCFLAGS=--cap-lints=warn" "-w" "/opt/rustwide/workdir" "--user" "0:0" "1d45b527201df47c3593f062f3e14989744629c22e1440d97aa604064404c6c9" "/opt/rustwide/cargo-home/bin/cargo" "+1.100.0-beta.1" "test" "--frozen" "--release", kill_on_drop: false }`
[INFO] [stderr]     Finished `release` profile [optimized] target(s) in 0.14s
[INFO] [stderr]      Running unittests src/lib.rs (/opt/rustwide/target/release/build/selium-userland-macros/4c62e195db40e2e2/out/selium_userland_macros-4c62e195db40e2e2)
[INFO] [stdout] 
[INFO] [stdout] running 0 tests
[INFO] [stdout] 
[INFO] [stdout] test result: ok. 0 passed; 0 failed; 0 ignored; 0 measured; 0 filtered out; finished in 0.00s
[INFO] [stdout] 
[INFO] [stderr]      Running tests/entrypoint.rs (/opt/rustwide/target/release/build/selium-userland-macros/8823737bf8f11144/out/entrypoint-8823737bf8f11144)
[INFO] [stdout] 
[INFO] [stdout] running 1 test
[INFO] [stderr]    Compiling proc-macro2 v1.0.106
[INFO] [stderr]    Compiling shlex v1.3.0
[INFO] [stderr]    Compiling find-msvc-tools v0.1.9
[INFO] [stderr]    Compiling quote v1.0.45
[INFO] [stderr]    Compiling unicode-ident v1.0.24
[INFO] [stderr]    Compiling hashbrown v0.17.0
[INFO] [stderr]    Compiling semver v1.0.28
[INFO] [stderr]    Compiling winnow v1.0.1
[INFO] [stderr]    Compiling equivalent v1.0.2
[INFO] [stderr]    Compiling toml_datetime v1.1.1+spec-1.1.0
[INFO] [stderr]    Compiling cc v1.2.59
[INFO] [stderr]    Compiling rustc_version v0.4.1
[INFO] [stderr]    Compiling flatbuffers v25.12.19
[INFO] [stderr]    Compiling arrayref v0.3.9
[INFO] [stderr]    Compiling indexmap v2.14.0
[INFO] [stderr]    Compiling anyhow v1.0.102
[INFO] [stderr]    Compiling cpufeatures v0.3.0
[INFO] [stderr]    Compiling cfg-if v1.0.4
[INFO] [stderr]    Compiling arrayvec v0.7.6
[INFO] [stderr]    Compiling selium-userland-macros v1.0.0-alpha.6 (/opt/rustwide/workdir)
[INFO] [stderr]    Compiling constant_time_eq v0.4.2
[INFO] [stderr]    Compiling syn v2.0.117
[INFO] [stderr]    Compiling toml_parser v1.1.2+spec-1.1.0
[INFO] [stderr]    Compiling bitflags v2.11.0
[INFO] [stderr]    Compiling toml_edit v0.25.11+spec-1.1.0
[INFO] [stderr]    Compiling blake3 v1.8.4
[INFO] [stderr]    Compiling proc-macro-crate v3.5.0
[INFO] [stderr]    Compiling selium-userland-macros-tests v0.0.0 (/opt/rustwide/target/tests/trybuild/selium-userland-macros)
[INFO] [stderr]     Finished `dev` profile [unoptimized + debuginfo] target(s) in 33.01s
[INFO] [stderr] 
[INFO] [stderr] 
[INFO] [stderr] test tests/entrypoint/pass/anyhow.rs [should pass] ... error
[INFO] [stderr] ┈┈┈┈┈┈┈┈┈┈┈┈┈┈┈┈┈┈┈┈┈┈┈┈┈┈┈┈┈┈┈┈┈┈┈┈┈┈┈┈┈┈┈┈┈┈┈┈┈┈┈┈┈┈┈┈┈┈┈┈
[INFO] [stderr] error[E0433]: cannot find module or crate `selium_userland` in this scope
[INFO] [stderr]  --> tests/entrypoint/pass/anyhow.rs:6:1
[INFO] [stderr]   |
[INFO] [stderr] 6 | #[entrypoint]
[INFO] [stderr]   | ^^^^^^^^^^^^^ use of unresolved module or unlinked crate `selium_userland`
[INFO] [stderr]   |
[INFO] [stderr]   = help: if you wanted to use a crate named `selium_userland`, use `cargo add selium_userland` to add it to your `Cargo.toml`
[INFO] [stderr]   = note: this error originates in the attribute macro `entrypoint` (in Nightly builds, run with -Z macro-backtrace for more info)
[INFO] [stderr] ┈┈┈┈┈┈┈┈┈┈┈┈┈┈┈┈┈┈┈┈┈┈┈┈┈┈┈┈┈┈┈┈┈┈┈┈┈┈┈┈┈┈┈┈┈┈┈┈┈┈┈┈┈┈┈┈┈┈┈┈
[INFO] [stderr] 
[INFO] [stderr] test tests/entrypoint/pass/args.rs [should pass] ... error
[INFO] [stderr] ┈┈┈┈┈┈┈┈┈┈┈┈┈┈┈┈┈┈┈┈┈┈┈┈┈┈┈┈┈┈┈┈┈┈┈┈┈┈┈┈┈┈┈┈┈┈┈┈┈┈┈┈┈┈┈┈┈┈┈┈
[INFO] [stderr] error[E0433]: cannot find module or crate `selium_userland` in this scope
[INFO] [stderr]  --> tests/entrypoint/pass/args.rs:5:1
[INFO] [stderr]   |
[INFO] [stderr] 5 | #[entrypoint]
[INFO] [stderr]   | ^^^^^^^^^^^^^ use of unresolved module or unlinked crate `selium_userland`
[INFO] [stderr]   |
[INFO] [stderr]   = help: if you wanted to use a crate named `selium_userland`, use `cargo add selium_userland` to add it to your `Cargo.toml`
[INFO] [stderr]   = note: this error originates in the attribute macro `entrypoint` (in Nightly builds, run with -Z macro-backtrace for more info)
[INFO] [stderr] ┈┈┈┈┈┈┈┈┈┈┈┈┈┈┈┈┈┈┈┈┈┈┈┈┈┈┈┈┈┈┈┈┈┈┈┈┈┈┈┈┈┈┈┈┈┈┈┈┈┈┈┈┈┈┈┈┈┈┈┈
[INFO] [stderr] 
[INFO] [stderr] test tests/entrypoint/pass/basic.rs [should pass] ... error
[INFO] [stderr] ┈┈┈┈┈┈┈┈┈┈┈┈┈┈┈┈┈┈┈┈┈┈┈┈┈┈┈┈┈┈┈┈┈┈┈┈┈┈┈┈┈┈┈┈┈┈┈┈┈┈┈┈┈┈┈┈┈┈┈┈
[INFO] [stderr] error[E0433]: cannot find module or crate `selium_userland` in this scope
[INFO] [stderr]  --> tests/entrypoint/pass/basic.rs:5:1
[INFO] [stderr]   |
[INFO] [stderr] 5 | #[entrypoint]
[INFO] [stderr]   | ^^^^^^^^^^^^^ use of unresolved module or unlinked crate `selium_userland`
[INFO] [stderr]   |
[INFO] [stderr]   = help: if you wanted to use a crate named `selium_userland`, use `cargo add selium_userland` to add it to your `Cargo.toml`
[INFO] [stderr]   = note: this error originates in the attribute macro `entrypoint` (in Nightly builds, run with -Z macro-backtrace for more info)
[INFO] [stderr] ┈┈┈┈┈┈┈┈┈┈┈┈┈┈┈┈┈┈┈┈┈┈┈┈┈┈┈┈┈┈┈┈┈┈┈┈┈┈┈┈┈┈┈┈┈┈┈┈┈┈┈┈┈┈┈┈┈┈┈┈
[INFO] [stderr] 
[INFO] [stderr] test tests/entrypoint/pass/context.rs [should pass] ... error
[INFO] [stderr] ┈┈┈┈┈┈┈┈┈┈┈┈┈┈┈┈┈┈┈┈┈┈┈┈┈┈┈┈┈┈┈┈┈┈┈┈┈┈┈┈┈┈┈┈┈┈┈┈┈┈┈┈┈┈┈┈┈┈┈┈
[INFO] [stderr] error[E0432]: unresolved import `selium_userland`
[INFO] [stderr]  --> tests/entrypoint/pass/context.rs:3:5
[INFO] [stderr]   |
[INFO] [stderr] 3 | use selium_userland::Context;
[INFO] [stderr]   |     ^^^^^^^^^^^^^^^ use of unresolved module or unlinked crate `selium_userland`
[INFO] [stderr]   |
[INFO] [stderr]   = help: if you wanted to use a crate named `selium_userland`, use `cargo add selium_userland` to add it to your `Cargo.toml`
[INFO] [stderr] 
[INFO] [stderr] error[E0433]: cannot find module or crate `selium_userland` in this scope
[INFO] [stderr]  --> tests/entrypoint/pass/context.rs:6:1
[INFO] [stderr]   |
[INFO] [stderr] 6 | #[entrypoint]
[INFO] [stderr]   | ^^^^^^^^^^^^^ use of unresolved module or unlinked crate `selium_userland`
[INFO] [stderr]   |
[INFO] [stderr]   = help: if you wanted to use a crate named `selium_userland`, use `cargo add selium_userland` to add it to your `Cargo.toml`
[INFO] [stderr]   = note: this error originates in the attribute macro `entrypoint` (in Nightly builds, run with -Z macro-backtrace for more info)
[INFO] [stderr] 
[INFO] [stderr] error[E0433]: cannot find module or crate `selium_userland` in this scope
[INFO] [stderr]  --> tests/entrypoint/pass/context.rs:6:1
[INFO] [stderr]   |
[INFO] [stderr] 6 | #[entrypoint]
[INFO] [stderr]   | ^^^^^^^^^^^^^ use of unresolved module or unlinked crate `selium_userland`
[INFO] [stderr]   |
[INFO] [stderr]   = help: if you wanted to use a crate named `selium_userland`, use `cargo add selium_userland` to add it to your `Cargo.toml`
[INFO] [stderr]   = note: this error originates in the attribute macro `entrypoint` (in Nightly builds, run with -Z macro-backtrace for more info)
[INFO] [stderr] help: consider importing this struct
[INFO] [stderr]   |
[INFO] [stderr] 3 + use std::task::Context;
[INFO] [stderr]   |
[INFO] [stderr] ┈┈┈┈┈┈┈┈┈┈┈┈┈┈┈┈┈┈┈┈┈┈┈┈┈┈┈┈┈┈┈┈┈┈┈┈┈┈┈┈┈┈┈┈┈┈┈┈┈┈┈┈┈┈┈┈┈┈┈┈
[INFO] [stderr] 
[INFO] [stderr] test tests/entrypoint/pass/str.rs [should pass] ... error
[INFO] [stderr] ┈┈┈┈┈┈┈┈┈┈┈┈┈┈┈┈┈┈┈┈┈┈┈┈┈┈┈┈┈┈┈┈┈┈┈┈┈┈┈┈┈┈┈┈┈┈┈┈┈┈┈┈┈┈┈┈┈┈┈┈
[INFO] [stderr] error[E0433]: cannot find module or crate `selium_userland` in this scope
[INFO] [stderr]  --> tests/entrypoint/pass/str.rs:3:1
[INFO] [stderr]   |
[INFO] [stderr] 3 | #[entrypoint]
[INFO] [stderr]   | ^^^^^^^^^^^^^ use of unresolved module or unlinked crate `selium_userland`
[INFO] [stderr]   |
[INFO] [stderr]   = help: if you wanted to use a crate named `selium_userland`, use `cargo add selium_userland` to add it to your `Cargo.toml`
[INFO] [stderr]   = note: this error originates in the attribute macro `entrypoint` (in Nightly builds, run with -Z macro-backtrace for more info)
[INFO] [stderr] ┈┈┈┈┈┈┈┈┈┈┈┈┈┈┈┈┈┈┈┈┈┈┈┈┈┈┈┈┈┈┈┈┈┈┈┈┈┈┈┈┈┈┈┈┈┈┈┈┈┈┈┈┈┈┈┈┈┈┈┈
[INFO] [stderr] 
[INFO] [stderr] test tests/entrypoint/fail/generic.rs [should fail to compile] ... ok
[INFO] [stderr] test tests/entrypoint/fail/return_type.rs [should fail to compile] ... ok
[INFO] [stderr] test tests/entrypoint/fail/unsupported_type.rs [should fail to compile] ... ok
[INFO] [stdout] test entrypoint_macro_shape ... FAILED
[INFO] [stderr] 
[INFO] [stdout] 
[INFO] [stderr] 
[INFO] [stdout] failures:
[INFO] [stdout] 
[INFO] [stdout] ---- entrypoint_macro_shape stdout ----
[INFO] [stdout] 
[INFO] [stdout] thread 'entrypoint_macro_shape' (1072) panicked at /opt/rustwide/cargo-home/registry/src/index.crates.io-1949cf8c6b5b557f/trybuild-1.0.116/src/run.rs:102:13:
[INFO] [stdout] 5 of 8 tests failed
[INFO] [stdout] stack backtrace:
[INFO] [stdout]    0:     0x61e16b345ba1 - <<std[617be2ca0a6fd877]::sys::backtrace::BacktraceLock>::print::DisplayBacktrace as core[a373ad73a504971]::fmt::Display>::fmt
[INFO] [stdout]    1:     0x61e16b35be8a - core[a373ad73a504971]::fmt::write
[INFO] [stdout]    2:     0x61e16b34a3ec - <alloc[2e1b2a31b91974c5]::vec::Vec<u8> as core[a373ad73a504971]::io::write::Write>::write_fmt
[INFO] [stdout]    3:     0x61e16b31f006 - std[617be2ca0a6fd877]::panicking::default_hook::{closure#0}
[INFO] [stdout]    4:     0x61e16b33d149 - std[617be2ca0a6fd877]::panicking::default_hook
[INFO] [stdout]    5:     0x61e16b22edc0 - test[aada8e7e76ba119b]::test_main_inner::{closure#0}
[INFO] [stdout]    6:     0x61e16b33d302 - std[617be2ca0a6fd877]::panicking::panic_with_hook
[INFO] [stdout]    7:     0x61e16b31f0b2 - std[617be2ca0a6fd877]::panicking::panic_handler::{closure#0}
[INFO] [stdout]    8:     0x61e16b317909 - std[617be2ca0a6fd877]::sys::backtrace::__rust_end_short_backtrace::<std[617be2ca0a6fd877]::panicking::panic_handler::{closure#0}, !>
[INFO] [stdout]    9:     0x61e16b31fcbd - __rustc[ea4f61d10b84890b]::rust_begin_unwind
[INFO] [stdout]   10:     0x61e16b35c5fc - core[a373ad73a504971]::panicking::panic_fmt
[INFO] [stdout]   11:     0x61e16b2693db - <trybuild[28cdfcf69c4ef730]::Runner>::run
[INFO] [stdout]   12:     0x61e16b26c4f0 - <trybuild[28cdfcf69c4ef730]::TestCases as core[a373ad73a504971]::ops::drop::Drop>::drop
[INFO] [stdout]   13:     0x61e16b221f66 - entrypoint[62aadce18bfcf442]::entrypoint_macro_shape
[INFO] [stdout]   14:     0x61e16b222199 - <entrypoint[62aadce18bfcf442]::entrypoint_macro_shape::{closure#0} as core[a373ad73a504971]::ops::function::FnOnce<()>>::call_once
[INFO] [stdout]   15:     0x61e16b22220b - test[aada8e7e76ba119b]::__rust_begin_short_backtrace::<core[a373ad73a504971]::result::Result<(), alloc[2e1b2a31b91974c5]::string::String>, fn() -> core[a373ad73a504971]::result::Result<(), alloc[2e1b2a31b91974c5]::string::String>>
[INFO] [stdout]   16:     0x61e16b22f3e5 - test[aada8e7e76ba119b]::run_test::{closure#0}
[INFO] [stdout]   17:     0x61e16b228cd4 - std[617be2ca0a6fd877]::sys::backtrace::__rust_begin_short_backtrace::<test[aada8e7e76ba119b]::run_test::{closure#1}, ()>
[INFO] [stdout]   18:     0x61e16b232472 - <std[617be2ca0a6fd877]::thread::lifecycle::spawn_unchecked<test[aada8e7e76ba119b]::run_test::{closure#1}, ()>::{closure#1} as core[a373ad73a504971]::ops::function::FnOnce<()>>::call_once::{shim:vtable#0}
[INFO] [stdout]   19:     0x61e16b344dff - <std[617be2ca0a6fd877]::sys::thread::unix::Thread>::new::thread_start
[INFO] [stdout]   20:     0x7da3757b2dfa - <unknown>
[INFO] [stdout]   21:     0x7da3758463d4 - clone
[INFO] [stdout]   22:                0x0 - <unknown>
[INFO] [stdout] 
[INFO] [stdout] 
[INFO] [stdout] failures:
[INFO] [stdout]     entrypoint_macro_shape
[INFO] [stdout] 
[INFO] [stdout] test result: FAILED. 0 passed; 1 failed; 0 ignored; 0 measured; 0 filtered out; finished in 48.87s
[INFO] [stdout] 
[INFO] [stderr] error: test failed, to rerun pass `--test entrypoint`
[INFO] running `Command { std: "docker" "inspect" "1d45b527201df47c3593f062f3e14989744629c22e1440d97aa604064404c6c9", kill_on_drop: false }`
[INFO] running `Command { std: "docker" "rm" "-f" "1d45b527201df47c3593f062f3e14989744629c22e1440d97aa604064404c6c9", kill_on_drop: false }`
[INFO] [stdout] 1d45b527201df47c3593f062f3e14989744629c22e1440d97aa604064404c6c9
