[INFO] fetching crate selfref 0.4.3...
[INFO] testing selfref-0.4.3 against 1.99.0-beta.8+cargoflags=--release for beta-release-1.100-2
[INFO] extracting crate selfref 0.4.3 into /workspace/builds/worker-6-tc1/source
[INFO] removed /workspace/builds/worker-6-tc1/source/rust-toolchain.toml
[INFO] started tweaking crates.io crate selfref 0.4.3
[INFO] finished tweaking crates.io crate selfref 0.4.3
[INFO] tweaked toml for crates.io crate selfref 0.4.3 written to /workspace/builds/worker-6-tc1/source/Cargo.toml
[INFO] validating manifest of crates.io crate selfref 0.4.3 on toolchain 1.99.0-beta.8
[INFO] running `Command { std: CARGO_HOME="/workspace/cargo-home" RUSTUP_HOME="/workspace/rustup-home" "/workspace/cargo-home/bin/cargo" "+1.99.0-beta.8" "metadata" "--manifest-path" "Cargo.toml" "--no-deps", kill_on_drop: false }`
[INFO] running `Command { std: CARGO_HOME="/workspace/cargo-home" RUSTUP_HOME="/workspace/rustup-home" "/workspace/cargo-home/bin/cargo" "+1.99.0-beta.8" "generate-lockfile" "--manifest-path" "Cargo.toml", kill_on_drop: false }`
[INFO] [stderr]     Updating crates.io index
[INFO] [stderr]      Locking 29 packages to highest compatible versions
[INFO] running `Command { std: CARGO_HOME="/workspace/cargo-home" RUSTUP_HOME="/workspace/rustup-home" "/workspace/cargo-home/bin/cargo" "+1.99.0-beta.8" "fetch" "--manifest-path" "Cargo.toml", kill_on_drop: false }`
[INFO] [stderr]  Downloading crates ...
[INFO] [stderr]   Downloaded qcell v0.5.5
[INFO] [stderr]   Downloaded generativity v1.2.1
[INFO] running `Command { std: "docker" "create" "-v" "/var/lib/crater-agent-workspace/builds/worker-6-tc1/source:/opt/rustwide/workdir:ro,Z" "-v" "/var/lib/crater-agent-workspace/builds/worker-6-tc1/target:/opt/rustwide/target:rw,Z" "-v" "/var/lib/crater-agent-workspace/cargo-home:/opt/rustwide/cargo-home:ro,Z" "-v" "/var/lib/crater-agent-workspace/rustup-home:/opt/rustwide/rustup-home:ro,Z" "-m" "1610612736" "--network" "none" "ghcr.io/rust-lang/crates-build-env/linux@sha256:77db811e55d90add9212f6832c23229e3de5f1c1f9905e8cb07319ea15df73ac" "sleep" "infinity", kill_on_drop: false }`
[INFO] [stdout] 4602ae2055d28d992ddc1fed958b0b3f2d1edd0e42254efa97089f7894d908a0
[INFO] running `Command { std: "docker" "start" "4602ae2055d28d992ddc1fed958b0b3f2d1edd0e42254efa97089f7894d908a0", kill_on_drop: false }`
[INFO] running `Command { std: "docker" "inspect" "4602ae2055d28d992ddc1fed958b0b3f2d1edd0e42254efa97089f7894d908a0", kill_on_drop: false }`
[INFO] running `Command { std: "docker" "exec" "-e" "SOURCE_DIR=/opt/rustwide/workdir" "-e" "CARGO_HOME=/opt/rustwide/cargo-home" "-e" "RUSTUP_HOME=/opt/rustwide/rustup-home" "-e" "CARGO_TARGET_DIR=/opt/rustwide/target" "-w" "/opt/rustwide/workdir" "--user" "0:0" "4602ae2055d28d992ddc1fed958b0b3f2d1edd0e42254efa97089f7894d908a0" "/opt/rustwide/cargo-home/bin/cargo" "+1.99.0-beta.8" "metadata" "--no-deps" "--format-version=1", kill_on_drop: false }`
[INFO] running `Command { std: "docker" "inspect" "4602ae2055d28d992ddc1fed958b0b3f2d1edd0e42254efa97089f7894d908a0", kill_on_drop: false }`
[INFO] running `Command { std: "docker" "exec" "-e" "SOURCE_DIR=/opt/rustwide/workdir" "-e" "CARGO_HOME=/opt/rustwide/cargo-home" "-e" "RUSTUP_HOME=/opt/rustwide/rustup-home" "-e" "CARGO_TARGET_DIR=/opt/rustwide/target" "-e" "CARGO_INCREMENTAL=0" "-e" "RUST_BACKTRACE=full" "-e" "RUSTFLAGS=--cap-lints=warn" "-e" "RUSTDOCFLAGS=--cap-lints=warn" "-w" "/opt/rustwide/workdir" "--user" "0:0" "4602ae2055d28d992ddc1fed958b0b3f2d1edd0e42254efa97089f7894d908a0" "/opt/rustwide/cargo-home/bin/cargo" "+1.99.0-beta.8" "build" "--frozen" "--message-format=json" "--release", kill_on_drop: false }`
[INFO] [stderr]    Compiling selfref v0.4.3 (/opt/rustwide/workdir)
[INFO] [stderr]     Finished `release` profile [optimized] target(s) in 0.28s
[INFO] running `Command { std: "docker" "inspect" "4602ae2055d28d992ddc1fed958b0b3f2d1edd0e42254efa97089f7894d908a0", kill_on_drop: false }`
[INFO] running `Command { std: "docker" "exec" "-e" "SOURCE_DIR=/opt/rustwide/workdir" "-e" "CARGO_HOME=/opt/rustwide/cargo-home" "-e" "RUSTUP_HOME=/opt/rustwide/rustup-home" "-e" "CARGO_TARGET_DIR=/opt/rustwide/target" "-e" "CARGO_INCREMENTAL=0" "-e" "RUST_BACKTRACE=full" "-e" "RUSTFLAGS=--cap-lints=warn" "-e" "RUSTDOCFLAGS=--cap-lints=warn" "-w" "/opt/rustwide/workdir" "--user" "0:0" "4602ae2055d28d992ddc1fed958b0b3f2d1edd0e42254efa97089f7894d908a0" "/opt/rustwide/cargo-home/bin/cargo" "+1.99.0-beta.8" "test" "--frozen" "--no-run" "--message-format=json" "--release", kill_on_drop: false }`
[INFO] [stderr]    Compiling toml_datetime v1.1.2+spec-1.1.0
[INFO] [stderr]    Compiling toml v1.1.8+spec-1.1.0
[INFO] [stderr]    Compiling trybuild v1.0.122
[INFO] [stderr]    Compiling selfref v0.4.3 (/opt/rustwide/workdir)
[INFO] [stderr]     Finished `release` profile [optimized] target(s) in 11.28s
[INFO] running `Command { std: "docker" "inspect" "4602ae2055d28d992ddc1fed958b0b3f2d1edd0e42254efa97089f7894d908a0", kill_on_drop: false }`
[INFO] running `Command { std: "docker" "exec" "-e" "SOURCE_DIR=/opt/rustwide/workdir" "-e" "CARGO_HOME=/opt/rustwide/cargo-home" "-e" "RUSTUP_HOME=/opt/rustwide/rustup-home" "-e" "CARGO_TARGET_DIR=/opt/rustwide/target" "-e" "CARGO_INCREMENTAL=0" "-e" "RUST_BACKTRACE=full" "-e" "RUSTFLAGS=--cap-lints=warn" "-e" "RUSTDOCFLAGS=--cap-lints=warn" "-w" "/opt/rustwide/workdir" "--user" "0:0" "4602ae2055d28d992ddc1fed958b0b3f2d1edd0e42254efa97089f7894d908a0" "/opt/rustwide/cargo-home/bin/cargo" "+1.99.0-beta.8" "test" "--frozen" "--release", kill_on_drop: false }`
[INFO] [stderr]     Finished `release` profile [optimized] target(s) in 0.05s
[INFO] [stderr]      Running unittests src/lib.rs (/opt/rustwide/target/release/deps/selfref-999fb1d463fbfc4d)
[INFO] [stderr]      Running tests/movable.rs (/opt/rustwide/target/release/deps/movable-4d4277d532483170)
[INFO] [stdout] 
[INFO] [stdout] running 0 tests
[INFO] [stdout] 
[INFO] [stdout] test result: ok. 0 passed; 0 failed; 0 ignored; 0 measured; 0 filtered out; finished in 0.00s
[INFO] [stdout] 
[INFO] [stdout] 
[INFO] [stdout] running 2 tests
[INFO] [stdout] test move_rc ... ok
[INFO] [stderr]      Running tests/trybuild.rs (/opt/rustwide/target/release/deps/trybuild-1fa209a9c1d60ab2)
[INFO] [stdout] test move_box ... ok
[INFO] [stdout] 
[INFO] [stdout] test result: ok. 2 passed; 0 failed; 0 ignored; 0 measured; 0 filtered out; finished in 0.00s
[INFO] [stdout] 
[INFO] [stdout] 
[INFO] [stdout] running 1 test
[INFO] [stderr]     Checking selfref v0.4.3 (/opt/rustwide/workdir)
[INFO] [stderr]     Checking selfref-tests v0.0.0 (/opt/rustwide/target/tests/trybuild/selfref)
[INFO] [stderr]     Finished `dev` profile [unoptimized + debuginfo] target(s) in 0.22s
[INFO] [stderr] 
[INFO] [stderr] 
[INFO] [stderr] test tests/ui/example_need_cell.rs ... ok
[INFO] [stderr] test tests/ui/example_opaque_vs_drop.rs ... mismatch
[INFO] [stderr] 
[INFO] [stderr] EXPECTED:
[INFO] [stderr] ┈┈┈┈┈┈┈┈┈┈┈┈┈┈┈┈┈┈┈┈┈┈┈┈┈┈┈┈┈┈┈┈┈┈┈┈┈┈┈┈┈┈┈┈┈┈┈┈┈┈┈┈┈┈┈┈┈┈┈┈
[INFO] [stderr] error[E0597]: `x` does not live long enough
[INFO] [stderr]   --> tests/ui/example_opaque_vs_drop.rs:18:1
[INFO] [stderr]    |
[INFO] [stderr] 18 | / opaque! {
[INFO] [stderr] 19 | |     impl Opaque for FooKey {
[INFO] [stderr] 20 | |         type Kind<'a> = Foo<'a>;
[INFO] [stderr] 21 | |     }
[INFO] [stderr] 22 | | }
[INFO] [stderr]    | | ^
[INFO] [stderr]    | | |
[INFO] [stderr]    | | borrowed value does not live long enough
[INFO] [stderr]    | |_`x` dropped here while still borrowed
[INFO] [stderr]    |   borrow might be used here, when `x` is dropped and runs the destructor for type `UBCheck<Foo<'_>>`
[INFO] [stderr]    |
[INFO] [stderr]    = note: this error originates in the macro `opaque` (in Nightly builds, run with -Z macro-backtrace for more info)
[INFO] [stderr] ┈┈┈┈┈┈┈┈┈┈┈┈┈┈┈┈┈┈┈┈┈┈┈┈┈┈┈┈┈┈┈┈┈┈┈┈┈┈┈┈┈┈┈┈┈┈┈┈┈┈┈┈┈┈┈┈┈┈┈┈
[INFO] [stderr] 
[INFO] [stderr] ACTUAL OUTPUT:
[INFO] [stderr] ┈┈┈┈┈┈┈┈┈┈┈┈┈┈┈┈┈┈┈┈┈┈┈┈┈┈┈┈┈┈┈┈┈┈┈┈┈┈┈┈┈┈┈┈┈┈┈┈┈┈┈┈┈┈┈┈┈┈┈┈
[INFO] [stderr] error[E0716]: temporary value dropped while borrowed
[INFO] [stderr]   --> tests/ui/example_opaque_vs_drop.rs:18:1
[INFO] [stderr]    |
[INFO] [stderr] 18 | / opaque! {
[INFO] [stderr] 19 | |     impl Opaque for FooKey {
[INFO] [stderr] 20 | |         type Kind<'a> = Foo<'a>;
[INFO] [stderr] 21 | |     }
[INFO] [stderr] 22 | | }
[INFO] [stderr]    | | ^
[INFO] [stderr]    | | |
[INFO] [stderr]    | | creates a temporary value which is freed while still in use
[INFO] [stderr]    | |_temporary value is freed at the end of this statement
[INFO] [stderr]    |   borrow might be used here, when `x` is dropped and runs the destructor for type `selfref::UBCheck<Foo<'_>>`
[INFO] [stderr]    |
[INFO] [stderr]    = note: consider using a `let` binding to create a longer lived value
[INFO] [stderr]    = note: this error originates in the macro `opaque` (in Nightly builds, run with -Z macro-backtrace for more info)
[INFO] [stderr] ┈┈┈┈┈┈┈┈┈┈┈┈┈┈┈┈┈┈┈┈┈┈┈┈┈┈┈┈┈┈┈┈┈┈┈┈┈┈┈┈┈┈┈┈┈┈┈┈┈┈┈┈┈┈┈┈┈┈┈┈
[INFO] [stderr] note: If the actual output is the correct output you can bless it by rerunning
[INFO] [stderr]       your test with the environment variable TRYBUILD=overwrite
[INFO] [stderr] 
[INFO] [stderr] test tests/ui/no_uaf_1.rs ... mismatch
[INFO] [stderr] 
[INFO] [stderr] EXPECTED:
[INFO] [stderr] ┈┈┈┈┈┈┈┈┈┈┈┈┈┈┈┈┈┈┈┈┈┈┈┈┈┈┈┈┈┈┈┈┈┈┈┈┈┈┈┈┈┈┈┈┈┈┈┈┈┈┈┈┈┈┈┈┈┈┈┈
[INFO] [stderr] error[E0521]: borrowed data escapes outside of closure
[INFO] [stderr]   --> tests/ui/no_uaf_1.rs:23:13
[INFO] [stderr]    |
[INFO] [stderr] 21 |           let rc_clone = rc.clone();
[INFO] [stderr]    |               -------- `rc_clone` declared here, outside of the closure body
[INFO] [stderr] 22 |           let x = Holder::<'_, FooOpaque>::new_with(move |builder| {
[INFO] [stderr]    |                                                           ------- `builder` is a reference that is only valid in the closure body
[INFO] [stderr] 23 | /             builder.build(Foo {
[INFO] [stderr] 24 | |                 x: "Hello".to_owned(),
[INFO] [stderr] 25 | |                 y: rc_clone,
[INFO] [stderr] 26 | |             });
[INFO] [stderr]    | |______________^ `builder` escapes the closure body here
[INFO] [stderr]    |
[INFO] [stderr]    = note: requirement occurs because of a mutable reference to `selfref::Builder<'_, FooOpaque>`
[INFO] [stderr]    = note: mutable references are invariant over their type parameter
[INFO] [stderr]    = help: see <https://doc.rust-lang.org/nomicon/subtyping.html> for more information about variance
[INFO] [stderr] ┈┈┈┈┈┈┈┈┈┈┈┈┈┈┈┈┈┈┈┈┈┈┈┈┈┈┈┈┈┈┈┈┈┈┈┈┈┈┈┈┈┈┈┈┈┈┈┈┈┈┈┈┈┈┈┈┈┈┈┈
[INFO] [stderr] 
[INFO] [stderr] ACTUAL OUTPUT:
[INFO] [stderr] ┈┈┈┈┈┈┈┈┈┈┈┈┈┈┈┈┈┈┈┈┈┈┈┈┈┈┈┈┈┈┈┈┈┈┈┈┈┈┈┈┈┈┈┈┈┈┈┈┈┈┈┈┈┈┈┈┈┈┈┈
[INFO] [stderr] error: lifetime may not live long enough
[INFO] [stderr]   --> tests/ui/no_uaf_1.rs:25:20
[INFO] [stderr]    |
[INFO] [stderr] 21 |         let rc_clone = rc.clone();
[INFO] [stderr]    |             -------- lifetime `'2` appears in the type of `rc_clone`
[INFO] [stderr] 22 |         let x = Holder::<'_, FooOpaque>::new_with(move |builder| {
[INFO] [stderr]    |                                                         ------- has type `&mut selfref::Builder<'1, FooOpaque>`
[INFO] [stderr] ...
[INFO] [stderr] 25 |                 y: rc_clone,
[INFO] [stderr]    |                    ^^^^^^^^ this usage requires that `'1` must outlive `'2`
[INFO] [stderr]    |
[INFO] [stderr]    = note: requirement occurs because of the type `std::cell::Cell<&str>`, which makes the generic argument `&str` invariant
[INFO] [stderr]    = note: the struct `std::cell::Cell<T>` is invariant over the parameter `T`
[INFO] [stderr]    = help: see <https://doc.rust-lang.org/nomicon/subtyping.html> for more information about variance
[INFO] [stderr] ┈┈┈┈┈┈┈┈┈┈┈┈┈┈┈┈┈┈┈┈┈┈┈┈┈┈┈┈┈┈┈┈┈┈┈┈┈┈┈┈┈┈┈┈┈┈┈┈┈┈┈┈┈┈┈┈┈┈┈┈
[INFO] [stderr] note: If the actual output is the correct output you can bless it by rerunning
[INFO] [stderr]       your test with the environment variable TRYBUILD=overwrite
[INFO] [stderr] 
[INFO] [stderr] test tests/ui/no_uaf_2.rs ... mismatch
[INFO] [stderr] 
[INFO] [stderr] EXPECTED:
[INFO] [stderr] ┈┈┈┈┈┈┈┈┈┈┈┈┈┈┈┈┈┈┈┈┈┈┈┈┈┈┈┈┈┈┈┈┈┈┈┈┈┈┈┈┈┈┈┈┈┈┈┈┈┈┈┈┈┈┈┈┈┈┈┈
[INFO] [stderr] error[E0716]: temporary value dropped while borrowed
[INFO] [stderr]   --> tests/ui/no_uaf_2.rs:27:21
[INFO] [stderr]    |
[INFO] [stderr] 26 |     s.as_ref().operate_in(|r| {
[INFO] [stderr]    |                            - has type `OperateIn<'1, MyStructKey>`
[INFO] [stderr] 27 |         r.cell.set(&String::from("hello world")); // temporary dropped at end of this statement
[INFO] [stderr]    |         ------------^^^^^^^^^^^^^^^^^^^^^^^^^^^-- temporary value is freed at the end of this statement
[INFO] [stderr]    |         |           |
[INFO] [stderr]    |         |           creates a temporary which is freed while still in use
[INFO] [stderr]    |         argument requires that borrow lasts for `'1`
[INFO] [stderr] ┈┈┈┈┈┈┈┈┈┈┈┈┈┈┈┈┈┈┈┈┈┈┈┈┈┈┈┈┈┈┈┈┈┈┈┈┈┈┈┈┈┈┈┈┈┈┈┈┈┈┈┈┈┈┈┈┈┈┈┈
[INFO] [stderr] 
[INFO] [stderr] ACTUAL OUTPUT:
[INFO] [stderr] ┈┈┈┈┈┈┈┈┈┈┈┈┈┈┈┈┈┈┈┈┈┈┈┈┈┈┈┈┈┈┈┈┈┈┈┈┈┈┈┈┈┈┈┈┈┈┈┈┈┈┈┈┈┈┈┈┈┈┈┈
[INFO] [stderr] error[E0716]: temporary value dropped while borrowed
[INFO] [stderr]   --> tests/ui/no_uaf_2.rs:27:21
[INFO] [stderr]    |
[INFO] [stderr] 26 |     s.as_ref().operate_in(|r| {
[INFO] [stderr]    |                            - has type `OperateIn<'1, MyStructKey>`
[INFO] [stderr] 27 |         r.cell.set(&String::from("hello world")); // temporary dropped at end of this statement
[INFO] [stderr]    |         ------------^^^^^^^^^^^^^^^^^^^^^^^^^^^-- temporary value is freed at the end of this statement
[INFO] [stderr]    |         |           |
[INFO] [stderr]    |         |           creates a temporary value which is freed while still in use
[INFO] [stderr]    |         argument requires that borrow lasts for `'1`
[INFO] [stderr] ┈┈┈┈┈┈┈┈┈┈┈┈┈┈┈┈┈┈┈┈┈┈┈┈┈┈┈┈┈┈┈┈┈┈┈┈┈┈┈┈┈┈┈┈┈┈┈┈┈┈┈┈┈┈┈┈┈┈┈┈
[INFO] [stderr] note: If the actual output is the correct output you can bless it by rerunning
[INFO] [stderr]       your test with the environment variable TRYBUILD=overwrite
[INFO] [stderr] 
[INFO] [stderr] 
[INFO] [stderr] 
[INFO] [stdout] test ui ... FAILED
[INFO] [stdout] 
[INFO] [stdout] failures:
[INFO] [stdout] 
[INFO] [stdout] ---- ui stdout ----
[INFO] [stdout] 
[INFO] [stdout] thread 'ui' (295) panicked at /opt/rustwide/cargo-home/registry/src/index.crates.io-1949cf8c6b5b557f/trybuild-1.0.122/src/run.rs:103:13:
[INFO] [stdout] 3 of 4 tests failed
[INFO] [stdout] stack backtrace:
[INFO] [stdout]    0:     0x59d6656debe1 - <<std[70759c8f55707aa4]::sys::backtrace::BacktraceLock>::print::DisplayBacktrace as core[df12db4294e9bfd3]::fmt::Display>::fmt
[INFO] [stdout]    1:     0x59d6656f526a - core[df12db4294e9bfd3]::fmt::write
[INFO] [stdout]    2:     0x59d6656e36ac - <alloc[2182bb758b4b3781]::vec::Vec<u8> as core[df12db4294e9bfd3]::io::write::Write>::write_fmt
[INFO] [stdout]    3:     0x59d6656b80c6 - std[70759c8f55707aa4]::panicking::default_hook::{closure#0}
[INFO] [stdout]    4:     0x59d6656d6259 - std[70759c8f55707aa4]::panicking::default_hook
[INFO] [stdout]    5:     0x59d66566f530 - test[9d35eded1c95d3be]::test_main_inner::<test[9d35eded1c95d3be]::test_main_static::{closure#0}>::{closure#0}
[INFO] [stdout]    6:     0x59d6656d6412 - std[70759c8f55707aa4]::panicking::panic_with_hook
[INFO] [stdout]    7:     0x59d6656b8172 - std[70759c8f55707aa4]::panicking::panic_handler::{closure#0}
[INFO] [stdout]    8:     0x59d6656b0a39 - std[70759c8f55707aa4]::sys::backtrace::__rust_end_short_backtrace::<std[70759c8f55707aa4]::panicking::panic_handler::{closure#0}, !>
[INFO] [stdout]    9:     0x59d6656b8d6d - __rustc[8fa7c3cbc660c2b3]::rust_begin_unwind
[INFO] [stdout]   10:     0x59d6656f59dc - core[df12db4294e9bfd3]::panicking::panic_fmt
[INFO] [stdout]   11:     0x59d6655c2c5b - <trybuild[78babc4e2e9626a7]::Runner>::run
[INFO] [stdout]   12:     0x59d6655c6050 - <trybuild[78babc4e2e9626a7]::TestCases as core[df12db4294e9bfd3]::ops::drop::Drop>::drop
[INFO] [stdout]   13:     0x59d6655bcbb8 - trybuild[69339f06ad8d7b61]::ui
[INFO] [stdout]   14:     0x59d6655bcdb9 - <trybuild[69339f06ad8d7b61]::ui::{closure#0} as core[df12db4294e9bfd3]::ops::function::FnOnce<()>>::call_once
[INFO] [stdout]   15:     0x59d66566281b - test[9d35eded1c95d3be]::__rust_begin_short_backtrace::<core[df12db4294e9bfd3]::result::Result<(), alloc[2182bb758b4b3781]::string::String>, fn() -> core[df12db4294e9bfd3]::result::Result<(), alloc[2182bb758b4b3781]::string::String>>
[INFO] [stdout]   16:     0x59d66566fe85 - test[9d35eded1c95d3be]::run_test::{closure#0}
[INFO] [stdout]   17:     0x59d665669744 - std[70759c8f55707aa4]::sys::backtrace::__rust_begin_short_backtrace::<test[9d35eded1c95d3be]::run_test::{closure#1}, ()>
[INFO] [stdout]   18:     0x59d665672fe2 - <std[70759c8f55707aa4]::thread::lifecycle::spawn_unchecked<test[9d35eded1c95d3be]::run_test::{closure#1}, ()>::{closure#1} as core[df12db4294e9bfd3]::ops::function::FnOnce<()>>::call_once::{shim:vtable#0}
[INFO] [stdout]   19:     0x59d6656dde99 - <std[70759c8f55707aa4]::sys::thread::unix::Thread>::new::thread_start
[INFO] [stdout]   20:     0x7a6514c0adfa - <unknown>
[INFO] [stdout]   21:     0x7a6514c9e3d4 - clone
[INFO] [stdout]   22:                0x0 - <unknown>
[INFO] [stdout] 
[INFO] [stdout] 
[INFO] [stdout] failures:
[INFO] [stdout]     ui
[INFO] [stdout] 
[INFO] [stdout] test result: FAILED. 0 passed; 1 failed; 0 ignored; 0 measured; 0 filtered out; finished in 0.52s
[INFO] [stdout] 
[INFO] [stderr] error: test failed, to rerun pass `--test trybuild`
[INFO] running `Command { std: "docker" "inspect" "4602ae2055d28d992ddc1fed958b0b3f2d1edd0e42254efa97089f7894d908a0", kill_on_drop: false }`
[INFO] running `Command { std: "docker" "rm" "-f" "4602ae2055d28d992ddc1fed958b0b3f2d1edd0e42254efa97089f7894d908a0", kill_on_drop: false }`
[INFO] [stdout] 4602ae2055d28d992ddc1fed958b0b3f2d1edd0e42254efa97089f7894d908a0
