[INFO] fetching crate selenium_webdriver 0.1.7...
[INFO] testing selenium_webdriver-0.1.7 against 1.100.0-beta.1+cargoflags=--release for beta-release-1.100-2
[INFO] extracting crate selenium_webdriver 0.1.7 into /workspace/builds/worker-0-tc2/source
[INFO] started tweaking crates.io crate selenium_webdriver 0.1.7
[INFO] finished tweaking crates.io crate selenium_webdriver 0.1.7
[INFO] tweaked toml for crates.io crate selenium_webdriver 0.1.7 written to /workspace/builds/worker-0-tc2/source/Cargo.toml
[INFO] validating manifest of crates.io crate selenium_webdriver 0.1.7 on toolchain 1.100.0-beta.1
[INFO] running `Command { std: CARGO_HOME="/workspace/cargo-home" RUSTUP_HOME="/workspace/rustup-home" "/workspace/cargo-home/bin/cargo" "+1.100.0-beta.1" "metadata" "--manifest-path" "Cargo.toml" "--no-deps", kill_on_drop: false }`
[INFO] running `Command { std: CARGO_HOME="/workspace/cargo-home" RUSTUP_HOME="/workspace/rustup-home" "/workspace/cargo-home/bin/cargo" "+1.100.0-beta.1" "generate-lockfile" "--manifest-path" "Cargo.toml", kill_on_drop: false }`
[INFO] [stderr]     Updating crates.io index
[INFO] [stderr]      Locking 12 packages to highest compatible versions
[INFO] [stderr]       Adding base64 v0.13.1 (available: v0.23.1)
[INFO] running `Command { std: CARGO_HOME="/workspace/cargo-home" RUSTUP_HOME="/workspace/rustup-home" "/workspace/cargo-home/bin/cargo" "+1.100.0-beta.1" "fetch" "--manifest-path" "Cargo.toml", kill_on_drop: false }`
[INFO] running `Command { std: "docker" "create" "-v" "/var/lib/crater-agent-workspace/builds/worker-0-tc2/source:/opt/rustwide/workdir:ro,Z" "-v" "/var/lib/crater-agent-workspace/builds/worker-0-tc2/target:/opt/rustwide/target:rw,Z" "-v" "/var/lib/crater-agent-workspace/cargo-home:/opt/rustwide/cargo-home:ro,Z" "-v" "/var/lib/crater-agent-workspace/rustup-home:/opt/rustwide/rustup-home:ro,Z" "-m" "1610612736" "--network" "none" "ghcr.io/rust-lang/crates-build-env/linux@sha256:77db811e55d90add9212f6832c23229e3de5f1c1f9905e8cb07319ea15df73ac" "sleep" "infinity", kill_on_drop: false }`
[INFO] [stdout] b190de33ef8eb5250e293877e955d45f75ac7021c60022bd7aea7dd0d6ecb6c4
[INFO] running `Command { std: "docker" "start" "b190de33ef8eb5250e293877e955d45f75ac7021c60022bd7aea7dd0d6ecb6c4", kill_on_drop: false }`
[INFO] running `Command { std: "docker" "inspect" "b190de33ef8eb5250e293877e955d45f75ac7021c60022bd7aea7dd0d6ecb6c4", kill_on_drop: false }`
[INFO] running `Command { std: "docker" "exec" "-e" "SOURCE_DIR=/opt/rustwide/workdir" "-e" "CARGO_HOME=/opt/rustwide/cargo-home" "-e" "RUSTUP_HOME=/opt/rustwide/rustup-home" "-e" "CARGO_TARGET_DIR=/opt/rustwide/target" "-w" "/opt/rustwide/workdir" "--user" "0:0" "b190de33ef8eb5250e293877e955d45f75ac7021c60022bd7aea7dd0d6ecb6c4" "/opt/rustwide/cargo-home/bin/cargo" "+1.100.0-beta.1" "metadata" "--no-deps" "--format-version=1", kill_on_drop: false }`
[INFO] running `Command { std: "docker" "inspect" "b190de33ef8eb5250e293877e955d45f75ac7021c60022bd7aea7dd0d6ecb6c4", kill_on_drop: false }`
[INFO] running `Command { std: "docker" "exec" "-e" "SOURCE_DIR=/opt/rustwide/workdir" "-e" "CARGO_HOME=/opt/rustwide/cargo-home" "-e" "RUSTUP_HOME=/opt/rustwide/rustup-home" "-e" "CARGO_TARGET_DIR=/opt/rustwide/target" "-e" "CARGO_INCREMENTAL=0" "-e" "RUST_BACKTRACE=full" "-e" "RUSTFLAGS=--cap-lints=warn" "-e" "RUSTDOCFLAGS=--cap-lints=warn" "-w" "/opt/rustwide/workdir" "--user" "0:0" "b190de33ef8eb5250e293877e955d45f75ac7021c60022bd7aea7dd0d6ecb6c4" "/opt/rustwide/cargo-home/bin/cargo" "+1.100.0-beta.1" "build" "--frozen" "--message-format=json" "--release", kill_on_drop: false }`
[INFO] [stderr]    Compiling proc-macro2 v1.0.107
[INFO] [stderr]    Compiling quote v1.0.47
[INFO] [stderr]    Compiling unicode-ident v1.0.27
[INFO] [stderr]    Compiling serde_core v1.0.229
[INFO] [stderr]    Compiling serde_json v1.0.154
[INFO] [stderr]    Compiling serde v1.0.229
[INFO] [stderr]    Compiling memchr v2.8.3
[INFO] [stderr]    Compiling base64 v0.13.1
[INFO] [stderr]    Compiling syn v3.0.9
[INFO] [stderr]    Compiling serde_derive v1.0.229
[INFO] [stderr]    Compiling selenium_webdriver v0.1.7 (/opt/rustwide/workdir)
[INFO] [stdout] warning: call to `.clone()` on a reference in this situation does nothing
[INFO] [stdout]   --> src/element.rs:46:40
[INFO] [stdout]    |
[INFO] [stdout] 46 |             let element_ur = element_ur.clone();
[INFO] [stdout]    |                                        ^^^^^^^^ help: remove this redundant call
[INFO] [stdout]    |
[INFO] [stdout]    = note: the type `str` does not implement `Clone`, so calling `clone` on `&str` copies the reference, which does not do anything and can be removed
[INFO] [stdout]    = note: `#[warn(noop_method_call)]` on by default
[INFO] [stdout] 
[INFO] [stdout] 
[INFO] [stderr]     Finished `release` profile [optimized] target(s) in 12.75s
[INFO] running `Command { std: "docker" "inspect" "b190de33ef8eb5250e293877e955d45f75ac7021c60022bd7aea7dd0d6ecb6c4", kill_on_drop: false }`
[INFO] running `Command { std: "docker" "exec" "-e" "SOURCE_DIR=/opt/rustwide/workdir" "-e" "CARGO_HOME=/opt/rustwide/cargo-home" "-e" "RUSTUP_HOME=/opt/rustwide/rustup-home" "-e" "CARGO_TARGET_DIR=/opt/rustwide/target" "-e" "CARGO_INCREMENTAL=0" "-e" "RUST_BACKTRACE=full" "-e" "RUSTFLAGS=--cap-lints=warn" "-e" "RUSTDOCFLAGS=--cap-lints=warn" "-w" "/opt/rustwide/workdir" "--user" "0:0" "b190de33ef8eb5250e293877e955d45f75ac7021c60022bd7aea7dd0d6ecb6c4" "/opt/rustwide/cargo-home/bin/cargo" "+1.100.0-beta.1" "test" "--frozen" "--no-run" "--message-format=json" "--release", kill_on_drop: false }`
[INFO] [stderr]    Compiling selenium_webdriver v0.1.7 (/opt/rustwide/workdir)
[INFO] [stdout] warning: call to `.clone()` on a reference in this situation does nothing
[INFO] [stdout]   --> src/element.rs:46:40
[INFO] [stdout]    |
[INFO] [stdout] 46 |             let element_ur = element_ur.clone();
[INFO] [stdout]    |                                        ^^^^^^^^ help: remove this redundant call
[INFO] [stdout]    |
[INFO] [stdout]    = note: the type `str` does not implement `Clone`, so calling `clone` on `&str` copies the reference, which does not do anything and can be removed
[INFO] [stdout]    = note: `#[warn(noop_method_call)]` on by default
[INFO] [stdout] 
[INFO] [stdout] 
[INFO] [stdout] warning: call to `.clone()` on a reference in this situation does nothing
[INFO] [stdout]   --> src/element.rs:46:40
[INFO] [stdout]    |
[INFO] [stdout] 46 |             let element_ur = element_ur.clone();
[INFO] [stdout]    |                                        ^^^^^^^^ help: remove this redundant call
[INFO] [stdout]    |
[INFO] [stdout]    = note: the type `str` does not implement `Clone`, so calling `clone` on `&str` copies the reference, which does not do anything and can be removed
[INFO] [stdout]    = note: `#[warn(noop_method_call)]` on by default
[INFO] [stdout] 
[INFO] [stdout] 
[INFO] [stderr]     Finished `release` profile [optimized] target(s) in 4.12s
[INFO] running `Command { std: "docker" "inspect" "b190de33ef8eb5250e293877e955d45f75ac7021c60022bd7aea7dd0d6ecb6c4", kill_on_drop: false }`
[INFO] running `Command { std: "docker" "exec" "-e" "SOURCE_DIR=/opt/rustwide/workdir" "-e" "CARGO_HOME=/opt/rustwide/cargo-home" "-e" "RUSTUP_HOME=/opt/rustwide/rustup-home" "-e" "CARGO_TARGET_DIR=/opt/rustwide/target" "-e" "CARGO_INCREMENTAL=0" "-e" "RUST_BACKTRACE=full" "-e" "RUSTFLAGS=--cap-lints=warn" "-e" "RUSTDOCFLAGS=--cap-lints=warn" "-w" "/opt/rustwide/workdir" "--user" "0:0" "b190de33ef8eb5250e293877e955d45f75ac7021c60022bd7aea7dd0d6ecb6c4" "/opt/rustwide/cargo-home/bin/cargo" "+1.100.0-beta.1" "test" "--frozen" "--release", kill_on_drop: false }`
[INFO] [stderr] warning: call to `.clone()` on a reference in this situation does nothing
[INFO] [stderr]   --> src/element.rs:46:40
[INFO] [stderr]    |
[INFO] [stderr] 46 |             let element_ur = element_ur.clone();
[INFO] [stderr]    |                                        ^^^^^^^^ help: remove this redundant call
[INFO] [stderr]    |
[INFO] [stderr]    = note: the type `str` does not implement `Clone`, so calling `clone` on `&str` copies the reference, which does not do anything and can be removed
[INFO] [stderr]    = note: `#[warn(noop_method_call)]` on by default
[INFO] [stderr] 
[INFO] [stderr] warning: `selenium_webdriver` (lib) generated 1 warning (run `cargo fix --lib -p selenium_webdriver` to apply 1 suggestion)
[INFO] [stderr] warning: `selenium_webdriver` (lib test) generated 1 warning (1 duplicate)
[INFO] [stderr]     Finished `release` profile [optimized] target(s) in 0.03s
[INFO] [stderr]      Running unittests src/lib.rs (/opt/rustwide/target/release/build/selenium_webdriver/314c7fd8e736aa8f/out/selenium_webdriver-314c7fd8e736aa8f)
[INFO] [stdout] 
[INFO] [stdout] running 86 tests
[INFO] [stdout] test actions::actions_tests::actions_vec_lens ... ok
[INFO] [stdout] test browser::additional_tests::rem_lin_chr ... FAILED
[INFO] [stdout] test browser::core_fns_tests::back_test ... FAILED
[INFO] [stdout] test browser::core_fns_tests::alerts ... FAILED
[INFO] [stdout] test browser::core_fns_tests::add_cookie ... FAILED
[INFO] [stdout] test browser::additional_tests::brow_chrome_opts ... FAILED
[INFO] [stdout] test browser::additional_tests::brow_cap_remote ... FAILED
[INFO] [stdout] test browser::core_fns_tests::args ... ok
[INFO] [stdout] test browser::core_fns_tests::active_el ... FAILED
[INFO] [stdout] test browser::additional_tests::brow_firefox_opts ... FAILED
[INFO] [stdout] test browser::core_fns_tests::check_timouts_init ... ok
[INFO] [stdout] test browser::additional_tests::brow_cap ... FAILED
[INFO] [stdout] test browser::core_fns_tests::click_test ... FAILED
[INFO] [stdout] test browser::core_fns_tests::dranddrop ... FAILED
[INFO] [stdout] test browser::core_fns_tests::find_els ... FAILED
[INFO] [stdout] test browser::core_fns_tests::el_clear ... FAILED
[INFO] [stdout] test browser::core_fns_tests::el_is_enabled ... FAILED
[INFO] [stdout] test browser::core_fns_tests::close_browser - should panic ... ok
[INFO] [stdout] test browser::core_fns_tests::close_window ... FAILED
[INFO] [stdout] test browser::core_fns_tests::find_sub_el ... FAILED
[INFO] [stdout] test browser::core_fns_tests::get_el_rect ... FAILED
[INFO] [stdout] test browser::core_fns_tests::get_el_text ... FAILED
[INFO] [stdout] test browser::core_fns_tests::find_element ... FAILED
[INFO] [stdout] test browser::core_fns_tests::get_cookie ... FAILED
[INFO] [stdout] test browser::core_fns_tests::get_handles ... FAILED
[INFO] [stdout] test browser::core_fns_tests::cookies ... FAILED
[INFO] [stdout] test browser::core_fns_tests::get_send_alert_text ... FAILED
[INFO] [stdout] test browser::core_fns_tests::el_send_k ... FAILED
[INFO] [stdout] test browser::core_fns_tests::forward_test ... FAILED
[INFO] [stdout] test browser::core_fns_tests::go_to_vk ... FAILED
[INFO] [stdout] test browser::core_fns_tests::fullsize ... FAILED
[INFO] [stdout] test browser::core_fns_tests::get_arrtib ... FAILED
[INFO] [stdout] test browser::core_fns_tests::get_wind_rect ... FAILED
[INFO] [stdout] test browser::core_fns_tests::create_session ... FAILED
[INFO] [stdout] test browser::core_fns_tests::get_css_property ... FAILED
[INFO] [stdout] test browser::core_fns_tests::get_property ... FAILED
[INFO] [stdout] test browser::core_fns_tests::get_el_tag ... FAILED
[INFO] [stdout] test browser::core_fns_tests::get_comp_role ... FAILED
[INFO] [stdout] test browser::core_fns_tests::get_timeouts ... FAILED
[INFO] [stdout] test browser::core_fns_tests::move_mouse_to_el ... FAILED
[INFO] [stdout] test browser::core_fns_tests::el_screensh ... FAILED
[INFO] [stdout] test browser::core_fns_tests::maximize ... FAILED
[INFO] [stdout] test browser::core_fns_tests::get_title_test ... FAILED
[INFO] [stdout] test browser::core_fns_tests::is_sel ... FAILED
[INFO] [stdout] test browser::core_fns_tests::keys_and_mouse_acts ... FAILED
[INFO] [stdout] test browser::core_fns_tests::perf_mouse_act ... FAILED
[INFO] [stdout] test browser::core_fns_tests::new_window ... FAILED
[INFO] [stdout] test browser::core_fns_tests::parse_val_test ... ok
[INFO] [stdout] test browser::core_fns_tests::per_f_ac_with_keys ... FAILED
[INFO] [stdout] test browser::core_fns_tests::window_handle ... FAILED
[INFO] [stdout] test browser::core_fns_tests::z_del_all_cook ... FAILED
[INFO] [stdout] test browser::core_fns_tests::wheel_ac ... FAILED
[INFO] [stdout] test browser::core_fns_tests::sw_to_frame_by_id ... FAILED
[INFO] [stdout] test browser::core_fns_tests::t_del_cookie ... FAILED
[INFO] [stdout] test capabilities::capab_tests::cap_chr_ops ... ok
[INFO] [stdout] test browser::core_fns_tests::refresh_test ... FAILED
[INFO] [stdout] test browser::core_fns_tests::script_test ... FAILED
[INFO] [stdout] test capabilities::capab_tests::cap_all ... ok
[INFO] [stdout] test browser::core_fns_tests::pr_page ... FAILED
[INFO] [stdout] test capabilities::capab_tests::cap_fire_ops ... ok
[INFO] [stdout] test browser::core_fns_tests::screensh ... FAILED
[INFO] [stdout] test capabilities::capab_tests::cap_saf_ops ... ok
[INFO] [stdout] test browser::core_fns_tests::rel_actions ... FAILED
[INFO] [stdout] test chromeoptions::chr_opt_tests::chro_gen_str ... ok
[INFO] [stdout] test chromeoptions::chr_opt_tests::chro_gen_str_for_args ... ok
[INFO] [stdout] test chromeoptions::chr_opt_tests::chro_gen_str_for_ext ... ok
[INFO] [stdout] test browser::core_fns_tests::switch_window ... FAILED
[INFO] [stdout] test chromeoptions::chr_opt_tests::chro_gen_str_for_window_types ... ok
[INFO] [stdout] test chromeoptions::chr_opt_tests::chro_mob_em ... ok
[INFO] [stdout] test chromeoptions::chr_opt_tests::chro_cust_mob_em ... ok
[INFO] [stdout] test browser::core_fns_tests::set_wind_rect ... FAILED
[INFO] [stdout] test browser::core_fns_tests::src ... FAILED
[INFO] [stdout] test safarioptions::saf_gen::saf_base_str ... ok
[INFO] [stdout] test browser::core_fns_tests::sub_els ... FAILED
[INFO] [stdout] test reqs::get_req_creation ... ok
[INFO] [stdout] test browser::core_fns_tests::sw_t_fr_by_el ... FAILED
[INFO] [stdout] test browser::core_fns_tests::sw_to_par_fr ... FAILED
[INFO] [stdout] test safarioptions::saf_gen::saf_double_add_sim - should panic ... ok
[INFO] [stdout] test chromeoptions::chr_opt_tests::chro_perf_log ... ok
[INFO] [stdout] test firefoxoptions::firefox_tests::firef_opts ... ok
[INFO] [stdout] test browser::core_fns_tests::set_timeouts ... FAILED
[INFO] [stdout] test proxy::prox_t::prox_const ... ok
[INFO] [stdout] test reqs::delete_req_creation ... ok
[INFO] [stdout] test reqs::ge_t_status ... FAILED
[INFO] [stdout] test reqs::resp_body_extraction ... ok
[INFO] [stdout] test safarioptions::saf_gen::name ... ok
[INFO] [stdout] 
[INFO] [stdout] failures:
[INFO] [stdout] 
[INFO] [stdout] ---- browser::additional_tests::rem_lin_chr stdout ----
[INFO] [stdout] 
[INFO] [stdout] thread 'browser::additional_tests::rem_lin_chr' (514) panicked at src/browser.rs:145:119:
[INFO] [stdout] called `Result::unwrap()` on an `Err` value: Os { code: 101, kind: NetworkUnreachable, message: "Network is unreachable" }
[INFO] [stdout] stack backtrace:
[INFO] [stdout]    0:     0x62f28ce4daa1 - <<std[617be2ca0a6fd877]::sys::backtrace::BacktraceLock>::print::DisplayBacktrace as core[a373ad73a504971]::fmt::Display>::fmt
[INFO] [stdout]    1:     0x62f28ce636ba - core[a373ad73a504971]::fmt::write
[INFO] [stdout]    2:     0x62f28ce520ac - <alloc[2e1b2a31b91974c5]::vec::Vec<u8> as core[a373ad73a504971]::io::write::Write>::write_fmt
[INFO] [stdout]    3:     0x62f28ce29016 - std[617be2ca0a6fd877]::panicking::default_hook::{closure#0}
[INFO] [stdout]    4:     0x62f28ce45589 - std[617be2ca0a6fd877]::panicking::default_hook
[INFO] [stdout]    5:     0x62f28cde0cd0 - test[aada8e7e76ba119b]::test_main_inner::{closure#0}
[INFO] [stdout]    6:     0x62f28ce45742 - std[617be2ca0a6fd877]::panicking::panic_with_hook
[INFO] [stdout]    7:     0x62f28ce290c2 - std[617be2ca0a6fd877]::panicking::panic_handler::{closure#0}
[INFO] [stdout]    8:     0x62f28ce21ab9 - std[617be2ca0a6fd877]::sys::backtrace::__rust_end_short_backtrace::<std[617be2ca0a6fd877]::panicking::panic_handler::{closure#0}, !>
[INFO] [stdout]    9:     0x62f28ce29ebd - __rustc[ea4f61d10b84890b]::rust_begin_unwind
[INFO] [stdout]   10:     0x62f28ce63dec - core[a373ad73a504971]::panicking::panic_fmt
[INFO] [stdout]   11:     0x62f28ce63bc2 - core[a373ad73a504971]::result::unwrap_failed
[INFO] [stdout]   12:     0x62f28cd93674 - <selenium_webdriver[b626a1f7d57de766]::browser::Browser>::start_remote_session
[INFO] [stdout]   13:     0x62f28cdc81fc - <selenium_webdriver[b626a1f7d57de766]::browser::additional_tests::rem_lin_chr::{closure#0} as core[a373ad73a504971]::ops::function::FnOnce<()>>::call_once
[INFO] [stdout]   14:     0x62f28cdd411b - test[aada8e7e76ba119b]::__rust_begin_short_backtrace::<core[a373ad73a504971]::result::Result<(), alloc[2e1b2a31b91974c5]::string::String>, fn() -> core[a373ad73a504971]::result::Result<(), alloc[2e1b2a31b91974c5]::string::String>>
[INFO] [stdout]   15:     0x62f28cde12f5 - test[aada8e7e76ba119b]::run_test::{closure#0}
[INFO] [stdout]   16:     0x62f28cddabe4 - std[617be2ca0a6fd877]::sys::backtrace::__rust_begin_short_backtrace::<test[aada8e7e76ba119b]::run_test::{closure#1}, ()>
[INFO] [stdout]   17:     0x62f28cde4382 - <std[617be2ca0a6fd877]::thread::lifecycle::spawn_unchecked<test[aada8e7e76ba119b]::run_test::{closure#1}, ()>::{closure#1} as core[a373ad73a504971]::ops::function::FnOnce<()>>::call_once::{shim:vtable#0}
[INFO] [stdout]   18:     0x62f28ce4c8ef - <std[617be2ca0a6fd877]::sys::thread::unix::Thread>::new::thread_start
[INFO] [stdout]   19:     0x7ddc4704edfa - <unknown>
[INFO] [stdout]   20:     0x7ddc470e23d4 - clone
[INFO] [stdout]   21:                0x0 - <unknown>
[INFO] [stdout] 
[INFO] [stdout] ---- browser::core_fns_tests::back_test stdout ----
[INFO] [stdout] 
[INFO] [stdout] thread 'browser::core_fns_tests::back_test' (519) panicked at src/browser.rs:83:130:
[INFO] [stdout] called `Result::unwrap()` on an `Err` value: Os { code: 111, kind: ConnectionRefused, message: "Connection refused" }
[INFO] [stdout] stack backtrace:
[INFO] [stdout]    0:     0x62f28ce4daa1 - <<std[617be2ca0a6fd877]::sys::backtrace::BacktraceLock>::print::DisplayBacktrace as core[a373ad73a504971]::fmt::Display>::fmt
[INFO] [stdout]    1:     0x62f28ce636ba - core[a373ad73a504971]::fmt::write
[INFO] [stdout]    2:     0x62f28ce520ac - <alloc[2e1b2a31b91974c5]::vec::Vec<u8> as core[a373ad73a504971]::io::write::Write>::write_fmt
[INFO] [stdout]    3:     0x62f28ce29016 - std[617be2ca0a6fd877]::panicking::default_hook::{closure#0}
[INFO] [stdout]    4:     0x62f28ce45589 - std[617be2ca0a6fd877]::panicking::default_hook
[INFO] [stdout]    5:     0x62f28cde0cd0 - test[aada8e7e76ba119b]::test_main_inner::{closure#0}
[INFO] [stdout]    6:     0x62f28ce45742 - std[617be2ca0a6fd877]::panicking::panic_with_hook
[INFO] [stdout]    7:     0x62f28ce290c2 - std[617be2ca0a6fd877]::panicking::panic_handler::{closure#0}
[INFO] [stdout]    8:     0x62f28ce21ab9 - std[617be2ca0a6fd877]::sys::backtrace::__rust_end_short_backtrace::<std[617be2ca0a6fd877]::panicking::panic_handler::{closure#0}, !>
[INFO] [stdout]    9:     0x62f28ce29ebd - __rustc[ea4f61d10b84890b]::rust_begin_unwind
[INFO] [stdout]   10:     0x62f28ce63dec - core[a373ad73a504971]::panicking::panic_fmt
[INFO] [stdout]   11:     0x62f28ce63bc2 - core[a373ad73a504971]::result::unwrap_failed
[INFO] [stdout]   12:     0x62f28cd91482 - <selenium_webdriver[b626a1f7d57de766]::browser::Browser>::start_session
[INFO] [stdout]   13:     0x62f28cda51fa - <selenium_webdriver[b626a1f7d57de766]::browser::core_fns_tests::back_test::{closure#0} as core[a373ad73a504971]::ops::function::FnOnce<()>>::call_once
[INFO] [stdout]   14:     0x62f28cdd411b - test[aada8e7e76ba119b]::__rust_begin_short_backtrace::<core[a373ad73a504971]::result::Result<(), alloc[2e1b2a31b91974c5]::string::String>, fn() -> core[a373ad73a504971]::result::Result<(), alloc[2e1b2a31b91974c5]::string::String>>
[INFO] [stdout]   15:     0x62f28cde12f5 - test[aada8e7e76ba119b]::run_test::{closure#0}
[INFO] [stdout]   16:     0x62f28cddabe4 - std[617be2ca0a6fd877]::sys::backtrace::__rust_begin_short_backtrace::<test[aada8e7e76ba119b]::run_test::{closure#1}, ()>
[INFO] [stdout]   17:     0x62f28cde4382 - <std[617be2ca0a6fd877]::thread::lifecycle::spawn_unchecked<test[aada8e7e76ba119b]::run_test::{closure#1}, ()>::{closure#1} as core[a373ad73a504971]::ops::function::FnOnce<()>>::call_once::{shim:vtable#0}
[INFO] [stdout]   18:     0x62f28ce4c8ef - <std[617be2ca0a6fd877]::sys::thread::unix::Thread>::new::thread_start
[INFO] [stdout]   19:     0x7ddc4704edfa - <unknown>
[INFO] [stdout]   20:     0x7ddc470e23d4 - clone
[INFO] [stdout]   21:                0x0 - <unknown>
[INFO] [stdout] 
[INFO] [stdout] ---- browser::core_fns_tests::alerts stdout ----
[INFO] [stdout] 
[INFO] [stdout] thread 'browser::core_fns_tests::alerts' (517) panicked at src/browser.rs:83:130:
[INFO] [stdout] called `Result::unwrap()` on an `Err` value: Os { code: 111, kind: ConnectionRefused, message: "Connection refused" }
[INFO] [stdout] stack backtrace:
[INFO] [stdout]    0:     0x62f28ce4daa1 - <<std[617be2ca0a6fd877]::sys::backtrace::BacktraceLock>::print::DisplayBacktrace as core[a373ad73a504971]::fmt::Display>::fmt
[INFO] [stdout]    1:     0x62f28ce636ba - core[a373ad73a504971]::fmt::write
[INFO] [stdout]    2:     0x62f28ce520ac - <alloc[2e1b2a31b91974c5]::vec::Vec<u8> as core[a373ad73a504971]::io::write::Write>::write_fmt
[INFO] [stdout]    3:     0x62f28ce29016 - std[617be2ca0a6fd877]::panicking::default_hook::{closure#0}
[INFO] [stdout]    4:     0x62f28ce45589 - std[617be2ca0a6fd877]::panicking::default_hook
[INFO] [stdout]    5:     0x62f28cde0cd0 - test[aada8e7e76ba119b]::test_main_inner::{closure#0}
[INFO] [stdout]    6:     0x62f28ce45742 - std[617be2ca0a6fd877]::panicking::panic_with_hook
[INFO] [stdout]    7:     0x62f28ce290c2 - std[617be2ca0a6fd877]::panicking::panic_handler::{closure#0}
[INFO] [stdout]    8:     0x62f28ce21ab9 - std[617be2ca0a6fd877]::sys::backtrace::__rust_end_short_backtrace::<std[617be2ca0a6fd877]::panicking::panic_handler::{closure#0}, !>
[INFO] [stdout]    9:     0x62f28ce29ebd - __rustc[ea4f61d10b84890b]::rust_begin_unwind
[INFO] [stdout]   10:     0x62f28ce63dec - core[a373ad73a504971]::panicking::panic_fmt
[INFO] [stdout]   11:     0x62f28ce63bc2 - core[a373ad73a504971]::result::unwrap_failed
[INFO] [stdout]   12:     0x62f28cd91482 - <selenium_webdriver[b626a1f7d57de766]::browser::Browser>::start_session
[INFO] [stdout]   13:     0x62f28cda2638 - <selenium_webdriver[b626a1f7d57de766]::browser::core_fns_tests::alerts::{closure#0} as core[a373ad73a504971]::ops::function::FnOnce<()>>::call_once
[INFO] [stdout]   14:     0x62f28cdd411b - test[aada8e7e76ba119b]::__rust_begin_short_backtrace::<core[a373ad73a504971]::result::Result<(), alloc[2e1b2a31b91974c5]::string::String>, fn() -> core[a373ad73a504971]::result::Result<(), alloc[2e1b2a31b91974c5]::string::String>>
[INFO] [stdout]   15:     0x62f28cde12f5 - test[aada8e7e76ba119b]::run_test::{closure#0}
[INFO] [stdout]   16:     0x62f28cddabe4 - std[617be2ca0a6fd877]::sys::backtrace::__rust_begin_short_backtrace::<test[aada8e7e76ba119b]::run_test::{closure#1}, ()>
[INFO] [stdout]   17:     0x62f28cde4382 - <std[617be2ca0a6fd877]::thread::lifecycle::spawn_unchecked<test[aada8e7e76ba119b]::run_test::{closure#1}, ()>::{closure#1} as core[a373ad73a504971]::ops::function::FnOnce<()>>::call_once::{shim:vtable#0}
[INFO] [stdout]   18:     0x62f28ce4c8ef - <std[617be2ca0a6fd877]::sys::thread::unix::Thread>::new::thread_start
[INFO] [stdout]   19:     0x7ddc4704edfa - <unknown>
[INFO] [stdout]   20:     0x7ddc470e23d4 - clone
[INFO] [stdout]   21:                0x0 - <unknown>
[INFO] [stdout] 
[INFO] [stdout] ---- browser::core_fns_tests::add_cookie stdout ----
[INFO] [stdout] 
[INFO] [stdout] thread 'browser::core_fns_tests::add_cookie' (516) panicked at src/browser.rs:83:130:
[INFO] [stdout] called `Result::unwrap()` on an `Err` value: Os { code: 111, kind: ConnectionRefused, message: "Connection refused" }
[INFO] [stdout] stack backtrace:
[INFO] [stdout]    0:     0x62f28ce4daa1 - <<std[617be2ca0a6fd877]::sys::backtrace::BacktraceLock>::print::DisplayBacktrace as core[a373ad73a504971]::fmt::Display>::fmt
[INFO] [stdout]    1:     0x62f28ce636ba - core[a373ad73a504971]::fmt::write
[INFO] [stdout]    2:     0x62f28ce520ac - <alloc[2e1b2a31b91974c5]::vec::Vec<u8> as core[a373ad73a504971]::io::write::Write>::write_fmt
[INFO] [stdout]    3:     0x62f28ce29016 - std[617be2ca0a6fd877]::panicking::default_hook::{closure#0}
[INFO] [stdout]    4:     0x62f28ce45589 - std[617be2ca0a6fd877]::panicking::default_hook
[INFO] [stdout]    5:     0x62f28cde0cd0 - test[aada8e7e76ba119b]::test_main_inner::{closure#0}
[INFO] [stdout]    6:     0x62f28ce45742 - std[617be2ca0a6fd877]::panicking::panic_with_hook
[INFO] [stdout]    7:     0x62f28ce290c2 - std[617be2ca0a6fd877]::panicking::panic_handler::{closure#0}
[INFO] [stdout]    8:     0x62f28ce21ab9 - std[617be2ca0a6fd877]::sys::backtrace::__rust_end_short_backtrace::<std[617be2ca0a6fd877]::panicking::panic_handler::{closure#0}, !>
[INFO] [stdout]    9:     0x62f28ce29ebd - __rustc[ea4f61d10b84890b]::rust_begin_unwind
[INFO] [stdout]   10:     0x62f28ce63dec - core[a373ad73a504971]::panicking::panic_fmt
[INFO] [stdout]   11:     0x62f28ce63bc2 - core[a373ad73a504971]::result::unwrap_failed
[INFO] [stdout]   12:     0x62f28cd91482 - <selenium_webdriver[b626a1f7d57de766]::browser::Browser>::start_session
[INFO] [stdout]   13:     0x62f28cd9947e - <selenium_webdriver[b626a1f7d57de766]::browser::core_fns_tests::add_cookie::{closure#0} as core[a373ad73a504971]::ops::function::FnOnce<()>>::call_once
[INFO] [stdout]   14:     0x62f28cdd411b - test[aada8e7e76ba119b]::__rust_begin_short_backtrace::<core[a373ad73a504971]::result::Result<(), alloc[2e1b2a31b91974c5]::string::String>, fn() -> core[a373ad73a504971]::result::Result<(), alloc[2e1b2a31b91974c5]::string::String>>
[INFO] [stdout]   15:     0x62f28cde12f5 - test[aada8e7e76ba119b]::run_test::{closure#0}
[INFO] [stdout]   16:     0x62f28cddabe4 - std[617be2ca0a6fd877]::sys::backtrace::__rust_begin_short_backtrace::<test[aada8e7e76ba119b]::run_test::{closure#1}, ()>
[INFO] [stdout]   17:     0x62f28cde4382 - <std[617be2ca0a6fd877]::thread::lifecycle::spawn_unchecked<test[aada8e7e76ba119b]::run_test::{closure#1}, ()>::{closure#1} as core[a373ad73a504971]::ops::function::FnOnce<()>>::call_once::{shim:vtable#0}
[INFO] [stdout]   18:     0x62f28ce4c8ef - <std[617be2ca0a6fd877]::sys::thread::unix::Thread>::new::thread_start
[INFO] [stdout]   19:     0x7ddc4704edfa - <unknown>
[INFO] [stdout]   20:     0x7ddc470e23d4 - clone
[INFO] [stdout]   21:                0x0 - <unknown>
[INFO] [stdout] 
[INFO] [stdout] ---- browser::additional_tests::brow_chrome_opts stdout ----
[INFO] [stdout] 
[INFO] [stdout] thread 'browser::additional_tests::brow_chrome_opts' (512) panicked at src/reqs.rs:58:65:
[INFO] [stdout] called `Result::unwrap()` on an `Err` value: Os { code: 111, kind: ConnectionRefused, message: "Connection refused" }
[INFO] [stdout] stack backtrace:
[INFO] [stdout]    0:     0x62f28ce4daa1 - <<std[617be2ca0a6fd877]::sys::backtrace::BacktraceLock>::print::DisplayBacktrace as core[a373ad73a504971]::fmt::Display>::fmt
[INFO] [stdout]    1:     0x62f28ce636ba - core[a373ad73a504971]::fmt::write
[INFO] [stdout]    2:     0x62f28ce520ac - <alloc[2e1b2a31b91974c5]::vec::Vec<u8> as core[a373ad73a504971]::io::write::Write>::write_fmt
[INFO] [stdout]    3:     0x62f28ce29016 - std[617be2ca0a6fd877]::panicking::default_hook::{closure#0}
[INFO] [stdout]    4:     0x62f28ce45589 - std[617be2ca0a6fd877]::panicking::default_hook
[INFO] [stdout]    5:     0x62f28cde0cd0 - test[aada8e7e76ba119b]::test_main_inner::{closure#0}
[INFO] [stdout]    6:     0x62f28ce45742 - std[617be2ca0a6fd877]::panicking::panic_with_hook
[INFO] [stdout]    7:     0x62f28ce290c2 - std[617be2ca0a6fd877]::panicking::panic_handler::{closure#0}
[INFO] [stdout]    8:     0x62f28ce21ab9 - std[617be2ca0a6fd877]::sys::backtrace::__rust_end_short_backtrace::<std[617be2ca0a6fd877]::panicking::panic_handler::{closure#0}, !>
[INFO] [stdout]    9:     0x62f28ce29ebd - __rustc[ea4f61d10b84890b]::rust_begin_unwind
[INFO] [stdout]   10:     0x62f28ce63dec - core[a373ad73a504971]::panicking::panic_fmt
[INFO] [stdout]   11:     0x62f28ce63bc2 - core[a373ad73a504971]::result::unwrap_failed
[INFO] [stdout]   12:     0x62f28cdaac11 - selenium_webdriver[b626a1f7d57de766]::reqs::send_and_read_body
[INFO] [stdout]   13:     0x62f28cd94534 - <selenium_webdriver[b626a1f7d57de766]::browser::Browser>::start_chrome_session_with_options
[INFO] [stdout]   14:     0x62f28cdc8f5e - <selenium_webdriver[b626a1f7d57de766]::browser::additional_tests::brow_chrome_opts::{closure#0} as core[a373ad73a504971]::ops::function::FnOnce<()>>::call_once
[INFO] [stdout]   15:     0x62f28cdd411b - test[aada8e7e76ba119b]::__rust_begin_short_backtrace::<core[a373ad73a504971]::result::Result<(), alloc[2e1b2a31b91974c5]::string::String>, fn() -> core[a373ad73a504971]::result::Result<(), alloc[2e1b2a31b91974c5]::string::String>>
[INFO] [stdout]   16:     0x62f28cde12f5 - test[aada8e7e76ba119b]::run_test::{closure#0}
[INFO] [stdout]   17:     0x62f28cddabe4 - std[617be2ca0a6fd877]::sys::backtrace::__rust_begin_short_backtrace::<test[aada8e7e76ba119b]::run_test::{closure#1}, ()>
[INFO] [stdout]   18:     0x62f28cde4382 - <std[617be2ca0a6fd877]::thread::lifecycle::spawn_unchecked<test[aada8e7e76ba119b]::run_test::{closure#1}, ()>::{closure#1} as core[a373ad73a504971]::ops::function::FnOnce<()>>::call_once::{shim:vtable#0}
[INFO] [stdout]   19:     0x62f28ce4c8ef - <std[617be2ca0a6fd877]::sys::thread::unix::Thread>::new::thread_start
[INFO] [stdout]   20:     0x7ddc4704edfa - <unknown>
[INFO] [stdout]   21:     0x7ddc470e23d4 - clone
[INFO] [stdout]   22:                0x0 - <unknown>
[INFO] [stdout] 
[INFO] [stdout] ---- browser::additional_tests::brow_cap_remote stdout ----
[INFO] [stdout] 
[INFO] [stdout] thread 'browser::additional_tests::brow_cap_remote' (511) panicked at src/browser.rs:121:111:
[INFO] [stdout] called `Result::unwrap()` on an `Err` value: Os { code: 101, kind: NetworkUnreachable, message: "Network is unreachable" }
[INFO] [stdout] stack backtrace:
[INFO] [stdout]    0:     0x62f28ce4daa1 - <<std[617be2ca0a6fd877]::sys::backtrace::BacktraceLock>::print::DisplayBacktrace as core[a373ad73a504971]::fmt::Display>::fmt
[INFO] [stdout]    1:     0x62f28ce636ba - core[a373ad73a504971]::fmt::write
[INFO] [stdout]    2:     0x62f28ce520ac - <alloc[2e1b2a31b91974c5]::vec::Vec<u8> as core[a373ad73a504971]::io::write::Write>::write_fmt
[INFO] [stdout]    3:     0x62f28ce29016 - std[617be2ca0a6fd877]::panicking::default_hook::{closure#0}
[INFO] [stdout]    4:     0x62f28ce45589 - std[617be2ca0a6fd877]::panicking::default_hook
[INFO] [stdout]    5:     0x62f28cde0cd0 - test[aada8e7e76ba119b]::test_main_inner::{closure#0}
[INFO] [stdout]    6:     0x62f28ce45742 - std[617be2ca0a6fd877]::panicking::panic_with_hook
[INFO] [stdout]    7:     0x62f28ce290c2 - std[617be2ca0a6fd877]::panicking::panic_handler::{closure#0}
[INFO] [stdout]    8:     0x62f28ce21ab9 - std[617be2ca0a6fd877]::sys::backtrace::__rust_end_short_backtrace::<std[617be2ca0a6fd877]::panicking::panic_handler::{closure#0}, !>
[INFO] [stdout]    9:     0x62f28ce29ebd - __rustc[ea4f61d10b84890b]::rust_begin_unwind
[INFO] [stdout]   10:     0x62f28ce63dec - core[a373ad73a504971]::panicking::panic_fmt
[INFO] [stdout]   11:     0x62f28ce63bc2 - core[a373ad73a504971]::result::unwrap_failed
[INFO] [stdout]   12:     0x62f28cd94c58 - <selenium_webdriver[b626a1f7d57de766]::browser::Browser>::start_remote_session_with_capabilities
[INFO] [stdout]   13:     0x62f28cdc8644 - <selenium_webdriver[b626a1f7d57de766]::browser::additional_tests::brow_cap_remote::{closure#0} as core[a373ad73a504971]::ops::function::FnOnce<()>>::call_once
[INFO] [stdout]   14:     0x62f28cdd411b - test[aada8e7e76ba119b]::__rust_begin_short_backtrace::<core[a373ad73a504971]::result::Result<(), alloc[2e1b2a31b91974c5]::string::String>, fn() -> core[a373ad73a504971]::result::Result<(), alloc[2e1b2a31b91974c5]::string::String>>
[INFO] [stdout]   15:     0x62f28cde12f5 - test[aada8e7e76ba119b]::run_test::{closure#0}
[INFO] [stdout]   16:     0x62f28cddabe4 - std[617be2ca0a6fd877]::sys::backtrace::__rust_begin_short_backtrace::<test[aada8e7e76ba119b]::run_test::{closure#1}, ()>
[INFO] [stdout]   17:     0x62f28cde4382 - <std[617be2ca0a6fd877]::thread::lifecycle::spawn_unchecked<test[aada8e7e76ba119b]::run_test::{closure#1}, ()>::{closure#1} as core[a373ad73a504971]::ops::function::FnOnce<()>>::call_once::{shim:vtable#0}
[INFO] [stdout]   18:     0x62f28ce4c8ef - <std[617be2ca0a6fd877]::sys::thread::unix::Thread>::new::thread_start
[INFO] [stdout]   19:     0x7ddc4704edfa - <unknown>
[INFO] [stdout]   20:     0x7ddc470e23d4 - clone
[INFO] [stdout]   21:                0x0 - <unknown>
[INFO] [stdout] 
[INFO] [stdout] ---- browser::core_fns_tests::active_el stdout ----
[INFO] [stdout] 
[INFO] [stdout] thread 'browser::core_fns_tests::active_el' (515) panicked at src/browser.rs:83:130:
[INFO] [stdout] called `Result::unwrap()` on an `Err` value: Os { code: 111, kind: ConnectionRefused, message: "Connection refused" }
[INFO] [stdout] stack backtrace:
[INFO] [stdout]    0:     0x62f28ce4daa1 - <<std[617be2ca0a6fd877]::sys::backtrace::BacktraceLock>::print::DisplayBacktrace as core[a373ad73a504971]::fmt::Display>::fmt
[INFO] [stdout]    1:     0x62f28ce636ba - core[a373ad73a504971]::fmt::write
[INFO] [stdout]    2:     0x62f28ce520ac - <alloc[2e1b2a31b91974c5]::vec::Vec<u8> as core[a373ad73a504971]::io::write::Write>::write_fmt
[INFO] [stdout]    3:     0x62f28ce29016 - std[617be2ca0a6fd877]::panicking::default_hook::{closure#0}
[INFO] [stdout]    4:     0x62f28ce45589 - std[617be2ca0a6fd877]::panicking::default_hook
[INFO] [stdout]    5:     0x62f28cde0cd0 - test[aada8e7e76ba119b]::test_main_inner::{closure#0}
[INFO] [stdout]    6:     0x62f28ce45742 - std[617be2ca0a6fd877]::panicking::panic_with_hook
[INFO] [stdout]    7:     0x62f28ce290c2 - std[617be2ca0a6fd877]::panicking::panic_handler::{closure#0}
[INFO] [stdout]    8:     0x62f28ce21ab9 - std[617be2ca0a6fd877]::sys::backtrace::__rust_end_short_backtrace::<std[617be2ca0a6fd877]::panicking::panic_handler::{closure#0}, !>
[INFO] [stdout]    9:     0x62f28ce29ebd - __rustc[ea4f61d10b84890b]::rust_begin_unwind
[INFO] [stdout]   10:     0x62f28ce63dec - core[a373ad73a504971]::panicking::panic_fmt
[INFO] [stdout]   11:     0x62f28ce63bc2 - core[a373ad73a504971]::result::unwrap_failed
[INFO] [stdout]   12:     0x62f28cd91482 - <selenium_webdriver[b626a1f7d57de766]::browser::Browser>::start_session
[INFO] [stdout]   13:     0x62f28cda4e48 - <selenium_webdriver[b626a1f7d57de766]::browser::core_fns_tests::active_el::{closure#0} as core[a373ad73a504971]::ops::function::FnOnce<()>>::call_once
[INFO] [stdout]   14:     0x62f28cdd411b - test[aada8e7e76ba119b]::__rust_begin_short_backtrace::<core[a373ad73a504971]::result::Result<(), alloc[2e1b2a31b91974c5]::string::String>, fn() -> core[a373ad73a504971]::result::Result<(), alloc[2e1b2a31b91974c5]::string::String>>
[INFO] [stdout]   15:     0x62f28cde12f5 - test[aada8e7e76ba119b]::run_test::{closure#0}
[INFO] [stdout]   16:     0x62f28cddabe4 - std[617be2ca0a6fd877]::sys::backtrace::__rust_begin_short_backtrace::<test[aada8e7e76ba119b]::run_test::{closure#1}, ()>
[INFO] [stdout]   17:     0x62f28cde4382 - <std[617be2ca0a6fd877]::thread::lifecycle::spawn_unchecked<test[aada8e7e76ba119b]::run_test::{closure#1}, ()>::{closure#1} as core[a373ad73a504971]::ops::function::FnOnce<()>>::call_once::{shim:vtable#0}
[INFO] [stdout]   18:     0x62f28ce4c8ef - <std[617be2ca0a6fd877]::sys::thread::unix::Thread>::new::thread_start
[INFO] [stdout]   19:     0x7ddc4704edfa - <unknown>
[INFO] [stdout]   20:     0x7ddc470e23d4 - clone
[INFO] [stdout]   21:                0x0 - <unknown>
[INFO] [stdout] 
[INFO] [stdout] ---- browser::additional_tests::brow_firefox_opts stdout ----
[INFO] [stdout] 
[INFO] [stdout] thread 'browser::additional_tests::brow_firefox_opts' (513) panicked at src/reqs.rs:58:65:
[INFO] [stdout] called `Result::unwrap()` on an `Err` value: Os { code: 111, kind: ConnectionRefused, message: "Connection refused" }
[INFO] [stdout] stack backtrace:
[INFO] [stdout]    0:     0x62f28ce4daa1 - <<std[617be2ca0a6fd877]::sys::backtrace::BacktraceLock>::print::DisplayBacktrace as core[a373ad73a504971]::fmt::Display>::fmt
[INFO] [stdout]    1:     0x62f28ce636ba - core[a373ad73a504971]::fmt::write
[INFO] [stdout]    2:     0x62f28ce520ac - <alloc[2e1b2a31b91974c5]::vec::Vec<u8> as core[a373ad73a504971]::io::write::Write>::write_fmt
[INFO] [stdout]    3:     0x62f28ce29016 - std[617be2ca0a6fd877]::panicking::default_hook::{closure#0}
[INFO] [stdout]    4:     0x62f28ce45589 - std[617be2ca0a6fd877]::panicking::default_hook
[INFO] [stdout]    5:     0x62f28cde0cd0 - test[aada8e7e76ba119b]::test_main_inner::{closure#0}
[INFO] [stdout]    6:     0x62f28ce45742 - std[617be2ca0a6fd877]::panicking::panic_with_hook
[INFO] [stdout]    7:     0x62f28ce290c2 - std[617be2ca0a6fd877]::panicking::panic_handler::{closure#0}
[INFO] [stdout]    8:     0x62f28ce21ab9 - std[617be2ca0a6fd877]::sys::backtrace::__rust_end_short_backtrace::<std[617be2ca0a6fd877]::panicking::panic_handler::{closure#0}, !>
[INFO] [stdout]    9:     0x62f28ce29ebd - __rustc[ea4f61d10b84890b]::rust_begin_unwind
[INFO] [stdout]   10:     0x62f28ce63dec - core[a373ad73a504971]::panicking::panic_fmt
[INFO] [stdout]   11:     0x62f28ce63bc2 - core[a373ad73a504971]::result::unwrap_failed
[INFO] [stdout]   12:     0x62f28cdaac11 - selenium_webdriver[b626a1f7d57de766]::reqs::send_and_read_body
[INFO] [stdout]   13:     0x62f28cd94804 - <selenium_webdriver[b626a1f7d57de766]::browser::Browser>::start_firefox_session_with_options
[INFO] [stdout]   14:     0x62f28cdc9302 - <selenium_webdriver[b626a1f7d57de766]::browser::additional_tests::brow_firefox_opts::{closure#0} as core[a373ad73a504971]::ops::function::FnOnce<()>>::call_once
[INFO] [stdout]   15:     0x62f28cdd411b - test[aada8e7e76ba119b]::__rust_begin_short_backtrace::<core[a373ad73a504971]::result::Result<(), alloc[2e1b2a31b91974c5]::string::String>, fn() -> core[a373ad73a504971]::result::Result<(), alloc[2e1b2a31b91974c5]::string::String>>
[INFO] [stdout]   16:     0x62f28cde12f5 - test[aada8e7e76ba119b]::run_test::{closure#0}
[INFO] [stdout]   17:     0x62f28cddabe4 - std[617be2ca0a6fd877]::sys::backtrace::__rust_begin_short_backtrace::<test[aada8e7e76ba119b]::run_test::{closure#1}, ()>
[INFO] [stdout]   18:     0x62f28cde4382 - <std[617be2ca0a6fd877]::thread::lifecycle::spawn_unchecked<test[aada8e7e76ba119b]::run_test::{closure#1}, ()>::{closure#1} as core[a373ad73a504971]::ops::function::FnOnce<()>>::call_once::{shim:vtable#0}
[INFO] [stdout]   19:     0x62f28ce4c8ef - <std[617be2ca0a6fd877]::sys::thread::unix::Thread>::new::thread_start
[INFO] [stdout]   20:     0x7ddc4704edfa - <unknown>
[INFO] [stdout]   21:     0x7ddc470e23d4 - clone
[INFO] [stdout]   22:                0x0 - <unknown>
[INFO] [stdout] 
[INFO] [stdout] ---- browser::additional_tests::brow_cap stdout ----
[INFO] [stdout] 
[INFO] [stdout] thread 'browser::additional_tests::brow_cap' (510) panicked at src/browser.rs:112:122:
[INFO] [stdout] called `Result::unwrap()` on an `Err` value: Os { code: 111, kind: ConnectionRefused, message: "Connection refused" }
[INFO] [stdout] stack backtrace:
[INFO] [stdout]    0:     0x62f28ce4daa1 - <<std[617be2ca0a6fd877]::sys::backtrace::BacktraceLock>::print::DisplayBacktrace as core[a373ad73a504971]::fmt::Display>::fmt
[INFO] [stdout]    1:     0x62f28ce636ba - core[a373ad73a504971]::fmt::write
[INFO] [stdout]    2:     0x62f28ce520ac - <alloc[2e1b2a31b91974c5]::vec::Vec<u8> as core[a373ad73a504971]::io::write::Write>::write_fmt
[INFO] [stdout]    3:     0x62f28ce29016 - std[617be2ca0a6fd877]::panicking::default_hook::{closure#0}
[INFO] [stdout]    4:     0x62f28ce45589 - std[617be2ca0a6fd877]::panicking::default_hook
[INFO] [stdout]    5:     0x62f28cde0cd0 - test[aada8e7e76ba119b]::test_main_inner::{closure#0}
[INFO] [stdout]    6:     0x62f28ce45742 - std[617be2ca0a6fd877]::panicking::panic_with_hook
[INFO] [stdout]    7:     0x62f28ce290c2 - std[617be2ca0a6fd877]::panicking::panic_handler::{closure#0}
[INFO] [stdout]    8:     0x62f28ce21ab9 - std[617be2ca0a6fd877]::sys::backtrace::__rust_end_short_backtrace::<std[617be2ca0a6fd877]::panicking::panic_handler::{closure#0}, !>
[INFO] [stdout]    9:     0x62f28ce29ebd - __rustc[ea4f61d10b84890b]::rust_begin_unwind
[INFO] [stdout]   10:     0x62f28ce63dec - core[a373ad73a504971]::panicking::panic_fmt
[INFO] [stdout]   11:     0x62f28ce63bc2 - core[a373ad73a504971]::result::unwrap_failed
[INFO] [stdout]   12:     0x62f28cd94350 - <selenium_webdriver[b626a1f7d57de766]::browser::Browser>::start_session_with_capabilities
[INFO] [stdout]   13:     0x62f28cdc96cd - <selenium_webdriver[b626a1f7d57de766]::browser::additional_tests::brow_cap::{closure#0} as core[a373ad73a504971]::ops::function::FnOnce<()>>::call_once
[INFO] [stdout]   14:     0x62f28cdd411b - test[aada8e7e76ba119b]::__rust_begin_short_backtrace::<core[a373ad73a504971]::result::Result<(), alloc[2e1b2a31b91974c5]::string::String>, fn() -> core[a373ad73a504971]::result::Result<(), alloc[2e1b2a31b91974c5]::string::String>>
[INFO] [stdout]   15:     0x62f28cde12f5 - test[aada8e7e76ba119b]::run_test::{closure#0}
[INFO] [stdout]   16:     0x62f28cddabe4 - std[617be2ca0a6fd877]::sys::backtrace::__rust_begin_short_backtrace::<test[aada8e7e76ba119b]::run_test::{closure#1}, ()>
[INFO] [stdout]   17:     0x62f28cde4382 - <std[617be2ca0a6fd877]::thread::lifecycle::spawn_unchecked<test[aada8e7e76ba119b]::run_test::{closure#1}, ()>::{closure#1} as core[a373ad73a504971]::ops::function::FnOnce<()>>::call_once::{shim:vtable#0}
[INFO] [stdout]   18:     0x62f28ce4c8ef - <std[617be2ca0a6fd877]::sys::thread::unix::Thread>::new::thread_start
[INFO] [stdout]   19:     0x7ddc4704edfa - <unknown>
[INFO] [stdout]   20:     0x7ddc470e23d4 - clone
[INFO] [stdout]   21:                0x0 - <unknown>
[INFO] [stdout] 
[INFO] [stdout] ---- browser::core_fns_tests::click_test stdout ----
[INFO] [stdout] 
[INFO] [stdout] thread 'browser::core_fns_tests::click_test' (521) panicked at src/browser.rs:83:130:
[INFO] [stdout] called `Result::unwrap()` on an `Err` value: Os { code: 111, kind: ConnectionRefused, message: "Connection refused" }
[INFO] [stdout] stack backtrace:
[INFO] [stdout]    0:     0x62f28ce4daa1 - <<std[617be2ca0a6fd877]::sys::backtrace::BacktraceLock>::print::DisplayBacktrace as core[a373ad73a504971]::fmt::Display>::fmt
[INFO] [stdout]    1:     0x62f28ce636ba - core[a373ad73a504971]::fmt::write
[INFO] [stdout]    2:     0x62f28ce520ac - <alloc[2e1b2a31b91974c5]::vec::Vec<u8> as core[a373ad73a504971]::io::write::Write>::write_fmt
[INFO] [stdout]    3:     0x62f28ce29016 - std[617be2ca0a6fd877]::panicking::default_hook::{closure#0}
[INFO] [stdout]    4:     0x62f28ce45589 - std[617be2ca0a6fd877]::panicking::default_hook
[INFO] [stdout]    5:     0x62f28cde0cd0 - test[aada8e7e76ba119b]::test_main_inner::{closure#0}
[INFO] [stdout]    6:     0x62f28ce45742 - std[617be2ca0a6fd877]::panicking::panic_with_hook
[INFO] [stdout]    7:     0x62f28ce290c2 - std[617be2ca0a6fd877]::panicking::panic_handler::{closure#0}
[INFO] [stdout]    8:     0x62f28ce21ab9 - std[617be2ca0a6fd877]::sys::backtrace::__rust_end_short_backtrace::<std[617be2ca0a6fd877]::panicking::panic_handler::{closure#0}, !>
[INFO] [stdout]    9:     0x62f28ce29ebd - __rustc[ea4f61d10b84890b]::rust_begin_unwind
[INFO] [stdout]   10:     0x62f28ce63dec - core[a373ad73a504971]::panicking::panic_fmt
[INFO] [stdout]   11:     0x62f28ce63bc2 - core[a373ad73a504971]::result::unwrap_failed
[INFO] [stdout]   12:     0x62f28cd91482 - <selenium_webdriver[b626a1f7d57de766]::browser::Browser>::start_session
[INFO] [stdout]   13:     0x62f28cd9983b - <selenium_webdriver[b626a1f7d57de766]::browser::core_fns_tests::click_test::{closure#0} as core[a373ad73a504971]::ops::function::FnOnce<()>>::call_once
[INFO] [stdout]   14:     0x62f28cdd411b - test[aada8e7e76ba119b]::__rust_begin_short_backtrace::<core[a373ad73a504971]::result::Result<(), alloc[2e1b2a31b91974c5]::string::String>, fn() -> core[a373ad73a504971]::result::Result<(), alloc[2e1b2a31b91974c5]::string::String>>
[INFO] [stdout]   15:     0x62f28cde12f5 - test[aada8e7e76ba119b]::run_test::{closure#0}
[INFO] [stdout]   16:     0x62f28cddabe4 - std[617be2ca0a6fd877]::sys::backtrace::__rust_begin_short_backtrace::<test[aada8e7e76ba119b]::run_test::{closure#1}, ()>
[INFO] [stdout]   17:     0x62f28cde4382 - <std[617be2ca0a6fd877]::thread::lifecycle::spawn_unchecked<test[aada8e7e76ba119b]::run_test::{closure#1}, ()>::{closure#1} as core[a373ad73a504971]::ops::function::FnOnce<()>>::call_once::{shim:vtable#0}
[INFO] [stdout]   18:     0x62f28ce4c8ef - <std[617be2ca0a6fd877]::sys::thread::unix::Thread>::new::thread_start
[INFO] [stdout]   19:     0x7ddc4704edfa - <unknown>
[INFO] [stdout]   20:     0x7ddc470e23d4 - clone
[INFO] [stdout]   21:                0x0 - <unknown>
[INFO] [stdout] 
[INFO] [stdout] ---- browser::core_fns_tests::dranddrop stdout ----
[INFO] [stdout] 
[INFO] [stdout] thread 'browser::core_fns_tests::dranddrop' (526) panicked at src/browser.rs:83:130:
[INFO] [stdout] called `Result::unwrap()` on an `Err` value: Os { code: 111, kind: ConnectionRefused, message: "Connection refused" }
[INFO] [stdout] stack backtrace:
[INFO] [stdout]    0:     0x62f28ce4daa1 - <<std[617be2ca0a6fd877]::sys::backtrace::BacktraceLock>::print::DisplayBacktrace as core[a373ad73a504971]::fmt::Display>::fmt
[INFO] [stdout]    1:     0x62f28ce636ba - core[a373ad73a504971]::fmt::write
[INFO] [stdout]    2:     0x62f28ce520ac - <alloc[2e1b2a31b91974c5]::vec::Vec<u8> as core[a373ad73a504971]::io::write::Write>::write_fmt
[INFO] [stdout]    3:     0x62f28ce29016 - std[617be2ca0a6fd877]::panicking::default_hook::{closure#0}
[INFO] [stdout]    4:     0x62f28ce45589 - std[617be2ca0a6fd877]::panicking::default_hook
[INFO] [stdout]    5:     0x62f28cde0cd0 - test[aada8e7e76ba119b]::test_main_inner::{closure#0}
[INFO] [stdout]    6:     0x62f28ce45742 - std[617be2ca0a6fd877]::panicking::panic_with_hook
[INFO] [stdout]    7:     0x62f28ce290c2 - std[617be2ca0a6fd877]::panicking::panic_handler::{closure#0}
[INFO] [stdout]    8:     0x62f28ce21ab9 - std[617be2ca0a6fd877]::sys::backtrace::__rust_end_short_backtrace::<std[617be2ca0a6fd877]::panicking::panic_handler::{closure#0}, !>
[INFO] [stdout]    9:     0x62f28ce29ebd - __rustc[ea4f61d10b84890b]::rust_begin_unwind
[INFO] [stdout]   10:     0x62f28ce63dec - core[a373ad73a504971]::panicking::panic_fmt
[INFO] [stdout]   11:     0x62f28ce63bc2 - core[a373ad73a504971]::result::unwrap_failed
[INFO] [stdout]   12:     0x62f28cd91482 - <selenium_webdriver[b626a1f7d57de766]::browser::Browser>::start_session
[INFO] [stdout]   13:     0x62f28cda558c - <selenium_webdriver[b626a1f7d57de766]::browser::core_fns_tests::dranddrop::{closure#0} as core[a373ad73a504971]::ops::function::FnOnce<()>>::call_once
[INFO] [stdout]   14:     0x62f28cdd411b - test[aada8e7e76ba119b]::__rust_begin_short_backtrace::<core[a373ad73a504971]::result::Result<(), alloc[2e1b2a31b91974c5]::string::String>, fn() -> core[a373ad73a504971]::result::Result<(), alloc[2e1b2a31b91974c5]::string::String>>
[INFO] [stdout]   15:     0x62f28cde12f5 - test[aada8e7e76ba119b]::run_test::{closure#0}
[INFO] [stdout]   16:     0x62f28cddabe4 - std[617be2ca0a6fd877]::sys::backtrace::__rust_begin_short_backtrace::<test[aada8e7e76ba119b]::run_test::{closure#1}, ()>
[INFO] [stdout]   17:     0x62f28cde4382 - <std[617be2ca0a6fd877]::thread::lifecycle::spawn_unchecked<test[aada8e7e76ba119b]::run_test::{closure#1}, ()>::{closure#1} as core[a373ad73a504971]::ops::function::FnOnce<()>>::call_once::{shim:vtable#0}
[INFO] [stdout]   18:     0x62f28ce4c8ef - <std[617be2ca0a6fd877]::sys::thread::unix::Thread>::new::thread_start
[INFO] [stdout]   19:     0x7ddc4704edfa - <unknown>
[INFO] [stdout]   20:     0x7ddc470e23d4 - clone
[INFO] [stdout]   21:                0x0 - <unknown>
[INFO] [stdout] 
[INFO] [stdout] ---- browser::core_fns_tests::find_els stdout ----
[INFO] [stdout] 
[INFO] [stdout] thread 'browser::core_fns_tests::find_els' (532) panicked at src/browser.rs:83:130:
[INFO] [stdout] called `Result::unwrap()` on an `Err` value: Os { code: 111, kind: ConnectionRefused, message: "Connection refused" }
[INFO] [stdout] stack backtrace:
[INFO] [stdout]    0:     0x62f28ce4daa1 - <<std[617be2ca0a6fd877]::sys::backtrace::BacktraceLock>::print::DisplayBacktrace as core[a373ad73a504971]::fmt::Display>::fmt
[INFO] [stdout]    1:     0x62f28ce636ba - core[a373ad73a504971]::fmt::write
[INFO] [stdout]    2:     0x62f28ce520ac - <alloc[2e1b2a31b91974c5]::vec::Vec<u8> as core[a373ad73a504971]::io::write::Write>::write_fmt
[INFO] [stdout]    3:     0x62f28ce29016 - std[617be2ca0a6fd877]::panicking::default_hook::{closure#0}
[INFO] [stdout]    4:     0x62f28ce45589 - std[617be2ca0a6fd877]::panicking::default_hook
[INFO] [stdout]    5:     0x62f28cde0cd0 - test[aada8e7e76ba119b]::test_main_inner::{closure#0}
[INFO] [stdout]    6:     0x62f28ce45742 - std[617be2ca0a6fd877]::panicking::panic_with_hook
[INFO] [stdout]    7:     0x62f28ce290c2 - std[617be2ca0a6fd877]::panicking::panic_handler::{closure#0}
[INFO] [stdout]    8:     0x62f28ce21ab9 - std[617be2ca0a6fd877]::sys::backtrace::__rust_end_short_backtrace::<std[617be2ca0a6fd877]::panicking::panic_handler::{closure#0}, !>
[INFO] [stdout]    9:     0x62f28ce29ebd - __rustc[ea4f61d10b84890b]::rust_begin_unwind
[INFO] [stdout]   10:     0x62f28ce63dec - core[a373ad73a504971]::panicking::panic_fmt
[INFO] [stdout]   11:     0x62f28ce63bc2 - core[a373ad73a504971]::result::unwrap_failed
[INFO] [stdout]   12:     0x62f28cd91482 - <selenium_webdriver[b626a1f7d57de766]::browser::Browser>::start_session
[INFO] [stdout]   13:     0x62f28cda3e9d - <selenium_webdriver[b626a1f7d57de766]::browser::core_fns_tests::find_els::{closure#0} as core[a373ad73a504971]::ops::function::FnOnce<()>>::call_once
[INFO] [stdout]   14:     0x62f28cdd411b - test[aada8e7e76ba119b]::__rust_begin_short_backtrace::<core[a373ad73a504971]::result::Result<(), alloc[2e1b2a31b91974c5]::string::String>, fn() -> core[a373ad73a504971]::result::Result<(), alloc[2e1b2a31b91974c5]::string::String>>
[INFO] [stdout]   15:     0x62f28cde12f5 - test[aada8e7e76ba119b]::run_test::{closure#0}
[INFO] [stdout]   16:     0x62f28cddabe4 - std[617be2ca0a6fd877]::sys::backtrace::__rust_begin_short_backtrace::<test[aada8e7e76ba119b]::run_test::{closure#1}, ()>
[INFO] [stdout]   17:     0x62f28cde4382 - <std[617be2ca0a6fd877]::thread::lifecycle::spawn_unchecked<test[aada8e7e76ba119b]::run_test::{closure#1}, ()>::{closure#1} as core[a373ad73a504971]::ops::function::FnOnce<()>>::call_once::{shim:vtable#0}
[INFO] [stdout]   18:     0x62f28ce4c8ef - <std[617be2ca0a6fd877]::sys::thread::unix::Thread>::new::thread_start
[INFO] [stdout]   19:     0x7ddc4704edfa - <unknown>
[INFO] [stdout]   20:     0x7ddc470e23d4 - clone
[INFO] [stdout]   21:                0x0 - <unknown>
[INFO] [stdout] 
[INFO] [stdout] ---- browser::core_fns_tests::el_clear stdout ----
[INFO] [stdout] 
[INFO] [stdout] thread 'browser::core_fns_tests::el_clear' (527) panicked at src/browser.rs:83:130:
[INFO] [stdout] called `Result::unwrap()` on an `Err` value: Os { code: 111, kind: ConnectionRefused, message: "Connection refused" }
[INFO] [stdout] stack backtrace:
[INFO] [stdout]    0:     0x62f28ce4daa1 - <<std[617be2ca0a6fd877]::sys::backtrace::BacktraceLock>::print::DisplayBacktrace as core[a373ad73a504971]::fmt::Display>::fmt
[INFO] [stdout]    1:     0x62f28ce636ba - core[a373ad73a504971]::fmt::write
[INFO] [stdout]    2:     0x62f28ce520ac - <alloc[2e1b2a31b91974c5]::vec::Vec<u8> as core[a373ad73a504971]::io::write::Write>::write_fmt
[INFO] [stdout]    3:     0x62f28ce29016 - std[617be2ca0a6fd877]::panicking::default_hook::{closure#0}
[INFO] [stdout]    4:     0x62f28ce45589 - std[617be2ca0a6fd877]::panicking::default_hook
[INFO] [stdout]    5:     0x62f28cde0cd0 - test[aada8e7e76ba119b]::test_main_inner::{closure#0}
[INFO] [stdout]    6:     0x62f28ce45742 - std[617be2ca0a6fd877]::panicking::panic_with_hook
[INFO] [stdout]    7:     0x62f28ce290c2 - std[617be2ca0a6fd877]::panicking::panic_handler::{closure#0}
[INFO] [stdout]    8:     0x62f28ce21ab9 - std[617be2ca0a6fd877]::sys::backtrace::__rust_end_short_backtrace::<std[617be2ca0a6fd877]::panicking::panic_handler::{closure#0}, !>
[INFO] [stdout]    9:     0x62f28ce29ebd - __rustc[ea4f61d10b84890b]::rust_begin_unwind
[INFO] [stdout]   10:     0x62f28ce63dec - core[a373ad73a504971]::panicking::panic_fmt
[INFO] [stdout]   11:     0x62f28ce63bc2 - core[a373ad73a504971]::result::unwrap_failed
[INFO] [stdout]   12:     0x62f28cd91482 - <selenium_webdriver[b626a1f7d57de766]::browser::Browser>::start_session
[INFO] [stdout]   13:     0x62f28cda3a5b - <selenium_webdriver[b626a1f7d57de766]::browser::core_fns_tests::el_clear::{closure#0} as core[a373ad73a504971]::ops::function::FnOnce<()>>::call_once
[INFO] [stdout]   14:     0x62f28cdd411b - test[aada8e7e76ba119b]::__rust_begin_short_backtrace::<core[a373ad73a504971]::result::Result<(), alloc[2e1b2a31b91974c5]::string::String>, fn() -> core[a373ad73a504971]::result::Result<(), alloc[2e1b2a31b91974c5]::string::String>>
[INFO] [stdout]   15:     0x62f28cde12f5 - test[aada8e7e76ba119b]::run_test::{closure#0}
[INFO] [stdout]   16:     0x62f28cddabe4 - std[617be2ca0a6fd877]::sys::backtrace::__rust_begin_short_backtrace::<test[aada8e7e76ba119b]::run_test::{closure#1}, ()>
[INFO] [stdout]   17:     0x62f28cde4382 - <std[617be2ca0a6fd877]::thread::lifecycle::spawn_unchecked<test[aada8e7e76ba119b]::run_test::{closure#1}, ()>::{closure#1} as core[a373ad73a504971]::ops::function::FnOnce<()>>::call_once::{shim:vtable#0}
[INFO] [stdout]   18:     0x62f28ce4c8ef - <std[617be2ca0a6fd877]::sys::thread::unix::Thread>::new::thread_start
[INFO] [stdout]   19:     0x7ddc4704edfa - <unknown>
[INFO] [stdout]   20:     0x7ddc470e23d4 - clone
[INFO] [stdout]   21:                0x0 - <unknown>
[INFO] [stdout] 
[INFO] [stdout] ---- browser::core_fns_tests::el_is_enabled stdout ----
[INFO] [stdout] 
[INFO] [stdout] thread 'browser::core_fns_tests::el_is_enabled' (528) panicked at src/browser.rs:83:130:
[INFO] [stdout] called `Result::unwrap()` on an `Err` value: Os { code: 111, kind: ConnectionRefused, message: "Connection refused" }
[INFO] [stdout] stack backtrace:
[INFO] [stdout]    0:     0x62f28ce4daa1 - <<std[617be2ca0a6fd877]::sys::backtrace::BacktraceLock>::print::DisplayBacktrace as core[a373ad73a504971]::fmt::Display>::fmt
[INFO] [stdout]    1:     0x62f28ce636ba - core[a373ad73a504971]::fmt::write
[INFO] [stdout]    2:     0x62f28ce520ac - <alloc[2e1b2a31b91974c5]::vec::Vec<u8> as core[a373ad73a504971]::io::write::Write>::write_fmt
[INFO] [stdout]    3:     0x62f28ce29016 - std[617be2ca0a6fd877]::panicking::default_hook::{closure#0}
[INFO] [stdout]    4:     0x62f28ce45589 - std[617be2ca0a6fd877]::panicking::default_hook
[INFO] [stdout]    5:     0x62f28cde0cd0 - test[aada8e7e76ba119b]::test_main_inner::{closure#0}
[INFO] [stdout]    6:     0x62f28ce45742 - std[617be2ca0a6fd877]::panicking::panic_with_hook
[INFO] [stdout]    7:     0x62f28ce290c2 - std[617be2ca0a6fd877]::panicking::panic_handler::{closure#0}
[INFO] [stdout]    8:     0x62f28ce21ab9 - std[617be2ca0a6fd877]::sys::backtrace::__rust_end_short_backtrace::<std[617be2ca0a6fd877]::panicking::panic_handler::{closure#0}, !>
[INFO] [stdout]    9:     0x62f28ce29ebd - __rustc[ea4f61d10b84890b]::rust_begin_unwind
[INFO] [stdout]   10:     0x62f28ce63dec - core[a373ad73a504971]::panicking::panic_fmt
[INFO] [stdout]   11:     0x62f28ce63bc2 - core[a373ad73a504971]::result::unwrap_failed
[INFO] [stdout]   12:     0x62f28cd91482 - <selenium_webdriver[b626a1f7d57de766]::browser::Browser>::start_session
[INFO] [stdout]   13:     0x62f28cd9e4fc - <selenium_webdriver[b626a1f7d57de766]::browser::core_fns_tests::el_is_enabled::{closure#0} as core[a373ad73a504971]::ops::function::FnOnce<()>>::call_once
[INFO] [stdout]   14:     0x62f28cdd411b - test[aada8e7e76ba119b]::__rust_begin_short_backtrace::<core[a373ad73a504971]::result::Result<(), alloc[2e1b2a31b91974c5]::string::String>, fn() -> core[a373ad73a504971]::result::Result<(), alloc[2e1b2a31b91974c5]::string::String>>
[INFO] [stdout]   15:     0x62f28cde12f5 - test[aada8e7e76ba119b]::run_test::{closure#0}
[INFO] [stdout]   16:     0x62f28cddabe4 - std[617be2ca0a6fd877]::sys::backtrace::__rust_begin_short_backtrace::<test[aada8e7e76ba119b]::run_test::{closure#1}, ()>
[INFO] [stdout]   17:     0x62f28cde4382 - <std[617be2ca0a6fd877]::thread::lifecycle::spawn_unchecked<test[aada8e7e76ba119b]::run_test::{closure#1}, ()>::{closure#1} as core[a373ad73a504971]::ops::function::FnOnce<()>>::call_once::{shim:vtable#0}
[INFO] [stdout]   18:     0x62f28ce4c8ef - <std[617be2ca0a6fd877]::sys::thread::unix::Thread>::new::thread_start
[INFO] [stdout]   19:     0x7ddc4704edfa - <unknown>
[INFO] [stdout]   20:     0x7ddc470e23d4 - clone
[INFO] [stdout]   21:                0x0 - <unknown>
[INFO] [stdout] 
[INFO] [stdout] ---- browser::core_fns_tests::close_window stdout ----
[INFO] [stdout] 
[INFO] [stdout] thread 'browser::core_fns_tests::close_window' (523) panicked at src/browser.rs:83:130:
[INFO] [stdout] called `Result::unwrap()` on an `Err` value: Os { code: 111, kind: ConnectionRefused, message: "Connection refused" }
[INFO] [stdout] stack backtrace:
[INFO] [stdout]    0:     0x62f28ce4daa1 - <<std[617be2ca0a6fd877]::sys::backtrace::BacktraceLock>::print::DisplayBacktrace as core[a373ad73a504971]::fmt::Display>::fmt
[INFO] [stdout]    1:     0x62f28ce636ba - core[a373ad73a504971]::fmt::write
[INFO] [stdout]    2:     0x62f28ce520ac - <alloc[2e1b2a31b91974c5]::vec::Vec<u8> as core[a373ad73a504971]::io::write::Write>::write_fmt
[INFO] [stdout]    3:     0x62f28ce29016 - std[617be2ca0a6fd877]::panicking::default_hook::{closure#0}
[INFO] [stdout]    4:     0x62f28ce45589 - std[617be2ca0a6fd877]::panicking::default_hook
[INFO] [stdout]    5:     0x62f28cde0cd0 - test[aada8e7e76ba119b]::test_main_inner::{closure#0}
[INFO] [stdout]    6:     0x62f28ce45742 - std[617be2ca0a6fd877]::panicking::panic_with_hook
[INFO] [stdout]    7:     0x62f28ce290c2 - std[617be2ca0a6fd877]::panicking::panic_handler::{closure#0}
[INFO] [stdout]    8:     0x62f28ce21ab9 - std[617be2ca0a6fd877]::sys::backtrace::__rust_end_short_backtrace::<std[617be2ca0a6fd877]::panicking::panic_handler::{closure#0}, !>
[INFO] [stdout]    9:     0x62f28ce29ebd - __rustc[ea4f61d10b84890b]::rust_begin_unwind
[INFO] [stdout]   10:     0x62f28ce63dec - core[a373ad73a504971]::panicking::panic_fmt
[INFO] [stdout]   11:     0x62f28ce63bc2 - core[a373ad73a504971]::result::unwrap_failed
[INFO] [stdout]   12:     0x62f28cd91482 - <selenium_webdriver[b626a1f7d57de766]::browser::Browser>::start_session
[INFO] [stdout]   13:     0x62f28cd9c956 - <selenium_webdriver[b626a1f7d57de766]::browser::core_fns_tests::close_window::{closure#0} as core[a373ad73a504971]::ops::function::FnOnce<()>>::call_once
[INFO] [stdout]   14:     0x62f28cdd411b - test[aada8e7e76ba119b]::__rust_begin_short_backtrace::<core[a373ad73a504971]::result::Result<(), alloc[2e1b2a31b91974c5]::string::String>, fn() -> core[a373ad73a504971]::result::Result<(), alloc[2e1b2a31b91974c5]::string::String>>
[INFO] [stdout]   15:     0x62f28cde12f5 - test[aada8e7e76ba119b]::run_test::{closure#0}
[INFO] [stdout]   16:     0x62f28cddabe4 - std[617be2ca0a6fd877]::sys::backtrace::__rust_begin_short_backtrace::<test[aada8e7e76ba119b]::run_test::{closure#1}, ()>
[INFO] [stdout]   17:     0x62f28cde4382 - <std[617be2ca0a6fd877]::thread::lifecycle::spawn_unchecked<test[aada8e7e76ba119b]::run_test::{closure#1}, ()>::{closure#1} as core[a373ad73a504971]::ops::function::FnOnce<()>>::call_once::{shim:vtable#0}
[INFO] [stdout]   18:     0x62f28ce4c8ef - <std[617be2ca0a6fd877]::sys::thread::unix::Thread>::new::thread_start
[INFO] [stdout]   19:     0x7ddc4704edfa - <unknown>
[INFO] [stdout]   20:     0x7ddc470e23d4 - clone
[INFO] [stdout]   21:                0x0 - <unknown>
[INFO] [stdout] 
[INFO] [stdout] ---- browser::core_fns_tests::find_sub_el stdout ----
[INFO] [stdout] 
[INFO] [stdout] thread 'browser::core_fns_tests::find_sub_el' (533) panicked at src/browser.rs:83:130:
[INFO] [stdout] called `Result::unwrap()` on an `Err` value: Os { code: 111, kind: ConnectionRefused, message: "Connection refused" }
[INFO] [stdout] stack backtrace:
[INFO] [stdout]    0:     0x62f28ce4daa1 - <<std[617be2ca0a6fd877]::sys::backtrace::BacktraceLock>::print::DisplayBacktrace as core[a373ad73a504971]::fmt::Display>::fmt
[INFO] [stdout]    1:     0x62f28ce636ba - core[a373ad73a504971]::fmt::write
[INFO] [stdout]    2:     0x62f28ce520ac - <alloc[2e1b2a31b91974c5]::vec::Vec<u8> as core[a373ad73a504971]::io::write::Write>::write_fmt
[INFO] [stdout]    3:     0x62f28ce29016 - std[617be2ca0a6fd877]::panicking::default_hook::{closure#0}
[INFO] [stdout]    4:     0x62f28ce45589 - std[617be2ca0a6fd877]::panicking::default_hook
[INFO] [stdout]    5:     0x62f28cde0cd0 - test[aada8e7e76ba119b]::test_main_inner::{closure#0}
[INFO] [stdout]    6:     0x62f28ce45742 - std[617be2ca0a6fd877]::panicking::panic_with_hook
[INFO] [stdout]    7:     0x62f28ce290c2 - std[617be2ca0a6fd877]::panicking::panic_handler::{closure#0}
[INFO] [stdout]    8:     0x62f28ce21ab9 - std[617be2ca0a6fd877]::sys::backtrace::__rust_end_short_backtrace::<std[617be2ca0a6fd877]::panicking::panic_handler::{closure#0}, !>
[INFO] [stdout]    9:     0x62f28ce29ebd - __rustc[ea4f61d10b84890b]::rust_begin_unwind
[INFO] [stdout]   10:     0x62f28ce63dec - core[a373ad73a504971]::panicking::panic_fmt
[INFO] [stdout]   11:     0x62f28ce63bc2 - core[a373ad73a504971]::result::unwrap_failed
[INFO] [stdout]   12:     0x62f28cd91482 - <selenium_webdriver[b626a1f7d57de766]::browser::Browser>::start_session
[INFO] [stdout]   13:     0x62f28cd9b2eb - <selenium_webdriver[b626a1f7d57de766]::browser::core_fns_tests::find_sub_el::{closure#0} as core[a373ad73a504971]::ops::function::FnOnce<()>>::call_once
[INFO] [stdout]   14:     0x62f28cdd411b - test[aada8e7e76ba119b]::__rust_begin_short_backtrace::<core[a373ad73a504971]::result::Result<(), alloc[2e1b2a31b91974c5]::string::String>, fn() -> core[a373ad73a504971]::result::Result<(), alloc[2e1b2a31b91974c5]::string::String>>
[INFO] [stdout]   15:     0x62f28cde12f5 - test[aada8e7e76ba119b]::run_test::{closure#0}
[INFO] [stdout]   16:     0x62f28cddabe4 - std[617be2ca0a6fd877]::sys::backtrace::__rust_begin_short_backtrace::<test[aada8e7e76ba119b]::run_test::{closure#1}, ()>
[INFO] [stdout]   17:     0x62f28cde4382 - <std[617be2ca0a6fd877]::thread::lifecycle::spawn_unchecked<test[aada8e7e76ba119b]::run_test::{closure#1}, ()>::{closure#1} as core[a373ad73a504971]::ops::function::FnOnce<()>>::call_once::{shim:vtable#0}
[INFO] [stdout]   18:     0x62f28ce4c8ef - <std[617be2ca0a6fd877]::sys::thread::unix::Thread>::new::thread_start
[INFO] [stdout]   19:     0x7ddc4704edfa - <unknown>
[INFO] [stdout]   20:     0x7ddc470e23d4 - clone
[INFO] [stdout]   21:                0x0 - <unknown>
[INFO] [stdout] 
[INFO] [stdout] ---- browser::core_fns_tests::get_el_rect stdout ----
[INFO] [stdout] 
[INFO] [stdout] thread 'browser::core_fns_tests::get_el_rect' (540) panicked at src/browser.rs:83:130:
[INFO] [stdout] called `Result::unwrap()` on an `Err` value: Os { code: 111, kind: ConnectionRefused, message: "Connection refused" }
[INFO] [stdout] stack backtrace:
[INFO] [stdout]    0:     0x62f28ce4daa1 - <<std[617be2ca0a6fd877]::sys::backtrace::BacktraceLock>::print::DisplayBacktrace as core[a373ad73a504971]::fmt::Display>::fmt
[INFO] [stdout]    1:     0x62f28ce636ba - core[a373ad73a504971]::fmt::write
[INFO] [stdout]    2:     0x62f28ce520ac - <alloc[2e1b2a31b91974c5]::vec::Vec<u8> as core[a373ad73a504971]::io::write::Write>::write_fmt
[INFO] [stdout]    3:     0x62f28ce29016 - std[617be2ca0a6fd877]::panicking::default_hook::{closure#0}
[INFO] [stdout]    4:     0x62f28ce45589 - std[617be2ca0a6fd877]::panicking::default_hook
[INFO] [stdout]    5:     0x62f28cde0cd0 - test[aada8e7e76ba119b]::test_main_inner::{closure#0}
[INFO] [stdout]    6:     0x62f28ce45742 - std[617be2ca0a6fd877]::panicking::panic_with_hook
[INFO] [stdout]    7:     0x62f28ce290c2 - std[617be2ca0a6fd877]::panicking::panic_handler::{closure#0}
[INFO] [stdout]    8:     0x62f28ce21ab9 - std[617be2ca0a6fd877]::sys::backtrace::__rust_end_short_backtrace::<std[617be2ca0a6fd877]::panicking::panic_handler::{closure#0}, !>
[INFO] [stdout]    9:     0x62f28ce29ebd - __rustc[ea4f61d10b84890b]::rust_begin_unwind
[INFO] [stdout]   10:     0x62f28ce63dec - core[a373ad73a504971]::panicking::panic_fmt
[INFO] [stdout]   11:     0x62f28ce63bc2 - core[a373ad73a504971]::result::unwrap_failed
[INFO] [stdout]   12:     0x62f28cd91482 - <selenium_webdriver[b626a1f7d57de766]::browser::Browser>::start_session
[INFO] [stdout]   13:     0x62f28cd9b8ac - <selenium_webdriver[b626a1f7d57de766]::browser::core_fns_tests::get_el_rect::{closure#0} as core[a373ad73a504971]::ops::function::FnOnce<()>>::call_once
[INFO] [stdout]   14:     0x62f28cdd411b - test[aada8e7e76ba119b]::__rust_begin_short_backtrace::<core[a373ad73a504971]::result::Result<(), alloc[2e1b2a31b91974c5]::string::String>, fn() -> core[a373ad73a504971]::result::Result<(), alloc[2e1b2a31b91974c5]::string::String>>
[INFO] [stdout]   15:     0x62f28cde12f5 - test[aada8e7e76ba119b]::run_test::{closure#0}
[INFO] [stdout]   16:     0x62f28cddabe4 - std[617be2ca0a6fd877]::sys::backtrace::__rust_begin_short_backtrace::<test[aada8e7e76ba119b]::run_test::{closure#1}, ()>
[INFO] [stdout]   17:     0x62f28cde4382 - <std[617be2ca0a6fd877]::thread::lifecycle::spawn_unchecked<test[aada8e7e76ba119b]::run_test::{closure#1}, ()>::{closure#1} as core[a373ad73a504971]::ops::function::FnOnce<()>>::call_once::{shim:vtable#0}
[INFO] [stdout]   18:     0x62f28ce4c8ef - <std[617be2ca0a6fd877]::sys::thread::unix::Thread>::new::thread_start
[INFO] [stdout]   19:     0x7ddc4704edfa - <unknown>
[INFO] [stdout]   20:     0x7ddc470e23d4 - clone
[INFO] [stdout]   21:                0x0 - <unknown>
[INFO] [stdout] 
[INFO] [stdout] ---- browser::core_fns_tests::get_el_text stdout ----
[INFO] [stdout] 
[INFO] [stdout] thread 'browser::core_fns_tests::get_el_text' (542) panicked at src/browser.rs:83:130:
[INFO] [stdout] called `Result::unwrap()` on an `Err` value: Os { code: 111, kind: ConnectionRefused, message: "Connection refused" }
[INFO] [stdout] stack backtrace:
[INFO] [stdout]    0:     0x62f28ce4daa1 - <<std[617be2ca0a6fd877]::sys::backtrace::BacktraceLock>::print::DisplayBacktrace as core[a373ad73a504971]::fmt::Display>::fmt
[INFO] [stdout]    1:     0x62f28ce636ba - core[a373ad73a504971]::fmt::write
[INFO] [stdout]    2:     0x62f28ce520ac - <alloc[2e1b2a31b91974c5]::vec::Vec<u8> as core[a373ad73a504971]::io::write::Write>::write_fmt
[INFO] [stdout]    3:     0x62f28ce29016 - std[617be2ca0a6fd877]::panicking::default_hook::{closure#0}
[INFO] [stdout]    4:     0x62f28ce45589 - std[617be2ca0a6fd877]::panicking::default_hook
[INFO] [stdout]    5:     0x62f28cde0cd0 - test[aada8e7e76ba119b]::test_main_inner::{closure#0}
[INFO] [stdout]    6:     0x62f28ce45742 - std[617be2ca0a6fd877]::panicking::panic_with_hook
[INFO] [stdout]    7:     0x62f28ce290c2 - std[617be2ca0a6fd877]::panicking::panic_handler::{closure#0}
[INFO] [stdout]    8:     0x62f28ce21ab9 - std[617be2ca0a6fd877]::sys::backtrace::__rust_end_short_backtrace::<std[617be2ca0a6fd877]::panicking::panic_handler::{closure#0}, !>
[INFO] [stdout]    9:     0x62f28ce29ebd - __rustc[ea4f61d10b84890b]::rust_begin_unwind
[INFO] [stdout]   10:     0x62f28ce63dec - core[a373ad73a504971]::panicking::panic_fmt
[INFO] [stdout]   11:     0x62f28ce63bc2 - core[a373ad73a504971]::result::unwrap_failed
[INFO] [stdout]   12:     0x62f28cd91482 - <selenium_webdriver[b626a1f7d57de766]::browser::Browser>::start_session
[INFO] [stdout]   13:     0x62f28cd9bcfe - <selenium_webdriver[b626a1f7d57de766]::browser::core_fns_tests::get_el_text::{closure#0} as core[a373ad73a504971]::ops::function::FnOnce<()>>::call_once
[INFO] [stdout]   14:     0x62f28cdd411b - test[aada8e7e76ba119b]::__rust_begin_short_backtrace::<core[a373ad73a504971]::result::Result<(), alloc[2e1b2a31b91974c5]::string::String>, fn() -> core[a373ad73a504971]::result::Result<(), alloc[2e1b2a31b91974c5]::string::String>>
[INFO] [stdout]   15:     0x62f28cde12f5 - test[aada8e7e76ba119b]::run_test::{closure#0}
[INFO] [stdout]   16:     0x62f28cddabe4 - std[617be2ca0a6fd877]::sys::backtrace::__rust_begin_short_backtrace::<test[aada8e7e76ba119b]::run_test::{closure#1}, ()>
[INFO] [stdout]   17:     0x62f28cde4382 - <std[617be2ca0a6fd877]::thread::lifecycle::spawn_unchecked<test[aada8e7e76ba119b]::run_test::{closure#1}, ()>::{closure#1} as core[a373ad73a504971]::ops::function::FnOnce<()>>::call_once::{shim:vtable#0}
[INFO] [stdout]   18:     0x62f28ce4c8ef - <std[617be2ca0a6fd877]::sys::thread::unix::Thread>::new::thread_start
[INFO] [stdout]   19:     0x7ddc4704edfa - <unknown>
[INFO] [stdout]   20:     0x7ddc470e23d4 - clone
[INFO] [stdout]   21:                0x0 - <unknown>
[INFO] [stdout] 
[INFO] [stdout] ---- browser::core_fns_tests::find_element stdout ----
[INFO] [stdout] 
[INFO] [stdout] thread 'browser::core_fns_tests::find_element' (531) panicked at src/browser.rs:83:130:
[INFO] [stdout] called `Result::unwrap()` on an `Err` value: Os { code: 111, kind: ConnectionRefused, message: "Connection refused" }
[INFO] [stdout] stack backtrace:
[INFO] [stdout]    0:     0x62f28ce4daa1 - <<std[617be2ca0a6fd877]::sys::backtrace::BacktraceLock>::print::DisplayBacktrace as core[a373ad73a504971]::fmt::Display>::fmt
[INFO] [stdout]    1:     0x62f28ce636ba - core[a373ad73a504971]::fmt::write
[INFO] [stdout]    2:     0x62f28ce520ac - <alloc[2e1b2a31b91974c5]::vec::Vec<u8> as core[a373ad73a504971]::io::write::Write>::write_fmt
[INFO] [stdout]    3:     0x62f28ce29016 - std[617be2ca0a6fd877]::panicking::default_hook::{closure#0}
[INFO] [stdout]    4:     0x62f28ce45589 - std[617be2ca0a6fd877]::panicking::default_hook
[INFO] [stdout]    5:     0x62f28cde0cd0 - test[aada8e7e76ba119b]::test_main_inner::{closure#0}
[INFO] [stdout]    6:     0x62f28ce45742 - std[617be2ca0a6fd877]::panicking::panic_with_hook
[INFO] [stdout]    7:     0x62f28ce290c2 - std[617be2ca0a6fd877]::panicking::panic_handler::{closure#0}
[INFO] [stdout]    8:     0x62f28ce21ab9 - std[617be2ca0a6fd877]::sys::backtrace::__rust_end_short_backtrace::<std[617be2ca0a6fd877]::panicking::panic_handler::{closure#0}, !>
[INFO] [stdout]    9:     0x62f28ce29ebd - __rustc[ea4f61d10b84890b]::rust_begin_unwind
[INFO] [stdout]   10:     0x62f28ce63dec - core[a373ad73a504971]::panicking::panic_fmt
[INFO] [stdout]   11:     0x62f28ce63bc2 - core[a373ad73a504971]::result::unwrap_failed
[INFO] [stdout]   12:     0x62f28cd91482 - <selenium_webdriver[b626a1f7d57de766]::browser::Browser>::start_session
[INFO] [stdout]   13:     0x62f28cd9cc38 - <selenium_webdriver[b626a1f7d57de766]::browser::core_fns_tests::find_element::{closure#0} as core[a373ad73a504971]::ops::function::FnOnce<()>>::call_once
[INFO] [stdout]   14:     0x62f28cdd411b - test[aada8e7e76ba119b]::__rust_begin_short_backtrace::<core[a373ad73a504971]::result::Result<(), alloc[2e1b2a31b91974c5]::string::String>, fn() -> core[a373ad73a504971]::result::Result<(), alloc[2e1b2a31b91974c5]::string::String>>
[INFO] [stdout]   15:     0x62f28cde12f5 - test[aada8e7e76ba119b]::run_test::{closure#0}
[INFO] [stdout]   16:     0x62f28cddabe4 - std[617be2ca0a6fd877]::sys::backtrace::__rust_begin_short_backtrace::<test[aada8e7e76ba119b]::run_test::{closure#1}, ()>
[INFO] [stdout]   17:     0x62f28cde4382 - <std[617be2ca0a6fd877]::thread::lifecycle::spawn_unchecked<test[aada8e7e76ba119b]::run_test::{closure#1}, ()>::{closure#1} as core[a373ad73a504971]::ops::function::FnOnce<()>>::call_once::{shim:vtable#0}
[INFO] [stdout]   18:     0x62f28ce4c8ef - <std[617be2ca0a6fd877]::sys::thread::unix::Thread>::new::thread_start
[INFO] [stdout]   19:     0x7ddc4704edfa - <unknown>
[INFO] [stdout]   20:     0x7ddc470e23d4 - clone
[INFO] [stdout]   21:                0x0 - <unknown>
[INFO] [stdout] 
[INFO] [stdout] ---- browser::core_fns_tests::get_cookie stdout ----
[INFO] [stdout] 
[INFO] [stdout] thread 'browser::core_fns_tests::get_cookie' (538) panicked at src/browser.rs:83:130:
[INFO] [stdout] called `Result::unwrap()` on an `Err` value: Os { code: 111, kind: ConnectionRefused, message: "Connection refused" }
[INFO] [stdout] stack backtrace:
[INFO] [stdout]    0:     0x62f28ce4daa1 - <<std[617be2ca0a6fd877]::sys::backtrace::BacktraceLock>::print::DisplayBacktrace as core[a373ad73a504971]::fmt::Display>::fmt
[INFO] [stdout]    1:     0x62f28ce636ba - core[a373ad73a504971]::fmt::write
[INFO] [stdout]    2:     0x62f28ce520ac - <alloc[2e1b2a31b91974c5]::vec::Vec<u8> as core[a373ad73a504971]::io::write::Write>::write_fmt
[INFO] [stdout]    3:     0x62f28ce29016 - std[617be2ca0a6fd877]::panicking::default_hook::{closure#0}
[INFO] [stdout]    4:     0x62f28ce45589 - std[617be2ca0a6fd877]::panicking::default_hook
[INFO] [stdout]    5:     0x62f28cde0cd0 - test[aada8e7e76ba119b]::test_main_inner::{closure#0}
[INFO] [stdout]    6:     0x62f28ce45742 - std[617be2ca0a6fd877]::panicking::panic_with_hook
[INFO] [stdout]    7:     0x62f28ce290c2 - std[617be2ca0a6fd877]::panicking::panic_handler::{closure#0}
[INFO] [stdout]    8:     0x62f28ce21ab9 - std[617be2ca0a6fd877]::sys::backtrace::__rust_end_short_backtrace::<std[617be2ca0a6fd877]::panicking::panic_handler::{closure#0}, !>
[INFO] [stdout]    9:     0x62f28ce29ebd - __rustc[ea4f61d10b84890b]::rust_begin_unwind
[INFO] [stdout]   10:     0x62f28ce63dec - core[a373ad73a504971]::panicking::panic_fmt
[INFO] [stdout]   11:     0x62f28ce63bc2 - core[a373ad73a504971]::result::unwrap_failed
[INFO] [stdout]   12:     0x62f28cd91482 - <selenium_webdriver[b626a1f7d57de766]::browser::Browser>::start_session
[INFO] [stdout]   13:     0x62f28cd9a228 - <selenium_webdriver[b626a1f7d57de766]::browser::core_fns_tests::get_cookie::{closure#0} as core[a373ad73a504971]::ops::function::FnOnce<()>>::call_once
[INFO] [stdout]   14:     0x62f28cdd411b - test[aada8e7e76ba119b]::__rust_begin_short_backtrace::<core[a373ad73a504971]::result::Result<(), alloc[2e1b2a31b91974c5]::string::String>, fn() -> core[a373ad73a504971]::result::Result<(), alloc[2e1b2a31b91974c5]::string::String>>
[INFO] [stdout]   15:     0x62f28cde12f5 - test[aada8e7e76ba119b]::run_test::{closure#0}
[INFO] [stdout]   16:     0x62f28cddabe4 - std[617be2ca0a6fd877]::sys::backtrace::__rust_begin_short_backtrace::<test[aada8e7e76ba119b]::run_test::{closure#1}, ()>
[INFO] [stdout]   17:     0x62f28cde4382 - <std[617be2ca0a6fd877]::thread::lifecycle::spawn_unchecked<test[aada8e7e76ba119b]::run_test::{closure#1}, ()>::{closure#1} as core[a373ad73a504971]::ops::function::FnOnce<()>>::call_once::{shim:vtable#0}
[INFO] [stdout]   18:     0x62f28ce4c8ef - <std[617be2ca0a6fd877]::sys::thread::unix::Thread>::new::thread_start
[INFO] [stdout]   19:     0x7ddc4704edfa - <unknown>
[INFO] [stdout]   20:     0x7ddc470e23d4 - clone
[INFO] [stdout]   21:                0x0 - <unknown>
[INFO] [stdout] 
[INFO] [stdout] ---- browser::core_fns_tests::get_handles stdout ----
[INFO] [stdout] 
[INFO] [stdout] thread 'browser::core_fns_tests::get_handles' (543) panicked at src/browser.rs:83:130:
[INFO] [stdout] called `Result::unwrap()` on an `Err` value: Os { code: 111, kind: ConnectionRefused, message: "Connection refused" }
[INFO] [stdout] stack backtrace:
[INFO] [stdout]    0:     0x62f28ce4daa1 - <<std[617be2ca0a6fd877]::sys::backtrace::BacktraceLock>::print::DisplayBacktrace as core[a373ad73a504971]::fmt::Display>::fmt
[INFO] [stdout]    1:     0x62f28ce636ba - core[a373ad73a504971]::fmt::write
[INFO] [stdout]    2:     0x62f28ce520ac - <alloc[2e1b2a31b91974c5]::vec::Vec<u8> as core[a373ad73a504971]::io::write::Write>::write_fmt
[INFO] [stdout]    3:     0x62f28ce29016 - std[617be2ca0a6fd877]::panicking::default_hook::{closure#0}
[INFO] [stdout]    4:     0x62f28ce45589 - std[617be2ca0a6fd877]::panicking::default_hook
[INFO] [stdout]    5:     0x62f28cde0cd0 - test[aada8e7e76ba119b]::test_main_inner::{closure#0}
[INFO] [stdout]    6:     0x62f28ce45742 - std[617be2ca0a6fd877]::panicking::panic_with_hook
[INFO] [stdout]    7:     0x62f28ce290c2 - std[617be2ca0a6fd877]::panicking::panic_handler::{closure#0}
[INFO] [stdout]    8:     0x62f28ce21ab9 - std[617be2ca0a6fd877]::sys::backtrace::__rust_end_short_backtrace::<std[617be2ca0a6fd877]::panicking::panic_handler::{closure#0}, !>
[INFO] [stdout]    9:     0x62f28ce29ebd - __rustc[ea4f61d10b84890b]::rust_begin_unwind
[INFO] [stdout]   10:     0x62f28ce63dec - core[a373ad73a504971]::panicking::panic_fmt
[INFO] [stdout]   11:     0x62f28ce63bc2 - core[a373ad73a504971]::result::unwrap_failed
[INFO] [stdout]   12:     0x62f28cd91482 - <selenium_webdriver[b626a1f7d57de766]::browser::Browser>::start_session
[INFO] [stdout]   13:     0x62f28cd9c18d - <selenium_webdriver[b626a1f7d57de766]::browser::core_fns_tests::get_handles::{closure#0} as core[a373ad73a504971]::ops::function::FnOnce<()>>::call_once
[INFO] [stdout]   14:     0x62f28cdd411b - test[aada8e7e76ba119b]::__rust_begin_short_backtrace::<core[a373ad73a504971]::result::Result<(), alloc[2e1b2a31b91974c5]::string::String>, fn() -> core[a373ad73a504971]::result::Result<(), alloc[2e1b2a31b91974c5]::string::String>>
[INFO] [stdout]   15:     0x62f28cde12f5 - test[aada8e7e76ba119b]::run_test::{closure#0}
[INFO] [stdout]   16:     0x62f28cddabe4 - std[617be2ca0a6fd877]::sys::backtrace::__rust_begin_short_backtrace::<test[aada8e7e76ba119b]::run_test::{closure#1}, ()>
[INFO] [stdout]   17:     0x62f28cde4382 - <std[617be2ca0a6fd877]::thread::lifecycle::spawn_unchecked<test[aada8e7e76ba119b]::run_test::{closure#1}, ()>::{closure#1} as core[a373ad73a504971]::ops::function::FnOnce<()>>::call_once::{shim:vtable#0}
[INFO] [stdout]   18:     0x62f28ce4c8ef - <std[617be2ca0a6fd877]::sys::thread::unix::Thread>::new::thread_start
[INFO] [stdout]   19:     0x7ddc4704edfa - <unknown>
[INFO] [stdout]   20:     0x7ddc470e23d4 - clone
[INFO] [stdout]   21:                0x0 - <unknown>
[INFO] [stdout] 
[INFO] [stdout] ---- browser::core_fns_tests::cookies stdout ----
[INFO] [stdout] 
[INFO] [stdout] thread 'browser::core_fns_tests::cookies' (524) panicked at src/browser.rs:83:130:
[INFO] [stdout] called `Result::unwrap()` on an `Err` value: Os { code: 111, kind: ConnectionRefused, message: "Connection refused" }
[INFO] [stdout] stack backtrace:
[INFO] [stdout]    0:     0x62f28ce4daa1 - <<std[617be2ca0a6fd877]::sys::backtrace::BacktraceLock>::print::DisplayBacktrace as core[a373ad73a504971]::fmt::Display>::fmt
[INFO] [stdout]    1:     0x62f28ce636ba - core[a373ad73a504971]::fmt::write
[INFO] [stdout]    2:     0x62f28ce520ac - <alloc[2e1b2a31b91974c5]::vec::Vec<u8> as core[a373ad73a504971]::io::write::Write>::write_fmt
[INFO] [stdout]    3:     0x62f28ce29016 - std[617be2ca0a6fd877]::panicking::default_hook::{closure#0}
[INFO] [stdout]    4:     0x62f28ce45589 - std[617be2ca0a6fd877]::panicking::default_hook
[INFO] [stdout]    5:     0x62f28cde0cd0 - test[aada8e7e76ba119b]::test_main_inner::{closure#0}
[INFO] [stdout]    6:     0x62f28ce45742 - std[617be2ca0a6fd877]::panicking::panic_with_hook
[INFO] [stdout]    7:     0x62f28ce290c2 - std[617be2ca0a6fd877]::panicking::panic_handler::{closure#0}
[INFO] [stdout]    8:     0x62f28ce21ab9 - std[617be2ca0a6fd877]::sys::backtrace::__rust_end_short_backtrace::<std[617be2ca0a6fd877]::panicking::panic_handler::{closure#0}, !>
[INFO] [stdout]    9:     0x62f28ce29ebd - __rustc[ea4f61d10b84890b]::rust_begin_unwind
[INFO] [stdout]   10:     0x62f28ce63dec - core[a373ad73a504971]::panicking::panic_fmt
[INFO] [stdout]   11:     0x62f28ce63bc2 - core[a373ad73a504971]::result::unwrap_failed
[INFO] [stdout]   12:     0x62f28cd91482 - <selenium_webdriver[b626a1f7d57de766]::browser::Browser>::start_session
[INFO] [stdout]   13:     0x62f28cda2caa - <selenium_webdriver[b626a1f7d57de766]::browser::core_fns_tests::cookies::{closure#0} as core[a373ad73a504971]::ops::function::FnOnce<()>>::call_once
[INFO] [stdout]   14:     0x62f28cdd411b - test[aada8e7e76ba119b]::__rust_begin_short_backtrace::<core[a373ad73a504971]::result::Result<(), alloc[2e1b2a31b91974c5]::string::String>, fn() -> core[a373ad73a504971]::result::Result<(), alloc[2e1b2a31b91974c5]::string::String>>
[INFO] [stdout]   15:     0x62f28cde12f5 - test[aada8e7e76ba119b]::run_test::{closure#0}
[INFO] [stdout]   16:     0x62f28cddabe4 - std[617be2ca0a6fd877]::sys::backtrace::__rust_begin_short_backtrace::<test[aada8e7e76ba119b]::run_test::{closure#1}, ()>
[INFO] [stdout]   17:     0x62f28cde4382 - <std[617be2ca0a6fd877]::thread::lifecycle::spawn_unchecked<test[aada8e7e76ba119b]::run_test::{closure#1}, ()>::{closure#1} as core[a373ad73a504971]::ops::function::FnOnce<()>>::call_once::{shim:vtable#0}
[INFO] [stdout]   18:     0x62f28ce4c8ef - <std[617be2ca0a6fd877]::sys::thread::unix::Thread>::new::thread_start
[INFO] [stdout]   19:     0x7ddc4704edfa - <unknown>
[INFO] [stdout]   20:     0x7ddc470e23d4 - clone
[INFO] [stdout]   21:                0x0 - <unknown>
[INFO] [stdout] 
[INFO] [stdout] ---- browser::core_fns_tests::get_send_alert_text stdout ----
[INFO] [stdout] 
[INFO] [stdout] thread 'browser::core_fns_tests::get_send_alert_text' (545) panicked at src/browser.rs:83:130:
[INFO] [stdout] called `Result::unwrap()` on an `Err` value: Os { code: 111, kind: ConnectionRefused, message: "Connection refused" }
[INFO] [stdout] stack backtrace:
[INFO] [stdout]    0:     0x62f28ce4daa1 - <<std[617be2ca0a6fd877]::sys::backtrace::BacktraceLock>::print::DisplayBacktrace as core[a373ad73a504971]::fmt::Display>::fmt
[INFO] [stdout]    1:     0x62f28ce636ba - core[a373ad73a504971]::fmt::write
[INFO] [stdout]    2:     0x62f28ce520ac - <alloc[2e1b2a31b91974c5]::vec::Vec<u8> as core[a373ad73a504971]::io::write::Write>::write_fmt
[INFO] [stdout]    3:     0x62f28ce29016 - std[617be2ca0a6fd877]::panicking::default_hook::{closure#0}
[INFO] [stdout]    4:     0x62f28ce45589 - std[617be2ca0a6fd877]::panicking::default_hook
[INFO] [stdout]    5:     0x62f28cde0cd0 - test[aada8e7e76ba119b]::test_main_inner::{closure#0}
[INFO] [stdout]    6:     0x62f28ce45742 - std[617be2ca0a6fd877]::panicking::panic_with_hook
[INFO] [stdout]    7:     0x62f28ce290c2 - std[617be2ca0a6fd877]::panicking::panic_handler::{closure#0}
[INFO] [stdout]    8:     0x62f28ce21ab9 - std[617be2ca0a6fd877]::sys::backtrace::__rust_end_short_backtrace::<std[617be2ca0a6fd877]::panicking::panic_handler::{closure#0}, !>
[INFO] [stdout]    9:     0x62f28ce29ebd - __rustc[ea4f61d10b84890b]::rust_begin_unwind
[INFO] [stdout]   10:     0x62f28ce63dec - core[a373ad73a504971]::panicking::panic_fmt
[INFO] [stdout]   11:     0x62f28ce63bc2 - core[a373ad73a504971]::result::unwrap_failed
[INFO] [stdout]   12:     0x62f28cd91482 - <selenium_webdriver[b626a1f7d57de766]::browser::Browser>::start_session
[INFO] [stdout]   13:     0x62f28cda1b88 - <selenium_webdriver[b626a1f7d57de766]::browser::core_fns_tests::get_send_alert_text::{closure#0} as core[a373ad73a504971]::ops::function::FnOnce<()>>::call_once
[INFO] [stdout]   14:     0x62f28cdd411b - test[aada8e7e76ba119b]::__rust_begin_short_backtrace::<core[a373ad73a504971]::result::Result<(), alloc[2e1b2a31b91974c5]::string::String>, fn() -> core[a373ad73a504971]::result::Result<(), alloc[2e1b2a31b91974c5]::string::String>>
[INFO] [stdout]   15:     0x62f28cde12f5 - test[aada8e7e76ba119b]::run_test::{closure#0}
[INFO] [stdout]   16:     0x62f28cddabe4 - std[617be2ca0a6fd877]::sys::backtrace::__rust_begin_short_backtrace::<test[aada8e7e76ba119b]::run_test::{closure#1}, ()>
[INFO] [stdout]   17:     0x62f28cde4382 - <std[617be2ca0a6fd877]::thread::lifecycle::spawn_unchecked<test[aada8e7e76ba119b]::run_test::{closure#1}, ()>::{closure#1} as core[a373ad73a504971]::ops::function::FnOnce<()>>::call_once::{shim:vtable#0}
[INFO] [stdout]   18:     0x62f28ce4c8ef - <std[617be2ca0a6fd877]::sys::thread::unix::Thread>::new::thread_start
[INFO] [stdout]   19:     0x7ddc4704edfa - <unknown>
[INFO] [stdout]   20:     0x7ddc470e23d4 - clone
[INFO] [stdout]   21:                0x0 - <unknown>
[INFO] [stdout] 
[INFO] [stdout] ---- browser::core_fns_tests::el_send_k stdout ----
[INFO] [stdout] 
[INFO] [stdout] thread 'browser::core_fns_tests::el_send_k' (530) panicked at src/browser.rs:83:130:
[INFO] [stdout] called `Result::unwrap()` on an `Err` value: Os { code: 111, kind: ConnectionRefused, message: "Connection refused" }
[INFO] [stdout] stack backtrace:
[INFO] [stdout]    0:     0x62f28ce4daa1 - <<std[617be2ca0a6fd877]::sys::backtrace::BacktraceLock>::print::DisplayBacktrace as core[a373ad73a504971]::fmt::Display>::fmt
[INFO] [stdout]    1:     0x62f28ce636ba - core[a373ad73a504971]::fmt::write
[INFO] [stdout]    2:     0x62f28ce520ac - <alloc[2e1b2a31b91974c5]::vec::Vec<u8> as core[a373ad73a504971]::io::write::Write>::write_fmt
[INFO] [stdout]    3:     0x62f28ce29016 - std[617be2ca0a6fd877]::panicking::default_hook::{closure#0}
[INFO] [stdout]    4:     0x62f28ce45589 - std[617be2ca0a6fd877]::panicking::default_hook
[INFO] [stdout]    5:     0x62f28cde0cd0 - test[aada8e7e76ba119b]::test_main_inner::{closure#0}
[INFO] [stdout]    6:     0x62f28ce45742 - std[617be2ca0a6fd877]::panicking::panic_with_hook
[INFO] [stdout]    7:     0x62f28ce290c2 - std[617be2ca0a6fd877]::panicking::panic_handler::{closure#0}
[INFO] [stdout]    8:     0x62f28ce21ab9 - std[617be2ca0a6fd877]::sys::backtrace::__rust_end_short_backtrace::<std[617be2ca0a6fd877]::panicking::panic_handler::{closure#0}, !>
[INFO] [stdout]    9:     0x62f28ce29ebd - __rustc[ea4f61d10b84890b]::rust_begin_unwind
[INFO] [stdout]   10:     0x62f28ce63dec - core[a373ad73a504971]::panicking::panic_fmt
[INFO] [stdout]   11:     0x62f28ce63bc2 - core[a373ad73a504971]::result::unwrap_failed
[INFO] [stdout]   12:     0x62f28cd91482 - <selenium_webdriver[b626a1f7d57de766]::browser::Browser>::start_session
[INFO] [stdout]   13:     0x62f28cda5bdb - <selenium_webdriver[b626a1f7d57de766]::browser::core_fns_tests::el_send_k::{closure#0} as core[a373ad73a504971]::ops::function::FnOnce<()>>::call_once
[INFO] [stdout]   14:     0x62f28cdd411b - test[aada8e7e76ba119b]::__rust_begin_short_backtrace::<core[a373ad73a504971]::result::Result<(), alloc[2e1b2a31b91974c5]::string::String>, fn() -> core[a373ad73a504971]::result::Result<(), alloc[2e1b2a31b91974c5]::string::String>>
[INFO] [stdout]   15:     0x62f28cde12f5 - test[aada8e7e76ba119b]::run_test::{closure#0}
[INFO] [stdout]   16:     0x62f28cddabe4 - std[617be2ca0a6fd877]::sys::backtrace::__rust_begin_short_backtrace::<test[aada8e7e76ba119b]::run_test::{closure#1}, ()>
[INFO] [stdout]   17:     0x62f28cde4382 - <std[617be2ca0a6fd877]::thread::lifecycle::spawn_unchecked<test[aada8e7e76ba119b]::run_test::{closure#1}, ()>::{closure#1} as core[a373ad73a504971]::ops::function::FnOnce<()>>::call_once::{shim:vtable#0}
[INFO] [stdout]   18:     0x62f28ce4c8ef - <std[617be2ca0a6fd877]::sys::thread::unix::Thread>::new::thread_start
[INFO] [stdout]   19:     0x7ddc4704edfa - <unknown>
[INFO] [stdout]   20:     0x7ddc470e23d4 - clone
[INFO] [stdout]   21:                0x0 - <unknown>
[INFO] [stdout] 
[INFO] [stdout] ---- browser::core_fns_tests::forward_test stdout ----
[INFO] [stdout] 
[INFO] [stdout] thread 'browser::core_fns_tests::forward_test' (534) panicked at src/browser.rs:83:130:
[INFO] [stdout] called `Result::unwrap()` on an `Err` value: Os { code: 111, kind: ConnectionRefused, message: "Connection refused" }
[INFO] [stdout] stack backtrace:
[INFO] [stdout]    0:     0x62f28ce4daa1 - <<std[617be2ca0a6fd877]::sys::backtrace::BacktraceLock>::print::DisplayBacktrace as core[a373ad73a504971]::fmt::Display>::fmt
[INFO] [stdout]    1:     0x62f28ce636ba - core[a373ad73a504971]::fmt::write
[INFO] [stdout]    2:     0x62f28ce520ac - <alloc[2e1b2a31b91974c5]::vec::Vec<u8> as core[a373ad73a504971]::io::write::Write>::write_fmt
[INFO] [stdout]    3:     0x62f28ce29016 - std[617be2ca0a6fd877]::panicking::default_hook::{closure#0}
[INFO] [stdout]    4:     0x62f28ce45589 - std[617be2ca0a6fd877]::panicking::default_hook
[INFO] [stdout]    5:     0x62f28cde0cd0 - test[aada8e7e76ba119b]::test_main_inner::{closure#0}
[INFO] [stdout]    6:     0x62f28ce45742 - std[617be2ca0a6fd877]::panicking::panic_with_hook
[INFO] [stdout]    7:     0x62f28ce290c2 - std[617be2ca0a6fd877]::panicking::panic_handler::{closure#0}
[INFO] [stdout]    8:     0x62f28ce21ab9 - std[617be2ca0a6fd877]::sys::backtrace::__rust_end_short_backtrace::<std[617be2ca0a6fd877]::panicking::panic_handler::{closure#0}, !>
[INFO] [stdout]    9:     0x62f28ce29ebd - __rustc[ea4f61d10b84890b]::rust_begin_unwind
[INFO] [stdout]   10:     0x62f28ce63dec - core[a373ad73a504971]::panicking::panic_fmt
[INFO] [stdout]   11:     0x62f28ce63bc2 - core[a373ad73a504971]::result::unwrap_failed
[INFO] [stdout]   12:     0x62f28cd91482 - <selenium_webdriver[b626a1f7d57de766]::browser::Browser>::start_session
[INFO] [stdout]   13:     0x62f28cd9d019 - <selenium_webdriver[b626a1f7d57de766]::browser::core_fns_tests::forward_test::{closure#0} as core[a373ad73a504971]::ops::function::FnOnce<()>>::call_once
[INFO] [stdout]   14:     0x62f28cdd411b - test[aada8e7e76ba119b]::__rust_begin_short_backtrace::<core[a373ad73a504971]::result::Result<(), alloc[2e1b2a31b91974c5]::string::String>, fn() -> core[a373ad73a504971]::result::Result<(), alloc[2e1b2a31b91974c5]::string::String>>
[INFO] [stdout]   15:     0x62f28cde12f5 - test[aada8e7e76ba119b]::run_test::{closure#0}
[INFO] [stdout]   16:     0x62f28cddabe4 - std[617be2ca0a6fd877]::sys::backtrace::__rust_begin_short_backtrace::<test[aada8e7e76ba119b]::run_test::{closure#1}, ()>
[INFO] [stdout]   17:     0x62f28cde4382 - <std[617be2ca0a6fd877]::thread::lifecycle::spawn_unchecked<test[aada8e7e76ba119b]::run_test::{closure#1}, ()>::{closure#1} as core[a373ad73a504971]::ops::function::FnOnce<()>>::call_once::{shim:vtable#0}
[INFO] [stdout]   18:     0x62f28ce4c8ef - <std[617be2ca0a6fd877]::sys::thread::unix::Thread>::new::thread_start
[INFO] [stdout]   19:     0x7ddc4704edfa - <unknown>
[INFO] [stdout]   20:     0x7ddc470e23d4 - clone
[INFO] [stdout]   21:                0x0 - <unknown>
[INFO] [stdout] 
[INFO] [stdout] ---- browser::core_fns_tests::go_to_vk stdout ----
[INFO] [stdout] 
[INFO] [stdout] thread 'browser::core_fns_tests::go_to_vk' (549) panicked at src/browser.rs:83:130:
[INFO] [stdout] called `Result::unwrap()` on an `Err` value: Os { code: 111, kind: ConnectionRefused, message: "Connection refused" }
[INFO] [stdout] stack backtrace:
[INFO] [stdout]    0:     0x62f28ce4daa1 - <<std[617be2ca0a6fd877]::sys::backtrace::BacktraceLock>::print::DisplayBacktrace as core[a373ad73a504971]::fmt::Display>::fmt
[INFO] [stdout]    1:     0x62f28ce636ba - core[a373ad73a504971]::fmt::write
[INFO] [stdout]    2:     0x62f28ce520ac - <alloc[2e1b2a31b91974c5]::vec::Vec<u8> as core[a373ad73a504971]::io::write::Write>::write_fmt
[INFO] [stdout]    3:     0x62f28ce29016 - std[617be2ca0a6fd877]::panicking::default_hook::{closure#0}
[INFO] [stdout]    4:     0x62f28ce45589 - std[617be2ca0a6fd877]::panicking::default_hook
[INFO] [stdout]    5:     0x62f28cde0cd0 - test[aada8e7e76ba119b]::test_main_inner::{closure#0}
[INFO] [stdout]    6:     0x62f28ce45742 - std[617be2ca0a6fd877]::panicking::panic_with_hook
[INFO] [stdout]    7:     0x62f28ce290c2 - std[617be2ca0a6fd877]::panicking::panic_handler::{closure#0}
[INFO] [stdout]    8:     0x62f28ce21ab9 - std[617be2ca0a6fd877]::sys::backtrace::__rust_end_short_backtrace::<std[617be2ca0a6fd877]::panicking::panic_handler::{closure#0}, !>
[INFO] [stdout]    9:     0x62f28ce29ebd - __rustc[ea4f61d10b84890b]::rust_begin_unwind
[INFO] [stdout]   10:     0x62f28ce63dec - core[a373ad73a504971]::panicking::panic_fmt
[INFO] [stdout]   11:     0x62f28ce63bc2 - core[a373ad73a504971]::result::unwrap_failed
[INFO] [stdout]   12:     0x62f28cd91482 - <selenium_webdriver[b626a1f7d57de766]::browser::Browser>::start_session
[INFO] [stdout]   13:     0x62f28cda43a6 - <selenium_webdriver[b626a1f7d57de766]::browser::core_fns_tests::go_to_vk::{closure#0} as core[a373ad73a504971]::ops::function::FnOnce<()>>::call_once
[INFO] [stdout]   14:     0x62f28cdd411b - test[aada8e7e76ba119b]::__rust_begin_short_backtrace::<core[a373ad73a504971]::result::Result<(), alloc[2e1b2a31b91974c5]::string::String>, fn() -> core[a373ad73a504971]::result::Result<(), alloc[2e1b2a31b91974c5]::string::String>>
[INFO] [stdout]   15:     0x62f28cde12f5 - test[aada8e7e76ba119b]::run_test::{closure#0}
[INFO] [stdout]   16:     0x62f28cddabe4 - std[617be2ca0a6fd877]::sys::backtrace::__rust_begin_short_backtrace::<test[aada8e7e76ba119b]::run_test::{closure#1}, ()>
[INFO] [stdout]   17:     0x62f28cde4382 - <std[617be2ca0a6fd877]::thread::lifecycle::spawn_unchecked<test[aada8e7e76ba119b]::run_test::{closure#1}, ()>::{closure#1} as core[a373ad73a504971]::ops::function::FnOnce<()>>::call_once::{shim:vtable#0}
[INFO] [stdout]   18:     0x62f28ce4c8ef - <std[617be2ca0a6fd877]::sys::thread::unix::Thread>::new::thread_start
[INFO] [stdout]   19:     0x7ddc4704edfa - <unknown>
[INFO] [stdout]   20:     0x7ddc470e23d4 - clone
[INFO] [stdout]   21:                0x0 - <unknown>
[INFO] [stdout] 
[INFO] [stdout] ---- browser::core_fns_tests::fullsize stdout ----
[INFO] [stdout] 
[INFO] [stdout] thread 'browser::core_fns_tests::fullsize' (535) panicked at src/browser.rs:83:130:
[INFO] [stdout] called `Result::unwrap()` on an `Err` value: Os { code: 111, kind: ConnectionRefused, message: "Connection refused" }
[INFO] [stdout] stack backtrace:
[INFO] [stdout]    0:     0x62f28ce4daa1 - <<std[617be2ca0a6fd877]::sys::backtrace::BacktraceLock>::print::DisplayBacktrace as core[a373ad73a504971]::fmt::Display>::fmt
[INFO] [stdout]    1:     0x62f28ce636ba - core[a373ad73a504971]::fmt::write
[INFO] [stdout]    2:     0x62f28ce520ac - <alloc[2e1b2a31b91974c5]::vec::Vec<u8> as core[a373ad73a504971]::io::write::Write>::write_fmt
[INFO] [stdout]    3:     0x62f28ce29016 - std[617be2ca0a6fd877]::panicking::default_hook::{closure#0}
[INFO] [stdout]    4:     0x62f28ce45589 - std[617be2ca0a6fd877]::panicking::default_hook
[INFO] [stdout]    5:     0x62f28cde0cd0 - test[aada8e7e76ba119b]::test_main_inner::{closure#0}
[INFO] [stdout]    6:     0x62f28ce45742 - std[617be2ca0a6fd877]::panicking::panic_with_hook
[INFO] [stdout]    7:     0x62f28ce290c2 - std[617be2ca0a6fd877]::panicking::panic_handler::{closure#0}
[INFO] [stdout]    8:     0x62f28ce21ab9 - std[617be2ca0a6fd877]::sys::backtrace::__rust_end_short_backtrace::<std[617be2ca0a6fd877]::panicking::panic_handler::{closure#0}, !>
[INFO] [stdout]    9:     0x62f28ce29ebd - __rustc[ea4f61d10b84890b]::rust_begin_unwind
[INFO] [stdout]   10:     0x62f28ce63dec - core[a373ad73a504971]::panicking::panic_fmt
[INFO] [stdout]   11:     0x62f28ce63bc2 - core[a373ad73a504971]::result::unwrap_failed
[INFO] [stdout]   12:     0x62f28cd91482 - <selenium_webdriver[b626a1f7d57de766]::browser::Browser>::start_session
[INFO] [stdout]   13:     0x62f28cda41ea - <selenium_webdriver[b626a1f7d57de766]::browser::core_fns_tests::fullsize::{closure#0} as core[a373ad73a504971]::ops::function::FnOnce<()>>::call_once
[INFO] [stdout]   14:     0x62f28cdd411b - test[aada8e7e76ba119b]::__rust_begin_short_backtrace::<core[a373ad73a504971]::result::Result<(), alloc[2e1b2a31b91974c5]::string::String>, fn() -> core[a373ad73a504971]::result::Result<(), alloc[2e1b2a31b91974c5]::string::String>>
[INFO] [stdout]   15:     0x62f28cde12f5 - test[aada8e7e76ba119b]::run_test::{closure#0}
[INFO] [stdout]   16:     0x62f28cddabe4 - std[617be2ca0a6fd877]::sys::backtrace::__rust_begin_short_backtrace::<test[aada8e7e76ba119b]::run_test::{closure#1}, ()>
[INFO] [stdout]   17:     0x62f28cde4382 - <std[617be2ca0a6fd877]::thread::lifecycle::spawn_unchecked<test[aada8e7e76ba119b]::run_test::{closure#1}, ()>::{closure#1} as core[a373ad73a504971]::ops::function::FnOnce<()>>::call_once::{shim:vtable#0}
[INFO] [stdout]   18:     0x62f28ce4c8ef - <std[617be2ca0a6fd877]::sys::thread::unix::Thread>::new::thread_start
[INFO] [stdout]   19:     0x7ddc4704edfa - <unknown>
[INFO] [stdout]   20:     0x7ddc470e23d4 - clone
[INFO] [stdout]   21:                0x0 - <unknown>
[INFO] [stdout] 
[INFO] [stdout] ---- browser::core_fns_tests::get_arrtib stdout ----
[INFO] [stdout] 
[INFO] [stdout] thread 'browser::core_fns_tests::get_arrtib' (536) panicked at src/browser.rs:83:130:
[INFO] [stdout] called `Result::unwrap()` on an `Err` value: Os { code: 111, kind: ConnectionRefused, message: "Connection refused" }
[INFO] [stdout] stack backtrace:
[INFO] [stdout]    0:     0x62f28ce4daa1 - <<std[617be2ca0a6fd877]::sys::backtrace::BacktraceLock>::print::DisplayBacktrace as core[a373ad73a504971]::fmt::Display>::fmt
[INFO] [stdout]    1:     0x62f28ce636ba - core[a373ad73a504971]::fmt::write
[INFO] [stdout]    2:     0x62f28ce520ac - <alloc[2e1b2a31b91974c5]::vec::Vec<u8> as core[a373ad73a504971]::io::write::Write>::write_fmt
[INFO] [stdout]    3:     0x62f28ce29016 - std[617be2ca0a6fd877]::panicking::default_hook::{closure#0}
[INFO] [stdout]    4:     0x62f28ce45589 - std[617be2ca0a6fd877]::panicking::default_hook
[INFO] [stdout]    5:     0x62f28cde0cd0 - test[aada8e7e76ba119b]::test_main_inner::{closure#0}
[INFO] [stdout]    6:     0x62f28ce45742 - std[617be2ca0a6fd877]::panicking::panic_with_hook
[INFO] [stdout]    7:     0x62f28ce290c2 - std[617be2ca0a6fd877]::panicking::panic_handler::{closure#0}
[INFO] [stdout]    8:     0x62f28ce21ab9 - std[617be2ca0a6fd877]::sys::backtrace::__rust_end_short_backtrace::<std[617be2ca0a6fd877]::panicking::panic_handler::{closure#0}, !>
[INFO] [stdout]    9:     0x62f28ce29ebd - __rustc[ea4f61d10b84890b]::rust_begin_unwind
[INFO] [stdout]   10:     0x62f28ce63dec - core[a373ad73a504971]::panicking::panic_fmt
[INFO] [stdout]   11:     0x62f28ce63bc2 - core[a373ad73a504971]::result::unwrap_failed
[INFO] [stdout]   12:     0x62f28cd91482 - <selenium_webdriver[b626a1f7d57de766]::browser::Browser>::start_session
[INFO] [stdout]   13:     0x62f28cd99c46 - <selenium_webdriver[b626a1f7d57de766]::browser::core_fns_tests::get_arrtib::{closure#0} as core[a373ad73a504971]::ops::function::FnOnce<()>>::call_once
[INFO] [stdout]   14:     0x62f28cdd411b - test[aada8e7e76ba119b]::__rust_begin_short_backtrace::<core[a373ad73a504971]::result::Result<(), alloc[2e1b2a31b91974c5]::string::String>, fn() -> core[a373ad73a504971]::result::Result<(), alloc[2e1b2a31b91974c5]::string::String>>
[INFO] [stdout]   15:     0x62f28cde12f5 - test[aada8e7e76ba119b]::run_test::{closure#0}
[INFO] [stdout]   16:     0x62f28cddabe4 - std[617be2ca0a6fd877]::sys::backtrace::__rust_begin_short_backtrace::<test[aada8e7e76ba119b]::run_test::{closure#1}, ()>
[INFO] [stdout]   17:     0x62f28cde4382 - <std[617be2ca0a6fd877]::thread::lifecycle::spawn_unchecked<test[aada8e7e76ba119b]::run_test::{closure#1}, ()>::{closure#1} as core[a373ad73a504971]::ops::function::FnOnce<()>>::call_once::{shim:vtable#0}
[INFO] [stdout]   18:     0x62f28ce4c8ef - <std[617be2ca0a6fd877]::sys::thread::unix::Thread>::new::thread_start
[INFO] [stdout]   19:     0x7ddc4704edfa - <unknown>
[INFO] [stdout]   20:     0x7ddc470e23d4 - clone
[INFO] [stdout]   21:                0x0 - <unknown>
[INFO] [stdout] 
[INFO] [stdout] ---- browser::core_fns_tests::get_wind_rect stdout ----
[INFO] [stdout] 
[INFO] [stdout] thread 'browser::core_fns_tests::get_wind_rect' (548) panicked at src/browser.rs:83:130:
[INFO] [stdout] called `Result::unwrap()` on an `Err` value: Os { code: 111, kind: ConnectionRefused, message: "Connection refused" }
[INFO] [stdout] stack backtrace:
[INFO] [stdout]    0:     0x62f28ce4daa1 - <<std[617be2ca0a6fd877]::sys::backtrace::BacktraceLock>::print::DisplayBacktrace as core[a373ad73a504971]::fmt::Display>::fmt
[INFO] [stdout]    1:     0x62f28ce636ba - core[a373ad73a504971]::fmt::write
[INFO] [stdout]    2:     0x62f28ce520ac - <alloc[2e1b2a31b91974c5]::vec::Vec<u8> as core[a373ad73a504971]::io::write::Write>::write_fmt
[INFO] [stdout]    3:     0x62f28ce29016 - std[617be2ca0a6fd877]::panicking::default_hook::{closure#0}
[INFO] [stdout]    4:     0x62f28ce45589 - std[617be2ca0a6fd877]::panicking::default_hook
[INFO] [stdout]    5:     0x62f28cde0cd0 - test[aada8e7e76ba119b]::test_main_inner::{closure#0}
[INFO] [stdout]    6:     0x62f28ce45742 - std[617be2ca0a6fd877]::panicking::panic_with_hook
[INFO] [stdout]    7:     0x62f28ce290c2 - std[617be2ca0a6fd877]::panicking::panic_handler::{closure#0}
[INFO] [stdout]    8:     0x62f28ce21ab9 - std[617be2ca0a6fd877]::sys::backtrace::__rust_end_short_backtrace::<std[617be2ca0a6fd877]::panicking::panic_handler::{closure#0}, !>
[INFO] [stdout]    9:     0x62f28ce29ebd - __rustc[ea4f61d10b84890b]::rust_begin_unwind
[INFO] [stdout]   10:     0x62f28ce63dec - core[a373ad73a504971]::panicking::panic_fmt
[INFO] [stdout]   11:     0x62f28ce63bc2 - core[a373ad73a504971]::result::unwrap_failed
[INFO] [stdout]   12:     0x62f28cd91482 - <selenium_webdriver[b626a1f7d57de766]::browser::Browser>::start_session
[INFO] [stdout]   13:     0x62f28cd9ee89 - <selenium_webdriver[b626a1f7d57de766]::browser::core_fns_tests::get_wind_rect::{closure#0} as core[a373ad73a504971]::ops::function::FnOnce<()>>::call_once
[INFO] [stdout]   14:     0x62f28cdd411b - test[aada8e7e76ba119b]::__rust_begin_short_backtrace::<core[a373ad73a504971]::result::Result<(), alloc[2e1b2a31b91974c5]::string::String>, fn() -> core[a373ad73a504971]::result::Result<(), alloc[2e1b2a31b91974c5]::string::String>>
[INFO] [stdout]   15:     0x62f28cde12f5 - test[aada8e7e76ba119b]::run_test::{closure#0}
[INFO] [stdout]   16:     0x62f28cddabe4 - std[617be2ca0a6fd877]::sys::backtrace::__rust_begin_short_backtrace::<test[aada8e7e76ba119b]::run_test::{closure#1}, ()>
[INFO] [stdout]   17:     0x62f28cde4382 - <std[617be2ca0a6fd877]::thread::lifecycle::spawn_unchecked<test[aada8e7e76ba119b]::run_test::{closure#1}, ()>::{closure#1} as core[a373ad73a504971]::ops::function::FnOnce<()>>::call_once::{shim:vtable#0}
[INFO] [stdout]   18:     0x62f28ce4c8ef - <std[617be2ca0a6fd877]::sys::thread::unix::Thread>::new::thread_start
[INFO] [stdout]   19:     0x7ddc4704edfa - <unknown>
[INFO] [stdout]   20:     0x7ddc470e23d4 - clone
[INFO] [stdout]   21:                0x0 - <unknown>
[INFO] [stdout] 
[INFO] [stdout] ---- browser::core_fns_tests::create_session stdout ----
[INFO] [stdout] 
[INFO] [stdout] thread 'browser::core_fns_tests::create_session' (525) panicked at src/browser.rs:83:130:
[INFO] [stdout] called `Result::unwrap()` on an `Err` value: Os { code: 111, kind: ConnectionRefused, message: "Connection refused" }
[INFO] [stdout] stack backtrace:
[INFO] [stdout]    0:     0x62f28ce4daa1 - <<std[617be2ca0a6fd877]::sys::backtrace::BacktraceLock>::print::DisplayBacktrace as core[a373ad73a504971]::fmt::Display>::fmt
[INFO] [stdout]    1:     0x62f28ce636ba - core[a373ad73a504971]::fmt::write
[INFO] [stdout]    2:     0x62f28ce520ac - <alloc[2e1b2a31b91974c5]::vec::Vec<u8> as core[a373ad73a504971]::io::write::Write>::write_fmt
[INFO] [stdout]    3:     0x62f28ce29016 - std[617be2ca0a6fd877]::panicking::default_hook::{closure#0}
[INFO] [stdout]    4:     0x62f28ce45589 - std[617be2ca0a6fd877]::panicking::default_hook
[INFO] [stdout]    5:     0x62f28cde0cd0 - test[aada8e7e76ba119b]::test_main_inner::{closure#0}
[INFO] [stdout]    6:     0x62f28ce45742 - std[617be2ca0a6fd877]::panicking::panic_with_hook
[INFO] [stdout]    7:     0x62f28ce290c2 - std[617be2ca0a6fd877]::panicking::panic_handler::{closure#0}
[INFO] [stdout]    8:     0x62f28ce21ab9 - std[617be2ca0a6fd877]::sys::backtrace::__rust_end_short_backtrace::<std[617be2ca0a6fd877]::panicking::panic_handler::{closure#0}, !>
[INFO] [stdout]    9:     0x62f28ce29ebd - __rustc[ea4f61d10b84890b]::rust_begin_unwind
[INFO] [stdout]   10:     0x62f28ce63dec - core[a373ad73a504971]::panicking::panic_fmt
[INFO] [stdout]   11:     0x62f28ce63bc2 - core[a373ad73a504971]::result::unwrap_failed
[INFO] [stdout]   12:     0x62f28cd91482 - <selenium_webdriver[b626a1f7d57de766]::browser::Browser>::start_session
[INFO] [stdout]   13:     0x62f28cd9faec - <selenium_webdriver[b626a1f7d57de766]::browser::core_fns_tests::create_session::{closure#0} as core[a373ad73a504971]::ops::function::FnOnce<()>>::call_once
[INFO] [stdout]   14:     0x62f28cdd411b - test[aada8e7e76ba119b]::__rust_begin_short_backtrace::<core[a373ad73a504971]::result::Result<(), alloc[2e1b2a31b91974c5]::string::String>, fn() -> core[a373ad73a504971]::result::Result<(), alloc[2e1b2a31b91974c5]::string::String>>
[INFO] [stdout]   15:     0x62f28cde12f5 - test[aada8e7e76ba119b]::run_test::{closure#0}
[INFO] [stdout]   16:     0x62f28cddabe4 - std[617be2ca0a6fd877]::sys::backtrace::__rust_begin_short_backtrace::<test[aada8e7e76ba119b]::run_test::{closure#1}, ()>
[INFO] [stdout]   17:     0x62f28cde4382 - <std[617be2ca0a6fd877]::thread::lifecycle::spawn_unchecked<test[aada8e7e76ba119b]::run_test::{closure#1}, ()>::{closure#1} as core[a373ad73a504971]::ops::function::FnOnce<()>>::call_once::{shim:vtable#0}
[INFO] [stdout]   18:     0x62f28ce4c8ef - <std[617be2ca0a6fd877]::sys::thread::unix::Thread>::new::thread_start
[INFO] [stdout]   19:     0x7ddc4704edfa - <unknown>
[INFO] [stdout]   20:     0x7ddc470e23d4 - clone
[INFO] [stdout]   21:                0x0 - <unknown>
[INFO] [stdout] 
[INFO] [stdout] ---- browser::core_fns_tests::get_css_property stdout ----
[INFO] [stdout] 
[INFO] [stdout] thread 'browser::core_fns_tests::get_css_property' (539) panicked at src/browser.rs:83:130:
[INFO] [stdout] called `Result::unwrap()` on an `Err` value: Os { code: 111, kind: ConnectionRefused, message: "Connection refused" }
[INFO] [stdout] stack backtrace:
[INFO] [stdout]    0:     0x62f28ce4daa1 - <<std[617be2ca0a6fd877]::sys::backtrace::BacktraceLock>::print::DisplayBacktrace as core[a373ad73a504971]::fmt::Display>::fmt
[INFO] [stdout]    1:     0x62f28ce636ba - core[a373ad73a504971]::fmt::write
[INFO] [stdout]    2:     0x62f28ce520ac - <alloc[2e1b2a31b91974c5]::vec::Vec<u8> as core[a373ad73a504971]::io::write::Write>::write_fmt
[INFO] [stdout]    3:     0x62f28ce29016 - std[617be2ca0a6fd877]::panicking::default_hook::{closure#0}
[INFO] [stdout]    4:     0x62f28ce45589 - std[617be2ca0a6fd877]::panicking::default_hook
[INFO] [stdout]    5:     0x62f28cde0cd0 - test[aada8e7e76ba119b]::test_main_inner::{closure#0}
[INFO] [stdout]    6:     0x62f28ce45742 - std[617be2ca0a6fd877]::panicking::panic_with_hook
[INFO] [stdout]    7:     0x62f28ce290c2 - std[617be2ca0a6fd877]::panicking::panic_handler::{closure#0}
[INFO] [stdout]    8:     0x62f28ce21ab9 - std[617be2ca0a6fd877]::sys::backtrace::__rust_end_short_backtrace::<std[617be2ca0a6fd877]::panicking::panic_handler::{closure#0}, !>
[INFO] [stdout]    9:     0x62f28ce29ebd - __rustc[ea4f61d10b84890b]::rust_begin_unwind
[INFO] [stdout]   10:     0x62f28ce63dec - core[a373ad73a504971]::panicking::panic_fmt
[INFO] [stdout]   11:     0x62f28ce63bc2 - core[a373ad73a504971]::result::unwrap_failed
[INFO] [stdout]   12:     0x62f28cd91482 - <selenium_webdriver[b626a1f7d57de766]::browser::Browser>::start_session
[INFO] [stdout]   13:     0x62f28cda09fe - <selenium_webdriver[b626a1f7d57de766]::browser::core_fns_tests::get_css_property::{closure#0} as core[a373ad73a504971]::ops::function::FnOnce<()>>::call_once
[INFO] [stdout]   14:     0x62f28cdd411b - test[aada8e7e76ba119b]::__rust_begin_short_backtrace::<core[a373ad73a504971]::result::Result<(), alloc[2e1b2a31b91974c5]::string::String>, fn() -> core[a373ad73a504971]::result::Result<(), alloc[2e1b2a31b91974c5]::string::String>>
[INFO] [stdout]   15:     0x62f28cde12f5 - test[aada8e7e76ba119b]::run_test::{closure#0}
[INFO] [stdout]   16:     0x62f28cddabe4 - std[617be2ca0a6fd877]::sys::backtrace::__rust_begin_short_backtrace::<test[aada8e7e76ba119b]::run_test::{closure#1}, ()>
[INFO] [stdout]   17:     0x62f28cde4382 - <std[617be2ca0a6fd877]::thread::lifecycle::spawn_unchecked<test[aada8e7e76ba119b]::run_test::{closure#1}, ()>::{closure#1} as core[a373ad73a504971]::ops::function::FnOnce<()>>::call_once::{shim:vtable#0}
[INFO] [stdout]   18:     0x62f28ce4c8ef - <std[617be2ca0a6fd877]::sys::thread::unix::Thread>::new::thread_start
[INFO] [stdout]   19:     0x7ddc4704edfa - <unknown>
[INFO] [stdout]   20:     0x7ddc470e23d4 - clone
[INFO] [stdout]   21:                0x0 - <unknown>
[INFO] [stdout] 
[INFO] [stdout] ---- browser::core_fns_tests::get_property stdout ----
[INFO] [stdout] 
[INFO] [stdout] thread 'browser::core_fns_tests::get_property' (544) panicked at src/browser.rs:83:130:
[INFO] [stdout] called `Result::unwrap()` on an `Err` value: Os { code: 111, kind: ConnectionRefused, message: "Connection refused" }
[INFO] [stdout] stack backtrace:
[INFO] [stdout]    0:     0x62f28ce4daa1 - <<std[617be2ca0a6fd877]::sys::backtrace::BacktraceLock>::print::DisplayBacktrace as core[a373ad73a504971]::fmt::Display>::fmt
[INFO] [stdout]    1:     0x62f28ce636ba - core[a373ad73a504971]::fmt::write
[INFO] [stdout]    2:     0x62f28ce520ac - <alloc[2e1b2a31b91974c5]::vec::Vec<u8> as core[a373ad73a504971]::io::write::Write>::write_fmt
[INFO] [stdout]    3:     0x62f28ce29016 - std[617be2ca0a6fd877]::panicking::default_hook::{closure#0}
[INFO] [stdout]    4:     0x62f28ce45589 - std[617be2ca0a6fd877]::panicking::default_hook
[INFO] [stdout]    5:     0x62f28cde0cd0 - test[aada8e7e76ba119b]::test_main_inner::{closure#0}
[INFO] [stdout]    6:     0x62f28ce45742 - std[617be2ca0a6fd877]::panicking::panic_with_hook
[INFO] [stdout]    7:     0x62f28ce290c2 - std[617be2ca0a6fd877]::panicking::panic_handler::{closure#0}
[INFO] [stdout]    8:     0x62f28ce21ab9 - std[617be2ca0a6fd877]::sys::backtrace::__rust_end_short_backtrace::<std[617be2ca0a6fd877]::panicking::panic_handler::{closure#0}, !>
[INFO] [stdout]    9:     0x62f28ce29ebd - __rustc[ea4f61d10b84890b]::rust_begin_unwind
[INFO] [stdout]   10:     0x62f28ce63dec - core[a373ad73a504971]::panicking::panic_fmt
[INFO] [stdout]   11:     0x62f28ce63bc2 - core[a373ad73a504971]::result::unwrap_failed
[INFO] [stdout]   12:     0x62f28cd91482 - <selenium_webdriver[b626a1f7d57de766]::browser::Browser>::start_session
[INFO] [stdout]   13:     0x62f28cd9d425 - <selenium_webdriver[b626a1f7d57de766]::browser::core_fns_tests::get_property::{closure#0} as core[a373ad73a504971]::ops::function::FnOnce<()>>::call_once
[INFO] [stdout]   14:     0x62f28cdd411b - test[aada8e7e76ba119b]::__rust_begin_short_backtrace::<core[a373ad73a504971]::result::Result<(), alloc[2e1b2a31b91974c5]::string::String>, fn() -> core[a373ad73a504971]::result::Result<(), alloc[2e1b2a31b91974c5]::string::String>>
[INFO] [stdout]   15:     0x62f28cde12f5 - test[aada8e7e76ba119b]::run_test::{closure#0}
[INFO] [stdout]   16:     0x62f28cddabe4 - std[617be2ca0a6fd877]::sys::backtrace::__rust_begin_short_backtrace::<test[aada8e7e76ba119b]::run_test::{closure#1}, ()>
[INFO] [stdout]   17:     0x62f28cde4382 - <std[617be2ca0a6fd877]::thread::lifecycle::spawn_unchecked<test[aada8e7e76ba119b]::run_test::{closure#1}, ()>::{closure#1} as core[a373ad73a504971]::ops::function::FnOnce<()>>::call_once::{shim:vtable#0}
[INFO] [stdout]   18:     0x62f28ce4c8ef - <std[617be2ca0a6fd877]::sys::thread::unix::Thread>::new::thread_start
[INFO] [stdout]   19:     0x7ddc4704edfa - <unknown>
[INFO] [stdout]   20:     0x7ddc470e23d4 - clone
[INFO] [stdout]   21:                0x0 - <unknown>
[INFO] [stdout] 
[INFO] [stdout] ---- browser::core_fns_tests::get_el_tag stdout ----
[INFO] [stdout] 
[INFO] [stdout] thread 'browser::core_fns_tests::get_el_tag' (541) panicked at src/browser.rs:83:130:
[INFO] [stdout] called `Result::unwrap()` on an `Err` value: Os { code: 111, kind: ConnectionRefused, message: "Connection refused" }
[INFO] [stdout] stack backtrace:
[INFO] [stdout]    0:     0x62f28ce4daa1 - <<std[617be2ca0a6fd877]::sys::backtrace::BacktraceLock>::print::DisplayBacktrace as core[a373ad73a504971]::fmt::Display>::fmt
[INFO] [stdout]    1:     0x62f28ce636ba - core[a373ad73a504971]::fmt::write
[INFO] [stdout]    2:     0x62f28ce520ac - <alloc[2e1b2a31b91974c5]::vec::Vec<u8> as core[a373ad73a504971]::io::write::Write>::write_fmt
[INFO] [stdout]    3:     0x62f28ce29016 - std[617be2ca0a6fd877]::panicking::default_hook::{closure#0}
[INFO] [stdout]    4:     0x62f28ce45589 - std[617be2ca0a6fd877]::panicking::default_hook
[INFO] [stdout]    5:     0x62f28cde0cd0 - test[aada8e7e76ba119b]::test_main_inner::{closure#0}
[INFO] [stdout]    6:     0x62f28ce45742 - std[617be2ca0a6fd877]::panicking::panic_with_hook
[INFO] [stdout]    7:     0x62f28ce290c2 - std[617be2ca0a6fd877]::panicking::panic_handler::{closure#0}
[INFO] [stdout]    8:     0x62f28ce21ab9 - std[617be2ca0a6fd877]::sys::backtrace::__rust_end_short_backtrace::<std[617be2ca0a6fd877]::panicking::panic_handler::{closure#0}, !>
[INFO] [stdout]    9:     0x62f28ce29ebd - __rustc[ea4f61d10b84890b]::rust_begin_unwind
[INFO] [stdout]   10:     0x62f28ce63dec - core[a373ad73a504971]::panicking::panic_fmt
[INFO] [stdout]   11:     0x62f28ce63bc2 - core[a373ad73a504971]::result::unwrap_failed
[INFO] [stdout]   12:     0x62f28cd91482 - <selenium_webdriver[b626a1f7d57de766]::browser::Browser>::start_session
[INFO] [stdout]   13:     0x62f28cd9a59e - <selenium_webdriver[b626a1f7d57de766]::browser::core_fns_tests::get_el_tag::{closure#0} as core[a373ad73a504971]::ops::function::FnOnce<()>>::call_once
[INFO] [stdout]   14:     0x62f28cdd411b - test[aada8e7e76ba119b]::__rust_begin_short_backtrace::<core[a373ad73a504971]::result::Result<(), alloc[2e1b2a31b91974c5]::string::String>, fn() -> core[a373ad73a504971]::result::Result<(), alloc[2e1b2a31b91974c5]::string::String>>
[INFO] [stdout]   15:     0x62f28cde12f5 - test[aada8e7e76ba119b]::run_test::{closure#0}
[INFO] [stdout]   16:     0x62f28cddabe4 - std[617be2ca0a6fd877]::sys::backtrace::__rust_begin_short_backtrace::<test[aada8e7e76ba119b]::run_test::{closure#1}, ()>
[INFO] [stdout]   17:     0x62f28cde4382 - <std[617be2ca0a6fd877]::thread::lifecycle::spawn_unchecked<test[aada8e7e76ba119b]::run_test::{closure#1}, ()>::{closure#1} as core[a373ad73a504971]::ops::function::FnOnce<()>>::call_once::{shim:vtable#0}
[INFO] [stdout]   18:     0x62f28ce4c8ef - <std[617be2ca0a6fd877]::sys::thread::unix::Thread>::new::thread_start
[INFO] [stdout]   19:     0x7ddc4704edfa - <unknown>
[INFO] [stdout]   20:     0x7ddc470e23d4 - clone
[INFO] [stdout]   21:                0x0 - <unknown>
[INFO] [stdout] 
[INFO] [stdout] ---- browser::core_fns_tests::get_comp_role stdout ----
[INFO] [stdout] 
[INFO] [stdout] thread 'browser::core_fns_tests::get_comp_role' (537) panicked at src/browser.rs:83:130:
[INFO] [stdout] called `Result::unwrap()` on an `Err` value: Os { code: 111, kind: ConnectionRefused, message: "Connection refused" }
[INFO] [stdout] stack backtrace:
[INFO] [stdout]    0:     0x62f28ce4daa1 - <<std[617be2ca0a6fd877]::sys::backtrace::BacktraceLock>::print::DisplayBacktrace as core[a373ad73a504971]::fmt::Display>::fmt
[INFO] [stdout]    1:     0x62f28ce636ba - core[a373ad73a504971]::fmt::write
[INFO] [stdout]    2:     0x62f28ce520ac - <alloc[2e1b2a31b91974c5]::vec::Vec<u8> as core[a373ad73a504971]::io::write::Write>::write_fmt
[INFO] [stdout]    3:     0x62f28ce29016 - std[617be2ca0a6fd877]::panicking::default_hook::{closure#0}
[INFO] [stdout]    4:     0x62f28ce45589 - std[617be2ca0a6fd877]::panicking::default_hook
[INFO] [stdout]    5:     0x62f28cde0cd0 - test[aada8e7e76ba119b]::test_main_inner::{closure#0}
[INFO] [stdout]    6:     0x62f28ce45742 - std[617be2ca0a6fd877]::panicking::panic_with_hook
[INFO] [stdout]    7:     0x62f28ce290c2 - std[617be2ca0a6fd877]::panicking::panic_handler::{closure#0}
[INFO] [stdout]    8:     0x62f28ce21ab9 - std[617be2ca0a6fd877]::sys::backtrace::__rust_end_short_backtrace::<std[617be2ca0a6fd877]::panicking::panic_handler::{closure#0}, !>
[INFO] [stdout]    9:     0x62f28ce29ebd - __rustc[ea4f61d10b84890b]::rust_begin_unwind
[INFO] [stdout]   10:     0x62f28ce63dec - core[a373ad73a504971]::panicking::panic_fmt
[INFO] [stdout]   11:     0x62f28ce63bc2 - core[a373ad73a504971]::result::unwrap_failed
[INFO] [stdout]   12:     0x62f28cd91482 - <selenium_webdriver[b626a1f7d57de766]::browser::Browser>::start_session
[INFO] [stdout]   13:     0x62f28cd9e952 - <selenium_webdriver[b626a1f7d57de766]::browser::core_fns_tests::get_comp_role::{closure#0} as core[a373ad73a504971]::ops::function::FnOnce<()>>::call_once
[INFO] [stdout]   14:     0x62f28cdd411b - test[aada8e7e76ba119b]::__rust_begin_short_backtrace::<core[a373ad73a504971]::result::Result<(), alloc[2e1b2a31b91974c5]::string::String>, fn() -> core[a373ad73a504971]::result::Result<(), alloc[2e1b2a31b91974c5]::string::String>>
[INFO] [stdout]   15:     0x62f28cde12f5 - test[aada8e7e76ba119b]::run_test::{closure#0}
[INFO] [stdout]   16:     0x62f28cddabe4 - std[617be2ca0a6fd877]::sys::backtrace::__rust_begin_short_backtrace::<test[aada8e7e76ba119b]::run_test::{closure#1}, ()>
[INFO] [stdout]   17:     0x62f28cde4382 - <std[617be2ca0a6fd877]::thread::lifecycle::spawn_unchecked<test[aada8e7e76ba119b]::run_test::{closure#1}, ()>::{closure#1} as core[a373ad73a504971]::ops::function::FnOnce<()>>::call_once::{shim:vtable#0}
[INFO] [stdout]   18:     0x62f28ce4c8ef - <std[617be2ca0a6fd877]::sys::thread::unix::Thread>::new::thread_start
[INFO] [stdout]   19:     0x7ddc4704edfa - <unknown>
[INFO] [stdout]   20:     0x7ddc470e23d4 - clone
[INFO] [stdout]   21:                0x0 - <unknown>
[INFO] [stdout] 
[INFO] [stdout] ---- browser::core_fns_tests::get_timeouts stdout ----
[INFO] [stdout] 
[INFO] [stdout] thread 'browser::core_fns_tests::get_timeouts' (546) panicked at src/browser.rs:83:130:
[INFO] [stdout] called `Result::unwrap()` on an `Err` value: Os { code: 111, kind: ConnectionRefused, message: "Connection refused" }
[INFO] [stdout] stack backtrace:
[INFO] [stdout]    0:     0x62f28ce4daa1 - <<std[617be2ca0a6fd877]::sys::backtrace::BacktraceLock>::print::DisplayBacktrace as core[a373ad73a504971]::fmt::Display>::fmt
[INFO] [stdout]    1:     0x62f28ce636ba - core[a373ad73a504971]::fmt::write
[INFO] [stdout]    2:     0x62f28ce520ac - <alloc[2e1b2a31b91974c5]::vec::Vec<u8> as core[a373ad73a504971]::io::write::Write>::write_fmt
[INFO] [stdout]    3:     0x62f28ce29016 - std[617be2ca0a6fd877]::panicking::default_hook::{closure#0}
[INFO] [stdout]    4:     0x62f28ce45589 - std[617be2ca0a6fd877]::panicking::default_hook
[INFO] [stdout]    5:     0x62f28cde0cd0 - test[aada8e7e76ba119b]::test_main_inner::{closure#0}
[INFO] [stdout]    6:     0x62f28ce45742 - std[617be2ca0a6fd877]::panicking::panic_with_hook
[INFO] [stdout]    7:     0x62f28ce290c2 - std[617be2ca0a6fd877]::panicking::panic_handler::{closure#0}
[INFO] [stdout]    8:     0x62f28ce21ab9 - std[617be2ca0a6fd877]::sys::backtrace::__rust_end_short_backtrace::<std[617be2ca0a6fd877]::panicking::panic_handler::{closure#0}, !>
[INFO] [stdout]    9:     0x62f28ce29ebd - __rustc[ea4f61d10b84890b]::rust_begin_unwind
[INFO] [stdout]   10:     0x62f28ce63dec - core[a373ad73a504971]::panicking::panic_fmt
[INFO] [stdout]   11:     0x62f28ce63bc2 - core[a373ad73a504971]::result::unwrap_failed
[INFO] [stdout]   12:     0x62f28cd91482 - <selenium_webdriver[b626a1f7d57de766]::browser::Browser>::start_session
[INFO] [stdout]   13:     0x62f28cd9d967 - <selenium_webdriver[b626a1f7d57de766]::browser::core_fns_tests::get_timeouts::{closure#0} as core[a373ad73a504971]::ops::function::FnOnce<()>>::call_once
[INFO] [stdout]   14:     0x62f28cdd411b - test[aada8e7e76ba119b]::__rust_begin_short_backtrace::<core[a373ad73a504971]::result::Result<(), alloc[2e1b2a31b91974c5]::string::String>, fn() -> core[a373ad73a504971]::result::Result<(), alloc[2e1b2a31b91974c5]::string::String>>
[INFO] [stdout]   15:     0x62f28cde12f5 - test[aada8e7e76ba119b]::run_test::{closure#0}
[INFO] [stdout]   16:     0x62f28cddabe4 - std[617be2ca0a6fd877]::sys::backtrace::__rust_begin_short_backtrace::<test[aada8e7e76ba119b]::run_test::{closure#1}, ()>
[INFO] [stdout]   17:     0x62f28cde4382 - <std[617be2ca0a6fd877]::thread::lifecycle::spawn_unchecked<test[aada8e7e76ba119b]::run_test::{closure#1}, ()>::{closure#1} as core[a373ad73a504971]::ops::function::FnOnce<()>>::call_once::{shim:vtable#0}
[INFO] [stdout]   18:     0x62f28ce4c8ef - <std[617be2ca0a6fd877]::sys::thread::unix::Thread>::new::thread_start
[INFO] [stdout]   19:     0x7ddc4704edfa - <unknown>
[INFO] [stdout]   20:     0x7ddc470e23d4 - clone
[INFO] [stdout]   21:                0x0 - <unknown>
[INFO] [stdout] 
[INFO] [stdout] ---- browser::core_fns_tests::move_mouse_to_el stdout ----
[INFO] [stdout] 
[INFO] [stdout] thread 'browser::core_fns_tests::move_mouse_to_el' (553) panicked at src/browser.rs:83:130:
[INFO] [stdout] called `Result::unwrap()` on an `Err` value: Os { code: 111, kind: ConnectionRefused, message: "Connection refused" }
[INFO] [stdout] stack backtrace:
[INFO] [stdout]    0:     0x62f28ce4daa1 - <<std[617be2ca0a6fd877]::sys::backtrace::BacktraceLock>::print::DisplayBacktrace as core[a373ad73a504971]::fmt::Display>::fmt
[INFO] [stdout]    1:     0x62f28ce636ba - core[a373ad73a504971]::fmt::write
[INFO] [stdout]    2:     0x62f28ce520ac - <alloc[2e1b2a31b91974c5]::vec::Vec<u8> as core[a373ad73a504971]::io::write::Write>::write_fmt
[INFO] [stdout]    3:     0x62f28ce29016 - std[617be2ca0a6fd877]::panicking::default_hook::{closure#0}
[INFO] [stdout]    4:     0x62f28ce45589 - std[617be2ca0a6fd877]::panicking::default_hook
[INFO] [stdout]    5:     0x62f28cde0cd0 - test[aada8e7e76ba119b]::test_main_inner::{closure#0}
[INFO] [stdout]    6:     0x62f28ce45742 - std[617be2ca0a6fd877]::panicking::panic_with_hook
[INFO] [stdout]    7:     0x62f28ce290c2 - std[617be2ca0a6fd877]::panicking::panic_handler::{closure#0}
[INFO] [stdout]    8:     0x62f28ce21ab9 - std[617be2ca0a6fd877]::sys::backtrace::__rust_end_short_backtrace::<std[617be2ca0a6fd877]::panicking::panic_handler::{closure#0}, !>
[INFO] [stdout]    9:     0x62f28ce29ebd - __rustc[ea4f61d10b84890b]::rust_begin_unwind
[INFO] [stdout]   10:     0x62f28ce63dec - core[a373ad73a504971]::panicking::panic_fmt
[INFO] [stdout]   11:     0x62f28ce63bc2 - core[a373ad73a504971]::result::unwrap_failed
[INFO] [stdout]   12:     0x62f28cd91482 - <selenium_webdriver[b626a1f7d57de766]::browser::Browser>::start_session
[INFO] [stdout]   13:     0x62f28cda0eee - <selenium_webdriver[b626a1f7d57de766]::browser::core_fns_tests::move_mouse_to_el::{closure#0} as core[a373ad73a504971]::ops::function::FnOnce<()>>::call_once
[INFO] [stdout]   14:     0x62f28cdd411b - test[aada8e7e76ba119b]::__rust_begin_short_backtrace::<core[a373ad73a504971]::result::Result<(), alloc[2e1b2a31b91974c5]::string::String>, fn() -> core[a373ad73a504971]::result::Result<(), alloc[2e1b2a31b91974c5]::string::String>>
[INFO] [stdout]   15:     0x62f28cde12f5 - test[aada8e7e76ba119b]::run_test::{closure#0}
[INFO] [stdout]   16:     0x62f28cddabe4 - std[617be2ca0a6fd877]::sys::backtrace::__rust_begin_short_backtrace::<test[aada8e7e76ba119b]::run_test::{closure#1}, ()>
[INFO] [stdout]   17:     0x62f28cde4382 - <std[617be2ca0a6fd877]::thread::lifecycle::spawn_unchecked<test[aada8e7e76ba119b]::run_test::{closure#1}, ()>::{closure#1} as core[a373ad73a504971]::ops::function::FnOnce<()>>::call_once::{shim:vtable#0}
[INFO] [stdout]   18:     0x62f28ce4c8ef - <std[617be2ca0a6fd877]::sys::thread::unix::Thread>::new::thread_start
[INFO] [stdout]   19:     0x7ddc4704edfa - <unknown>
[INFO] [stdout]   20:     0x7ddc470e23d4 - clone
[INFO] [stdout]   21:                0x0 - <unknown>
[INFO] [stdout] 
[INFO] [stdout] ---- browser::core_fns_tests::el_screensh stdout ----
[INFO] [stdout] 
[INFO] [stdout] thread 'browser::core_fns_tests::el_screensh' (529) panicked at src/browser.rs:83:130:
[INFO] [stdout] called `Result::unwrap()` on an `Err` value: Os { code: 111, kind: ConnectionRefused, message: "Connection refused" }
[INFO] [stdout] stack backtrace:
[INFO] [stdout]    0:     0x62f28ce4daa1 - <<std[617be2ca0a6fd877]::sys::backtrace::BacktraceLock>::print::DisplayBacktrace as core[a373ad73a504971]::fmt::Display>::fmt
[INFO] [stdout]    1:     0x62f28ce636ba - core[a373ad73a504971]::fmt::write
[INFO] [stdout]    2:     0x62f28ce520ac - <alloc[2e1b2a31b91974c5]::vec::Vec<u8> as core[a373ad73a504971]::io::write::Write>::write_fmt
[INFO] [stdout]    3:     0x62f28ce29016 - std[617be2ca0a6fd877]::panicking::default_hook::{closure#0}
[INFO] [stdout]    4:     0x62f28ce45589 - std[617be2ca0a6fd877]::panicking::default_hook
[INFO] [stdout]    5:     0x62f28cde0cd0 - test[aada8e7e76ba119b]::test_main_inner::{closure#0}
[INFO] [stdout]    6:     0x62f28ce45742 - std[617be2ca0a6fd877]::panicking::panic_with_hook
[INFO] [stdout]    7:     0x62f28ce290c2 - std[617be2ca0a6fd877]::panicking::panic_handler::{closure#0}
[INFO] [stdout]    8:     0x62f28ce21ab9 - std[617be2ca0a6fd877]::sys::backtrace::__rust_end_short_backtrace::<std[617be2ca0a6fd877]::panicking::panic_handler::{closure#0}, !>
[INFO] [stdout]    9:     0x62f28ce29ebd - __rustc[ea4f61d10b84890b]::rust_begin_unwind
[INFO] [stdout]   10:     0x62f28ce63dec - core[a373ad73a504971]::panicking::panic_fmt
[INFO] [stdout]   11:     0x62f28ce63bc2 - core[a373ad73a504971]::result::unwrap_failed
[INFO] [stdout]   12:     0x62f28cd91482 - <selenium_webdriver[b626a1f7d57de766]::browser::Browser>::start_session
[INFO] [stdout]   13:     0x62f28cd9ad9f - <selenium_webdriver[b626a1f7d57de766]::browser::core_fns_tests::el_screensh::{closure#0} as core[a373ad73a504971]::ops::function::FnOnce<()>>::call_once
[INFO] [stdout]   14:     0x62f28cdd411b - test[aada8e7e76ba119b]::__rust_begin_short_backtrace::<core[a373ad73a504971]::result::Result<(), alloc[2e1b2a31b91974c5]::string::String>, fn() -> core[a373ad73a504971]::result::Result<(), alloc[2e1b2a31b91974c5]::string::String>>
[INFO] [stdout]   15:     0x62f28cde12f5 - test[aada8e7e76ba119b]::run_test::{closure#0}
[INFO] [stdout]   16:     0x62f28cddabe4 - std[617be2ca0a6fd877]::sys::backtrace::__rust_begin_short_backtrace::<test[aada8e7e76ba119b]::run_test::{closure#1}, ()>
[INFO] [stdout]   17:     0x62f28cde4382 - <std[617be2ca0a6fd877]::thread::lifecycle::spawn_unchecked<test[aada8e7e76ba119b]::run_test::{closure#1}, ()>::{closure#1} as core[a373ad73a504971]::ops::function::FnOnce<()>>::call_once::{shim:vtable#0}
[INFO] [stdout]   18:     0x62f28ce4c8ef - <std[617be2ca0a6fd877]::sys::thread::unix::Thread>::new::thread_start
[INFO] [stdout]   19:     0x7ddc4704edfa - <unknown>
[INFO] [stdout]   20:     0x7ddc470e23d4 - clone
[INFO] [stdout]   21:                0x0 - <unknown>
[INFO] [stdout] 
[INFO] [stdout] ---- browser::core_fns_tests::maximize stdout ----
[INFO] [stdout] 
[INFO] [stdout] thread 'browser::core_fns_tests::maximize' (552) panicked at src/browser.rs:83:130:
[INFO] [stdout] called `Result::unwrap()` on an `Err` value: Os { code: 111, kind: ConnectionRefused, message: "Connection refused" }
[INFO] [stdout] stack backtrace:
[INFO] [stdout]    0:     0x62f28ce4daa1 - <<std[617be2ca0a6fd877]::sys::backtrace::BacktraceLock>::print::DisplayBacktrace as core[a373ad73a504971]::fmt::Display>::fmt
[INFO] [stdout]    1:     0x62f28ce636ba - core[a373ad73a504971]::fmt::write
[INFO] [stdout]    2:     0x62f28ce520ac - <alloc[2e1b2a31b91974c5]::vec::Vec<u8> as core[a373ad73a504971]::io::write::Write>::write_fmt
[INFO] [stdout]    3:     0x62f28ce29016 - std[617be2ca0a6fd877]::panicking::default_hook::{closure#0}
[INFO] [stdout]    4:     0x62f28ce45589 - std[617be2ca0a6fd877]::panicking::default_hook
[INFO] [stdout]    5:     0x62f28cde0cd0 - test[aada8e7e76ba119b]::test_main_inner::{closure#0}
[INFO] [stdout]    6:     0x62f28ce45742 - std[617be2ca0a6fd877]::panicking::panic_with_hook
[INFO] [stdout]    7:     0x62f28ce290c2 - std[617be2ca0a6fd877]::panicking::panic_handler::{closure#0}
[INFO] [stdout]    8:     0x62f28ce21ab9 - std[617be2ca0a6fd877]::sys::backtrace::__rust_end_short_backtrace::<std[617be2ca0a6fd877]::panicking::panic_handler::{closure#0}, !>
[INFO] [stdout]    9:     0x62f28ce29ebd - __rustc[ea4f61d10b84890b]::rust_begin_unwind
[INFO] [stdout]   10:     0x62f28ce63dec - core[a373ad73a504971]::panicking::panic_fmt
[INFO] [stdout]   11:     0x62f28ce63bc2 - core[a373ad73a504971]::result::unwrap_failed
[INFO] [stdout]   12:     0x62f28cd91482 - <selenium_webdriver[b626a1f7d57de766]::browser::Browser>::start_session
[INFO] [stdout]   13:     0x62f28cda4659 - <selenium_webdriver[b626a1f7d57de766]::browser::core_fns_tests::maximize::{closure#0} as core[a373ad73a504971]::ops::function::FnOnce<()>>::call_once
[INFO] [stdout]   14:     0x62f28cdd411b - test[aada8e7e76ba119b]::__rust_begin_short_backtrace::<core[a373ad73a504971]::result::Result<(), alloc[2e1b2a31b91974c5]::string::String>, fn() -> core[a373ad73a504971]::result::Result<(), alloc[2e1b2a31b91974c5]::string::String>>
[INFO] [stdout]   15:     0x62f28cde12f5 - test[aada8e7e76ba119b]::run_test::{closure#0}
[INFO] [stderr] error: test failed, to rerun pass `--lib`
[INFO] [stdout]   16:     0x62f28cddabe4 - std[617be2ca0a6fd877]::sys::backtrace::__rust_begin_short_backtrace::<test[aada8e7e76ba119b]::run_test::{closure#1}, ()>
[INFO] [stdout]   17:     0x62f28cde4382 - <std[617be2ca0a6fd877]::thread::lifecycle::spawn_unchecked<test[aada8e7e76ba119b]::run_test::{closure#1}, ()>::{closure#1} as core[a373ad73a504971]::ops::function::FnOnce<()>>::call_once::{shim:vtable#0}
[INFO] [stdout]   18:     0x62f28ce4c8ef - <std[617be2ca0a6fd877]::sys::thread::unix::Thread>::new::thread_start
[INFO] [stdout]   19:     0x7ddc4704edfa - <unknown>
[INFO] [stdout]   20:     0x7ddc470e23d4 - clone
[INFO] [stdout]   21:                0x0 - <unknown>
[INFO] [stdout] 
[INFO] [stdout] ---- browser::core_fns_tests::get_title_test stdout ----
[INFO] [stdout] 
[INFO] [stdout] thread 'browser::core_fns_tests::get_title_test' (547) panicked at src/browser.rs:83:130:
[INFO] [stdout] called `Result::unwrap()` on an `Err` value: Os { code: 111, kind: ConnectionRefused, message: "Connection refused" }
[INFO] [stdout] stack backtrace:
[INFO] [stdout]    0:     0x62f28ce4daa1 - <<std[617be2ca0a6fd877]::sys::backtrace::BacktraceLock>::print::DisplayBacktrace as core[a373ad73a504971]::fmt::Display>::fmt
[INFO] [stdout]    1:     0x62f28ce636ba - core[a373ad73a504971]::fmt::write
[INFO] [stdout]    2:     0x62f28ce520ac - <alloc[2e1b2a31b91974c5]::vec::Vec<u8> as core[a373ad73a504971]::io::write::Write>::write_fmt
[INFO] [stdout]    3:     0x62f28ce29016 - std[617be2ca0a6fd877]::panicking::default_hook::{closure#0}
[INFO] [stdout]    4:     0x62f28ce45589 - std[617be2ca0a6fd877]::panicking::default_hook
[INFO] [stdout]    5:     0x62f28cde0cd0 - test[aada8e7e76ba119b]::test_main_inner::{closure#0}
[INFO] [stdout]    6:     0x62f28ce45742 - std[617be2ca0a6fd877]::panicking::panic_with_hook
[INFO] [stdout]    7:     0x62f28ce290c2 - std[617be2ca0a6fd877]::panicking::panic_handler::{closure#0}
[INFO] [stdout]    8:     0x62f28ce21ab9 - std[617be2ca0a6fd877]::sys::backtrace::__rust_end_short_backtrace::<std[617be2ca0a6fd877]::panicking::panic_handler::{closure#0}, !>
[INFO] [stdout]    9:     0x62f28ce29ebd - __rustc[ea4f61d10b84890b]::rust_begin_unwind
[INFO] [stdout]   10:     0x62f28ce63dec - core[a373ad73a504971]::panicking::panic_fmt
[INFO] [stdout]   11:     0x62f28ce63bc2 - core[a373ad73a504971]::result::unwrap_failed
[INFO] [stdout]   12:     0x62f28cd91482 - <selenium_webdriver[b626a1f7d57de766]::browser::Browser>::start_session
[INFO] [stdout]   13:     0x62f28cd9fec8 - <selenium_webdriver[b626a1f7d57de766]::browser::core_fns_tests::get_title_test::{closure#0} as core[a373ad73a504971]::ops::function::FnOnce<()>>::call_once
[INFO] [stdout]   14:     0x62f28cdd411b - test[aada8e7e76ba119b]::__rust_begin_short_backtrace::<core[a373ad73a504971]::result::Result<(), alloc[2e1b2a31b91974c5]::string::String>, fn() -> core[a373ad73a504971]::result::Result<(), alloc[2e1b2a31b91974c5]::string::String>>
[INFO] [stdout]   15:     0x62f28cde12f5 - test[aada8e7e76ba119b]::run_test::{closure#0}
[INFO] [stdout]   16:     0x62f28cddabe4 - std[617be2ca0a6fd877]::sys::backtrace::__rust_begin_short_backtrace::<test[aada8e7e76ba119b]::run_test::{closure#1}, ()>
[INFO] [stdout]   17:     0x62f28cde4382 - <std[617be2ca0a6fd877]::thread::lifecycle::spawn_unchecked<test[aada8e7e76ba119b]::run_test::{closure#1}, ()>::{closure#1} as core[a373ad73a504971]::ops::function::FnOnce<()>>::call_once::{shim:vtable#0}
[INFO] [stdout]   18:     0x62f28ce4c8ef - <std[617be2ca0a6fd877]::sys::thread::unix::Thread>::new::thread_start
[INFO] [stdout]   19:     0x7ddc4704edfa - <unknown>
[INFO] [stdout]   20:     0x7ddc470e23d4 - clone
[INFO] [stdout]   21:                0x0 - <unknown>
[INFO] [stdout] 
[INFO] [stdout] ---- browser::core_fns_tests::is_sel stdout ----
[INFO] [stdout] 
[INFO] [stdout] thread 'browser::core_fns_tests::is_sel' (550) panicked at src/browser.rs:83:130:
[INFO] [stdout] called `Result::unwrap()` on an `Err` value: Os { code: 111, kind: ConnectionRefused, message: "Connection refused" }
[INFO] [stdout] stack backtrace:
[INFO] [stdout]    0:     0x62f28ce4daa1 - <<std[617be2ca0a6fd877]::sys::backtrace::BacktraceLock>::print::DisplayBacktrace as core[a373ad73a504971]::fmt::Display>::fmt
[INFO] [stdout]    1:     0x62f28ce636ba - core[a373ad73a504971]::fmt::write
[INFO] [stdout]    2:     0x62f28ce520ac - <alloc[2e1b2a31b91974c5]::vec::Vec<u8> as core[a373ad73a504971]::io::write::Write>::write_fmt
[INFO] [stdout]    3:     0x62f28ce29016 - std[617be2ca0a6fd877]::panicking::default_hook::{closure#0}
[INFO] [stdout]    4:     0x62f28ce45589 - std[617be2ca0a6fd877]::panicking::default_hook
[INFO] [stdout]    5:     0x62f28cde0cd0 - test[aada8e7e76ba119b]::test_main_inner::{closure#0}
[INFO] [stdout]    6:     0x62f28ce45742 - std[617be2ca0a6fd877]::panicking::panic_with_hook
[INFO] [stdout]    7:     0x62f28ce290c2 - std[617be2ca0a6fd877]::panicking::panic_handler::{closure#0}
[INFO] [stdout]    8:     0x62f28ce21ab9 - std[617be2ca0a6fd877]::sys::backtrace::__rust_end_short_backtrace::<std[617be2ca0a6fd877]::panicking::panic_handler::{closure#0}, !>
[INFO] [stdout]    9:     0x62f28ce29ebd - __rustc[ea4f61d10b84890b]::rust_begin_unwind
[INFO] [stdout]   10:     0x62f28ce63dec - core[a373ad73a504971]::panicking::panic_fmt
[INFO] [stdout]   11:     0x62f28ce63bc2 - core[a373ad73a504971]::result::unwrap_failed
[INFO] [stdout]   12:     0x62f28cd91482 - <selenium_webdriver[b626a1f7d57de766]::browser::Browser>::start_session
[INFO] [stdout]   13:     0x62f28cda287c - <selenium_webdriver[b626a1f7d57de766]::browser::core_fns_tests::is_sel::{closure#0} as core[a373ad73a504971]::ops::function::FnOnce<()>>::call_once
[INFO] [stdout]   14:     0x62f28cdd411b - test[aada8e7e76ba119b]::__rust_begin_short_backtrace::<core[a373ad73a504971]::result::Result<(), alloc[2e1b2a31b91974c5]::string::String>, fn() -> core[a373ad73a504971]::result::Result<(), alloc[2e1b2a31b91974c5]::string::String>>
[INFO] [stdout]   15:     0x62f28cde12f5 - test[aada8e7e76ba119b]::run_test::{closure#0}
[INFO] [stdout]   16:     0x62f28cddabe4 - std[617be2ca0a6fd877]::sys::backtrace::__rust_begin_short_backtrace::<test[aada8e7e76ba119b]::run_test::{closure#1}, ()>
[INFO] [stdout]   17:     0x62f28cde4382 - <std[617be2ca0a6fd877]::thread::lifecycle::spawn_unchecked<test[aada8e7e76ba119b]::run_test::{closure#1}, ()>::{closure#1} as core[a373ad73a504971]::ops::function::FnOnce<()>>::call_once::{shim:vtable#0}
[INFO] [stdout]   18:     0x62f28ce4c8ef - <std[617be2ca0a6fd877]::sys::thread::unix::Thread>::new::thread_start
[INFO] [stdout]   19:     0x7ddc4704edfa - <unknown>
[INFO] [stdout]   20:     0x7ddc470e23d4 - clone
[INFO] [stdout]   21:                0x0 - <unknown>
[INFO] [stdout] 
[INFO] [stdout] ---- browser::core_fns_tests::keys_and_mouse_acts stdout ----
[INFO] [stdout] 
[INFO] [stdout] thread 'browser::core_fns_tests::keys_and_mouse_acts' (551) panicked at src/browser.rs:83:130:
[INFO] [stdout] called `Result::unwrap()` on an `Err` value: Os { code: 111, kind: ConnectionRefused, message: "Connection refused" }
[INFO] [stdout] stack backtrace:
[INFO] [stdout]    0:     0x62f28ce4daa1 - <<std[617be2ca0a6fd877]::sys::backtrace::BacktraceLock>::print::DisplayBacktrace as core[a373ad73a504971]::fmt::Display>::fmt
[INFO] [stdout]    1:     0x62f28ce636ba - core[a373ad73a504971]::fmt::write
[INFO] [stdout]    2:     0x62f28ce520ac - <alloc[2e1b2a31b91974c5]::vec::Vec<u8> as core[a373ad73a504971]::io::write::Write>::write_fmt
[INFO] [stdout]    3:     0x62f28ce29016 - std[617be2ca0a6fd877]::panicking::default_hook::{closure#0}
[INFO] [stdout]    4:     0x62f28ce45589 - std[617be2ca0a6fd877]::panicking::default_hook
[INFO] [stdout]    5:     0x62f28cde0cd0 - test[aada8e7e76ba119b]::test_main_inner::{closure#0}
[INFO] [stdout]    6:     0x62f28ce45742 - std[617be2ca0a6fd877]::panicking::panic_with_hook
[INFO] [stdout]    7:     0x62f28ce290c2 - std[617be2ca0a6fd877]::panicking::panic_handler::{closure#0}
[INFO] [stdout]    8:     0x62f28ce21ab9 - std[617be2ca0a6fd877]::sys::backtrace::__rust_end_short_backtrace::<std[617be2ca0a6fd877]::panicking::panic_handler::{closure#0}, !>
[INFO] [stdout]    9:     0x62f28ce29ebd - __rustc[ea4f61d10b84890b]::rust_begin_unwind
[INFO] [stdout]   10:     0x62f28ce63dec - core[a373ad73a504971]::panicking::panic_fmt
[INFO] [stdout]   11:     0x62f28ce63bc2 - core[a373ad73a504971]::result::unwrap_failed
[INFO] [stdout]   12:     0x62f28cd91482 - <selenium_webdriver[b626a1f7d57de766]::browser::Browser>::start_session
[INFO] [stdout]   13:     0x62f28cda1ef1 - <selenium_webdriver[b626a1f7d57de766]::browser::core_fns_tests::keys_and_mouse_acts::{closure#0} as core[a373ad73a504971]::ops::function::FnOnce<()>>::call_once
[INFO] [stdout]   14:     0x62f28cdd411b - test[aada8e7e76ba119b]::__rust_begin_short_backtrace::<core[a373ad73a504971]::result::Result<(), alloc[2e1b2a31b91974c5]::string::String>, fn() -> core[a373ad73a504971]::result::Result<(), alloc[2e1b2a31b91974c5]::string::String>>
[INFO] [stdout]   15:     0x62f28cde12f5 - test[aada8e7e76ba119b]::run_test::{closure#0}
[INFO] [stdout]   16:     0x62f28cddabe4 - std[617be2ca0a6fd877]::sys::backtrace::__rust_begin_short_backtrace::<test[aada8e7e76ba119b]::run_test::{closure#1}, ()>
[INFO] [stdout]   17:     0x62f28cde4382 - <std[617be2ca0a6fd877]::thread::lifecycle::spawn_unchecked<test[aada8e7e76ba119b]::run_test::{closure#1}, ()>::{closure#1} as core[a373ad73a504971]::ops::function::FnOnce<()>>::call_once::{shim:vtable#0}
[INFO] [stdout]   18:     0x62f28ce4c8ef - <std[617be2ca0a6fd877]::sys::thread::unix::Thread>::new::thread_start
[INFO] [stdout]   19:     0x7ddc4704edfa - <unknown>
[INFO] [stdout]   20:     0x7ddc470e23d4 - clone
[INFO] [stdout]   21:                0x0 - <unknown>
[INFO] [stdout] 
[INFO] [stdout] ---- browser::core_fns_tests::perf_mouse_act stdout ----
[INFO] [stdout] 
[INFO] [stdout] thread 'browser::core_fns_tests::perf_mouse_act' (557) panicked at src/browser.rs:83:130:
[INFO] [stdout] called `Result::unwrap()` on an `Err` value: Os { code: 111, kind: ConnectionRefused, message: "Connection refused" }
[INFO] [stdout] stack backtrace:
[INFO] [stdout]    0:     0x62f28ce4daa1 - <<std[617be2ca0a6fd877]::sys::backtrace::BacktraceLock>::print::DisplayBacktrace as core[a373ad73a504971]::fmt::Display>::fmt
[INFO] [stdout]    1:     0x62f28ce636ba - core[a373ad73a504971]::fmt::write
[INFO] [stdout]    2:     0x62f28ce520ac - <alloc[2e1b2a31b91974c5]::vec::Vec<u8> as core[a373ad73a504971]::io::write::Write>::write_fmt
[INFO] [stdout]    3:     0x62f28ce29016 - std[617be2ca0a6fd877]::panicking::default_hook::{closure#0}
[INFO] [stdout]    4:     0x62f28ce45589 - std[617be2ca0a6fd877]::panicking::default_hook
[INFO] [stdout]    5:     0x62f28cde0cd0 - test[aada8e7e76ba119b]::test_main_inner::{closure#0}
[INFO] [stdout]    6:     0x62f28ce45742 - std[617be2ca0a6fd877]::panicking::panic_with_hook
[INFO] [stdout]    7:     0x62f28ce290c2 - std[617be2ca0a6fd877]::panicking::panic_handler::{closure#0}
[INFO] [stdout]    8:     0x62f28ce21ab9 - std[617be2ca0a6fd877]::sys::backtrace::__rust_end_short_backtrace::<std[617be2ca0a6fd877]::panicking::panic_handler::{closure#0}, !>
[INFO] [stdout]    9:     0x62f28ce29ebd - __rustc[ea4f61d10b84890b]::rust_begin_unwind
[INFO] [stdout]   10:     0x62f28ce63dec - core[a373ad73a504971]::panicking::panic_fmt
[INFO] [stdout]   11:     0x62f28ce63bc2 - core[a373ad73a504971]::result::unwrap_failed
[INFO] [stdout]   12:     0x62f28cd91482 - <selenium_webdriver[b626a1f7d57de766]::browser::Browser>::start_session
[INFO] [stdout]   13:     0x62f28cda0367 - <selenium_webdriver[b626a1f7d57de766]::browser::core_fns_tests::perf_mouse_act::{closure#0} as core[a373ad73a504971]::ops::function::FnOnce<()>>::call_once
[INFO] [stdout]   14:     0x62f28cdd411b - test[aada8e7e76ba119b]::__rust_begin_short_backtrace::<core[a373ad73a504971]::result::Result<(), alloc[2e1b2a31b91974c5]::string::String>, fn() -> core[a373ad73a504971]::result::Result<(), alloc[2e1b2a31b91974c5]::string::String>>
[INFO] [stdout]   15:     0x62f28cde12f5 - test[aada8e7e76ba119b]::run_test::{closure#0}
[INFO] [stdout]   16:     0x62f28cddabe4 - std[617be2ca0a6fd877]::sys::backtrace::__rust_begin_short_backtrace::<test[aada8e7e76ba119b]::run_test::{closure#1}, ()>
[INFO] [stdout]   17:     0x62f28cde4382 - <std[617be2ca0a6fd877]::thread::lifecycle::spawn_unchecked<test[aada8e7e76ba119b]::run_test::{closure#1}, ()>::{closure#1} as core[a373ad73a504971]::ops::function::FnOnce<()>>::call_once::{shim:vtable#0}
[INFO] [stdout]   18:     0x62f28ce4c8ef - <std[617be2ca0a6fd877]::sys::thread::unix::Thread>::new::thread_start
[INFO] [stdout]   19:     0x7ddc4704edfa - <unknown>
[INFO] [stdout]   20:     0x7ddc470e23d4 - clone
[INFO] [stdout]   21:                0x0 - <unknown>
[INFO] [stdout] 
[INFO] [stdout] ---- browser::core_fns_tests::new_window stdout ----
[INFO] [stdout] 
[INFO] [stdout] thread 'browser::core_fns_tests::new_window' (554) panicked at src/browser.rs:83:130:
[INFO] [stdout] called `Result::unwrap()` on an `Err` value: Os { code: 111, kind: ConnectionRefused, message: "Connection refused" }
[INFO] [stdout] stack backtrace:
[INFO] [stdout]    0:     0x62f28ce4daa1 - <<std[617be2ca0a6fd877]::sys::backtrace::BacktraceLock>::print::DisplayBacktrace as core[a373ad73a504971]::fmt::Display>::fmt
[INFO] [stdout]    1:     0x62f28ce636ba - core[a373ad73a504971]::fmt::write
[INFO] [stdout]    2:     0x62f28ce520ac - <alloc[2e1b2a31b91974c5]::vec::Vec<u8> as core[a373ad73a504971]::io::write::Write>::write_fmt
[INFO] [stdout]    3:     0x62f28ce29016 - std[617be2ca0a6fd877]::panicking::default_hook::{closure#0}
[INFO] [stdout]    4:     0x62f28ce45589 - std[617be2ca0a6fd877]::panicking::default_hook
[INFO] [stdout]    5:     0x62f28cde0cd0 - test[aada8e7e76ba119b]::test_main_inner::{closure#0}
[INFO] [stdout]    6:     0x62f28ce45742 - std[617be2ca0a6fd877]::panicking::panic_with_hook
[INFO] [stdout]    7:     0x62f28ce290c2 - std[617be2ca0a6fd877]::panicking::panic_handler::{closure#0}
[INFO] [stdout]    8:     0x62f28ce21ab9 - std[617be2ca0a6fd877]::sys::backtrace::__rust_end_short_backtrace::<std[617be2ca0a6fd877]::panicking::panic_handler::{closure#0}, !>
[INFO] [stdout]    9:     0x62f28ce29ebd - __rustc[ea4f61d10b84890b]::rust_begin_unwind
[INFO] [stdout]   10:     0x62f28ce63dec - core[a373ad73a504971]::panicking::panic_fmt
[INFO] [stdout]   11:     0x62f28ce63bc2 - core[a373ad73a504971]::result::unwrap_failed
[INFO] [stdout]   12:     0x62f28cd91482 - <selenium_webdriver[b626a1f7d57de766]::browser::Browser>::start_session
[INFO] [stdout]   13:     0x62f28cd9aa2b - <selenium_webdriver[b626a1f7d57de766]::browser::core_fns_tests::new_window::{closure#0} as core[a373ad73a504971]::ops::function::FnOnce<()>>::call_once
[INFO] [stdout]   14:     0x62f28cdd411b - test[aada8e7e76ba119b]::__rust_begin_short_backtrace::<core[a373ad73a504971]::result::Result<(), alloc[2e1b2a31b91974c5]::string::String>, fn() -> core[a373ad73a504971]::result::Result<(), alloc[2e1b2a31b91974c5]::string::String>>
[INFO] [stdout]   15:     0x62f28cde12f5 - test[aada8e7e76ba119b]::run_test::{closure#0}
[INFO] [stdout]   16:     0x62f28cddabe4 - std[617be2ca0a6fd877]::sys::backtrace::__rust_begin_short_backtrace::<test[aada8e7e76ba119b]::run_test::{closure#1}, ()>
[INFO] [stdout]   17:     0x62f28cde4382 - <std[617be2ca0a6fd877]::thread::lifecycle::spawn_unchecked<test[aada8e7e76ba119b]::run_test::{closure#1}, ()>::{closure#1} as core[a373ad73a504971]::ops::function::FnOnce<()>>::call_once::{shim:vtable#0}
[INFO] [stdout]   18:     0x62f28ce4c8ef - <std[617be2ca0a6fd877]::sys::thread::unix::Thread>::new::thread_start
[INFO] [stdout]   19:     0x7ddc4704edfa - <unknown>
[INFO] [stdout]   20:     0x7ddc470e23d4 - clone
[INFO] [stdout]   21:                0x0 - <unknown>
[INFO] [stdout] 
[INFO] [stdout] ---- browser::core_fns_tests::per_f_ac_with_keys stdout ----
[INFO] [stdout] 
[INFO] [stdout] thread 'browser::core_fns_tests::per_f_ac_with_keys' (556) panicked at src/browser.rs:83:130:
[INFO] [stdout] called `Result::unwrap()` on an `Err` value: Os { code: 111, kind: ConnectionRefused, message: "Connection refused" }
[INFO] [stdout] stack backtrace:
[INFO] [stdout]    0:     0x62f28ce4daa1 - <<std[617be2ca0a6fd877]::sys::backtrace::BacktraceLock>::print::DisplayBacktrace as core[a373ad73a504971]::fmt::Display>::fmt
[INFO] [stdout]    1:     0x62f28ce636ba - core[a373ad73a504971]::fmt::write
[INFO] [stdout]    2:     0x62f28ce520ac - <alloc[2e1b2a31b91974c5]::vec::Vec<u8> as core[a373ad73a504971]::io::write::Write>::write_fmt
[INFO] [stdout]    3:     0x62f28ce29016 - std[617be2ca0a6fd877]::panicking::default_hook::{closure#0}
[INFO] [stdout]    4:     0x62f28ce45589 - std[617be2ca0a6fd877]::panicking::default_hook
[INFO] [stdout]    5:     0x62f28cde0cd0 - test[aada8e7e76ba119b]::test_main_inner::{closure#0}
[INFO] [stdout]    6:     0x62f28ce45742 - std[617be2ca0a6fd877]::panicking::panic_with_hook
[INFO] [stdout]    7:     0x62f28ce290c2 - std[617be2ca0a6fd877]::panicking::panic_handler::{closure#0}
[INFO] [stdout]    8:     0x62f28ce21ab9 - std[617be2ca0a6fd877]::sys::backtrace::__rust_end_short_backtrace::<std[617be2ca0a6fd877]::panicking::panic_handler::{closure#0}, !>
[INFO] [stdout]    9:     0x62f28ce29ebd - __rustc[ea4f61d10b84890b]::rust_begin_unwind
[INFO] [stdout]   10:     0x62f28ce63dec - core[a373ad73a504971]::panicking::panic_fmt
[INFO] [stdout]   11:     0x62f28ce63bc2 - core[a373ad73a504971]::result::unwrap_failed
[INFO] [stdout]   12:     0x62f28cd91482 - <selenium_webdriver[b626a1f7d57de766]::browser::Browser>::start_session
[INFO] [stdout]   13:     0x62f28cda16be - <selenium_webdriver[b626a1f7d57de766]::browser::core_fns_tests::per_f_ac_with_keys::{closure#0} as core[a373ad73a504971]::ops::function::FnOnce<()>>::call_once
[INFO] [stdout]   14:     0x62f28cdd411b - test[aada8e7e76ba119b]::__rust_begin_short_backtrace::<core[a373ad73a504971]::result::Result<(), alloc[2e1b2a31b91974c5]::string::String>, fn() -> core[a373ad73a504971]::result::Result<(), alloc[2e1b2a31b91974c5]::string::String>>
[INFO] [stdout]   15:     0x62f28cde12f5 - test[aada8e7e76ba119b]::run_test::{closure#0}
[INFO] [stdout]   16:     0x62f28cddabe4 - std[617be2ca0a6fd877]::sys::backtrace::__rust_begin_short_backtrace::<test[aada8e7e76ba119b]::run_test::{closure#1}, ()>
[INFO] [stdout]   17:     0x62f28cde4382 - <std[617be2ca0a6fd877]::thread::lifecycle::spawn_unchecked<test[aada8e7e76ba119b]::run_test::{closure#1}, ()>::{closure#1} as core[a373ad73a504971]::ops::function::FnOnce<()>>::call_once::{shim:vtable#0}
[INFO] [stdout]   18:     0x62f28ce4c8ef - <std[617be2ca0a6fd877]::sys::thread::unix::Thread>::new::thread_start
[INFO] [stdout]   19:     0x7ddc4704edfa - <unknown>
[INFO] [stdout]   20:     0x7ddc470e23d4 - clone
[INFO] [stdout]   21:                0x0 - <unknown>
[INFO] [stdout] 
[INFO] [stdout] ---- browser::core_fns_tests::window_handle stdout ----
[INFO] [stdout] 
[INFO] [stdout] thread 'browser::core_fns_tests::window_handle' (573) panicked at src/browser.rs:83:130:
[INFO] [stdout] called `Result::unwrap()` on an `Err` value: Os { code: 111, kind: ConnectionRefused, message: "Connection refused" }
[INFO] [stdout] stack backtrace:
[INFO] [stdout]    0:     0x62f28ce4daa1 - <<std[617be2ca0a6fd877]::sys::backtrace::BacktraceLock>::print::DisplayBacktrace as core[a373ad73a504971]::fmt::Display>::fmt
[INFO] [stdout]    1:     0x62f28ce636ba - core[a373ad73a504971]::fmt::write
[INFO] [stdout]    2:     0x62f28ce520ac - <alloc[2e1b2a31b91974c5]::vec::Vec<u8> as core[a373ad73a504971]::io::write::Write>::write_fmt
[INFO] [stdout]    3:     0x62f28ce29016 - std[617be2ca0a6fd877]::panicking::default_hook::{closure#0}
[INFO] [stdout]    4:     0x62f28ce45589 - std[617be2ca0a6fd877]::panicking::default_hook
[INFO] [stdout]    5:     0x62f28cde0cd0 - test[aada8e7e76ba119b]::test_main_inner::{closure#0}
[INFO] [stdout]    6:     0x62f28ce45742 - std[617be2ca0a6fd877]::panicking::panic_with_hook
[INFO] [stdout]    7:     0x62f28ce290c2 - std[617be2ca0a6fd877]::panicking::panic_handler::{closure#0}
[INFO] [stdout]    8:     0x62f28ce21ab9 - std[617be2ca0a6fd877]::sys::backtrace::__rust_end_short_backtrace::<std[617be2ca0a6fd877]::panicking::panic_handler::{closure#0}, !>
[INFO] [stdout]    9:     0x62f28ce29ebd - __rustc[ea4f61d10b84890b]::rust_begin_unwind
[INFO] [stdout]   10:     0x62f28ce63dec - core[a373ad73a504971]::panicking::panic_fmt
[INFO] [stdout]   11:     0x62f28ce63bc2 - core[a373ad73a504971]::result::unwrap_failed
[INFO] [stdout]   12:     0x62f28cd91482 - <selenium_webdriver[b626a1f7d57de766]::browser::Browser>::start_session
[INFO] [stdout]   13:     0x62f28cd9f83a - <selenium_webdriver[b626a1f7d57de766]::browser::core_fns_tests::window_handle::{closure#0} as core[a373ad73a504971]::ops::function::FnOnce<()>>::call_once
[INFO] [stdout]   14:     0x62f28cdd411b - test[aada8e7e76ba119b]::__rust_begin_short_backtrace::<core[a373ad73a504971]::result::Result<(), alloc[2e1b2a31b91974c5]::string::String>, fn() -> core[a373ad73a504971]::result::Result<(), alloc[2e1b2a31b91974c5]::string::String>>
[INFO] [stdout]   15:     0x62f28cde12f5 - test[aada8e7e76ba119b]::run_test::{closure#0}
[INFO] [stdout]   16:     0x62f28cddabe4 - std[617be2ca0a6fd877]::sys::backtrace::__rust_begin_short_backtrace::<test[aada8e7e76ba119b]::run_test::{closure#1}, ()>
[INFO] [stdout]   17:     0x62f28cde4382 - <std[617be2ca0a6fd877]::thread::lifecycle::spawn_unchecked<test[aada8e7e76ba119b]::run_test::{closure#1}, ()>::{closure#1} as core[a373ad73a504971]::ops::function::FnOnce<()>>::call_once::{shim:vtable#0}
[INFO] [stdout]   18:     0x62f28ce4c8ef - <std[617be2ca0a6fd877]::sys::thread::unix::Thread>::new::thread_start
[INFO] [stdout]   19:     0x7ddc4704edfa - <unknown>
[INFO] [stdout]   20:     0x7ddc470e23d4 - clone
[INFO] [stdout]   21:                0x0 - <unknown>
[INFO] [stdout] 
[INFO] [stdout] ---- browser::core_fns_tests::z_del_all_cook stdout ----
[INFO] [stdout] 
[INFO] [stdout] thread 'browser::core_fns_tests::z_del_all_cook' (574) panicked at src/browser.rs:83:130:
[INFO] [stdout] called `Result::unwrap()` on an `Err` value: Os { code: 111, kind: ConnectionRefused, message: "Connection refused" }
[INFO] [stdout] stack backtrace:
[INFO] [stdout]    0:     0x62f28ce4daa1 - <<std[617be2ca0a6fd877]::sys::backtrace::BacktraceLock>::print::DisplayBacktrace as core[a373ad73a504971]::fmt::Display>::fmt
[INFO] [stdout]    1:     0x62f28ce636ba - core[a373ad73a504971]::fmt::write
[INFO] [stdout]    2:     0x62f28ce520ac - <alloc[2e1b2a31b91974c5]::vec::Vec<u8> as core[a373ad73a504971]::io::write::Write>::write_fmt
[INFO] [stdout]    3:     0x62f28ce29016 - std[617be2ca0a6fd877]::panicking::default_hook::{closure#0}
[INFO] [stdout]    4:     0x62f28ce45589 - std[617be2ca0a6fd877]::panicking::default_hook
[INFO] [stdout]    5:     0x62f28cde0cd0 - test[aada8e7e76ba119b]::test_main_inner::{closure#0}
[INFO] [stdout]    6:     0x62f28ce45742 - std[617be2ca0a6fd877]::panicking::panic_with_hook
[INFO] [stdout]    7:     0x62f28ce290c2 - std[617be2ca0a6fd877]::panicking::panic_handler::{closure#0}
[INFO] [stdout]    8:     0x62f28ce21ab9 - std[617be2ca0a6fd877]::sys::backtrace::__rust_end_short_backtrace::<std[617be2ca0a6fd877]::panicking::panic_handler::{closure#0}, !>
[INFO] [stdout]    9:     0x62f28ce29ebd - __rustc[ea4f61d10b84890b]::rust_begin_unwind
[INFO] [stdout]   10:     0x62f28ce63dec - core[a373ad73a504971]::panicking::panic_fmt
[INFO] [stdout]   11:     0x62f28ce63bc2 - core[a373ad73a504971]::result::unwrap_failed
[INFO] [stdout]   12:     0x62f28cd91482 - <selenium_webdriver[b626a1f7d57de766]::browser::Browser>::start_session
[INFO] [stdout]   13:     0x62f28cda0611 - <selenium_webdriver[b626a1f7d57de766]::browser::core_fns_tests::z_del_all_cook::{closure#0} as core[a373ad73a504971]::ops::function::FnOnce<()>>::call_once
[INFO] [stdout]   14:     0x62f28cdd411b - test[aada8e7e76ba119b]::__rust_begin_short_backtrace::<core[a373ad73a504971]::result::Result<(), alloc[2e1b2a31b91974c5]::string::String>, fn() -> core[a373ad73a504971]::result::Result<(), alloc[2e1b2a31b91974c5]::string::String>>
[INFO] [stdout]   15:     0x62f28cde12f5 - test[aada8e7e76ba119b]::run_test::{closure#0}
[INFO] [stdout]   16:     0x62f28cddabe4 - std[617be2ca0a6fd877]::sys::backtrace::__rust_begin_short_backtrace::<test[aada8e7e76ba119b]::run_test::{closure#1}, ()>
[INFO] [stdout]   17:     0x62f28cde4382 - <std[617be2ca0a6fd877]::thread::lifecycle::spawn_unchecked<test[aada8e7e76ba119b]::run_test::{closure#1}, ()>::{closure#1} as core[a373ad73a504971]::ops::function::FnOnce<()>>::call_once::{shim:vtable#0}
[INFO] [stdout]   18:     0x62f28ce4c8ef - <std[617be2ca0a6fd877]::sys::thread::unix::Thread>::new::thread_start
[INFO] [stdout]   19:     0x7ddc4704edfa - <unknown>
[INFO] [stdout]   20:     0x7ddc470e23d4 - clone
[INFO] [stdout]   21:                0x0 - <unknown>
[INFO] [stdout] 
[INFO] [stdout] ---- browser::core_fns_tests::wheel_ac stdout ----
[INFO] [stdout] 
[INFO] [stdout] thread 'browser::core_fns_tests::wheel_ac' (572) panicked at src/browser.rs:83:130:
[INFO] [stdout] called `Result::unwrap()` on an `Err` value: Os { code: 111, kind: ConnectionRefused, message: "Connection refused" }
[INFO] [stdout] stack backtrace:
[INFO] [stdout]    0:     0x62f28ce4daa1 - <<std[617be2ca0a6fd877]::sys::backtrace::BacktraceLock>::print::DisplayBacktrace as core[a373ad73a504971]::fmt::Display>::fmt
[INFO] [stdout]    1:     0x62f28ce636ba - core[a373ad73a504971]::fmt::write
[INFO] [stdout]    2:     0x62f28ce520ac - <alloc[2e1b2a31b91974c5]::vec::Vec<u8> as core[a373ad73a504971]::io::write::Write>::write_fmt
[INFO] [stdout]    3:     0x62f28ce29016 - std[617be2ca0a6fd877]::panicking::default_hook::{closure#0}
[INFO] [stdout]    4:     0x62f28ce45589 - std[617be2ca0a6fd877]::panicking::default_hook
[INFO] [stdout]    5:     0x62f28cde0cd0 - test[aada8e7e76ba119b]::test_main_inner::{closure#0}
[INFO] [stdout]    6:     0x62f28ce45742 - std[617be2ca0a6fd877]::panicking::panic_with_hook
[INFO] [stdout]    7:     0x62f28ce290c2 - std[617be2ca0a6fd877]::panicking::panic_handler::{closure#0}
[INFO] [stdout]    8:     0x62f28ce21ab9 - std[617be2ca0a6fd877]::sys::backtrace::__rust_end_short_backtrace::<std[617be2ca0a6fd877]::panicking::panic_handler::{closure#0}, !>
[INFO] [stdout]    9:     0x62f28ce29ebd - __rustc[ea4f61d10b84890b]::rust_begin_unwind
[INFO] [stdout]   10:     0x62f28ce63dec - core[a373ad73a504971]::panicking::panic_fmt
[INFO] [stdout]   11:     0x62f28ce63bc2 - core[a373ad73a504971]::result::unwrap_failed
[INFO] [stdout]   12:     0x62f28cd91482 - <selenium_webdriver[b626a1f7d57de766]::browser::Browser>::start_session
[INFO] [stdout]   13:     0x62f28cda4bc0 - <selenium_webdriver[b626a1f7d57de766]::browser::core_fns_tests::wheel_ac::{closure#0} as core[a373ad73a504971]::ops::function::FnOnce<()>>::call_once
[INFO] [stdout]   14:     0x62f28cdd411b - test[aada8e7e76ba119b]::__rust_begin_short_backtrace::<core[a373ad73a504971]::result::Result<(), alloc[2e1b2a31b91974c5]::string::String>, fn() -> core[a373ad73a504971]::result::Result<(), alloc[2e1b2a31b91974c5]::string::String>>
[INFO] [stdout]   15:     0x62f28cde12f5 - test[aada8e7e76ba119b]::run_test::{closure#0}
[INFO] [stdout]   16:     0x62f28cddabe4 - std[617be2ca0a6fd877]::sys::backtrace::__rust_begin_short_backtrace::<test[aada8e7e76ba119b]::run_test::{closure#1}, ()>
[INFO] [stdout]   17:     0x62f28cde4382 - <std[617be2ca0a6fd877]::thread::lifecycle::spawn_unchecked<test[aada8e7e76ba119b]::run_test::{closure#1}, ()>::{closure#1} as core[a373ad73a504971]::ops::function::FnOnce<()>>::call_once::{shim:vtable#0}
[INFO] [stdout]   18:     0x62f28ce4c8ef - <std[617be2ca0a6fd877]::sys::thread::unix::Thread>::new::thread_start
[INFO] [stdout]   19:     0x7ddc4704edfa - <unknown>
[INFO] [stdout]   20:     0x7ddc470e23d4 - clone
[INFO] [stdout]   21:                0x0 - <unknown>
[INFO] [stdout] 
[INFO] [stdout] ---- browser::core_fns_tests::sw_to_frame_by_id stdout ----
[INFO] [stdout] 
[INFO] [stdout] thread 'browser::core_fns_tests::sw_to_frame_by_id' (568) panicked at src/browser.rs:83:130:
[INFO] [stdout] called `Result::unwrap()` on an `Err` value: Os { code: 111, kind: ConnectionRefused, message: "Connection refused" }
[INFO] [stdout] stack backtrace:
[INFO] [stdout]    0:     0x62f28ce4daa1 - <<std[617be2ca0a6fd877]::sys::backtrace::BacktraceLock>::print::DisplayBacktrace as core[a373ad73a504971]::fmt::Display>::fmt
[INFO] [stdout]    1:     0x62f28ce636ba - core[a373ad73a504971]::fmt::write
[INFO] [stdout]    2:     0x62f28ce520ac - <alloc[2e1b2a31b91974c5]::vec::Vec<u8> as core[a373ad73a504971]::io::write::Write>::write_fmt
[INFO] [stdout]    3:     0x62f28ce29016 - std[617be2ca0a6fd877]::panicking::default_hook::{closure#0}
[INFO] [stdout]    4:     0x62f28ce45589 - std[617be2ca0a6fd877]::panicking::default_hook
[INFO] [stdout]    5:     0x62f28cde0cd0 - test[aada8e7e76ba119b]::test_main_inner::{closure#0}
[INFO] [stdout]    6:     0x62f28ce45742 - std[617be2ca0a6fd877]::panicking::panic_with_hook
[INFO] [stdout]    7:     0x62f28ce290c2 - std[617be2ca0a6fd877]::panicking::panic_handler::{closure#0}
[INFO] [stdout]    8:     0x62f28ce21ab9 - std[617be2ca0a6fd877]::sys::backtrace::__rust_end_short_backtrace::<std[617be2ca0a6fd877]::panicking::panic_handler::{closure#0}, !>
[INFO] [stdout]    9:     0x62f28ce29ebd - __rustc[ea4f61d10b84890b]::rust_begin_unwind
[INFO] [stdout]   10:     0x62f28ce63dec - core[a373ad73a504971]::panicking::panic_fmt
[INFO] [stdout]   11:     0x62f28ce63bc2 - core[a373ad73a504971]::result::unwrap_failed
[INFO] [stdout]   12:     0x62f28cd91482 - <selenium_webdriver[b626a1f7d57de766]::browser::Browser>::start_session
[INFO] [stdout]   13:     0x62f28cda13f6 - <selenium_webdriver[b626a1f7d57de766]::browser::core_fns_tests::sw_to_frame_by_id::{closure#0} as core[a373ad73a504971]::ops::function::FnOnce<()>>::call_once
[INFO] [stdout]   14:     0x62f28cdd411b - test[aada8e7e76ba119b]::__rust_begin_short_backtrace::<core[a373ad73a504971]::result::Result<(), alloc[2e1b2a31b91974c5]::string::String>, fn() -> core[a373ad73a504971]::result::Result<(), alloc[2e1b2a31b91974c5]::string::String>>
[INFO] [stdout]   15:     0x62f28cde12f5 - test[aada8e7e76ba119b]::run_test::{closure#0}
[INFO] [stdout]   16:     0x62f28cddabe4 - std[617be2ca0a6fd877]::sys::backtrace::__rust_begin_short_backtrace::<test[aada8e7e76ba119b]::run_test::{closure#1}, ()>
[INFO] [stdout]   17:     0x62f28cde4382 - <std[617be2ca0a6fd877]::thread::lifecycle::spawn_unchecked<test[aada8e7e76ba119b]::run_test::{closure#1}, ()>::{closure#1} as core[a373ad73a504971]::ops::function::FnOnce<()>>::call_once::{shim:vtable#0}
[INFO] [stdout]   18:     0x62f28ce4c8ef - <std[617be2ca0a6fd877]::sys::thread::unix::Thread>::new::thread_start
[INFO] [stdout]   19:     0x7ddc4704edfa - <unknown>
[INFO] [stdout]   20:     0x7ddc470e23d4 - clone
[INFO] [stdout]   21:                0x0 - <unknown>
[INFO] [stdout] 
[INFO] [stdout] ---- browser::core_fns_tests::t_del_cookie stdout ----
[INFO] [stdout] 
[INFO] [stdout] thread 'browser::core_fns_tests::t_del_cookie' (571) panicked at src/browser.rs:83:130:
[INFO] [stdout] called `Result::unwrap()` on an `Err` value: Os { code: 111, kind: ConnectionRefused, message: "Connection refused" }
[INFO] [stdout] stack backtrace:
[INFO] [stdout]    0:     0x62f28ce4daa1 - <<std[617be2ca0a6fd877]::sys::backtrace::BacktraceLock>::print::DisplayBacktrace as core[a373ad73a504971]::fmt::Display>::fmt
[INFO] [stdout]    1:     0x62f28ce636ba - core[a373ad73a504971]::fmt::write
[INFO] [stdout]    2:     0x62f28ce520ac - <alloc[2e1b2a31b91974c5]::vec::Vec<u8> as core[a373ad73a504971]::io::write::Write>::write_fmt
[INFO] [stdout]    3:     0x62f28ce29016 - std[617be2ca0a6fd877]::panicking::default_hook::{closure#0}
[INFO] [stdout]    4:     0x62f28ce45589 - std[617be2ca0a6fd877]::panicking::default_hook
[INFO] [stdout]    5:     0x62f28cde0cd0 - test[aada8e7e76ba119b]::test_main_inner::{closure#0}
[INFO] [stdout]    6:     0x62f28ce45742 - std[617be2ca0a6fd877]::panicking::panic_with_hook
[INFO] [stdout]    7:     0x62f28ce290c2 - std[617be2ca0a6fd877]::panicking::panic_handler::{closure#0}
[INFO] [stdout]    8:     0x62f28ce21ab9 - std[617be2ca0a6fd877]::sys::backtrace::__rust_end_short_backtrace::<std[617be2ca0a6fd877]::panicking::panic_handler::{closure#0}, !>
[INFO] [stdout]    9:     0x62f28ce29ebd - __rustc[ea4f61d10b84890b]::rust_begin_unwind
[INFO] [stdout]   10:     0x62f28ce63dec - core[a373ad73a504971]::panicking::panic_fmt
[INFO] [stdout]   11:     0x62f28ce63bc2 - core[a373ad73a504971]::result::unwrap_failed
[INFO] [stdout]   12:     0x62f28cd91482 - <selenium_webdriver[b626a1f7d57de766]::browser::Browser>::start_session
[INFO] [stdout]   13:     0x62f28cd9e056 - <selenium_webdriver[b626a1f7d57de766]::browser::core_fns_tests::t_del_cookie::{closure#0} as core[a373ad73a504971]::ops::function::FnOnce<()>>::call_once
[INFO] [stdout]   14:     0x62f28cdd411b - test[aada8e7e76ba119b]::__rust_begin_short_backtrace::<core[a373ad73a504971]::result::Result<(), alloc[2e1b2a31b91974c5]::string::String>, fn() -> core[a373ad73a504971]::result::Result<(), alloc[2e1b2a31b91974c5]::string::String>>
[INFO] [stdout]   15:     0x62f28cde12f5 - test[aada8e7e76ba119b]::run_test::{closure#0}
[INFO] [stdout]   16:     0x62f28cddabe4 - std[617be2ca0a6fd877]::sys::backtrace::__rust_begin_short_backtrace::<test[aada8e7e76ba119b]::run_test::{closure#1}, ()>
[INFO] [stdout]   17:     0x62f28cde4382 - <std[617be2ca0a6fd877]::thread::lifecycle::spawn_unchecked<test[aada8e7e76ba119b]::run_test::{closure#1}, ()>::{closure#1} as core[a373ad73a504971]::ops::function::FnOnce<()>>::call_once::{shim:vtable#0}
[INFO] [stdout]   18:     0x62f28ce4c8ef - <std[617be2ca0a6fd877]::sys::thread::unix::Thread>::new::thread_start
[INFO] [stdout]   19:     0x7ddc4704edfa - <unknown>
[INFO] [stdout]   20:     0x7ddc470e23d4 - clone
[INFO] [stdout]   21:                0x0 - <unknown>
[INFO] [stdout] 
[INFO] [stdout] ---- browser::core_fns_tests::refresh_test stdout ----
[INFO] [stdout] 
[INFO] [stdout] thread 'browser::core_fns_tests::refresh_test' (559) panicked at src/browser.rs:83:130:
[INFO] [stdout] called `Result::unwrap()` on an `Err` value: Os { code: 111, kind: ConnectionRefused, message: "Connection refused" }
[INFO] [stdout] stack backtrace:
[INFO] [stdout]    0:     0x62f28ce4daa1 - <<std[617be2ca0a6fd877]::sys::backtrace::BacktraceLock>::print::DisplayBacktrace as core[a373ad73a504971]::fmt::Display>::fmt
[INFO] [stdout]    1:     0x62f28ce636ba - core[a373ad73a504971]::fmt::write
[INFO] [stdout]    2:     0x62f28ce520ac - <alloc[2e1b2a31b91974c5]::vec::Vec<u8> as core[a373ad73a504971]::io::write::Write>::write_fmt
[INFO] [stdout]    3:     0x62f28ce29016 - std[617be2ca0a6fd877]::panicking::default_hook::{closure#0}
[INFO] [stdout]    4:     0x62f28ce45589 - std[617be2ca0a6fd877]::panicking::default_hook
[INFO] [stdout]    5:     0x62f28cde0cd0 - test[aada8e7e76ba119b]::test_main_inner::{closure#0}
[INFO] [stdout]    6:     0x62f28ce45742 - std[617be2ca0a6fd877]::panicking::panic_with_hook
[INFO] [stdout]    7:     0x62f28ce290c2 - std[617be2ca0a6fd877]::panicking::panic_handler::{closure#0}
[INFO] [stdout]    8:     0x62f28ce21ab9 - std[617be2ca0a6fd877]::sys::backtrace::__rust_end_short_backtrace::<std[617be2ca0a6fd877]::panicking::panic_handler::{closure#0}, !>
[INFO] [stdout]    9:     0x62f28ce29ebd - __rustc[ea4f61d10b84890b]::rust_begin_unwind
[INFO] [stdout]   10:     0x62f28ce63dec - core[a373ad73a504971]::panicking::panic_fmt
[INFO] [stdout]   11:     0x62f28ce63bc2 - core[a373ad73a504971]::result::unwrap_failed
[INFO] [stdout]   12:     0x62f28cd91482 - <selenium_webdriver[b626a1f7d57de766]::browser::Browser>::start_session
[INFO] [stdout]   13:     0x62f28cd9db16 - <selenium_webdriver[b626a1f7d57de766]::browser::core_fns_tests::refresh_test::{closure#0} as core[a373ad73a504971]::ops::function::FnOnce<()>>::call_once
[INFO] [stdout]   14:     0x62f28cdd411b - test[aada8e7e76ba119b]::__rust_begin_short_backtrace::<core[a373ad73a504971]::result::Result<(), alloc[2e1b2a31b91974c5]::string::String>, fn() -> core[a373ad73a504971]::result::Result<(), alloc[2e1b2a31b91974c5]::string::String>>
[INFO] [stdout]   15:     0x62f28cde12f5 - test[aada8e7e76ba119b]::run_test::{closure#0}
[INFO] [stdout]   16:     0x62f28cddabe4 - std[617be2ca0a6fd877]::sys::backtrace::__rust_begin_short_backtrace::<test[aada8e7e76ba119b]::run_test::{closure#1}, ()>
[INFO] [stdout]   17:     0x62f28cde4382 - <std[617be2ca0a6fd877]::thread::lifecycle::spawn_unchecked<test[aada8e7e76ba119b]::run_test::{closure#1}, ()>::{closure#1} as core[a373ad73a504971]::ops::function::FnOnce<()>>::call_once::{shim:vtable#0}
[INFO] [stdout]   18:     0x62f28ce4c8ef - <std[617be2ca0a6fd877]::sys::thread::unix::Thread>::new::thread_start
[INFO] [stdout]   19:     0x7ddc4704edfa - <unknown>
[INFO] [stdout]   20:     0x7ddc470e23d4 - clone
[INFO] [stdout]   21:                0x0 - <unknown>
[INFO] [stdout] 
[INFO] [stdout] ---- browser::core_fns_tests::script_test stdout ----
[INFO] [stdout] 
[INFO] [stdout] thread 'browser::core_fns_tests::script_test' (562) panicked at src/browser.rs:83:130:
[INFO] [stdout] called `Result::unwrap()` on an `Err` value: Os { code: 111, kind: ConnectionRefused, message: "Connection refused" }
[INFO] [stdout] stack backtrace:
[INFO] [stdout]    0:     0x62f28ce4daa1 - <<std[617be2ca0a6fd877]::sys::backtrace::BacktraceLock>::print::DisplayBacktrace as core[a373ad73a504971]::fmt::Display>::fmt
[INFO] [stdout]    1:     0x62f28ce636ba - core[a373ad73a504971]::fmt::write
[INFO] [stdout]    2:     0x62f28ce520ac - <alloc[2e1b2a31b91974c5]::vec::Vec<u8> as core[a373ad73a504971]::io::write::Write>::write_fmt
[INFO] [stdout]    3:     0x62f28ce29016 - std[617be2ca0a6fd877]::panicking::default_hook::{closure#0}
[INFO] [stdout]    4:     0x62f28ce45589 - std[617be2ca0a6fd877]::panicking::default_hook
[INFO] [stdout]    5:     0x62f28cde0cd0 - test[aada8e7e76ba119b]::test_main_inner::{closure#0}
[INFO] [stdout]    6:     0x62f28ce45742 - std[617be2ca0a6fd877]::panicking::panic_with_hook
[INFO] [stdout]    7:     0x62f28ce290c2 - std[617be2ca0a6fd877]::panicking::panic_handler::{closure#0}
[INFO] [stdout]    8:     0x62f28ce21ab9 - std[617be2ca0a6fd877]::sys::backtrace::__rust_end_short_backtrace::<std[617be2ca0a6fd877]::panicking::panic_handler::{closure#0}, !>
[INFO] [stdout]    9:     0x62f28ce29ebd - __rustc[ea4f61d10b84890b]::rust_begin_unwind
[INFO] [stdout]   10:     0x62f28ce63dec - core[a373ad73a504971]::panicking::panic_fmt
[INFO] [stdout]   11:     0x62f28ce63bc2 - core[a373ad73a504971]::result::unwrap_failed
[INFO] [stdout]   12:     0x62f28cd91482 - <selenium_webdriver[b626a1f7d57de766]::browser::Browser>::start_session
[INFO] [stdout]   13:     0x62f28cd9c6c7 - <selenium_webdriver[b626a1f7d57de766]::browser::core_fns_tests::script_test::{closure#0} as core[a373ad73a504971]::ops::function::FnOnce<()>>::call_once
[INFO] [stdout]   14:     0x62f28cdd411b - test[aada8e7e76ba119b]::__rust_begin_short_backtrace::<core[a373ad73a504971]::result::Result<(), alloc[2e1b2a31b91974c5]::string::String>, fn() -> core[a373ad73a504971]::result::Result<(), alloc[2e1b2a31b91974c5]::string::String>>
[INFO] [stdout]   15:     0x62f28cde12f5 - test[aada8e7e76ba119b]::run_test::{closure#0}
[INFO] [stdout]   16:     0x62f28cddabe4 - std[617be2ca0a6fd877]::sys::backtrace::__rust_begin_short_backtrace::<test[aada8e7e76ba119b]::run_test::{closure#1}, ()>
[INFO] [stdout]   17:     0x62f28cde4382 - <std[617be2ca0a6fd877]::thread::lifecycle::spawn_unchecked<test[aada8e7e76ba119b]::run_test::{closure#1}, ()>::{closure#1} as core[a373ad73a504971]::ops::function::FnOnce<()>>::call_once::{shim:vtable#0}
[INFO] [stdout]   18:     0x62f28ce4c8ef - <std[617be2ca0a6fd877]::sys::thread::unix::Thread>::new::thread_start
[INFO] [stdout]   19:     0x7ddc4704edfa - <unknown>
[INFO] [stdout]   20:     0x7ddc470e23d4 - clone
[INFO] [stdout]   21:                0x0 - <unknown>
[INFO] [stdout] 
[INFO] [stdout] ---- browser::core_fns_tests::pr_page stdout ----
[INFO] [stdout] 
[INFO] [stdout] thread 'browser::core_fns_tests::pr_page' (558) panicked at src/browser.rs:83:130:
[INFO] [stdout] called `Result::unwrap()` on an `Err` value: Os { code: 111, kind: ConnectionRefused, message: "Connection refused" }
[INFO] [stdout] stack backtrace:
[INFO] [stdout]    0:     0x62f28ce4daa1 - <<std[617be2ca0a6fd877]::sys::backtrace::BacktraceLock>::print::DisplayBacktrace as core[a373ad73a504971]::fmt::Display>::fmt
[INFO] [stdout]    1:     0x62f28ce636ba - core[a373ad73a504971]::fmt::write
[INFO] [stdout]    2:     0x62f28ce520ac - <alloc[2e1b2a31b91974c5]::vec::Vec<u8> as core[a373ad73a504971]::io::write::Write>::write_fmt
[INFO] [stdout]    3:     0x62f28ce29016 - std[617be2ca0a6fd877]::panicking::default_hook::{closure#0}
[INFO] [stdout]    4:     0x62f28ce45589 - std[617be2ca0a6fd877]::panicking::default_hook
[INFO] [stdout]    5:     0x62f28cde0cd0 - test[aada8e7e76ba119b]::test_main_inner::{closure#0}
[INFO] [stdout]    6:     0x62f28ce45742 - std[617be2ca0a6fd877]::panicking::panic_with_hook
[INFO] [stdout]    7:     0x62f28ce290c2 - std[617be2ca0a6fd877]::panicking::panic_handler::{closure#0}
[INFO] [stdout]    8:     0x62f28ce21ab9 - std[617be2ca0a6fd877]::sys::backtrace::__rust_end_short_backtrace::<std[617be2ca0a6fd877]::panicking::panic_handler::{closure#0}, !>
[INFO] [stdout]    9:     0x62f28ce29ebd - __rustc[ea4f61d10b84890b]::rust_begin_unwind
[INFO] [stdout]   10:     0x62f28ce63dec - core[a373ad73a504971]::panicking::panic_fmt
[INFO] [stdout]   11:     0x62f28ce63bc2 - core[a373ad73a504971]::result::unwrap_failed
[INFO] [stdout]   12:     0x62f28cd91482 - <selenium_webdriver[b626a1f7d57de766]::browser::Browser>::start_session
[INFO] [stdout]   13:     0x62f28cda2ff3 - <selenium_webdriver[b626a1f7d57de766]::browser::core_fns_tests::pr_page::{closure#0} as core[a373ad73a504971]::ops::function::FnOnce<()>>::call_once
[INFO] [stdout]   14:     0x62f28cdd411b - test[aada8e7e76ba119b]::__rust_begin_short_backtrace::<core[a373ad73a504971]::result::Result<(), alloc[2e1b2a31b91974c5]::string::String>, fn() -> core[a373ad73a504971]::result::Result<(), alloc[2e1b2a31b91974c5]::string::String>>
[INFO] [stdout]   15:     0x62f28cde12f5 - test[aada8e7e76ba119b]::run_test::{closure#0}
[INFO] [stdout]   16:     0x62f28cddabe4 - std[617be2ca0a6fd877]::sys::backtrace::__rust_begin_short_backtrace::<test[aada8e7e76ba119b]::run_test::{closure#1}, ()>
[INFO] [stdout]   17:     0x62f28cde4382 - <std[617be2ca0a6fd877]::thread::lifecycle::spawn_unchecked<test[aada8e7e76ba119b]::run_test::{closure#1}, ()>::{closure#1} as core[a373ad73a504971]::ops::function::FnOnce<()>>::call_once::{shim:vtable#0}
[INFO] [stdout]   18:     0x62f28ce4c8ef - <std[617be2ca0a6fd877]::sys::thread::unix::Thread>::new::thread_start
[INFO] [stdout]   19:     0x7ddc4704edfa - <unknown>
[INFO] [stdout]   20:     0x7ddc470e23d4 - clone
[INFO] [stdout]   21:                0x0 - <unknown>
[INFO] [stdout] 
[INFO] [stdout] ---- browser::core_fns_tests::screensh stdout ----
[INFO] [stdout] 
[INFO] [stdout] thread 'browser::core_fns_tests::screensh' (561) panicked at src/browser.rs:83:130:
[INFO] [stdout] called `Result::unwrap()` on an `Err` value: Os { code: 111, kind: ConnectionRefused, message: "Connection refused" }
[INFO] [stdout] stack backtrace:
[INFO] [stdout]    0:     0x62f28ce4daa1 - <<std[617be2ca0a6fd877]::sys::backtrace::BacktraceLock>::print::DisplayBacktrace as core[a373ad73a504971]::fmt::Display>::fmt
[INFO] [stdout]    1:     0x62f28ce636ba - core[a373ad73a504971]::fmt::write
[INFO] [stdout]    2:     0x62f28ce520ac - <alloc[2e1b2a31b91974c5]::vec::Vec<u8> as core[a373ad73a504971]::io::write::Write>::write_fmt
[INFO] [stdout]    3:     0x62f28ce29016 - std[617be2ca0a6fd877]::panicking::default_hook::{closure#0}
[INFO] [stdout]    4:     0x62f28ce45589 - std[617be2ca0a6fd877]::panicking::default_hook
[INFO] [stdout]    5:     0x62f28cde0cd0 - test[aada8e7e76ba119b]::test_main_inner::{closure#0}
[INFO] [stdout]    6:     0x62f28ce45742 - std[617be2ca0a6fd877]::panicking::panic_with_hook
[INFO] [stdout]    7:     0x62f28ce290c2 - std[617be2ca0a6fd877]::panicking::panic_handler::{closure#0}
[INFO] [stdout]    8:     0x62f28ce21ab9 - std[617be2ca0a6fd877]::sys::backtrace::__rust_end_short_backtrace::<std[617be2ca0a6fd877]::panicking::panic_handler::{closure#0}, !>
[INFO] [stdout]    9:     0x62f28ce29ebd - __rustc[ea4f61d10b84890b]::rust_begin_unwind
[INFO] [stdout]   10:     0x62f28ce63dec - core[a373ad73a504971]::panicking::panic_fmt
[INFO] [stdout]   11:     0x62f28ce63bc2 - core[a373ad73a504971]::result::unwrap_failed
[INFO] [stdout]   12:     0x62f28cd91482 - <selenium_webdriver[b626a1f7d57de766]::browser::Browser>::start_session
[INFO] [stdout]   13:     0x62f28cda4849 - <selenium_webdriver[b626a1f7d57de766]::browser::core_fns_tests::screensh::{closure#0} as core[a373ad73a504971]::ops::function::FnOnce<()>>::call_once
[INFO] [stdout]   14:     0x62f28cdd411b - test[aada8e7e76ba119b]::__rust_begin_short_backtrace::<core[a373ad73a504971]::result::Result<(), alloc[2e1b2a31b91974c5]::string::String>, fn() -> core[a373ad73a504971]::result::Result<(), alloc[2e1b2a31b91974c5]::string::String>>
[INFO] [stdout]   15:     0x62f28cde12f5 - test[aada8e7e76ba119b]::run_test::{closure#0}
[INFO] [stdout]   16:     0x62f28cddabe4 - std[617be2ca0a6fd877]::sys::backtrace::__rust_begin_short_backtrace::<test[aada8e7e76ba119b]::run_test::{closure#1}, ()>
[INFO] [stdout]   17:     0x62f28cde4382 - <std[617be2ca0a6fd877]::thread::lifecycle::spawn_unchecked<test[aada8e7e76ba119b]::run_test::{closure#1}, ()>::{closure#1} as core[a373ad73a504971]::ops::function::FnOnce<()>>::call_once::{shim:vtable#0}
[INFO] [stdout]   18:     0x62f28ce4c8ef - <std[617be2ca0a6fd877]::sys::thread::unix::Thread>::new::thread_start
[INFO] [stdout]   19:     0x7ddc4704edfa - <unknown>
[INFO] [stdout]   20:     0x7ddc470e23d4 - clone
[INFO] [stdout]   21:                0x0 - <unknown>
[INFO] [stdout] 
[INFO] [stdout] ---- browser::core_fns_tests::rel_actions stdout ----
[INFO] [stdout] 
[INFO] [stdout] thread 'browser::core_fns_tests::rel_actions' (560) panicked at src/browser.rs:83:130:
[INFO] [stdout] called `Result::unwrap()` on an `Err` value: Os { code: 111, kind: ConnectionRefused, message: "Connection refused" }
[INFO] [stdout] stack backtrace:
[INFO] [stdout]    0:     0x62f28ce4daa1 - <<std[617be2ca0a6fd877]::sys::backtrace::BacktraceLock>::print::DisplayBacktrace as core[a373ad73a504971]::fmt::Display>::fmt
[INFO] [stdout]    1:     0x62f28ce636ba - core[a373ad73a504971]::fmt::write
[INFO] [stdout]    2:     0x62f28ce520ac - <alloc[2e1b2a31b91974c5]::vec::Vec<u8> as core[a373ad73a504971]::io::write::Write>::write_fmt
[INFO] [stdout]    3:     0x62f28ce29016 - std[617be2ca0a6fd877]::panicking::default_hook::{closure#0}
[INFO] [stdout]    4:     0x62f28ce45589 - std[617be2ca0a6fd877]::panicking::default_hook
[INFO] [stdout]    5:     0x62f28cde0cd0 - test[aada8e7e76ba119b]::test_main_inner::{closure#0}
[INFO] [stdout]    6:     0x62f28ce45742 - std[617be2ca0a6fd877]::panicking::panic_with_hook
[INFO] [stdout]    7:     0x62f28ce290c2 - std[617be2ca0a6fd877]::panicking::panic_handler::{closure#0}
[INFO] [stdout]    8:     0x62f28ce21ab9 - std[617be2ca0a6fd877]::sys::backtrace::__rust_end_short_backtrace::<std[617be2ca0a6fd877]::panicking::panic_handler::{closure#0}, !>
[INFO] [stdout]    9:     0x62f28ce29ebd - __rustc[ea4f61d10b84890b]::rust_begin_unwind
[INFO] [stdout]   10:     0x62f28ce63dec - core[a373ad73a504971]::panicking::panic_fmt
[INFO] [stdout]   11:     0x62f28ce63bc2 - core[a373ad73a504971]::result::unwrap_failed
[INFO] [stdout]   12:     0x62f28cd91482 - <selenium_webdriver[b626a1f7d57de766]::browser::Browser>::start_session
[INFO] [stdout]   13:     0x62f28cd9c499 - <selenium_webdriver[b626a1f7d57de766]::browser::core_fns_tests::rel_actions::{closure#0} as core[a373ad73a504971]::ops::function::FnOnce<()>>::call_once
[INFO] [stdout]   14:     0x62f28cdd411b - test[aada8e7e76ba119b]::__rust_begin_short_backtrace::<core[a373ad73a504971]::result::Result<(), alloc[2e1b2a31b91974c5]::string::String>, fn() -> core[a373ad73a504971]::result::Result<(), alloc[2e1b2a31b91974c5]::string::String>>
[INFO] [stdout]   15:     0x62f28cde12f5 - test[aada8e7e76ba119b]::run_test::{closure#0}
[INFO] [stdout]   16:     0x62f28cddabe4 - std[617be2ca0a6fd877]::sys::backtrace::__rust_begin_short_backtrace::<test[aada8e7e76ba119b]::run_test::{closure#1}, ()>
[INFO] [stdout]   17:     0x62f28cde4382 - <std[617be2ca0a6fd877]::thread::lifecycle::spawn_unchecked<test[aada8e7e76ba119b]::run_test::{closure#1}, ()>::{closure#1} as core[a373ad73a504971]::ops::function::FnOnce<()>>::call_once::{shim:vtable#0}
[INFO] [stdout]   18:     0x62f28ce4c8ef - <std[617be2ca0a6fd877]::sys::thread::unix::Thread>::new::thread_start
[INFO] [stdout]   19:     0x7ddc4704edfa - <unknown>
[INFO] [stdout]   20:     0x7ddc470e23d4 - clone
[INFO] [stdout]   21:                0x0 - <unknown>
[INFO] [stdout] 
[INFO] [stdout] ---- browser::core_fns_tests::switch_window stdout ----
[INFO] [stdout] 
[INFO] [stdout] thread 'browser::core_fns_tests::switch_window' (570) panicked at src/browser.rs:83:130:
[INFO] [stdout] called `Result::unwrap()` on an `Err` value: Os { code: 111, kind: ConnectionRefused, message: "Connection refused" }
[INFO] [stdout] stack backtrace:
[INFO] [stdout]    0:     0x62f28ce4daa1 - <<std[617be2ca0a6fd877]::sys::backtrace::BacktraceLock>::print::DisplayBacktrace as core[a373ad73a504971]::fmt::Display>::fmt
[INFO] [stdout]    1:     0x62f28ce636ba - core[a373ad73a504971]::fmt::write
[INFO] [stdout]    2:     0x62f28ce520ac - <alloc[2e1b2a31b91974c5]::vec::Vec<u8> as core[a373ad73a504971]::io::write::Write>::write_fmt
[INFO] [stdout]    3:     0x62f28ce29016 - std[617be2ca0a6fd877]::panicking::default_hook::{closure#0}
[INFO] [stdout]    4:     0x62f28ce45589 - std[617be2ca0a6fd877]::panicking::default_hook
[INFO] [stdout]    5:     0x62f28cde0cd0 - test[aada8e7e76ba119b]::test_main_inner::{closure#0}
[INFO] [stdout]    6:     0x62f28ce45742 - std[617be2ca0a6fd877]::panicking::panic_with_hook
[INFO] [stdout]    7:     0x62f28ce290c2 - std[617be2ca0a6fd877]::panicking::panic_handler::{closure#0}
[INFO] [stdout]    8:     0x62f28ce21ab9 - std[617be2ca0a6fd877]::sys::backtrace::__rust_end_short_backtrace::<std[617be2ca0a6fd877]::panicking::panic_handler::{closure#0}, !>
[INFO] [stdout]    9:     0x62f28ce29ebd - __rustc[ea4f61d10b84890b]::rust_begin_unwind
[INFO] [stdout]   10:     0x62f28ce63dec - core[a373ad73a504971]::panicking::panic_fmt
[INFO] [stdout]   11:     0x62f28ce63bc2 - core[a373ad73a504971]::result::unwrap_failed
[INFO] [stdout]   12:     0x62f28cd91482 - <selenium_webdriver[b626a1f7d57de766]::browser::Browser>::start_session
[INFO] [stdout]   13:     0x62f28cd9f579 - <selenium_webdriver[b626a1f7d57de766]::browser::core_fns_tests::switch_window::{closure#0} as core[a373ad73a504971]::ops::function::FnOnce<()>>::call_once
[INFO] [stdout]   14:     0x62f28cdd411b - test[aada8e7e76ba119b]::__rust_begin_short_backtrace::<core[a373ad73a504971]::result::Result<(), alloc[2e1b2a31b91974c5]::string::String>, fn() -> core[a373ad73a504971]::result::Result<(), alloc[2e1b2a31b91974c5]::string::String>>
[INFO] [stdout]   15:     0x62f28cde12f5 - test[aada8e7e76ba119b]::run_test::{closure#0}
[INFO] [stdout]   16:     0x62f28cddabe4 - std[617be2ca0a6fd877]::sys::backtrace::__rust_begin_short_backtrace::<test[aada8e7e76ba119b]::run_test::{closure#1}, ()>
[INFO] [stdout]   17:     0x62f28cde4382 - <std[617be2ca0a6fd877]::thread::lifecycle::spawn_unchecked<test[aada8e7e76ba119b]::run_test::{closure#1}, ()>::{closure#1} as core[a373ad73a504971]::ops::function::FnOnce<()>>::call_once::{shim:vtable#0}
[INFO] [stdout]   18:     0x62f28ce4c8ef - <std[617be2ca0a6fd877]::sys::thread::unix::Thread>::new::thread_start
[INFO] [stdout]   19:     0x7ddc4704edfa - <unknown>
[INFO] [stdout]   20:     0x7ddc470e23d4 - clone
[INFO] [stdout]   21:                0x0 - <unknown>
[INFO] [stdout] 
[INFO] [stdout] ---- browser::core_fns_tests::set_wind_rect stdout ----
[INFO] [stdout] 
[INFO] [stdout] thread 'browser::core_fns_tests::set_wind_rect' (564) panicked at src/browser.rs:83:130:
[INFO] [stdout] called `Result::unwrap()` on an `Err` value: Os { code: 111, kind: ConnectionRefused, message: "Connection refused" }
[INFO] [stdout] stack backtrace:
[INFO] [stdout]    0:     0x62f28ce4daa1 - <<std[617be2ca0a6fd877]::sys::backtrace::BacktraceLock>::print::DisplayBacktrace as core[a373ad73a504971]::fmt::Display>::fmt
[INFO] [stdout]    1:     0x62f28ce636ba - core[a373ad73a504971]::fmt::write
[INFO] [stdout]    2:     0x62f28ce520ac - <alloc[2e1b2a31b91974c5]::vec::Vec<u8> as core[a373ad73a504971]::io::write::Write>::write_fmt
[INFO] [stdout]    3:     0x62f28ce29016 - std[617be2ca0a6fd877]::panicking::default_hook::{closure#0}
[INFO] [stdout]    4:     0x62f28ce45589 - std[617be2ca0a6fd877]::panicking::default_hook
[INFO] [stdout]    5:     0x62f28cde0cd0 - test[aada8e7e76ba119b]::test_main_inner::{closure#0}
[INFO] [stdout]    6:     0x62f28ce45742 - std[617be2ca0a6fd877]::panicking::panic_with_hook
[INFO] [stdout]    7:     0x62f28ce290c2 - std[617be2ca0a6fd877]::panicking::panic_handler::{closure#0}
[INFO] [stdout]    8:     0x62f28ce21ab9 - std[617be2ca0a6fd877]::sys::backtrace::__rust_end_short_backtrace::<std[617be2ca0a6fd877]::panicking::panic_handler::{closure#0}, !>
[INFO] [stdout]    9:     0x62f28ce29ebd - __rustc[ea4f61d10b84890b]::rust_begin_unwind
[INFO] [stdout]   10:     0x62f28ce63dec - core[a373ad73a504971]::panicking::panic_fmt
[INFO] [stdout]   11:     0x62f28ce63bc2 - core[a373ad73a504971]::result::unwrap_failed
[INFO] [stdout]   12:     0x62f28cd91482 - <selenium_webdriver[b626a1f7d57de766]::browser::Browser>::start_session
[INFO] [stdout]   13:     0x62f28cd9f059 - <selenium_webdriver[b626a1f7d57de766]::browser::core_fns_tests::set_wind_rect::{closure#0} as core[a373ad73a504971]::ops::function::FnOnce<()>>::call_once
[INFO] [stdout]   14:     0x62f28cdd411b - test[aada8e7e76ba119b]::__rust_begin_short_backtrace::<core[a373ad73a504971]::result::Result<(), alloc[2e1b2a31b91974c5]::string::String>, fn() -> core[a373ad73a504971]::result::Result<(), alloc[2e1b2a31b91974c5]::string::String>>
[INFO] [stdout]   15:     0x62f28cde12f5 - test[aada8e7e76ba119b]::run_test::{closure#0}
[INFO] [stdout]   16:     0x62f28cddabe4 - std[617be2ca0a6fd877]::sys::backtrace::__rust_begin_short_backtrace::<test[aada8e7e76ba119b]::run_test::{closure#1}, ()>
[INFO] [stdout]   17:     0x62f28cde4382 - <std[617be2ca0a6fd877]::thread::lifecycle::spawn_unchecked<test[aada8e7e76ba119b]::run_test::{closure#1}, ()>::{closure#1} as core[a373ad73a504971]::ops::function::FnOnce<()>>::call_once::{shim:vtable#0}
[INFO] [stdout]   18:     0x62f28ce4c8ef - <std[617be2ca0a6fd877]::sys::thread::unix::Thread>::new::thread_start
[INFO] [stdout]   19:     0x7ddc4704edfa - <unknown>
[INFO] [stdout]   20:     0x7ddc470e23d4 - clone
[INFO] [stdout]   21:                0x0 - <unknown>
[INFO] [stdout] 
[INFO] [stdout] ---- browser::core_fns_tests::src stdout ----
[INFO] [stdout] 
[INFO] [stdout] thread 'browser::core_fns_tests::src' (565) panicked at src/browser.rs:83:130:
[INFO] [stdout] called `Result::unwrap()` on an `Err` value: Os { code: 111, kind: ConnectionRefused, message: "Connection refused" }
[INFO] [stdout] stack backtrace:
[INFO] [stdout]    0:     0x62f28ce4daa1 - <<std[617be2ca0a6fd877]::sys::backtrace::BacktraceLock>::print::DisplayBacktrace as core[a373ad73a504971]::fmt::Display>::fmt
[INFO] [stdout]    1:     0x62f28ce636ba - core[a373ad73a504971]::fmt::write
[INFO] [stdout]    2:     0x62f28ce520ac - <alloc[2e1b2a31b91974c5]::vec::Vec<u8> as core[a373ad73a504971]::io::write::Write>::write_fmt
[INFO] [stdout]    3:     0x62f28ce29016 - std[617be2ca0a6fd877]::panicking::default_hook::{closure#0}
[INFO] [stdout]    4:     0x62f28ce45589 - std[617be2ca0a6fd877]::panicking::default_hook
[INFO] [stdout]    5:     0x62f28cde0cd0 - test[aada8e7e76ba119b]::test_main_inner::{closure#0}
[INFO] [stdout]    6:     0x62f28ce45742 - std[617be2ca0a6fd877]::panicking::panic_with_hook
[INFO] [stdout]    7:     0x62f28ce290c2 - std[617be2ca0a6fd877]::panicking::panic_handler::{closure#0}
[INFO] [stdout]    8:     0x62f28ce21ab9 - std[617be2ca0a6fd877]::sys::backtrace::__rust_end_short_backtrace::<std[617be2ca0a6fd877]::panicking::panic_handler::{closure#0}, !>
[INFO] [stdout]    9:     0x62f28ce29ebd - __rustc[ea4f61d10b84890b]::rust_begin_unwind
[INFO] [stdout]   10:     0x62f28ce63dec - core[a373ad73a504971]::panicking::panic_fmt
[INFO] [stdout]   11:     0x62f28ce63bc2 - core[a373ad73a504971]::result::unwrap_failed
[INFO] [stdout]   12:     0x62f28cd91482 - <selenium_webdriver[b626a1f7d57de766]::browser::Browser>::start_session
[INFO] [stdout]   13:     0x62f28cda21cd - <selenium_webdriver[b626a1f7d57de766]::browser::core_fns_tests::src::{closure#0} as core[a373ad73a504971]::ops::function::FnOnce<()>>::call_once
[INFO] [stdout]   14:     0x62f28cdd411b - test[aada8e7e76ba119b]::__rust_begin_short_backtrace::<core[a373ad73a504971]::result::Result<(), alloc[2e1b2a31b91974c5]::string::String>, fn() -> core[a373ad73a504971]::result::Result<(), alloc[2e1b2a31b91974c5]::string::String>>
[INFO] [stdout]   15:     0x62f28cde12f5 - test[aada8e7e76ba119b]::run_test::{closure#0}
[INFO] [stdout]   16:     0x62f28cddabe4 - std[617be2ca0a6fd877]::sys::backtrace::__rust_begin_short_backtrace::<test[aada8e7e76ba119b]::run_test::{closure#1}, ()>
[INFO] [stdout]   17:     0x62f28cde4382 - <std[617be2ca0a6fd877]::thread::lifecycle::spawn_unchecked<test[aada8e7e76ba119b]::run_test::{closure#1}, ()>::{closure#1} as core[a373ad73a504971]::ops::function::FnOnce<()>>::call_once::{shim:vtable#0}
[INFO] [stdout]   18:     0x62f28ce4c8ef - <std[617be2ca0a6fd877]::sys::thread::unix::Thread>::new::thread_start
[INFO] [stdout]   19:     0x7ddc4704edfa - <unknown>
[INFO] [stdout]   20:     0x7ddc470e23d4 - clone
[INFO] [stdout]   21:                0x0 - <unknown>
[INFO] [stdout] 
[INFO] [stdout] ---- browser::core_fns_tests::sub_els stdout ----
[INFO] [stdout] 
[INFO] [stdout] thread 'browser::core_fns_tests::sub_els' (566) panicked at src/browser.rs:83:130:
[INFO] [stdout] called `Result::unwrap()` on an `Err` value: Os { code: 111, kind: ConnectionRefused, message: "Connection refused" }
[INFO] [stdout] stack backtrace:
[INFO] [stdout]    0:     0x62f28ce4daa1 - <<std[617be2ca0a6fd877]::sys::backtrace::BacktraceLock>::print::DisplayBacktrace as core[a373ad73a504971]::fmt::Display>::fmt
[INFO] [stdout]    1:     0x62f28ce636ba - core[a373ad73a504971]::fmt::write
[INFO] [stdout]    2:     0x62f28ce520ac - <alloc[2e1b2a31b91974c5]::vec::Vec<u8> as core[a373ad73a504971]::io::write::Write>::write_fmt
[INFO] [stdout]    3:     0x62f28ce29016 - std[617be2ca0a6fd877]::panicking::default_hook::{closure#0}
[INFO] [stdout]    4:     0x62f28ce45589 - std[617be2ca0a6fd877]::panicking::default_hook
[INFO] [stdout]    5:     0x62f28cde0cd0 - test[aada8e7e76ba119b]::test_main_inner::{closure#0}
[INFO] [stdout]    6:     0x62f28ce45742 - std[617be2ca0a6fd877]::panicking::panic_with_hook
[INFO] [stdout]    7:     0x62f28ce290c2 - std[617be2ca0a6fd877]::panicking::panic_handler::{closure#0}
[INFO] [stdout]    8:     0x62f28ce21ab9 - std[617be2ca0a6fd877]::sys::backtrace::__rust_end_short_backtrace::<std[617be2ca0a6fd877]::panicking::panic_handler::{closure#0}, !>
[INFO] [stdout]    9:     0x62f28ce29ebd - __rustc[ea4f61d10b84890b]::rust_begin_unwind
[INFO] [stdout]   10:     0x62f28ce63dec - core[a373ad73a504971]::panicking::panic_fmt
[INFO] [stdout]   11:     0x62f28ce63bc2 - core[a373ad73a504971]::result::unwrap_failed
[INFO] [stdout]   12:     0x62f28cd91482 - <selenium_webdriver[b626a1f7d57de766]::browser::Browser>::start_session
[INFO] [stdout]   13:     0x62f28cda34ff - <selenium_webdriver[b626a1f7d57de766]::browser::core_fns_tests::sub_els::{closure#0} as core[a373ad73a504971]::ops::function::FnOnce<()>>::call_once
[INFO] [stdout]   14:     0x62f28cdd411b - test[aada8e7e76ba119b]::__rust_begin_short_backtrace::<core[a373ad73a504971]::result::Result<(), alloc[2e1b2a31b91974c5]::string::String>, fn() -> core[a373ad73a504971]::result::Result<(), alloc[2e1b2a31b91974c5]::string::String>>
[INFO] [stdout]   15:     0x62f28cde12f5 - test[aada8e7e76ba119b]::run_test::{closure#0}
[INFO] [stdout]   16:     0x62f28cddabe4 - std[617be2ca0a6fd877]::sys::backtrace::__rust_begin_short_backtrace::<test[aada8e7e76ba119b]::run_test::{closure#1}, ()>
[INFO] [stdout]   17:     0x62f28cde4382 - <std[617be2ca0a6fd877]::thread::lifecycle::spawn_unchecked<test[aada8e7e76ba119b]::run_test::{closure#1}, ()>::{closure#1} as core[a373ad73a504971]::ops::function::FnOnce<()>>::call_once::{shim:vtable#0}
[INFO] [stdout]   18:     0x62f28ce4c8ef - <std[617be2ca0a6fd877]::sys::thread::unix::Thread>::new::thread_start
[INFO] [stdout]   19:     0x7ddc4704edfa - <unknown>
[INFO] [stdout]   20:     0x7ddc470e23d4 - clone
[INFO] [stdout]   21:                0x0 - <unknown>
[INFO] [stdout] 
[INFO] [stdout] ---- browser::core_fns_tests::sw_t_fr_by_el stdout ----
[INFO] [stdout] 
[INFO] [stdout] thread 'browser::core_fns_tests::sw_t_fr_by_el' (567) panicked at src/browser.rs:83:130:
[INFO] [stdout] called `Result::unwrap()` on an `Err` value: Os { code: 111, kind: ConnectionRefused, message: "Connection refused" }
[INFO] [stdout] stack backtrace:
[INFO] [stdout]    0:     0x62f28ce4daa1 - <<std[617be2ca0a6fd877]::sys::backtrace::BacktraceLock>::print::DisplayBacktrace as core[a373ad73a504971]::fmt::Display>::fmt
[INFO] [stdout]    1:     0x62f28ce636ba - core[a373ad73a504971]::fmt::write
[INFO] [stdout]    2:     0x62f28ce520ac - <alloc[2e1b2a31b91974c5]::vec::Vec<u8> as core[a373ad73a504971]::io::write::Write>::write_fmt
[INFO] [stdout]    3:     0x62f28ce29016 - std[617be2ca0a6fd877]::panicking::default_hook::{closure#0}
[INFO] [stdout]    4:     0x62f28ce45589 - std[617be2ca0a6fd877]::panicking::default_hook
[INFO] [stdout]    5:     0x62f28cde0cd0 - test[aada8e7e76ba119b]::test_main_inner::{closure#0}
[INFO] [stdout]    6:     0x62f28ce45742 - std[617be2ca0a6fd877]::panicking::panic_with_hook
[INFO] [stdout]    7:     0x62f28ce290c2 - std[617be2ca0a6fd877]::panicking::panic_handler::{closure#0}
[INFO] [stdout]    8:     0x62f28ce21ab9 - std[617be2ca0a6fd877]::sys::backtrace::__rust_end_short_backtrace::<std[617be2ca0a6fd877]::panicking::panic_handler::{closure#0}, !>
[INFO] [stdout]    9:     0x62f28ce29ebd - __rustc[ea4f61d10b84890b]::rust_begin_unwind
[INFO] [stdout]   10:     0x62f28ce63dec - core[a373ad73a504971]::panicking::panic_fmt
[INFO] [stdout]   11:     0x62f28ce63bc2 - core[a373ad73a504971]::result::unwrap_failed
[INFO] [stdout]   12:     0x62f28cd91482 - <selenium_webdriver[b626a1f7d57de766]::browser::Browser>::start_session
[INFO] [stdout]   13:     0x62f28cd9f239 - <selenium_webdriver[b626a1f7d57de766]::browser::core_fns_tests::sw_t_fr_by_el::{closure#0} as core[a373ad73a504971]::ops::function::FnOnce<()>>::call_once
[INFO] [stdout]   14:     0x62f28cdd411b - test[aada8e7e76ba119b]::__rust_begin_short_backtrace::<core[a373ad73a504971]::result::Result<(), alloc[2e1b2a31b91974c5]::string::String>, fn() -> core[a373ad73a504971]::result::Result<(), alloc[2e1b2a31b91974c5]::string::String>>
[INFO] [stdout]   15:     0x62f28cde12f5 - test[aada8e7e76ba119b]::run_test::{closure#0}
[INFO] [stdout]   16:     0x62f28cddabe4 - std[617be2ca0a6fd877]::sys::backtrace::__rust_begin_short_backtrace::<test[aada8e7e76ba119b]::run_test::{closure#1}, ()>
[INFO] [stdout]   17:     0x62f28cde4382 - <std[617be2ca0a6fd877]::thread::lifecycle::spawn_unchecked<test[aada8e7e76ba119b]::run_test::{closure#1}, ()>::{closure#1} as core[a373ad73a504971]::ops::function::FnOnce<()>>::call_once::{shim:vtable#0}
[INFO] [stdout]   18:     0x62f28ce4c8ef - <std[617be2ca0a6fd877]::sys::thread::unix::Thread>::new::thread_start
[INFO] [stdout]   19:     0x7ddc4704edfa - <unknown>
[INFO] [stdout]   20:     0x7ddc470e23d4 - clone
[INFO] [stdout]   21:                0x0 - <unknown>
[INFO] [stdout] 
[INFO] [stdout] ---- browser::core_fns_tests::sw_to_par_fr stdout ----
[INFO] [stdout] 
[INFO] [stdout] thread 'browser::core_fns_tests::sw_to_par_fr' (569) panicked at src/browser.rs:83:130:
[INFO] [stdout] called `Result::unwrap()` on an `Err` value: Os { code: 111, kind: ConnectionRefused, message: "Connection refused" }
[INFO] [stdout] stack backtrace:
[INFO] [stdout]    0:     0x62f28ce4daa1 - <<std[617be2ca0a6fd877]::sys::backtrace::BacktraceLock>::print::DisplayBacktrace as core[a373ad73a504971]::fmt::Display>::fmt
[INFO] [stdout]    1:     0x62f28ce636ba - core[a373ad73a504971]::fmt::write
[INFO] [stdout]    2:     0x62f28ce520ac - <alloc[2e1b2a31b91974c5]::vec::Vec<u8> as core[a373ad73a504971]::io::write::Write>::write_fmt
[INFO] [stdout]    3:     0x62f28ce29016 - std[617be2ca0a6fd877]::panicking::default_hook::{closure#0}
[INFO] [stdout]    4:     0x62f28ce45589 - std[617be2ca0a6fd877]::panicking::default_hook
[INFO] [stdout]    5:     0x62f28cde0cd0 - test[aada8e7e76ba119b]::test_main_inner::{closure#0}
[INFO] [stdout]    6:     0x62f28ce45742 - std[617be2ca0a6fd877]::panicking::panic_with_hook
[INFO] [stdout]    7:     0x62f28ce290c2 - std[617be2ca0a6fd877]::panicking::panic_handler::{closure#0}
[INFO] [stdout]    8:     0x62f28ce21ab9 - std[617be2ca0a6fd877]::sys::backtrace::__rust_end_short_backtrace::<std[617be2ca0a6fd877]::panicking::panic_handler::{closure#0}, !>
[INFO] [stdout]    9:     0x62f28ce29ebd - __rustc[ea4f61d10b84890b]::rust_begin_unwind
[INFO] [stdout]   10:     0x62f28ce63dec - core[a373ad73a504971]::panicking::panic_fmt
[INFO] [stdout]   11:     0x62f28ce63bc2 - core[a373ad73a504971]::result::unwrap_failed
[INFO] [stdout]   12:     0x62f28cd91482 - <selenium_webdriver[b626a1f7d57de766]::browser::Browser>::start_session
[INFO] [stdout]   13:     0x62f28cd9de46 - <selenium_webdriver[b626a1f7d57de766]::browser::core_fns_tests::sw_to_par_fr::{closure#0} as core[a373ad73a504971]::ops::function::FnOnce<()>>::call_once
[INFO] [stdout]   14:     0x62f28cdd411b - test[aada8e7e76ba119b]::__rust_begin_short_backtrace::<core[a373ad73a504971]::result::Result<(), alloc[2e1b2a31b91974c5]::string::String>, fn() -> core[a373ad73a504971]::result::Result<(), alloc[2e1b2a31b91974c5]::string::String>>
[INFO] [stdout]   15:     0x62f28cde12f5 - test[aada8e7e76ba119b]::run_test::{closure#0}
[INFO] [stdout]   16:     0x62f28cddabe4 - std[617be2ca0a6fd877]::sys::backtrace::__rust_begin_short_backtrace::<test[aada8e7e76ba119b]::run_test::{closure#1}, ()>
[INFO] [stdout]   17:     0x62f28cde4382 - <std[617be2ca0a6fd877]::thread::lifecycle::spawn_unchecked<test[aada8e7e76ba119b]::run_test::{closure#1}, ()>::{closure#1} as core[a373ad73a504971]::ops::function::FnOnce<()>>::call_once::{shim:vtable#0}
[INFO] [stdout]   18:     0x62f28ce4c8ef - <std[617be2ca0a6fd877]::sys::thread::unix::Thread>::new::thread_start
[INFO] [stdout]   19:     0x7ddc4704edfa - <unknown>
[INFO] [stdout]   20:     0x7ddc470e23d4 - clone
[INFO] [stdout]   21:                0x0 - <unknown>
[INFO] [stdout] 
[INFO] [stdout] ---- browser::core_fns_tests::set_timeouts stdout ----
[INFO] [stdout] 
[INFO] [stdout] thread 'browser::core_fns_tests::set_timeouts' (563) panicked at src/browser.rs:83:130:
[INFO] [stdout] called `Result::unwrap()` on an `Err` value: Os { code: 111, kind: ConnectionRefused, message: "Connection refused" }
[INFO] [stdout] stack backtrace:
[INFO] [stdout]    0:     0x62f28ce4daa1 - <<std[617be2ca0a6fd877]::sys::backtrace::BacktraceLock>::print::DisplayBacktrace as core[a373ad73a504971]::fmt::Display>::fmt
[INFO] [stdout]    1:     0x62f28ce636ba - core[a373ad73a504971]::fmt::write
[INFO] [stdout]    2:     0x62f28ce520ac - <alloc[2e1b2a31b91974c5]::vec::Vec<u8> as core[a373ad73a504971]::io::write::Write>::write_fmt
[INFO] [stdout]    3:     0x62f28ce29016 - std[617be2ca0a6fd877]::panicking::default_hook::{closure#0}
[INFO] [stdout]    4:     0x62f28ce45589 - std[617be2ca0a6fd877]::panicking::default_hook
[INFO] [stdout]    5:     0x62f28cde0cd0 - test[aada8e7e76ba119b]::test_main_inner::{closure#0}
[INFO] [stdout]    6:     0x62f28ce45742 - std[617be2ca0a6fd877]::panicking::panic_with_hook
[INFO] [stdout]    7:     0x62f28ce290c2 - std[617be2ca0a6fd877]::panicking::panic_handler::{closure#0}
[INFO] [stdout]    8:     0x62f28ce21ab9 - std[617be2ca0a6fd877]::sys::backtrace::__rust_end_short_backtrace::<std[617be2ca0a6fd877]::panicking::panic_handler::{closure#0}, !>
[INFO] [stdout]    9:     0x62f28ce29ebd - __rustc[ea4f61d10b84890b]::rust_begin_unwind
[INFO] [stdout]   10:     0x62f28ce63dec - core[a373ad73a504971]::panicking::panic_fmt
[INFO] [stdout]   11:     0x62f28ce63bc2 - core[a373ad73a504971]::result::unwrap_failed
[INFO] [stdout]   12:     0x62f28cd91482 - <selenium_webdriver[b626a1f7d57de766]::browser::Browser>::start_session
[INFO] [stdout]   13:     0x62f28cd9dcd6 - <selenium_webdriver[b626a1f7d57de766]::browser::core_fns_tests::set_timeouts::{closure#0} as core[a373ad73a504971]::ops::function::FnOnce<()>>::call_once
[INFO] [stdout]   14:     0x62f28cdd411b - test[aada8e7e76ba119b]::__rust_begin_short_backtrace::<core[a373ad73a504971]::result::Result<(), alloc[2e1b2a31b91974c5]::string::String>, fn() -> core[a373ad73a504971]::result::Result<(), alloc[2e1b2a31b91974c5]::string::String>>
[INFO] [stdout]   15:     0x62f28cde12f5 - test[aada8e7e76ba119b]::run_test::{closure#0}
[INFO] [stdout]   16:     0x62f28cddabe4 - std[617be2ca0a6fd877]::sys::backtrace::__rust_begin_short_backtrace::<test[aada8e7e76ba119b]::run_test::{closure#1}, ()>
[INFO] [stdout]   17:     0x62f28cde4382 - <std[617be2ca0a6fd877]::thread::lifecycle::spawn_unchecked<test[aada8e7e76ba119b]::run_test::{closure#1}, ()>::{closure#1} as core[a373ad73a504971]::ops::function::FnOnce<()>>::call_once::{shim:vtable#0}
[INFO] [stdout]   18:     0x62f28ce4c8ef - <std[617be2ca0a6fd877]::sys::thread::unix::Thread>::new::thread_start
[INFO] [stdout]   19:     0x7ddc4704edfa - <unknown>
[INFO] [stdout]   20:     0x7ddc470e23d4 - clone
[INFO] [stdout]   21:                0x0 - <unknown>
[INFO] [stdout] 
[INFO] [stdout] ---- reqs::ge_t_status stdout ----
[INFO] [stdout] 
[INFO] [stdout] thread 'reqs::ge_t_status' (589) panicked at src/reqs.rs:269:94:
[INFO] [stdout] called `Result::unwrap()` on an `Err` value: Os { code: 111, kind: ConnectionRefused, message: "Connection refused" }
[INFO] [stdout] stack backtrace:
[INFO] [stdout]    0:     0x62f28ce4daa1 - <<std[617be2ca0a6fd877]::sys::backtrace::BacktraceLock>::print::DisplayBacktrace as core[a373ad73a504971]::fmt::Display>::fmt
[INFO] [stdout]    1:     0x62f28ce636ba - core[a373ad73a504971]::fmt::write
[INFO] [stdout]    2:     0x62f28ce520ac - <alloc[2e1b2a31b91974c5]::vec::Vec<u8> as core[a373ad73a504971]::io::write::Write>::write_fmt
[INFO] [stdout]    3:     0x62f28ce29016 - std[617be2ca0a6fd877]::panicking::default_hook::{closure#0}
[INFO] [stdout]    4:     0x62f28ce45589 - std[617be2ca0a6fd877]::panicking::default_hook
[INFO] [stdout]    5:     0x62f28cde0cd0 - test[aada8e7e76ba119b]::test_main_inner::{closure#0}
[INFO] [stdout]    6:     0x62f28ce45742 - std[617be2ca0a6fd877]::panicking::panic_with_hook
[INFO] [stdout]    7:     0x62f28ce290c2 - std[617be2ca0a6fd877]::panicking::panic_handler::{closure#0}
[INFO] [stdout]    8:     0x62f28ce21ab9 - std[617be2ca0a6fd877]::sys::backtrace::__rust_end_short_backtrace::<std[617be2ca0a6fd877]::panicking::panic_handler::{closure#0}, !>
[INFO] [stdout]    9:     0x62f28ce29ebd - __rustc[ea4f61d10b84890b]::rust_begin_unwind
[INFO] [stdout]   10:     0x62f28ce63dec - core[a373ad73a504971]::panicking::panic_fmt
[INFO] [stdout]   11:     0x62f28ce63bc2 - core[a373ad73a504971]::result::unwrap_failed
[INFO] [stdout]   12:     0x62f28cdac693 - <selenium_webdriver[b626a1f7d57de766]::reqs::ge_t_status::{closure#0} as core[a373ad73a504971]::ops::function::FnOnce<()>>::call_once
[INFO] [stdout]   13:     0x62f28cdd411b - test[aada8e7e76ba119b]::__rust_begin_short_backtrace::<core[a373ad73a504971]::result::Result<(), alloc[2e1b2a31b91974c5]::string::String>, fn() -> core[a373ad73a504971]::result::Result<(), alloc[2e1b2a31b91974c5]::string::String>>
[INFO] [stdout]   14:     0x62f28cde12f5 - test[aada8e7e76ba119b]::run_test::{closure#0}
[INFO] [stdout]   15:     0x62f28cddabe4 - std[617be2ca0a6fd877]::sys::backtrace::__rust_begin_short_backtrace::<test[aada8e7e76ba119b]::run_test::{closure#1}, ()>
[INFO] [stdout]   16:     0x62f28cde4382 - <std[617be2ca0a6fd877]::thread::lifecycle::spawn_unchecked<test[aada8e7e76ba119b]::run_test::{closure#1}, ()>::{closure#1} as core[a373ad73a504971]::ops::function::FnOnce<()>>::call_once::{shim:vtable#0}
[INFO] [stdout]   17:     0x62f28ce4c8ef - <std[617be2ca0a6fd877]::sys::thread::unix::Thread>::new::thread_start
[INFO] [stdout]   18:     0x7ddc4704edfa - <unknown>
[INFO] [stdout]   19:     0x7ddc470e23d4 - clone
[INFO] [stdout]   20:                0x0 - <unknown>
[INFO] [stdout] 
[INFO] [stdout] 
[INFO] [stdout] failures:
[INFO] [stdout]     browser::additional_tests::brow_cap
[INFO] [stdout]     browser::additional_tests::brow_cap_remote
[INFO] [stdout]     browser::additional_tests::brow_chrome_opts
[INFO] [stdout]     browser::additional_tests::brow_firefox_opts
[INFO] [stdout]     browser::additional_tests::rem_lin_chr
[INFO] [stdout]     browser::core_fns_tests::active_el
[INFO] [stdout]     browser::core_fns_tests::add_cookie
[INFO] [stdout]     browser::core_fns_tests::alerts
[INFO] [stdout]     browser::core_fns_tests::back_test
[INFO] [stdout]     browser::core_fns_tests::click_test
[INFO] [stdout]     browser::core_fns_tests::close_window
[INFO] [stdout]     browser::core_fns_tests::cookies
[INFO] [stdout]     browser::core_fns_tests::create_session
[INFO] [stdout]     browser::core_fns_tests::dranddrop
[INFO] [stdout]     browser::core_fns_tests::el_clear
[INFO] [stdout]     browser::core_fns_tests::el_is_enabled
[INFO] [stdout]     browser::core_fns_tests::el_screensh
[INFO] [stdout]     browser::core_fns_tests::el_send_k
[INFO] [stdout]     browser::core_fns_tests::find_element
[INFO] [stdout]     browser::core_fns_tests::find_els
[INFO] [stdout]     browser::core_fns_tests::find_sub_el
[INFO] [stdout]     browser::core_fns_tests::forward_test
[INFO] [stdout]     browser::core_fns_tests::fullsize
[INFO] [stdout]     browser::core_fns_tests::get_arrtib
[INFO] [stdout]     browser::core_fns_tests::get_comp_role
[INFO] [stdout]     browser::core_fns_tests::get_cookie
[INFO] [stdout]     browser::core_fns_tests::get_css_property
[INFO] [stdout]     browser::core_fns_tests::get_el_rect
[INFO] [stdout]     browser::core_fns_tests::get_el_tag
[INFO] [stdout]     browser::core_fns_tests::get_el_text
[INFO] [stdout]     browser::core_fns_tests::get_handles
[INFO] [stdout]     browser::core_fns_tests::get_property
[INFO] [stdout]     browser::core_fns_tests::get_send_alert_text
[INFO] [stdout]     browser::core_fns_tests::get_timeouts
[INFO] [stdout]     browser::core_fns_tests::get_title_test
[INFO] [stdout]     browser::core_fns_tests::get_wind_rect
[INFO] [stdout]     browser::core_fns_tests::go_to_vk
[INFO] [stdout]     browser::core_fns_tests::is_sel
[INFO] [stdout]     browser::core_fns_tests::keys_and_mouse_acts
[INFO] [stdout]     browser::core_fns_tests::maximize
[INFO] [stdout]     browser::core_fns_tests::move_mouse_to_el
[INFO] [stdout]     browser::core_fns_tests::new_window
[INFO] [stdout]     browser::core_fns_tests::per_f_ac_with_keys
[INFO] [stdout]     browser::core_fns_tests::perf_mouse_act
[INFO] [stdout]     browser::core_fns_tests::pr_page
[INFO] [stdout]     browser::core_fns_tests::refresh_test
[INFO] [stdout]     browser::core_fns_tests::rel_actions
[INFO] [stdout]     browser::core_fns_tests::screensh
[INFO] [stdout]     browser::core_fns_tests::script_test
[INFO] [stdout]     browser::core_fns_tests::set_timeouts
[INFO] [stdout]     browser::core_fns_tests::set_wind_rect
[INFO] [stdout]     browser::core_fns_tests::src
[INFO] [stdout]     browser::core_fns_tests::sub_els
[INFO] [stdout]     browser::core_fns_tests::sw_t_fr_by_el
[INFO] [stdout]     browser::core_fns_tests::sw_to_frame_by_id
[INFO] [stdout]     browser::core_fns_tests::sw_to_par_fr
[INFO] [stdout]     browser::core_fns_tests::switch_window
[INFO] [stdout]     browser::core_fns_tests::t_del_cookie
[INFO] [stdout]     browser::core_fns_tests::wheel_ac
[INFO] [stdout]     browser::core_fns_tests::window_handle
[INFO] [stdout]     browser::core_fns_tests::z_del_all_cook
[INFO] [stdout]     reqs::ge_t_status
[INFO] [stdout] 
[INFO] [stdout] test result: FAILED. 24 passed; 62 failed; 0 ignored; 0 measured; 0 filtered out; finished in 0.02s
[INFO] [stdout] 
[INFO] running `Command { std: "docker" "inspect" "b190de33ef8eb5250e293877e955d45f75ac7021c60022bd7aea7dd0d6ecb6c4", kill_on_drop: false }`
[INFO] running `Command { std: "docker" "rm" "-f" "b190de33ef8eb5250e293877e955d45f75ac7021c60022bd7aea7dd0d6ecb6c4", kill_on_drop: false }`
[INFO] [stdout] b190de33ef8eb5250e293877e955d45f75ac7021c60022bd7aea7dd0d6ecb6c4
