[INFO] fetching crate selenium-rs 0.1.2...
[INFO] testing selenium-rs-0.1.2 against 1.100.0-beta.1+cargoflags=--release for beta-release-1.100-2
[INFO] extracting crate selenium-rs 0.1.2 into /workspace/builds/worker-0-tc2/source
[INFO] started tweaking crates.io crate selenium-rs 0.1.2
[INFO] finished tweaking crates.io crate selenium-rs 0.1.2
[INFO] tweaked toml for crates.io crate selenium-rs 0.1.2 written to /workspace/builds/worker-0-tc2/source/Cargo.toml
[INFO] validating manifest of crates.io crate selenium-rs 0.1.2 on toolchain 1.100.0-beta.1
[INFO] running `Command { std: CARGO_HOME="/workspace/cargo-home" RUSTUP_HOME="/workspace/rustup-home" "/workspace/cargo-home/bin/cargo" "+1.100.0-beta.1" "metadata" "--manifest-path" "Cargo.toml" "--no-deps", kill_on_drop: false }`
[INFO] running `Command { std: CARGO_HOME="/workspace/cargo-home" RUSTUP_HOME="/workspace/rustup-home" "/workspace/cargo-home/bin/cargo" "+1.100.0-beta.1" "generate-lockfile" "--manifest-path" "Cargo.toml", kill_on_drop: false }`
[INFO] [stderr]     Updating crates.io index
[INFO] [stderr]     Blocking waiting for file lock on package cache
[INFO] [stderr]      Locking 192 packages to highest compatible versions
[INFO] [stderr]       Adding reqwest v0.9.24 (available: v0.13.5)
[INFO] [stderr]       Adding url v1.7.2 (available: v2.5.8)
[INFO] [stderr]       Adding wasi v0.10.0+wasi-snapshot-preview1 (available: v0.10.2+wasi-snapshot-preview1)
[INFO] running `Command { std: CARGO_HOME="/workspace/cargo-home" RUSTUP_HOME="/workspace/rustup-home" "/workspace/cargo-home/bin/cargo" "+1.100.0-beta.1" "fetch" "--manifest-path" "Cargo.toml", kill_on_drop: false }`
[INFO] [stderr] warning: Cargo.toml: `package.edition` is unspecified, defaulting to `2015` while the latest is `2024`
[INFO] [stderr] warning: `package.homepage` is redundant with `package.repository`
[INFO] [stderr]   --> Cargo.toml:23:12
[INFO] [stderr]    |
[INFO] [stderr] 23 | homepage = "https://github.com/saresend/selenium-rs"
[INFO] [stderr]    |            ^^^^^^^^^^^^^^^^^^^^^^^^^^^^^^^^^^^^^^^^^
[INFO] [stderr] ...
[INFO] [stderr] 28 | repository = "https://github.com/saresend/selenium-rs"
[INFO] [stderr]    |              -----------------------------------------
[INFO] [stderr]    |
[INFO] [stderr]    = note: `cargo::redundant_homepage` is set to `warn` by default
[INFO] [stderr] help: consider removing `package.homepage`
[INFO] [stderr] warning: `selenium-rs` (manifest) generated 2 warnings
[INFO] running `Command { std: "docker" "create" "-v" "/var/lib/crater-agent-workspace/builds/worker-0-tc2/source:/opt/rustwide/workdir:ro,Z" "-v" "/var/lib/crater-agent-workspace/builds/worker-0-tc2/target:/opt/rustwide/target:rw,Z" "-v" "/var/lib/crater-agent-workspace/cargo-home:/opt/rustwide/cargo-home:ro,Z" "-v" "/var/lib/crater-agent-workspace/rustup-home:/opt/rustwide/rustup-home:ro,Z" "-m" "1610612736" "--network" "none" "ghcr.io/rust-lang/crates-build-env/linux@sha256:77db811e55d90add9212f6832c23229e3de5f1c1f9905e8cb07319ea15df73ac" "sleep" "infinity", kill_on_drop: false }`
[INFO] [stdout] 4e60c89657b572710dba61b05f45684584f8fc0d5ac73e043a9c8dcfba68c645
[INFO] running `Command { std: "docker" "start" "4e60c89657b572710dba61b05f45684584f8fc0d5ac73e043a9c8dcfba68c645", kill_on_drop: false }`
[INFO] running `Command { std: "docker" "inspect" "4e60c89657b572710dba61b05f45684584f8fc0d5ac73e043a9c8dcfba68c645", kill_on_drop: false }`
[INFO] running `Command { std: "docker" "exec" "-e" "SOURCE_DIR=/opt/rustwide/workdir" "-e" "CARGO_HOME=/opt/rustwide/cargo-home" "-e" "RUSTUP_HOME=/opt/rustwide/rustup-home" "-e" "CARGO_TARGET_DIR=/opt/rustwide/target" "-w" "/opt/rustwide/workdir" "--user" "0:0" "4e60c89657b572710dba61b05f45684584f8fc0d5ac73e043a9c8dcfba68c645" "/opt/rustwide/cargo-home/bin/cargo" "+1.100.0-beta.1" "metadata" "--no-deps" "--format-version=1", kill_on_drop: false }`
[INFO] running `Command { std: "docker" "inspect" "4e60c89657b572710dba61b05f45684584f8fc0d5ac73e043a9c8dcfba68c645", kill_on_drop: false }`
[INFO] running `Command { std: "docker" "exec" "-e" "SOURCE_DIR=/opt/rustwide/workdir" "-e" "CARGO_HOME=/opt/rustwide/cargo-home" "-e" "RUSTUP_HOME=/opt/rustwide/rustup-home" "-e" "CARGO_TARGET_DIR=/opt/rustwide/target" "-e" "CARGO_INCREMENTAL=0" "-e" "RUST_BACKTRACE=full" "-e" "RUSTFLAGS=--cap-lints=warn" "-e" "RUSTDOCFLAGS=--cap-lints=warn" "-w" "/opt/rustwide/workdir" "--user" "0:0" "4e60c89657b572710dba61b05f45684584f8fc0d5ac73e043a9c8dcfba68c645" "/opt/rustwide/cargo-home/bin/cargo" "+1.100.0-beta.1" "build" "--frozen" "--message-format=json" "--release", kill_on_drop: false }`
[INFO] [stderr] warning: Cargo.toml: `package.edition` is unspecified, defaulting to `2015` while the latest is `2024`
[INFO] [stderr] warning: `package.homepage` is redundant with `package.repository`
[INFO] [stderr]   --> Cargo.toml:23:12
[INFO] [stderr]    |
[INFO] [stderr] 23 | homepage = "https://github.com/saresend/selenium-rs"
[INFO] [stderr]    |            ^^^^^^^^^^^^^^^^^^^^^^^^^^^^^^^^^^^^^^^^^
[INFO] [stderr] ...
[INFO] [stderr] 28 | repository = "https://github.com/saresend/selenium-rs"
[INFO] [stderr]    |              -----------------------------------------
[INFO] [stderr]    |
[INFO] [stderr]    = note: `cargo::redundant_homepage` is set to `warn` by default
[INFO] [stderr] help: consider removing `package.homepage`
[INFO] [stderr] warning: `selenium-rs` (manifest) generated 2 warnings
[INFO] [stderr]    Compiling futures v0.1.31
[INFO] [stderr]    Compiling either v1.19.0
[INFO] [stderr]    Compiling crossbeam-utils v0.7.2
[INFO] [stderr]    Compiling memoffset v0.5.6
[INFO] [stderr]    Compiling crossbeam-epoch v0.8.2
[INFO] [stderr]    Compiling syn v3.0.9
[INFO] [stderr]    Compiling iovec v0.1.4
[INFO] [stderr]    Compiling parking_lot_core v0.6.3
[INFO] [stderr]    Compiling smallvec v0.6.14
[INFO] [stderr]    Compiling parking_lot v0.9.0
[INFO] [stderr]    Compiling net2 v0.2.39
[INFO] [stderr]    Compiling lock_api v0.3.4
[INFO] [stderr]    Compiling syn v1.0.109
[INFO] [stderr]    Compiling failure_derive v0.1.8
[INFO] [stderr]    Compiling openssl-macros v0.1.1
[INFO] [stderr]    Compiling openssl-sys v0.9.117
[INFO] [stderr]    Compiling hyper v0.12.36
[INFO] [stderr]    Compiling mio v0.6.23
[INFO] [stderr]    Compiling crc32fast v1.5.2
[INFO] [stderr]    Compiling backtrace v0.3.76
[INFO] [stderr]    Compiling idna v0.2.3
[INFO] [stderr]    Compiling rand_os v0.1.3
[INFO] [stderr]    Compiling cookie v0.12.0
[INFO] [stderr]    Compiling try_from v0.3.2
[INFO] [stderr]    Compiling dtoa v0.4.8
[INFO] [stderr]    Compiling bytes v0.4.12
[INFO] [stderr]    Compiling rand v0.6.5
[INFO] [stderr]    Compiling base64 v0.10.1
[INFO] [stderr]    Compiling flate2 v1.1.10
[INFO] [stderr]    Compiling openssl v0.10.81
[INFO] [stderr]    Compiling crossbeam-queue v0.2.3
[INFO] [stderr]    Compiling http v0.1.21
[INFO] [stderr]    Compiling string v0.2.1
[INFO] [stderr]    Compiling crossbeam-deque v0.7.4
[INFO] [stderr]    Compiling uuid v0.7.4
[INFO] [stderr]    Compiling tokio-executor v0.1.10
[INFO] [stderr]    Compiling tokio-io v0.1.13
[INFO] [stderr]    Compiling tokio-sync v0.1.8
[INFO] [stderr]    Compiling tokio-buf v0.1.1
[INFO] [stderr]    Compiling want v0.2.0
[INFO] [stderr]    Compiling futures-cpupool v0.1.8
[INFO] [stderr]    Compiling tokio-current-thread v0.1.7
[INFO] [stderr]    Compiling tokio-timer v0.2.13
[INFO] [stderr]    Compiling tokio-threadpool v0.1.18
[INFO] [stderr]    Compiling tokio-reactor v0.1.12
[INFO] [stderr]    Compiling tokio-tcp v0.1.4
[INFO] [stderr]    Compiling tokio v0.1.22
[INFO] [stderr]    Compiling synstructure v0.12.6
[INFO] [stderr]    Compiling h2 v0.1.26
[INFO] [stderr]    Compiling http-body v0.1.0
[INFO] [stderr]    Compiling synstructure v0.14.0
[INFO] [stderr]    Compiling failure v0.1.8
[INFO] [stderr]    Compiling zerovec-derive v0.11.6
[INFO] [stderr]    Compiling displaydoc v0.2.7
[INFO] [stderr]    Compiling serde_derive v1.0.229
[INFO] [stderr]    Compiling zerofrom-derive v0.1.8
[INFO] [stderr]    Compiling yoke-derive v0.8.4
[INFO] [stderr]    Compiling zerofrom v0.1.8
[INFO] [stderr]    Compiling yoke v0.8.3
[INFO] [stderr]    Compiling zerovec v0.11.8
[INFO] [stderr]    Compiling zerotrie v0.2.5
[INFO] [stderr]    Compiling native-tls v0.2.18
[INFO] [stderr]    Compiling tinystr v0.8.4
[INFO] [stderr]    Compiling potential_utf v0.1.6
[INFO] [stderr]    Compiling icu_collections v2.3.0
[INFO] [stderr]    Compiling icu_locale_core v2.3.0
[INFO] [stderr]    Compiling serde v1.0.229
[INFO] [stderr]    Compiling icu_provider v2.3.1
[INFO] [stderr]    Compiling icu_properties v2.3.0
[INFO] [stderr]    Compiling icu_normalizer v2.3.0
[INFO] [stderr]    Compiling serde_urlencoded v0.5.5
[INFO] [stderr]    Compiling idna_adapter v1.2.2
[INFO] [stderr]    Compiling idna v1.1.0
[INFO] [stderr]    Compiling hyper-tls v0.3.2
[INFO] [stderr]    Compiling url v2.5.8
[INFO] [stderr]    Compiling publicsuffix v1.5.6
[INFO] [stderr]    Compiling cookie_store v0.7.0
[INFO] [stderr]    Compiling reqwest v0.9.24
[INFO] [stderr]    Compiling selenium-rs v0.1.2 (/opt/rustwide/workdir)
[INFO] [stdout] warning: hiding a lifetime that's elided elsewhere is confusing
[INFO] [stdout]    --> src/webdriver.rs:172:26
[INFO] [stdout]     |
[INFO] [stdout] 172 |     pub fn query_element(&self, selector: Selector, query: &str) -> reqwest::Result<Element> {
[INFO] [stdout]     |                          ^^^^^ the lifetime is elided here                          ^^^^^^^ the same lifetime is hidden here
[INFO] [stdout]     |
[INFO] [stdout]     = help: the same lifetime is referred to in inconsistent ways, making the signature confusing
[INFO] [stdout]     = note: `#[warn(mismatched_lifetime_syntaxes)]` on by default
[INFO] [stdout] help: use `'_` for type paths
[INFO] [stdout]     |
[INFO] [stdout] 172 |     pub fn query_element(&self, selector: Selector, query: &str) -> reqwest::Result<Element<'_>> {
[INFO] [stdout]     |                                                                                            ++++
[INFO] [stdout] 
[INFO] [stdout] 
[INFO] [stdout] warning: hiding a lifetime that's elided elsewhere is confusing
[INFO] [stdout]    --> src/webdriver.rs:177:25
[INFO] [stdout]     |
[INFO] [stdout] 177 |     pub fn find_element(&self, selector: Selector, query: &str) -> reqwest::Result<Element> {
[INFO] [stdout]     |                         ^^^^^ the lifetime is elided here                          ^^^^^^^ the same lifetime is hidden here
[INFO] [stdout]     |
[INFO] [stdout]     = help: the same lifetime is referred to in inconsistent ways, making the signature confusing
[INFO] [stdout] help: use `'_` for type paths
[INFO] [stdout]     |
[INFO] [stdout] 177 |     pub fn find_element(&self, selector: Selector, query: &str) -> reqwest::Result<Element<'_>> {
[INFO] [stdout]     |                                                                                           ++++
[INFO] [stdout] 
[INFO] [stdout] 
[INFO] [stdout] warning: hiding a lifetime that's elided elsewhere is confusing
[INFO] [stdout]    --> src/webdriver.rs:193:27
[INFO] [stdout]     |
[INFO] [stdout] 193 |     pub fn query_elements(&self, selector: Selector, query: &str) -> reqwest::Result<Vec<Element>> {
[INFO] [stdout]     |                           ^^^^^ the lifetime is elided here                              ^^^^^^^ the same lifetime is hidden here
[INFO] [stdout]     |
[INFO] [stdout]     = help: the same lifetime is referred to in inconsistent ways, making the signature confusing
[INFO] [stdout] help: use `'_` for type paths
[INFO] [stdout]     |
[INFO] [stdout] 193 |     pub fn query_elements(&self, selector: Selector, query: &str) -> reqwest::Result<Vec<Element<'_>>> {
[INFO] [stdout]     |                                                                                                 ++++
[INFO] [stdout] 
[INFO] [stdout] 
[INFO] [stdout] warning: hiding a lifetime that's elided elsewhere is confusing
[INFO] [stdout]    --> src/webdriver.rs:198:26
[INFO] [stdout]     |
[INFO] [stdout] 198 |     pub fn find_elements(&self, selector: Selector, query: &str) -> reqwest::Result<Vec<Element>> {
[INFO] [stdout]     |                          ^^^^^ the lifetime is elided here                              ^^^^^^^ the same lifetime is hidden here
[INFO] [stdout]     |
[INFO] [stdout]     = help: the same lifetime is referred to in inconsistent ways, making the signature confusing
[INFO] [stdout] help: use `'_` for type paths
[INFO] [stdout]     |
[INFO] [stdout] 198 |     pub fn find_elements(&self, selector: Selector, query: &str) -> reqwest::Result<Vec<Element<'_>>> {
[INFO] [stdout]     |                                                                                                ++++
[INFO] [stdout] 
[INFO] [stdout] 
[INFO] [stderr]     Finished `release` profile [optimized] target(s) in 55.54s
[INFO] running `Command { std: "docker" "inspect" "4e60c89657b572710dba61b05f45684584f8fc0d5ac73e043a9c8dcfba68c645", kill_on_drop: false }`
[INFO] running `Command { std: "docker" "exec" "-e" "SOURCE_DIR=/opt/rustwide/workdir" "-e" "CARGO_HOME=/opt/rustwide/cargo-home" "-e" "RUSTUP_HOME=/opt/rustwide/rustup-home" "-e" "CARGO_TARGET_DIR=/opt/rustwide/target" "-e" "CARGO_INCREMENTAL=0" "-e" "RUST_BACKTRACE=full" "-e" "RUSTFLAGS=--cap-lints=warn" "-e" "RUSTDOCFLAGS=--cap-lints=warn" "-w" "/opt/rustwide/workdir" "--user" "0:0" "4e60c89657b572710dba61b05f45684584f8fc0d5ac73e043a9c8dcfba68c645" "/opt/rustwide/cargo-home/bin/cargo" "+1.100.0-beta.1" "test" "--frozen" "--no-run" "--message-format=json" "--release", kill_on_drop: false }`
[INFO] [stderr] warning: Cargo.toml: `package.edition` is unspecified, defaulting to `2015` while the latest is `2024`
[INFO] [stderr] warning: `package.homepage` is redundant with `package.repository`
[INFO] [stderr]   --> Cargo.toml:23:12
[INFO] [stderr]    |
[INFO] [stderr] 23 | homepage = "https://github.com/saresend/selenium-rs"
[INFO] [stderr]    |            ^^^^^^^^^^^^^^^^^^^^^^^^^^^^^^^^^^^^^^^^^
[INFO] [stderr] ...
[INFO] [stderr] 28 | repository = "https://github.com/saresend/selenium-rs"
[INFO] [stderr]    |              -----------------------------------------
[INFO] [stderr]    |
[INFO] [stderr]    = note: `cargo::redundant_homepage` is set to `warn` by default
[INFO] [stderr] help: consider removing `package.homepage`
[INFO] [stderr] warning: `selenium-rs` (manifest) generated 2 warnings
[INFO] [stdout] warning: hiding a lifetime that's elided elsewhere is confusing
[INFO] [stdout]    --> src/webdriver.rs:172:26
[INFO] [stdout]     |
[INFO] [stdout] 172 |     pub fn query_element(&self, selector: Selector, query: &str) -> reqwest::Result<Element> {
[INFO] [stdout]     |                          ^^^^^ the lifetime is elided here                          ^^^^^^^ the same lifetime is hidden here
[INFO] [stdout]     |
[INFO] [stdout]     = help: the same lifetime is referred to in inconsistent ways, making the signature confusing
[INFO] [stdout]     = note: `#[warn(mismatched_lifetime_syntaxes)]` on by default
[INFO] [stdout] help: use `'_` for type paths
[INFO] [stdout]     |
[INFO] [stdout] 172 |     pub fn query_element(&self, selector: Selector, query: &str) -> reqwest::Result<Element<'_>> {
[INFO] [stdout]     |                                                                                            ++++
[INFO] [stdout] 
[INFO] [stdout] 
[INFO] [stdout] warning: hiding a lifetime that's elided elsewhere is confusing
[INFO] [stdout]    --> src/webdriver.rs:177:25
[INFO] [stdout]     |
[INFO] [stdout] 177 |     pub fn find_element(&self, selector: Selector, query: &str) -> reqwest::Result<Element> {
[INFO] [stdout]     |                         ^^^^^ the lifetime is elided here                          ^^^^^^^ the same lifetime is hidden here
[INFO] [stdout]     |
[INFO] [stdout]     = help: the same lifetime is referred to in inconsistent ways, making the signature confusing
[INFO] [stdout] help: use `'_` for type paths
[INFO] [stdout]     |
[INFO] [stdout] 177 |     pub fn find_element(&self, selector: Selector, query: &str) -> reqwest::Result<Element<'_>> {
[INFO] [stdout]     |                                                                                           ++++
[INFO] [stdout] 
[INFO] [stdout] 
[INFO] [stdout] warning: hiding a lifetime that's elided elsewhere is confusing
[INFO] [stdout]    --> src/webdriver.rs:193:27
[INFO] [stdout]     |
[INFO] [stdout] 193 |     pub fn query_elements(&self, selector: Selector, query: &str) -> reqwest::Result<Vec<Element>> {
[INFO] [stdout]     |                           ^^^^^ the lifetime is elided here                              ^^^^^^^ the same lifetime is hidden here
[INFO] [stdout]     |
[INFO] [stdout]     = help: the same lifetime is referred to in inconsistent ways, making the signature confusing
[INFO] [stdout] help: use `'_` for type paths
[INFO] [stdout]     |
[INFO] [stdout] 193 |     pub fn query_elements(&self, selector: Selector, query: &str) -> reqwest::Result<Vec<Element<'_>>> {
[INFO] [stdout]     |                                                                                                 ++++
[INFO] [stdout] 
[INFO] [stdout] 
[INFO] [stdout] warning: hiding a lifetime that's elided elsewhere is confusing
[INFO] [stdout]    --> src/webdriver.rs:198:26
[INFO] [stdout]     |
[INFO] [stdout] 198 |     pub fn find_elements(&self, selector: Selector, query: &str) -> reqwest::Result<Vec<Element>> {
[INFO] [stdout]     |                          ^^^^^ the lifetime is elided here                              ^^^^^^^ the same lifetime is hidden here
[INFO] [stdout]     |
[INFO] [stdout]     = help: the same lifetime is referred to in inconsistent ways, making the signature confusing
[INFO] [stdout] help: use `'_` for type paths
[INFO] [stdout]     |
[INFO] [stdout] 198 |     pub fn find_elements(&self, selector: Selector, query: &str) -> reqwest::Result<Vec<Element<'_>>> {
[INFO] [stdout]     |                                                                                                ++++
[INFO] [stdout] 
[INFO] [stdout] 
[INFO] [stderr]    Compiling selenium-rs v0.1.2 (/opt/rustwide/workdir)
[INFO] [stdout] warning: hiding a lifetime that's elided elsewhere is confusing
[INFO] [stdout]  --> tests/interaction_tests.rs:6:27
[INFO] [stdout]   |
[INFO] [stdout] 6 | fn get_search_bar(driver: &mut WebDriver) -> Element {
[INFO] [stdout]   |                           ^^^^^^^^^^^^^^     ^^^^^^^ the same lifetime is hidden here
[INFO] [stdout]   |                           |
[INFO] [stdout]   |                           the lifetime is elided here
[INFO] [stdout]   |
[INFO] [stdout]   = help: the same lifetime is referred to in inconsistent ways, making the signature confusing
[INFO] [stdout]   = note: `#[warn(mismatched_lifetime_syntaxes)]` on by default
[INFO] [stdout] help: use `'_` for type paths
[INFO] [stdout]   |
[INFO] [stdout] 6 | fn get_search_bar(driver: &mut WebDriver) -> Element<'_> {
[INFO] [stdout]   |                                                     ++++
[INFO] [stdout] 
[INFO] [stdout] 
[INFO] [stdout] warning: hiding a lifetime that's elided elsewhere is confusing
[INFO] [stdout]  --> tests/element_tests.rs:5:24
[INFO] [stdout]   |
[INFO] [stdout] 5 | fn get_element(driver: &mut WebDriver) -> Element {
[INFO] [stdout]   |                        ^^^^^^^^^^^^^^     ^^^^^^^ the same lifetime is hidden here
[INFO] [stdout]   |                        |
[INFO] [stdout]   |                        the lifetime is elided here
[INFO] [stdout]   |
[INFO] [stdout]   = help: the same lifetime is referred to in inconsistent ways, making the signature confusing
[INFO] [stdout]   = note: `#[warn(mismatched_lifetime_syntaxes)]` on by default
[INFO] [stdout] help: use `'_` for type paths
[INFO] [stdout]   |
[INFO] [stdout] 5 | fn get_element(driver: &mut WebDriver) -> Element<'_> {
[INFO] [stdout]   |                                                  ++++
[INFO] [stdout] 
[INFO] [stdout] 
[INFO] [stdout] warning: hiding a lifetime that's elided elsewhere is confusing
[INFO] [stdout]    --> src/webdriver.rs:172:26
[INFO] [stdout]     |
[INFO] [stdout] 172 |     pub fn query_element(&self, selector: Selector, query: &str) -> reqwest::Result<Element> {
[INFO] [stdout]     |                          ^^^^^ the lifetime is elided here                          ^^^^^^^ the same lifetime is hidden here
[INFO] [stdout]     |
[INFO] [stdout]     = help: the same lifetime is referred to in inconsistent ways, making the signature confusing
[INFO] [stdout]     = note: `#[warn(mismatched_lifetime_syntaxes)]` on by default
[INFO] [stdout] help: use `'_` for type paths
[INFO] [stdout]     |
[INFO] [stdout] 172 |     pub fn query_element(&self, selector: Selector, query: &str) -> reqwest::Result<Element<'_>> {
[INFO] [stdout]     |                                                                                            ++++
[INFO] [stdout] 
[INFO] [stdout] 
[INFO] [stdout] warning: hiding a lifetime that's elided elsewhere is confusing
[INFO] [stdout]    --> src/webdriver.rs:177:25
[INFO] [stdout]     |
[INFO] [stdout] 177 |     pub fn find_element(&self, selector: Selector, query: &str) -> reqwest::Result<Element> {
[INFO] [stdout]     |                         ^^^^^ the lifetime is elided here                          ^^^^^^^ the same lifetime is hidden here
[INFO] [stdout]     |
[INFO] [stdout]     = help: the same lifetime is referred to in inconsistent ways, making the signature confusing
[INFO] [stdout] help: use `'_` for type paths
[INFO] [stdout]     |
[INFO] [stdout] 177 |     pub fn find_element(&self, selector: Selector, query: &str) -> reqwest::Result<Element<'_>> {
[INFO] [stdout]     |                                                                                           ++++
[INFO] [stdout] 
[INFO] [stdout] 
[INFO] [stdout] warning: hiding a lifetime that's elided elsewhere is confusing
[INFO] [stdout]    --> src/webdriver.rs:193:27
[INFO] [stdout]     |
[INFO] [stdout] 193 |     pub fn query_elements(&self, selector: Selector, query: &str) -> reqwest::Result<Vec<Element>> {
[INFO] [stdout]     |                           ^^^^^ the lifetime is elided here                              ^^^^^^^ the same lifetime is hidden here
[INFO] [stdout]     |
[INFO] [stdout]     = help: the same lifetime is referred to in inconsistent ways, making the signature confusing
[INFO] [stdout] help: use `'_` for type paths
[INFO] [stdout]     |
[INFO] [stdout] 193 |     pub fn query_elements(&self, selector: Selector, query: &str) -> reqwest::Result<Vec<Element<'_>>> {
[INFO] [stdout]     |                                                                                                 ++++
[INFO] [stdout] 
[INFO] [stdout] 
[INFO] [stdout] warning: hiding a lifetime that's elided elsewhere is confusing
[INFO] [stdout]    --> src/webdriver.rs:198:26
[INFO] [stdout]     |
[INFO] [stdout] 198 |     pub fn find_elements(&self, selector: Selector, query: &str) -> reqwest::Result<Vec<Element>> {
[INFO] [stdout]     |                          ^^^^^ the lifetime is elided here                              ^^^^^^^ the same lifetime is hidden here
[INFO] [stdout]     |
[INFO] [stdout]     = help: the same lifetime is referred to in inconsistent ways, making the signature confusing
[INFO] [stdout] help: use `'_` for type paths
[INFO] [stdout]     |
[INFO] [stdout] 198 |     pub fn find_elements(&self, selector: Selector, query: &str) -> reqwest::Result<Vec<Element<'_>>> {
[INFO] [stdout]     |                                                                                                ++++
[INFO] [stdout] 
[INFO] [stdout] 
[INFO] [stderr]     Finished `release` profile [optimized] target(s) in 2.81s
[INFO] running `Command { std: "docker" "inspect" "4e60c89657b572710dba61b05f45684584f8fc0d5ac73e043a9c8dcfba68c645", kill_on_drop: false }`
[INFO] running `Command { std: "docker" "exec" "-e" "SOURCE_DIR=/opt/rustwide/workdir" "-e" "CARGO_HOME=/opt/rustwide/cargo-home" "-e" "RUSTUP_HOME=/opt/rustwide/rustup-home" "-e" "CARGO_TARGET_DIR=/opt/rustwide/target" "-e" "CARGO_INCREMENTAL=0" "-e" "RUST_BACKTRACE=full" "-e" "RUSTFLAGS=--cap-lints=warn" "-e" "RUSTDOCFLAGS=--cap-lints=warn" "-w" "/opt/rustwide/workdir" "--user" "0:0" "4e60c89657b572710dba61b05f45684584f8fc0d5ac73e043a9c8dcfba68c645" "/opt/rustwide/cargo-home/bin/cargo" "+1.100.0-beta.1" "test" "--frozen" "--release", kill_on_drop: false }`
[INFO] [stderr] warning: Cargo.toml: `package.edition` is unspecified, defaulting to `2015` while the latest is `2024`
[INFO] [stderr] warning: `package.homepage` is redundant with `package.repository`
[INFO] [stderr]   --> Cargo.toml:23:12
[INFO] [stderr]    |
[INFO] [stderr] 23 | homepage = "https://github.com/saresend/selenium-rs"
[INFO] [stderr]    |            ^^^^^^^^^^^^^^^^^^^^^^^^^^^^^^^^^^^^^^^^^
[INFO] [stderr] ...
[INFO] [stderr] 28 | repository = "https://github.com/saresend/selenium-rs"
[INFO] [stderr]    |              -----------------------------------------
[INFO] [stderr]    |
[INFO] [stderr]    = note: `cargo::redundant_homepage` is set to `warn` by default
[INFO] [stderr] help: consider removing `package.homepage`
[INFO] [stderr] warning: `selenium-rs` (manifest) generated 2 warnings
[INFO] [stderr] warning: hiding a lifetime that's elided elsewhere is confusing
[INFO] [stderr]    --> src/webdriver.rs:172:26
[INFO] [stderr]     |
[INFO] [stderr] 172 |     pub fn query_element(&self, selector: Selector, query: &str) -> reqwest::Result<Element> {
[INFO] [stderr]     |                          ^^^^^ the lifetime is elided here                          ^^^^^^^ the same lifetime is hidden here
[INFO] [stderr]     |
[INFO] [stderr]     = help: the same lifetime is referred to in inconsistent ways, making the signature confusing
[INFO] [stderr]     = note: `#[warn(mismatched_lifetime_syntaxes)]` on by default
[INFO] [stderr] help: use `'_` for type paths
[INFO] [stderr]     |
[INFO] [stderr] 172 |     pub fn query_element(&self, selector: Selector, query: &str) -> reqwest::Result<Element<'_>> {
[INFO] [stderr]     |                                                                                            ++++
[INFO] [stderr] 
[INFO] [stderr] warning: hiding a lifetime that's elided elsewhere is confusing
[INFO] [stderr]    --> src/webdriver.rs:177:25
[INFO] [stderr]     |
[INFO] [stderr] 177 |     pub fn find_element(&self, selector: Selector, query: &str) -> reqwest::Result<Element> {
[INFO] [stderr]     |                         ^^^^^ the lifetime is elided here                          ^^^^^^^ the same lifetime is hidden here
[INFO] [stderr]     |
[INFO] [stderr]     = help: the same lifetime is referred to in inconsistent ways, making the signature confusing
[INFO] [stderr] help: use `'_` for type paths
[INFO] [stderr]     |
[INFO] [stderr] 177 |     pub fn find_element(&self, selector: Selector, query: &str) -> reqwest::Result<Element<'_>> {
[INFO] [stderr]     |                                                                                           ++++
[INFO] [stderr] 
[INFO] [stderr] warning: hiding a lifetime that's elided elsewhere is confusing
[INFO] [stderr]    --> src/webdriver.rs:193:27
[INFO] [stderr]     |
[INFO] [stderr] 193 |     pub fn query_elements(&self, selector: Selector, query: &str) -> reqwest::Result<Vec<Element>> {
[INFO] [stderr]     |                           ^^^^^ the lifetime is elided here                              ^^^^^^^ the same lifetime is hidden here
[INFO] [stderr]     |
[INFO] [stderr]     = help: the same lifetime is referred to in inconsistent ways, making the signature confusing
[INFO] [stderr] help: use `'_` for type paths
[INFO] [stderr]     |
[INFO] [stderr] 193 |     pub fn query_elements(&self, selector: Selector, query: &str) -> reqwest::Result<Vec<Element<'_>>> {
[INFO] [stderr]     |                                                                                                 ++++
[INFO] [stderr] 
[INFO] [stderr] warning: hiding a lifetime that's elided elsewhere is confusing
[INFO] [stderr]    --> src/webdriver.rs:198:26
[INFO] [stderr]     |
[INFO] [stderr] 198 |     pub fn find_elements(&self, selector: Selector, query: &str) -> reqwest::Result<Vec<Element>> {
[INFO] [stderr]     |                          ^^^^^ the lifetime is elided here                              ^^^^^^^ the same lifetime is hidden here
[INFO] [stderr]     |
[INFO] [stderr]     = help: the same lifetime is referred to in inconsistent ways, making the signature confusing
[INFO] [stderr] help: use `'_` for type paths
[INFO] [stderr]     |
[INFO] [stderr] 198 |     pub fn find_elements(&self, selector: Selector, query: &str) -> reqwest::Result<Vec<Element<'_>>> {
[INFO] [stderr]     |                                                                                                ++++
[INFO] [stderr] 
[INFO] [stderr] warning: `selenium-rs` (lib) generated 4 warnings (run `cargo fix --lib -p selenium-rs` to apply 4 suggestions)
[INFO] [stderr] warning: `selenium-rs` (lib test) generated 4 warnings (4 duplicates)
[INFO] [stderr] warning: hiding a lifetime that's elided elsewhere is confusing
[INFO] [stderr]  --> tests/element_tests.rs:5:24
[INFO] [stderr]   |
[INFO] [stderr] 5 | fn get_element(driver: &mut WebDriver) -> Element {
[INFO] [stderr]   |                        ^^^^^^^^^^^^^^     ^^^^^^^ the same lifetime is hidden here
[INFO] [stderr]   |                        |
[INFO] [stderr]   |                        the lifetime is elided here
[INFO] [stderr]   |
[INFO] [stderr]   = help: the same lifetime is referred to in inconsistent ways, making the signature confusing
[INFO] [stderr]   = note: `#[warn(mismatched_lifetime_syntaxes)]` on by default
[INFO] [stderr] help: use `'_` for type paths
[INFO] [stderr]   |
[INFO] [stderr] 5 | fn get_element(driver: &mut WebDriver) -> Element<'_> {
[INFO] [stderr]   |                                                  ++++
[INFO] [stderr] 
[INFO] [stderr] warning: hiding a lifetime that's elided elsewhere is confusing
[INFO] [stderr]  --> tests/interaction_tests.rs:6:27
[INFO] [stderr]   |
[INFO] [stderr] 6 | fn get_search_bar(driver: &mut WebDriver) -> Element {
[INFO] [stderr]   |                           ^^^^^^^^^^^^^^     ^^^^^^^ the same lifetime is hidden here
[INFO] [stderr]   |                           |
[INFO] [stderr]   |                           the lifetime is elided here
[INFO] [stderr]   |
[INFO] [stderr]   = help: the same lifetime is referred to in inconsistent ways, making the signature confusing
[INFO] [stderr]   = note: `#[warn(mismatched_lifetime_syntaxes)]` on by default
[INFO] [stderr] help: use `'_` for type paths
[INFO] [stderr]   |
[INFO] [stderr] 6 | fn get_search_bar(driver: &mut WebDriver) -> Element<'_> {
[INFO] [stderr]   |                                                     ++++
[INFO] [stderr] 
[INFO] [stderr] warning: `selenium-rs` (test "element_tests") generated 1 warning (run `cargo fix --test "element_tests" -p selenium-rs` to apply 1 suggestion)
[INFO] [stderr] warning: `selenium-rs` (test "interaction_tests") generated 1 warning (run `cargo fix --test "interaction_tests" -p selenium-rs` to apply 1 suggestion)
[INFO] [stderr]     Finished `release` profile [optimized] target(s) in 0.19s
[INFO] [stderr]      Running unittests src/lib.rs (/opt/rustwide/target/release/build/selenium-rs/eb7051023ac4e23f/out/selenium_rs-eb7051023ac4e23f)
[INFO] [stdout] 
[INFO] [stdout] running 0 tests
[INFO] [stdout] 
[INFO] [stdout] test result: ok. 0 passed; 0 failed; 0 ignored; 0 measured; 0 filtered out; finished in 0.00s
[INFO] [stdout] 
[INFO] [stderr]      Running tests/element_tests.rs (/opt/rustwide/target/release/build/selenium-rs/c9e2721f06a09b9c/out/element_tests-c9e2721f06a09b9c)
[INFO] [stdout] 
[INFO] [stdout] running 8 tests
[INFO] [stdout] test test_get_element_list_find ... FAILED
[INFO] [stdout] test test_get_element_list_query ... FAILED
[INFO] [stdout] test test_get_multiple_elements_query ... FAILED
[INFO] [stdout] test test_is_selected ... FAILED
[INFO] [stdout] test test_get_property ... FAILED
[INFO] [stdout] test test_css_value ... FAILED
[INFO] [stdout] test test_get_multiple_elements_find ... FAILED
[INFO] [stdout] test test_get_attribute ... FAILED
[INFO] [stdout] 
[INFO] [stdout] failures:
[INFO] [stdout] 
[INFO] [stdout] ---- test_get_element_list_find stdout ----
[INFO] [stdout] 
[INFO] [stdout] thread 'test_get_element_list_find' (1775) panicked at tests/element_tests.rs:32:28:
[INFO] [stdout] called `Result::unwrap()` on an `Err` value: Error(Hyper(Error(Connect, Os { code: 111, kind: ConnectionRefused, message: "Connection refused" })), "http://localhost:4444/wd/hub/session/")
[INFO] [stdout] stack backtrace:
[INFO] [stdout]    0:     0x631fe7f9c691 - <<std[617be2ca0a6fd877]::sys::backtrace::BacktraceLock>::print::DisplayBacktrace as core[a373ad73a504971]::fmt::Display>::fmt
[INFO] [stdout]    1:     0x631fe7fb326a - core[a373ad73a504971]::fmt::write
[INFO] [stdout]    2:     0x631fe7fa0e0c - <alloc[2e1b2a31b91974c5]::vec::Vec<u8> as core[a373ad73a504971]::io::write::Write>::write_fmt
[INFO] [stdout]    3:     0x631fe7f779c6 - std[617be2ca0a6fd877]::panicking::default_hook::{closure#0}
[INFO] [stdout]    4:     0x631fe7f94519 - std[617be2ca0a6fd877]::panicking::default_hook
[INFO] [stdout]    5:     0x631fe7de4590 - test[aada8e7e76ba119b]::test_main_inner::{closure#0}
[INFO] [stdout]    6:     0x631fe7f94842 - std[617be2ca0a6fd877]::panicking::panic_with_hook
[INFO] [stdout]    7:     0x631fe7f77a72 - std[617be2ca0a6fd877]::panicking::panic_handler::{closure#0}
[INFO] [stdout]    8:     0x631fe7f706a9 - std[617be2ca0a6fd877]::sys::backtrace::__rust_end_short_backtrace::<std[617be2ca0a6fd877]::panicking::panic_handler::{closure#0}, !>
[INFO] [stdout]    9:     0x631fe7f7886d - __rustc[ea4f61d10b84890b]::rust_begin_unwind
[INFO] [stdout]   10:     0x631fe7fb39cc - core[a373ad73a504971]::panicking::panic_fmt
[INFO] [stdout]   11:     0x631fe7fb37a2 - core[a373ad73a504971]::result::unwrap_failed
[INFO] [stdout]   12:     0x631fe7dd7093 - <element_tests[d8f9c71b3af9cf4f]::test_get_element_list_find::{closure#0} as core[a373ad73a504971]::ops::function::FnOnce<()>>::call_once
[INFO] [stdout]   13:     0x631fe7dd79db - test[aada8e7e76ba119b]::__rust_begin_short_backtrace::<core[a373ad73a504971]::result::Result<(), alloc[2e1b2a31b91974c5]::string::String>, fn() -> core[a373ad73a504971]::result::Result<(), alloc[2e1b2a31b91974c5]::string::String>>
[INFO] [stdout]   14:     0x631fe7de4bb5 - test[aada8e7e76ba119b]::run_test::{closure#0}
[INFO] [stdout]   15:     0x631fe7dde4a4 - std[617be2ca0a6fd877]::sys::backtrace::__rust_begin_short_backtrace::<test[aada8e7e76ba119b]::run_test::{closure#1}, ()>
[INFO] [stdout]   16:     0x631fe7de7c42 - <std[617be2ca0a6fd877]::thread::lifecycle::spawn_unchecked<test[aada8e7e76ba119b]::run_test::{closure#1}, ()>::{closure#1} as core[a373ad73a504971]::ops::function::FnOnce<()>>::call_once::{shim:vtable#0}
[INFO] [stdout]   17:     0x631fe7f9bb3f - <std[617be2ca0a6fd877]::sys::thread::unix::Thread>::new::thread_start
[INFO] [stdout]   18:     0x7a637cbdedfa - <unknown>
[INFO] [stdout]   19:     0x7a637cc723d4 - clone
[INFO] [stdout]   20:                0x0 - <unknown>
[INFO] [stdout] 
[INFO] [stdout] ---- test_get_element_list_query stdout ----
[INFO] [stdout] 
[INFO] [stdout] thread 'test_get_element_list_query' (1776) panicked at tests/element_tests.rs:47:28:
[INFO] [stdout] called `Result::unwrap()` on an `Err` value: Error(Hyper(Error(Connect, Os { code: 111, kind: ConnectionRefused, message: "Connection refused" })), "http://localhost:4444/wd/hub/session/")
[INFO] [stdout] stack backtrace:
[INFO] [stdout]    0:     0x631fe7f9c691 - <<std[617be2ca0a6fd877]::sys::backtrace::BacktraceLock>::print::DisplayBacktrace as core[a373ad73a504971]::fmt::Display>::fmt
[INFO] [stdout]    1:     0x631fe7fb326a - core[a373ad73a504971]::fmt::write
[INFO] [stdout]    2:     0x631fe7fa0e0c - <alloc[2e1b2a31b91974c5]::vec::Vec<u8> as core[a373ad73a504971]::io::write::Write>::write_fmt
[INFO] [stdout]    3:     0x631fe7f779c6 - std[617be2ca0a6fd877]::panicking::default_hook::{closure#0}
[INFO] [stdout]    4:     0x631fe7f94519 - std[617be2ca0a6fd877]::panicking::default_hook
[INFO] [stdout]    5:     0x631fe7de4590 - test[aada8e7e76ba119b]::test_main_inner::{closure#0}
[INFO] [stdout]    6:     0x631fe7f94842 - std[617be2ca0a6fd877]::panicking::panic_with_hook
[INFO] [stdout]    7:     0x631fe7f77a72 - std[617be2ca0a6fd877]::panicking::panic_handler::{closure#0}
[INFO] [stdout]    8:     0x631fe7f706a9 - std[617be2ca0a6fd877]::sys::backtrace::__rust_end_short_backtrace::<std[617be2ca0a6fd877]::panicking::panic_handler::{closure#0}, !>
[INFO] [stdout]    9:     0x631fe7f7886d - __rustc[ea4f61d10b84890b]::rust_begin_unwind
[INFO] [stdout]   10:     0x631fe7fb39cc - core[a373ad73a504971]::panicking::panic_fmt
[INFO] [stdout]   11:     0x631fe7fb37a2 - core[a373ad73a504971]::result::unwrap_failed
[INFO] [stdout]   12:     0x631fe7dd73e3 - <element_tests[d8f9c71b3af9cf4f]::test_get_element_list_query::{closure#0} as core[a373ad73a504971]::ops::function::FnOnce<()>>::call_once
[INFO] [stdout]   13:     0x631fe7dd79db - test[aada8e7e76ba119b]::__rust_begin_short_backtrace::<core[a373ad73a504971]::result::Result<(), alloc[2e1b2a31b91974c5]::string::String>, fn() -> core[a373ad73a504971]::result::Result<(), alloc[2e1b2a31b91974c5]::string::String>>
[INFO] [stdout]   14:     0x631fe7de4bb5 - test[aada8e7e76ba119b]::run_test::{closure#0}
[INFO] [stdout]   15:     0x631fe7dde4a4 - std[617be2ca0a6fd877]::sys::backtrace::__rust_begin_short_backtrace::<test[aada8e7e76ba119b]::run_test::{closure#1}, ()>
[INFO] [stdout]   16:     0x631fe7de7c42 - <std[617be2ca0a6fd877]::thread::lifecycle::spawn_unchecked<test[aada8e7e76ba119b]::run_test::{closure#1}, ()>::{closure#1} as core[a373ad73a504971]::ops::function::FnOnce<()>>::call_once::{shim:vtable#0}
[INFO] [stdout]   17:     0x631fe7f9bb3f - <std[617be2ca0a6fd877]::sys::thread::unix::Thread>::new::thread_start
[INFO] [stdout]   18:     0x7a637cbdedfa - <unknown>
[INFO] [stdout]   19:     0x7a637cc723d4 - clone
[INFO] [stdout]   20:                0x0 - <unknown>
[INFO] [stdout] 
[INFO] [stdout] ---- test_get_multiple_elements_query stdout ----
[INFO] [stdout] 
[INFO] [stdout] thread 'test_get_multiple_elements_query' (1778) panicked at tests/element_tests.rs:23:28:
[INFO] [stdout] called `Result::unwrap()` on an `Err` value: Error(Hyper(Error(Connect, Os { code: 111, kind: ConnectionRefused, message: "Connection refused" })), "http://localhost:4444/wd/hub/session/")
[INFO] [stdout] stack backtrace:
[INFO] [stdout]    0:     0x631fe7f9c691 - <<std[617be2ca0a6fd877]::sys::backtrace::BacktraceLock>::print::DisplayBacktrace as core[a373ad73a504971]::fmt::Display>::fmt
[INFO] [stdout]    1:     0x631fe7fb326a - core[a373ad73a504971]::fmt::write
[INFO] [stdout]    2:     0x631fe7fa0e0c - <alloc[2e1b2a31b91974c5]::vec::Vec<u8> as core[a373ad73a504971]::io::write::Write>::write_fmt
[INFO] [stdout]    3:     0x631fe7f779c6 - std[617be2ca0a6fd877]::panicking::default_hook::{closure#0}
[INFO] [stdout]    4:     0x631fe7f94519 - std[617be2ca0a6fd877]::panicking::default_hook
[INFO] [stdout]    5:     0x631fe7de4590 - test[aada8e7e76ba119b]::test_main_inner::{closure#0}
[INFO] [stdout]    6:     0x631fe7f94842 - std[617be2ca0a6fd877]::panicking::panic_with_hook
[INFO] [stdout]    7:     0x631fe7f77a72 - std[617be2ca0a6fd877]::panicking::panic_handler::{closure#0}
[INFO] [stdout]    8:     0x631fe7f706a9 - std[617be2ca0a6fd877]::sys::backtrace::__rust_end_short_backtrace::<std[617be2ca0a6fd877]::panicking::panic_handler::{closure#0}, !>
[INFO] [stdout]    9:     0x631fe7f7886d - __rustc[ea4f61d10b84890b]::rust_begin_unwind
[INFO] [stdout]   10:     0x631fe7fb39cc - core[a373ad73a504971]::panicking::panic_fmt
[INFO] [stdout]   11:     0x631fe7fb37a2 - core[a373ad73a504971]::result::unwrap_failed
[INFO] [stdout]   12:     0x631fe7dd78b3 - <element_tests[d8f9c71b3af9cf4f]::test_get_multiple_elements_query::{closure#0} as core[a373ad73a504971]::ops::function::FnOnce<()>>::call_once
[INFO] [stdout]   13:     0x631fe7dd79db - test[aada8e7e76ba119b]::__rust_begin_short_backtrace::<core[a373ad73a504971]::result::Result<(), alloc[2e1b2a31b91974c5]::string::String>, fn() -> core[a373ad73a504971]::result::Result<(), alloc[2e1b2a31b91974c5]::string::String>>
[INFO] [stdout]   14:     0x631fe7de4bb5 - test[aada8e7e76ba119b]::run_test::{closure#0}
[INFO] [stdout]   15:     0x631fe7dde4a4 - std[617be2ca0a6fd877]::sys::backtrace::__rust_begin_short_backtrace::<test[aada8e7e76ba119b]::run_test::{closure#1}, ()>
[INFO] [stdout]   16:     0x631fe7de7c42 - <std[617be2ca0a6fd877]::thread::lifecycle::spawn_unchecked<test[aada8e7e76ba119b]::run_test::{closure#1}, ()>::{closure#1} as core[a373ad73a504971]::ops::function::FnOnce<()>>::call_once::{shim:vtable#0}
[INFO] [stdout]   17:     0x631fe7f9bb3f - <std[617be2ca0a6fd877]::sys::thread::unix::Thread>::new::thread_start
[INFO] [stdout]   18:     0x7a637cbdedfa - <unknown>
[INFO] [stdout]   19:     0x7a637cc723d4 - clone
[INFO] [stdout]   20:                0x0 - <unknown>
[INFO] [stdout] 
[INFO] [stdout] ---- test_is_selected stdout ----
[INFO] [stdout] 
[INFO] [stdout] thread 'test_is_selected' (1780) panicked at tests/element_tests.rs:6:28:
[INFO] [stdout] called `Result::unwrap()` on an `Err` value: Error(Hyper(Error(Connect, Os { code: 111, kind: ConnectionRefused, message: "Connection refused" })), "http://localhost:4444/wd/hub/session/")
[INFO] [stdout] stack backtrace:
[INFO] [stdout]    0:     0x631fe7f9c691 - <<std[617be2ca0a6fd877]::sys::backtrace::BacktraceLock>::print::DisplayBacktrace as core[a373ad73a504971]::fmt::Display>::fmt
[INFO] [stdout]    1:     0x631fe7fb326a - core[a373ad73a504971]::fmt::write
[INFO] [stdout]    2:     0x631fe7fa0e0c - <alloc[2e1b2a31b91974c5]::vec::Vec<u8> as core[a373ad73a504971]::io::write::Write>::write_fmt
[INFO] [stdout]    3:     0x631fe7f779c6 - std[617be2ca0a6fd877]::panicking::default_hook::{closure#0}
[INFO] [stdout]    4:     0x631fe7f94519 - std[617be2ca0a6fd877]::panicking::default_hook
[INFO] [stdout]    5:     0x631fe7de4590 - test[aada8e7e76ba119b]::test_main_inner::{closure#0}
[INFO] [stdout]    6:     0x631fe7f94842 - std[617be2ca0a6fd877]::panicking::panic_with_hook
[INFO] [stdout]    7:     0x631fe7f77a72 - std[617be2ca0a6fd877]::panicking::panic_handler::{closure#0}
[INFO] [stdout]    8:     0x631fe7f706a9 - std[617be2ca0a6fd877]::sys::backtrace::__rust_end_short_backtrace::<std[617be2ca0a6fd877]::panicking::panic_handler::{closure#0}, !>
[INFO] [stdout]    9:     0x631fe7f7886d - __rustc[ea4f61d10b84890b]::rust_begin_unwind
[INFO] [stdout]   10:     0x631fe7fb39cc - core[a373ad73a504971]::panicking::panic_fmt
[INFO] [stdout]   11:     0x631fe7fb37a2 - core[a373ad73a504971]::result::unwrap_failed
[INFO] [stdout]   12:     0x631fe7dd6697 - element_tests[d8f9c71b3af9cf4f]::get_element
[INFO] [stdout]   13:     0x631fe7dd6aea - <element_tests[d8f9c71b3af9cf4f]::test_is_selected::{closure#0} as core[a373ad73a504971]::ops::function::FnOnce<()>>::call_once
[INFO] [stdout]   14:     0x631fe7dd79db - test[aada8e7e76ba119b]::__rust_begin_short_backtrace::<core[a373ad73a504971]::result::Result<(), alloc[2e1b2a31b91974c5]::string::String>, fn() -> core[a373ad73a504971]::result::Result<(), alloc[2e1b2a31b91974c5]::string::String>>
[INFO] [stdout]   15:     0x631fe7de4bb5 - test[aada8e7e76ba119b]::run_test::{closure#0}
[INFO] [stdout]   16:     0x631fe7dde4a4 - std[617be2ca0a6fd877]::sys::backtrace::__rust_begin_short_backtrace::<test[aada8e7e76ba119b]::run_test::{closure#1}, ()>
[INFO] [stdout]   17:     0x631fe7de7c42 - <std[617be2ca0a6fd877]::thread::lifecycle::spawn_unchecked<test[aada8e7e76ba119b]::run_test::{closure#1}, ()>::{closure#1} as core[a373ad73a504971]::ops::function::FnOnce<()>>::call_once::{shim:vtable#0}
[INFO] [stdout]   18:     0x631fe7f9bb3f - <std[617be2ca0a6fd877]::sys::thread::unix::Thread>::new::thread_start
[INFO] [stdout]   19:     0x7a637cbdedfa - <unknown>
[INFO] [stdout]   20:     0x7a637cc723d4 - clone
[INFO] [stdout]   21:                0x0 - <unknown>
[INFO] [stdout] 
[INFO] [stdout] ---- test_get_property stdout ----
[INFO] [stdout] 
[INFO] [stdout] thread 'test_get_property' (1779) panicked at tests/element_tests.rs:6:28:
[INFO] [stdout] called `Result::unwrap()` on an `Err` value: Error(Hyper(Error(Connect, Os { code: 111, kind: ConnectionRefused, message: "Connection refused" })), "http://localhost:4444/wd/hub/session/")
[INFO] [stdout] stack backtrace:
[INFO] [stdout]    0:     0x631fe7f9c691 - <<std[617be2ca0a6fd877]::sys::backtrace::BacktraceLock>::print::DisplayBacktrace as core[a373ad73a504971]::fmt::Display>::fmt
[INFO] [stdout]    1:     0x631fe7fb326a - core[a373ad73a504971]::fmt::write
[INFO] [stdout]    2:     0x631fe7fa0e0c - <alloc[2e1b2a31b91974c5]::vec::Vec<u8> as core[a373ad73a504971]::io::write::Write>::write_fmt
[INFO] [stdout]    3:     0x631fe7f779c6 - std[617be2ca0a6fd877]::panicking::default_hook::{closure#0}
[INFO] [stdout]    4:     0x631fe7f94519 - std[617be2ca0a6fd877]::panicking::default_hook
[INFO] [stdout]    5:     0x631fe7de4590 - test[aada8e7e76ba119b]::test_main_inner::{closure#0}
[INFO] [stdout]    6:     0x631fe7f94842 - std[617be2ca0a6fd877]::panicking::panic_with_hook
[INFO] [stdout]    7:     0x631fe7f77a72 - std[617be2ca0a6fd877]::panicking::panic_handler::{closure#0}
[INFO] [stdout]    8:     0x631fe7f706a9 - std[617be2ca0a6fd877]::sys::backtrace::__rust_end_short_backtrace::<std[617be2ca0a6fd877]::panicking::panic_handler::{closure#0}, !>
[INFO] [stdout]    9:     0x631fe7f7886d - __rustc[ea4f61d10b84890b]::rust_begin_unwind
[INFO] [stdout]   10:     0x631fe7fb39cc - core[a373ad73a504971]::panicking::panic_fmt
[INFO] [stdout]   11:     0x631fe7fb37a2 - core[a373ad73a504971]::result::unwrap_failed
[INFO] [stdout]   12:     0x631fe7dd6697 - element_tests[d8f9c71b3af9cf4f]::get_element
[INFO] [stdout]   13:     0x631fe7dd6c0a - <element_tests[d8f9c71b3af9cf4f]::test_get_property::{closure#0} as core[a373ad73a504971]::ops::function::FnOnce<()>>::call_once
[INFO] [stdout]   14:     0x631fe7dd79db - test[aada8e7e76ba119b]::__rust_begin_short_backtrace::<core[a373ad73a504971]::result::Result<(), alloc[2e1b2a31b91974c5]::string::String>, fn() -> core[a373ad73a504971]::result::Result<(), alloc[2e1b2a31b91974c5]::string::String>>
[INFO] [stdout]   15:     0x631fe7de4bb5 - test[aada8e7e76ba119b]::run_test::{closure#0}
[INFO] [stdout]   16:     0x631fe7dde4a4 - std[617be2ca0a6fd877]::sys::backtrace::__rust_begin_short_backtrace::<test[aada8e7e76ba119b]::run_test::{closure#1}, ()>
[INFO] [stdout]   17:     0x631fe7de7c42 - <std[617be2ca0a6fd877]::thread::lifecycle::spawn_unchecked<test[aada8e7e76ba119b]::run_test::{closure#1}, ()>::{closure#1} as core[a373ad73a504971]::ops::function::FnOnce<()>>::call_once::{shim:vtable#0}
[INFO] [stdout]   18:     0x631fe7f9bb3f - <std[617be2ca0a6fd877]::sys::thread::unix::Thread>::new::thread_start
[INFO] [stdout]   19:     0x7a637cbdedfa - <unknown>
[INFO] [stdout]   20:     0x7a637cc723d4 - clone
[INFO] [stdout]   21:                0x0 - <unknown>
[INFO] [stdout] 
[INFO] [stdout] ---- test_css_value stdout ----
[INFO] [stdout] 
[INFO] [stdout] thread 'test_css_value' (1773) panicked at tests/element_tests.rs:6:28:
[INFO] [stdout] called `Result::unwrap()` on an `Err` value: Error(Hyper(Error(Connect, Os { code: 111, kind: ConnectionRefused, message: "Connection refused" })), "http://localhost:4444/wd/hub/session/")
[INFO] [stdout] stack backtrace:
[INFO] [stdout]    0:     0x631fe7f9c691 - <<std[617be2ca0a6fd877]::sys::backtrace::BacktraceLock>::print::DisplayBacktrace as core[a373ad73a504971]::fmt::Display>::fmt
[INFO] [stdout]    1:     0x631fe7fb326a - core[a373ad73a504971]::fmt::write
[INFO] [stdout]    2:     0x631fe7fa0e0c - <alloc[2e1b2a31b91974c5]::vec::Vec<u8> as core[a373ad73a504971]::io::write::Write>::write_fmt
[INFO] [stdout]    3:     0x631fe7f779c6 - std[617be2ca0a6fd877]::panicking::default_hook::{closure#0}
[INFO] [stdout]    4:     0x631fe7f94519 - std[617be2ca0a6fd877]::panicking::default_hook
[INFO] [stdout]    5:     0x631fe7de4590 - test[aada8e7e76ba119b]::test_main_inner::{closure#0}
[INFO] [stdout]    6:     0x631fe7f94842 - std[617be2ca0a6fd877]::panicking::panic_with_hook
[INFO] [stdout]    7:     0x631fe7f77a72 - std[617be2ca0a6fd877]::panicking::panic_handler::{closure#0}
[INFO] [stdout]    8:     0x631fe7f706a9 - std[617be2ca0a6fd877]::sys::backtrace::__rust_end_short_backtrace::<std[617be2ca0a6fd877]::panicking::panic_handler::{closure#0}, !>
[INFO] [stdout]    9:     0x631fe7f7886d - __rustc[ea4f61d10b84890b]::rust_begin_unwind
[INFO] [stdout]   10:     0x631fe7fb39cc - core[a373ad73a504971]::panicking::panic_fmt
[INFO] [stdout]   11:     0x631fe7fb37a2 - core[a373ad73a504971]::result::unwrap_failed
[INFO] [stdout]   12:     0x631fe7dd6697 - element_tests[d8f9c71b3af9cf4f]::get_element
[INFO] [stdout]   13:     0x631fe7dd68cc - <element_tests[d8f9c71b3af9cf4f]::test_css_value::{closure#0} as core[a373ad73a504971]::ops::function::FnOnce<()>>::call_once
[INFO] [stdout]   14:     0x631fe7dd79db - test[aada8e7e76ba119b]::__rust_begin_short_backtrace::<core[a373ad73a504971]::result::Result<(), alloc[2e1b2a31b91974c5]::string::String>, fn() -> core[a373ad73a504971]::result::Result<(), alloc[2e1b2a31b91974c5]::string::String>>
[INFO] [stdout]   15:     0x631fe7de4bb5 - test[aada8e7e76ba119b]::run_test::{closure#0}
[INFO] [stdout]   16:     0x631fe7dde4a4 - std[617be2ca0a6fd877]::sys::backtrace::__rust_begin_short_backtrace::<test[aada8e7e76ba119b]::run_test::{closure#1}, ()>
[INFO] [stdout]   17:     0x631fe7de7c42 - <std[617be2ca0a6fd877]::thread::lifecycle::spawn_unchecked<test[aada8e7e76ba119b]::run_test::{closure#1}, ()>::{closure#1} as core[a373ad73a504971]::ops::function::FnOnce<()>>::call_once::{shim:vtable#0}
[INFO] [stdout]   18:     0x631fe7f9bb3f - <std[617be2ca0a6fd877]::sys::thread::unix::Thread>::new::thread_start
[INFO] [stdout]   19:     0x7a637cbdedfa - <unknown>
[INFO] [stdout]   20:     0x7a637cc723d4 - clone
[INFO] [stdout]   21:                0x0 - <unknown>
[INFO] [stdout] 
[INFO] [stdout] ---- test_get_multiple_elements_find stdout ----
[INFO] [stdout] 
[INFO] [stdout] thread 'test_get_multiple_elements_find' (1777) panicked at tests/element_tests.rs:14:28:
[INFO] [stdout] called `Result::unwrap()` on an `Err` value: Error(Hyper(Error(Connect, Os { code: 111, kind: ConnectionRefused, message: "Connection refused" })), "http://localhost:4444/wd/hub/session/")
[INFO] [stdout] stack backtrace:
[INFO] [stdout]    0:     0x631fe7f9c691 - <<std[617be2ca0a6fd877]::sys::backtrace::BacktraceLock>::print::DisplayBacktrace as core[a373ad73a504971]::fmt::Display>::fmt
[INFO] [stdout]    1:     0x631fe7fb326a - core[a373ad73a504971]::fmt::write
[INFO] [stdout]    2:     0x631fe7fa0e0c - <alloc[2e1b2a31b91974c5]::vec::Vec<u8> as core[a373ad73a504971]::io::write::Write>::write_fmt
[INFO] [stdout]    3:     0x631fe7f779c6 - std[617be2ca0a6fd877]::panicking::default_hook::{closure#0}
[INFO] [stdout]    4:     0x631fe7f94519 - std[617be2ca0a6fd877]::panicking::default_hook
[INFO] [stdout]    5:     0x631fe7de4590 - test[aada8e7e76ba119b]::test_main_inner::{closure#0}
[INFO] [stdout]    6:     0x631fe7f94842 - std[617be2ca0a6fd877]::panicking::panic_with_hook
[INFO] [stdout]    7:     0x631fe7f77a72 - std[617be2ca0a6fd877]::panicking::panic_handler::{closure#0}
[INFO] [stdout]    8:     0x631fe7f706a9 - std[617be2ca0a6fd877]::sys::backtrace::__rust_end_short_backtrace::<std[617be2ca0a6fd877]::panicking::panic_handler::{closure#0}, !>
[INFO] [stdout]    9:     0x631fe7f7886d - __rustc[ea4f61d10b84890b]::rust_begin_unwind
[INFO] [stdout]   10:     0x631fe7fb39cc - core[a373ad73a504971]::panicking::panic_fmt
[INFO] [stdout]   11:     0x631fe7fb37a2 - core[a373ad73a504971]::result::unwrap_failed
[INFO] [stdout]   12:     0x631fe7dd7693 - <element_tests[d8f9c71b3af9cf4f]::test_get_multiple_elements_find::{closure#0} as core[a373ad73a504971]::ops::function::FnOnce<()>>::call_once
[INFO] [stdout]   13:     0x631fe7dd79db - test[aada8e7e76ba119b]::__rust_begin_short_backtrace::<core[a373ad73a504971]::result::Result<(), alloc[2e1b2a31b91974c5]::string::String>, fn() -> core[a373ad73a504971]::result::Result<(), alloc[2e1b2a31b91974c5]::string::String>>
[INFO] [stdout]   14:     0x631fe7de4bb5 - test[aada8e7e76ba119b]::run_test::{closure#0}
[INFO] [stdout]   15:     0x631fe7dde4a4 - std[617be2ca0a6fd877]::sys::backtrace::__rust_begin_short_backtrace::<test[aada8e7e76ba119b]::run_test::{closure#1}, ()>
[INFO] [stdout]   16:     0x631fe7de7c42 - <std[617be2ca0a6fd877]::thread::lifecycle::spawn_unchecked<test[aada8e7e76ba119b]::run_test::{closure#1}, ()>::{closure#1} as core[a373ad73a504971]::ops::function::FnOnce<()>>::call_once::{shim:vtable#0}
[INFO] [stdout]   17:     0x631fe7f9bb3f - <std[617be2ca0a6fd877]::sys::thread::unix::Thread>::new::thread_start
[INFO] [stdout]   18:     0x7a637cbdedfa - <unknown>
[INFO] [stdout]   19:     0x7a637cc723d4 - clone
[INFO] [stdout]   20:                0x0 - <unknown>
[INFO] [stdout] 
[INFO] [stdout] ---- test_get_attribute stdout ----
[INFO] [stdout] 
[INFO] [stdout] thread 'test_get_attribute' (1774) panicked at tests/element_tests.rs:6:28:
[INFO] [stdout] called `Result::unwrap()` on an `Err` value: Error(Hyper(Error(Connect, Os { code: 111, kind: ConnectionRefused, message: "Connection refused" })), "http://localhost:4444/wd/hub/session/")
[INFO] [stdout] stack backtrace:
[INFO] [stdout]    0:     0x631fe7f9c691 - <<std[617be2ca0a6fd877]::sys::backtrace::BacktraceLock>::print::DisplayBacktrace as core[a373ad73a504971]::fmt::Display>::fmt
[INFO] [stdout]    1:     0x631fe7fb326a - core[a373ad73a504971]::fmt::write
[INFO] [stdout]    2:     0x631fe7fa0e0c - <alloc[2e1b2a31b91974c5]::vec::Vec<u8> as core[a373ad73a504971]::io::write::Write>::write_fmt
[INFO] [stdout]    3:     0x631fe7f779c6 - std[617be2ca0a6fd877]::panicking::default_hook::{closure#0}
[INFO] [stdout]    4:     0x631fe7f94519 - std[617be2ca0a6fd877]::panicking::default_hook
[INFO] [stdout]    5:     0x631fe7de4590 - test[aada8e7e76ba119b]::test_main_inner::{closure#0}
[INFO] [stdout]    6:     0x631fe7f94842 - std[617be2ca0a6fd877]::panicking::panic_with_hook
[INFO] [stdout]    7:     0x631fe7f77a72 - std[617be2ca0a6fd877]::panicking::panic_handler::{closure#0}
[INFO] [stdout]    8:     0x631fe7f706a9 - std[617be2ca0a6fd877]::sys::backtrace::__rust_end_short_backtrace::<std[617be2ca0a6fd877]::panicking::panic_handler::{closure#0}, !>
[INFO] [stdout]    9:     0x631fe7f7886d - __rustc[ea4f61d10b84890b]::rust_begin_unwind
[INFO] [stdout]   10:     0x631fe7fb39cc - core[a373ad73a504971]::panicking::panic_fmt
[INFO] [stdout]   11:     0x631fe7fb37a2 - core[a373ad73a504971]::result::unwrap_failed
[INFO] [stdout]   12:     0x631fe7dd6697 - element_tests[d8f9c71b3af9cf4f]::get_element
[INFO] [stdout]   13:     0x631fe7dd6cac - <element_tests[d8f9c71b3af9cf4f]::test_get_attribute::{closure#0} as core[a373ad73a504971]::ops::function::FnOnce<()>>::call_once
[INFO] [stdout]   14:     0x631fe7dd79db - test[aada8e7e76ba119b]::__rust_begin_short_backtrace::<core[a373ad73a504971]::result::Result<(), alloc[2e1b2a31b91974c5]::string::String>, fn() -> core[a373ad73a504971]::result::Result<(), alloc[2e1b2a31b91974c5]::string::String>>
[INFO] [stdout]   15:     0x631fe7de4bb5 - test[aada8e7e76ba119b]::run_test::{closure#0}
[INFO] [stdout]   16:     0x631fe7dde4a4 - std[617be2ca0a6fd877]::sys::backtrace::__rust_begin_short_backtrace::<test[aada8e7e76ba119b]::run_test::{closure#1}, ()>
[INFO] [stdout]   17:     0x631fe7de7c42 - <std[617be2ca0a6fd877]::thread::lifecycle::spawn_unchecked<test[aada8e7e76ba119b]::run_test::{closure#1}, ()>::{closure#1} as core[a373ad73a504971]::ops::function::FnOnce<()>>::call_once::{shim:vtable#0}
[INFO] [stdout]   18:     0x631fe7f9bb3f - <std[617be2ca0a6fd877]::sys::thread::unix::Thread>::new::thread_start
[INFO] [stdout]   19:     0x7a637cbdedfa - <unknown>
[INFO] [stdout]   20:     0x7a637cc723d4 - clone
[INFO] [stdout]   21:                0x0 - <unknown>
[INFO] [stdout] 
[INFO] [stdout] 
[INFO] [stdout] failures:
[INFO] [stdout]     test_css_value
[INFO] [stdout]     test_get_attribute
[INFO] [stdout]     test_get_element_list_find
[INFO] [stdout]     test_get_element_list_query
[INFO] [stdout]     test_get_multiple_elements_find
[INFO] [stdout]     test_get_multiple_elements_query
[INFO] [stdout]     test_get_property
[INFO] [stdout]     test_is_selected
[INFO] [stdout] 
[INFO] [stdout] test result: FAILED. 0 passed; 8 failed; 0 ignored; 0 measured; 0 filtered out; finished in 0.11s
[INFO] [stdout] 
[INFO] [stderr] error: test failed, to rerun pass `--test element_tests`
[INFO] running `Command { std: "docker" "inspect" "4e60c89657b572710dba61b05f45684584f8fc0d5ac73e043a9c8dcfba68c645", kill_on_drop: false }`
[INFO] running `Command { std: "docker" "rm" "-f" "4e60c89657b572710dba61b05f45684584f8fc0d5ac73e043a9c8dcfba68c645", kill_on_drop: false }`
[INFO] [stdout] 4e60c89657b572710dba61b05f45684584f8fc0d5ac73e043a9c8dcfba68c645
