[INFO] fetching crate selene-db-catalog 2.0.0-alpha.1...
[INFO] testing selene-db-catalog-2.0.0-alpha.1 against 1.99.0-beta.8+cargoflags=--release for beta-release-1.100-2
[INFO] extracting crate selene-db-catalog 2.0.0-alpha.1 into /workspace/builds/worker-7-tc1/source
[INFO] started tweaking crates.io crate selene-db-catalog 2.0.0-alpha.1
[INFO] removed 0 missing tests
[INFO] finished tweaking crates.io crate selene-db-catalog 2.0.0-alpha.1
[INFO] tweaked toml for crates.io crate selene-db-catalog 2.0.0-alpha.1 written to /workspace/builds/worker-7-tc1/source/Cargo.toml
[INFO] validating manifest of crates.io crate selene-db-catalog 2.0.0-alpha.1 on toolchain 1.99.0-beta.8
[INFO] running `Command { std: CARGO_HOME="/workspace/cargo-home" RUSTUP_HOME="/workspace/rustup-home" "/workspace/cargo-home/bin/cargo" "+1.99.0-beta.8" "metadata" "--manifest-path" "Cargo.toml" "--no-deps", kill_on_drop: false }`
[INFO] crate crates.io crate selene-db-catalog 2.0.0-alpha.1 already has a lockfile, it will not be regenerated
[INFO] running `Command { std: CARGO_HOME="/workspace/cargo-home" RUSTUP_HOME="/workspace/rustup-home" "/workspace/cargo-home/bin/cargo" "+1.99.0-beta.8" "fetch" "--manifest-path" "Cargo.toml", kill_on_drop: false }`
[INFO] [stderr]     Updating crates.io index
[INFO] [stderr]  Downloading crates ...
[INFO] [stderr]   Downloaded selene-db-profile v2.0.0-alpha.1
[INFO] [stderr]   Downloaded selene-db-core v2.0.0-alpha.1
[INFO] running `Command { std: "docker" "create" "-v" "/var/lib/crater-agent-workspace/builds/worker-7-tc1/source:/opt/rustwide/workdir:ro,Z" "-v" "/var/lib/crater-agent-workspace/builds/worker-7-tc1/target:/opt/rustwide/target:rw,Z" "-v" "/var/lib/crater-agent-workspace/cargo-home:/opt/rustwide/cargo-home:ro,Z" "-v" "/var/lib/crater-agent-workspace/rustup-home:/opt/rustwide/rustup-home:ro,Z" "-m" "1610612736" "--network" "none" "ghcr.io/rust-lang/crates-build-env/linux@sha256:77db811e55d90add9212f6832c23229e3de5f1c1f9905e8cb07319ea15df73ac" "sleep" "infinity", kill_on_drop: false }`
[INFO] [stdout] 19a0ff07bbf8092311e90be64286b9c18b90235450f567cf63ef2035ee94ecf5
[INFO] running `Command { std: "docker" "start" "19a0ff07bbf8092311e90be64286b9c18b90235450f567cf63ef2035ee94ecf5", kill_on_drop: false }`
[INFO] running `Command { std: "docker" "inspect" "19a0ff07bbf8092311e90be64286b9c18b90235450f567cf63ef2035ee94ecf5", kill_on_drop: false }`
[INFO] running `Command { std: "docker" "exec" "-e" "SOURCE_DIR=/opt/rustwide/workdir" "-e" "CARGO_HOME=/opt/rustwide/cargo-home" "-e" "RUSTUP_HOME=/opt/rustwide/rustup-home" "-e" "CARGO_TARGET_DIR=/opt/rustwide/target" "-w" "/opt/rustwide/workdir" "--user" "0:0" "19a0ff07bbf8092311e90be64286b9c18b90235450f567cf63ef2035ee94ecf5" "/opt/rustwide/cargo-home/bin/cargo" "+1.99.0-beta.8" "metadata" "--no-deps" "--format-version=1", kill_on_drop: false }`
[INFO] running `Command { std: "docker" "inspect" "19a0ff07bbf8092311e90be64286b9c18b90235450f567cf63ef2035ee94ecf5", kill_on_drop: false }`
[INFO] running `Command { std: "docker" "exec" "-e" "SOURCE_DIR=/opt/rustwide/workdir" "-e" "CARGO_HOME=/opt/rustwide/cargo-home" "-e" "RUSTUP_HOME=/opt/rustwide/rustup-home" "-e" "CARGO_TARGET_DIR=/opt/rustwide/target" "-e" "CARGO_INCREMENTAL=0" "-e" "RUST_BACKTRACE=full" "-e" "RUSTFLAGS=--cap-lints=warn" "-e" "RUSTDOCFLAGS=--cap-lints=warn" "-w" "/opt/rustwide/workdir" "--user" "0:0" "19a0ff07bbf8092311e90be64286b9c18b90235450f567cf63ef2035ee94ecf5" "/opt/rustwide/cargo-home/bin/cargo" "+1.99.0-beta.8" "build" "--frozen" "--message-format=json" "--release", kill_on_drop: false }`
[INFO] [stderr]    Compiling syn v3.0.3
[INFO] [stderr]    Compiling serde v1.0.229
[INFO] [stderr]    Compiling syn v2.0.119
[INFO] [stderr]    Compiling arrayvec v0.7.8
[INFO] [stderr]    Compiling cc v1.4.3
[INFO] [stderr]    Compiling num-traits v0.2.19
[INFO] [stderr]    Compiling rust_decimal v1.42.1
[INFO] [stderr]    Compiling bytemuck v1.25.2
[INFO] [stderr]    Compiling constant_time_eq v0.4.2
[INFO] [stderr]    Compiling jiff-core v0.1.0
[INFO] [stderr]    Compiling serde_json v1.0.151
[INFO] [stderr]    Compiling uuid v1.24.1
[INFO] [stderr]    Compiling safe_arch v1.2.0
[INFO] [stderr]    Compiling wide v1.6.1
[INFO] [stderr]    Compiling jiff v0.2.35
[INFO] [stderr]    Compiling blake3 v1.8.6
[INFO] [stderr]    Compiling serde_derive v1.0.229
[INFO] [stderr]    Compiling ptr_meta_derive v0.3.2
[INFO] [stderr]    Compiling bytecheck_derive v0.8.3
[INFO] [stderr]    Compiling thiserror-impl v2.0.20
[INFO] [stderr]    Compiling rkyv_derive v0.8.18
[INFO] [stderr]    Compiling ptr_meta v0.3.2
[INFO] [stderr]    Compiling rancor v0.1.3
[INFO] [stderr]    Compiling bytecheck v0.8.3
[INFO] [stderr]    Compiling rend v0.5.4
[INFO] [stderr]    Compiling munge_macro v0.4.7
[INFO] [stderr]    Compiling miette-derive v7.6.0
[INFO] [stderr]    Compiling thiserror v2.0.20
[INFO] [stderr]    Compiling munge v0.4.7
[INFO] [stderr]    Compiling miette v7.6.0
[INFO] [stderr]    Compiling smallvec v1.15.2
[INFO] [stderr]    Compiling selene-db-profile v2.0.0-alpha.1
[INFO] [stderr]    Compiling parking_lot_core v0.9.12
[INFO] [stderr]    Compiling parking_lot v0.12.5
[INFO] [stderr]    Compiling rkyv v0.8.18
[INFO] [stderr]    Compiling selene-db-core v2.0.0-alpha.1
[INFO] [stderr]    Compiling selene-db-catalog v2.0.0-alpha.1 (/opt/rustwide/workdir)
[INFO] [stderr]     Finished `release` profile [optimized] target(s) in 53.11s
[INFO] running `Command { std: "docker" "inspect" "19a0ff07bbf8092311e90be64286b9c18b90235450f567cf63ef2035ee94ecf5", kill_on_drop: false }`
[INFO] running `Command { std: "docker" "exec" "-e" "SOURCE_DIR=/opt/rustwide/workdir" "-e" "CARGO_HOME=/opt/rustwide/cargo-home" "-e" "RUSTUP_HOME=/opt/rustwide/rustup-home" "-e" "CARGO_TARGET_DIR=/opt/rustwide/target" "-e" "CARGO_INCREMENTAL=0" "-e" "RUST_BACKTRACE=full" "-e" "RUSTFLAGS=--cap-lints=warn" "-e" "RUSTDOCFLAGS=--cap-lints=warn" "-w" "/opt/rustwide/workdir" "--user" "0:0" "19a0ff07bbf8092311e90be64286b9c18b90235450f567cf63ef2035ee94ecf5" "/opt/rustwide/cargo-home/bin/cargo" "+1.99.0-beta.8" "test" "--frozen" "--no-run" "--message-format=json" "--release", kill_on_drop: false }`
[INFO] [stderr]    Compiling either v1.17.0
[INFO] [stderr]    Compiling alloca v0.4.0
[INFO] [stderr]    Compiling zerocopy-derive v0.8.56
[INFO] [stderr]    Compiling serde v1.0.229
[INFO] [stderr]    Compiling libmimalloc-sys v0.1.49
[INFO] [stderr]    Compiling clap_builder v4.6.6
[INFO] [stderr]    Compiling regex-automata v0.4.18
[INFO] [stderr]    Compiling plotters v0.3.7
[INFO] [stderr]    Compiling cobs v0.3.0
[INFO] [stderr]    Compiling rand v0.9.5
[INFO] [stderr]    Compiling rand_xorshift v0.4.0
[INFO] [stderr]    Compiling page_size v0.6.0
[INFO] [stderr]    Compiling bitflags v2.13.1
[INFO] [stderr]    Compiling itertools v0.13.0
[INFO] [stderr]    Compiling rayon v1.12.0
[INFO] [stderr]    Compiling smallvec v1.15.2
[INFO] [stderr]    Compiling rust_decimal v1.42.1
[INFO] [stderr]    Compiling selene-db-profile v2.0.0-alpha.1
[INFO] [stderr]    Compiling tinytemplate v1.2.1
[INFO] [stderr]    Compiling postcard v1.1.3
[INFO] [stderr]    Compiling parking_lot_core v0.9.12
[INFO] [stderr]    Compiling zerocopy v0.8.56
[INFO] [stderr]    Compiling parking_lot v0.12.5
[INFO] [stderr]    Compiling selene-db-core v2.0.0-alpha.1
[INFO] [stderr]    Compiling criterion-plot v0.8.2
[INFO] [stderr]    Compiling clap v4.6.6
[INFO] [stderr]    Compiling regex v1.13.1
[INFO] [stderr]    Compiling selene-db-catalog v2.0.0-alpha.1 (/opt/rustwide/workdir)
[INFO] [stderr]    Compiling half v2.7.1
[INFO] [stderr]    Compiling ppv-lite86 v0.2.21
[INFO] [stderr]    Compiling mimalloc v0.1.52
[INFO] [stderr]    Compiling rand_chacha v0.9.0
[INFO] [stderr]    Compiling ciborium-ll v0.2.2
[INFO] [stderr]    Compiling ciborium v0.2.2
[INFO] [stderr]    Compiling proptest v1.11.0
[INFO] [stderr]    Compiling criterion v0.8.2
[INFO] [stderr]     Finished `release` profile [optimized] target(s) in 57.13s
[INFO] running `Command { std: "docker" "inspect" "19a0ff07bbf8092311e90be64286b9c18b90235450f567cf63ef2035ee94ecf5", kill_on_drop: false }`
[INFO] running `Command { std: "docker" "exec" "-e" "SOURCE_DIR=/opt/rustwide/workdir" "-e" "CARGO_HOME=/opt/rustwide/cargo-home" "-e" "RUSTUP_HOME=/opt/rustwide/rustup-home" "-e" "CARGO_TARGET_DIR=/opt/rustwide/target" "-e" "CARGO_INCREMENTAL=0" "-e" "RUST_BACKTRACE=full" "-e" "RUSTFLAGS=--cap-lints=warn" "-e" "RUSTDOCFLAGS=--cap-lints=warn" "-w" "/opt/rustwide/workdir" "--user" "0:0" "19a0ff07bbf8092311e90be64286b9c18b90235450f567cf63ef2035ee94ecf5" "/opt/rustwide/cargo-home/bin/cargo" "+1.99.0-beta.8" "test" "--frozen" "--release", kill_on_drop: false }`
[INFO] [stderr]     Finished `release` profile [optimized] target(s) in 0.17s
[INFO] [stderr]      Running unittests src/lib.rs (/opt/rustwide/target/release/deps/selene_catalog-e157e6e8f81248e7)
[INFO] [stdout] 
[INFO] [stdout] running 6 tests
[INFO] [stdout] test codec::tests::independent_descriptor_bytes_and_unknown_tags ... ok
[INFO] [stdout] test codec::checkpoint_tests::full_catalog_image_is_self_contained_and_retains_deleted_domain_water ... ok
[INFO] [stdout] test codec::declaration::expression::tests::unknown_semantics_operations_and_excessive_counts_fail_closed ... ok
[INFO] [stdout] test codec::declaration::expression::tests::explicit_expression_wire_tags_and_every_truncated_prefix ... ok
[INFO] [stdout] test codec::tests::scalar_and_vector_index_configuration_inventory ... ok
[INFO] [stdout] test codec::tests::all_catalog_payload_and_native_binding_families ... ok
[INFO] [stdout] 
[INFO] [stdout] test result: ok. 6 passed; 0 failed; 0 ignored; 0 measured; 0 filtered out; finished in 0.01s
[INFO] [stdout] 
[INFO] [stderr]      Running tests/candidate_dependencies.rs (/opt/rustwide/target/release/deps/candidate_dependencies-e224a7c142634563)
[INFO] [stdout] 
[INFO] [stdout] running 1 test
[INFO] [stdout] test active_constraint_requires_ready_provider_and_restricts_removal ... ok
[INFO] [stdout] 
[INFO] [stdout] test result: ok. 1 passed; 0 failed; 0 ignored; 0 measured; 0 filtered out; finished in 0.00s
[INFO] [stdout] 
[INFO] [stderr]      Running tests/catalog_model.rs (/opt/rustwide/target/release/deps/catalog_model-7cf07555a8e318d2)
[INFO] [stdout] 
[INFO] [stdout] running 14 tests
[INFO] [stdout] test catalog_ids_reject_zero_round_trip_and_remain_kind_safe ... ok
[INFO] [stdout] test canonical_names_use_nfc_without_case_or_compatibility_folding ... ok
[INFO] [stdout] test snapshot_clone_reads_and_iteration_are_immutable_and_deterministic ... ok
[INFO] [stdout] test generation_rejects_zero_and_checks_increment_overflow ... ok
[INFO] [stdout] test arbitrary_nonzero_catalog_ids_round_trip_and_remain_kind_separated ... ok
[INFO] [stdout] test snapshot_checks_descriptor_generations_and_reports_reproducible_memory_accounting ... ok
[INFO] [stdout] test descriptors_round_trip_without_collapsing_identity_generation_or_display ... ok
[INFO] [stdout] test transaction_stages_insert_and_drop_without_mutating_its_base ... ok
[INFO] [stdout] test descriptor_validation_checks_kind_payload_parent_and_user_names ... ok
[INFO] [stdout] test snapshot_rejects_duplicate_ids_and_shared_namespace_conflicts ... ok
[INFO] [stdout] test generated_regular_names_preserve_nfc_dictionary_identity ... ok
[INFO] [stdout] test unicode_versions_and_regular_identifier_profile_are_exact ... ok
[INFO] [stdout] test transaction_rejects_duplicate_id_instead_of_rebinding_identity ... ok
[INFO] [stdout] test snapshot_validates_parents_payload_references_and_flat_root ... ok
[INFO] [stderr]      Running tests/declarations.rs (/opt/rustwide/target/release/deps/declarations-54e001ed648fe922)
[INFO] [stdout] 
[INFO] [stdout] test result: ok. 14 passed; 0 failed; 0 ignored; 0 measured; 0 filtered out; finished in 0.02s
[INFO] [stdout] 
[INFO] [stdout] 
[INFO] [stdout] running 8 tests
[INFO] [stdout] test duplicate_dangling_cycle_and_missing_owner_are_typed_failures ... ok
[INFO] [stdout] test independent_constraint_and_profile_inputs_cannot_claim_activation ... ok
[INFO] [stdout] test logical_reconstruction_checks_high_water_and_whole_dependency_graph ... ok
[INFO] [stdout] test names_are_owner_scoped_and_shared_dependency_deletion_is_restrict ... ok
[INFO] [stdout] test native_type_depth_is_bounded_during_postcard_decode ... ok
[INFO] [stdout] test backing_index_requires_exact_owner_target_and_scalar_kind ... ok
[INFO] [stdout] test bounded_descriptor_bytes_never_bypass_validation ... ok
[INFO] [stdout] test analyzed_keys_are_preserved_without_catalog_case_rules ... ok
[INFO] [stdout] 
[INFO] [stdout] test result: ok. 8 passed; 0 failed; 0 ignored; 0 measured; 0 filtered out; finished in 0.01s
[INFO] [stdout] 
[INFO] [stderr]      Running tests/dependency_boundary.rs (/opt/rustwide/target/release/deps/dependency_boundary-42901c800381c59e)
[INFO] [stdout] 
[INFO] [stdout] running 1 test
[INFO] [stdout] test catalog_dependencies_are_allowlisted_and_workspace_is_acyclic ... FAILED
[INFO] [stdout] 
[INFO] [stdout] failures:
[INFO] [stdout] 
[INFO] [stdout] ---- catalog_dependencies_are_allowlisted_and_workspace_is_acyclic stdout ----
[INFO] [stdout] 
[INFO] [stdout] thread 'catalog_dependencies_are_allowlisted_and_workspace_is_acyclic' (1946) panicked at tests/dependency_boundary.rs:23:5:
[INFO] [stdout] cargo metadata failed: error: could not find `Cargo.toml` in `/opt` or any parent directory
[INFO] [stdout] 
[INFO] [stdout] stack backtrace:
[INFO] [stdout]    0:     0x62cf5786e301 - <<std[70759c8f55707aa4]::sys::backtrace::BacktraceLock>::print::DisplayBacktrace as core[df12db4294e9bfd3]::fmt::Display>::fmt
[INFO] [stdout]    1:     0x62cf57882c5a - core[df12db4294e9bfd3]::fmt::write
[INFO] [stdout]    2:     0x62cf5787279c - <alloc[2182bb758b4b3781]::vec::Vec<u8> as core[df12db4294e9bfd3]::io::write::Write>::write_fmt
[INFO] [stdout]    3:     0x62cf5784a696 - std[70759c8f55707aa4]::panicking::default_hook::{closure#0}
[INFO] [stdout]    4:     0x62cf57866a69 - std[70759c8f55707aa4]::panicking::default_hook
[INFO] [stdout]    5:     0x62cf577ffbe0 - test[9d35eded1c95d3be]::test_main_inner::<test[9d35eded1c95d3be]::test_main_static::{closure#0}>::{closure#0}
[INFO] [stdout]    6:     0x62cf57866c22 - std[70759c8f55707aa4]::panicking::panic_with_hook
[INFO] [stdout]    7:     0x62cf5784a742 - std[70759c8f55707aa4]::panicking::panic_handler::{closure#0}
[INFO] [stdout]    8:     0x62cf578434c9 - std[70759c8f55707aa4]::sys::backtrace::__rust_end_short_backtrace::<std[70759c8f55707aa4]::panicking::panic_handler::{closure#0}, !>
[INFO] [stdout]    9:     0x62cf5784b33d - __rustc[8fa7c3cbc660c2b3]::rust_begin_unwind
[INFO] [stdout]   10:     0x62cf5788338c - core[df12db4294e9bfd3]::panicking::panic_fmt
[INFO] [stdout]   11:     0x62cf577f125d - <dependency_boundary[1f563e7723041d02]::catalog_dependencies_are_allowlisted_and_workspace_is_acyclic::{closure#0} as core[df12db4294e9bfd3]::ops::function::FnOnce<()>>::call_once
[INFO] [stdout]   12:     0x62cf577f2ecb - test[9d35eded1c95d3be]::__rust_begin_short_backtrace::<core[df12db4294e9bfd3]::result::Result<(), alloc[2182bb758b4b3781]::string::String>, fn() -> core[df12db4294e9bfd3]::result::Result<(), alloc[2182bb758b4b3781]::string::String>>
[INFO] [stdout]   13:     0x62cf57800535 - test[9d35eded1c95d3be]::run_test::{closure#0}
[INFO] [stdout]   14:     0x62cf577f9df4 - std[70759c8f55707aa4]::sys::backtrace::__rust_begin_short_backtrace::<test[9d35eded1c95d3be]::run_test::{closure#1}, ()>
[INFO] [stdout]   15:     0x62cf57803692 - <std[70759c8f55707aa4]::thread::lifecycle::spawn_unchecked<test[9d35eded1c95d3be]::run_test::{closure#1}, ()>::{closure#1} as core[df12db4294e9bfd3]::ops::function::FnOnce<()>>::call_once::{shim:vtable#0}
[INFO] [stdout]   16:     0x62cf5786dbd9 - <std[70759c8f55707aa4]::sys::thread::unix::Thread>::new::thread_start
[INFO] [stdout]   17:     0x75a4773d6dfa - <unknown>
[INFO] [stdout]   18:     0x75a47746a3d4 - clone
[INFO] [stdout]   19:                0x0 - <unknown>
[INFO] [stdout] 
[INFO] [stdout] 
[INFO] [stdout] failures:
[INFO] [stdout]     catalog_dependencies_are_allowlisted_and_workspace_is_acyclic
[INFO] [stdout] 
[INFO] [stdout] test result: FAILED. 0 passed; 1 failed; 0 ignored; 0 measured; 0 filtered out; finished in 0.02s
[INFO] [stdout] 
[INFO] [stderr] error: test failed, to rerun pass `--test dependency_boundary`
[INFO] running `Command { std: "docker" "inspect" "19a0ff07bbf8092311e90be64286b9c18b90235450f567cf63ef2035ee94ecf5", kill_on_drop: false }`
[INFO] running `Command { std: "docker" "rm" "-f" "19a0ff07bbf8092311e90be64286b9c18b90235450f567cf63ef2035ee94ecf5", kill_on_drop: false }`
[INFO] [stdout] 19a0ff07bbf8092311e90be64286b9c18b90235450f567cf63ef2035ee94ecf5
