[INFO] fetching crate selectme 0.7.2...
[INFO] testing selectme-0.7.2 against 1.100.0-beta.1+cargoflags=--release for beta-release-1.100-2
[INFO] extracting crate selectme 0.7.2 into /workspace/builds/worker-3-tc2/source
[INFO] started tweaking crates.io crate selectme 0.7.2
[INFO] finished tweaking crates.io crate selectme 0.7.2
[INFO] tweaked toml for crates.io crate selectme 0.7.2 written to /workspace/builds/worker-3-tc2/source/Cargo.toml
[INFO] validating manifest of crates.io crate selectme 0.7.2 on toolchain 1.100.0-beta.1
[INFO] running `Command { std: CARGO_HOME="/workspace/cargo-home" RUSTUP_HOME="/workspace/rustup-home" "/workspace/cargo-home/bin/cargo" "+1.100.0-beta.1" "metadata" "--manifest-path" "Cargo.toml" "--no-deps", kill_on_drop: false }`
[INFO] crate crates.io crate selectme 0.7.2 already has a lockfile, it will not be regenerated
[INFO] running `Command { std: CARGO_HOME="/workspace/cargo-home" RUSTUP_HOME="/workspace/rustup-home" "/workspace/cargo-home/bin/cargo" "+1.100.0-beta.1" "fetch" "--manifest-path" "Cargo.toml", kill_on_drop: false }`
[INFO] running `Command { std: "docker" "create" "-v" "/var/lib/crater-agent-workspace/builds/worker-3-tc2/source:/opt/rustwide/workdir:ro,Z" "-v" "/var/lib/crater-agent-workspace/builds/worker-3-tc2/target:/opt/rustwide/target:rw,Z" "-v" "/var/lib/crater-agent-workspace/cargo-home:/opt/rustwide/cargo-home:ro,Z" "-v" "/var/lib/crater-agent-workspace/rustup-home:/opt/rustwide/rustup-home:ro,Z" "-m" "1610612736" "--network" "none" "ghcr.io/rust-lang/crates-build-env/linux@sha256:77db811e55d90add9212f6832c23229e3de5f1c1f9905e8cb07319ea15df73ac" "sleep" "infinity", kill_on_drop: false }`
[INFO] [stdout] 43cc6a0cb41d601603811be2fbe6d2406cd34fbada9a06cac0c1637fa1572739
[INFO] running `Command { std: "docker" "start" "43cc6a0cb41d601603811be2fbe6d2406cd34fbada9a06cac0c1637fa1572739", kill_on_drop: false }`
[INFO] running `Command { std: "docker" "inspect" "43cc6a0cb41d601603811be2fbe6d2406cd34fbada9a06cac0c1637fa1572739", kill_on_drop: false }`
[INFO] running `Command { std: "docker" "exec" "-e" "SOURCE_DIR=/opt/rustwide/workdir" "-e" "CARGO_HOME=/opt/rustwide/cargo-home" "-e" "RUSTUP_HOME=/opt/rustwide/rustup-home" "-e" "CARGO_TARGET_DIR=/opt/rustwide/target" "-w" "/opt/rustwide/workdir" "--user" "0:0" "43cc6a0cb41d601603811be2fbe6d2406cd34fbada9a06cac0c1637fa1572739" "/opt/rustwide/cargo-home/bin/cargo" "+1.100.0-beta.1" "metadata" "--no-deps" "--format-version=1", kill_on_drop: false }`
[INFO] running `Command { std: "docker" "inspect" "43cc6a0cb41d601603811be2fbe6d2406cd34fbada9a06cac0c1637fa1572739", kill_on_drop: false }`
[INFO] running `Command { std: "docker" "exec" "-e" "SOURCE_DIR=/opt/rustwide/workdir" "-e" "CARGO_HOME=/opt/rustwide/cargo-home" "-e" "RUSTUP_HOME=/opt/rustwide/rustup-home" "-e" "CARGO_TARGET_DIR=/opt/rustwide/target" "-e" "CARGO_INCREMENTAL=0" "-e" "RUST_BACKTRACE=full" "-e" "RUSTFLAGS=--cap-lints=warn" "-e" "RUSTDOCFLAGS=--cap-lints=warn" "-w" "/opt/rustwide/workdir" "--user" "0:0" "43cc6a0cb41d601603811be2fbe6d2406cd34fbada9a06cac0c1637fa1572739" "/opt/rustwide/cargo-home/bin/cargo" "+1.100.0-beta.1" "build" "--frozen" "--message-format=json" "--release", kill_on_drop: false }`
[INFO] [stderr]    Compiling selectme-macros v0.7.2
[INFO] [stderr]    Compiling selectme v0.7.2 (/opt/rustwide/workdir)
[INFO] [stderr]     Finished `release` profile [optimized] target(s) in 1.03s
[INFO] running `Command { std: "docker" "inspect" "43cc6a0cb41d601603811be2fbe6d2406cd34fbada9a06cac0c1637fa1572739", kill_on_drop: false }`
[INFO] running `Command { std: "docker" "exec" "-e" "SOURCE_DIR=/opt/rustwide/workdir" "-e" "CARGO_HOME=/opt/rustwide/cargo-home" "-e" "RUSTUP_HOME=/opt/rustwide/rustup-home" "-e" "CARGO_TARGET_DIR=/opt/rustwide/target" "-e" "CARGO_INCREMENTAL=0" "-e" "RUST_BACKTRACE=full" "-e" "RUSTFLAGS=--cap-lints=warn" "-e" "RUSTDOCFLAGS=--cap-lints=warn" "-w" "/opt/rustwide/workdir" "--user" "0:0" "43cc6a0cb41d601603811be2fbe6d2406cd34fbada9a06cac0c1637fa1572739" "/opt/rustwide/cargo-home/bin/cargo" "+1.100.0-beta.1" "test" "--frozen" "--no-run" "--message-format=json" "--release", kill_on_drop: false }`
[INFO] [stderr]    Compiling autocfg v1.1.0
[INFO] [stderr]    Compiling proc-macro2 v1.0.51
[INFO] [stderr]    Compiling quote v1.0.23
[INFO] [stderr]    Compiling unicode-ident v1.0.8
[INFO] [stderr]    Compiling syn v1.0.109
[INFO] [stderr]    Compiling libc v0.2.140
[INFO] [stderr]    Compiling serde_derive v1.0.155
[INFO] [stderr]    Compiling crossbeam-utils v0.8.15
[INFO] [stderr]    Compiling serde v1.0.155
[INFO] [stderr]    Compiling serde_json v1.0.94
[INFO] [stderr]    Compiling scopeguard v1.1.0
[INFO] [stderr]    Compiling itoa v1.0.6
[INFO] [stderr]    Compiling rayon-core v1.11.0
[INFO] [stderr]    Compiling ryu v1.0.13
[INFO] [stderr]    Compiling either v1.8.1
[INFO] [stderr]    Compiling os_str_bytes v6.4.1
[INFO] [stderr]    Compiling half v1.8.2
[INFO] [stderr]    Compiling futures-core v0.3.27
[INFO] [stderr]    Compiling ciborium-io v0.2.0
[INFO] [stderr]    Compiling plotters-backend v0.3.4
[INFO] [stderr]    Compiling regex-syntax v0.6.28
[INFO] [stderr]    Compiling textwrap v0.16.0
[INFO] [stderr]    Compiling pin-project-lite v0.2.9
[INFO] [stderr]    Compiling trybuild v1.0.79
[INFO] [stderr]    Compiling rustversion v1.0.12
[INFO] [stderr]    Compiling ppv-lite86 v0.2.17
[INFO] [stderr]    Compiling walkdir v2.3.2
[INFO] [stderr]    Compiling memoffset v0.8.0
[INFO] [stderr]    Compiling crossbeam-epoch v0.9.14
[INFO] [stderr]    Compiling num-traits v0.2.15
[INFO] [stderr]    Compiling indexmap v1.9.2
[INFO] [stderr]    Compiling tokio v1.26.0
[INFO] [stderr]    Compiling clap_lex v0.2.4
[INFO] [stderr]    Compiling plotters-svg v0.3.3
[INFO] [stderr]    Compiling itertools v0.10.5
[INFO] [stderr]    Compiling ciborium-ll v0.2.0
[INFO] [stderr]    Compiling glob v0.3.1
[INFO] [stderr]    Compiling oorandom v11.1.3
[INFO] [stderr]    Compiling lazy_static v1.4.0
[INFO] [stderr]    Compiling termcolor v1.2.0
[INFO] [stderr]    Compiling once_cell v1.17.1
[INFO] [stderr]    Compiling num_cpus v1.15.0
[INFO] [stderr]    Compiling crossbeam-channel v0.5.7
[INFO] [stderr]    Compiling getrandom v0.2.8
[INFO] [stderr]    Compiling atty v0.2.14
[INFO] [stderr]    Compiling rand_core v0.6.4
[INFO] [stderr]    Compiling crossbeam-deque v0.8.3
[INFO] [stderr]    Compiling rand_chacha v0.3.1
[INFO] [stderr]    Compiling clap v3.2.23
[INFO] [stderr]    Compiling rand v0.8.5
[INFO] [stderr]    Compiling plotters v0.3.4
[INFO] [stderr]    Compiling rayon v1.7.0
[INFO] [stderr]    Compiling regex v1.7.1
[INFO] [stderr]    Compiling criterion-plot v0.5.0
[INFO] [stderr]    Compiling tokio-macros v1.8.2
[INFO] [stderr]    Compiling pin-project-internal v1.0.12
[INFO] [stderr]    Compiling pin-project v1.0.12
[INFO] [stderr]    Compiling tokio-stream v0.1.12
[INFO] [stderr]    Compiling ciborium v0.2.0
[INFO] [stderr]    Compiling basic-toml v0.1.2
[INFO] [stderr]    Compiling tinytemplate v1.2.1
[INFO] [stderr]    Compiling criterion v0.4.0
[INFO] [stderr]    Compiling selectme v0.7.2 (/opt/rustwide/workdir)
[INFO] [stderr]     Finished `release` profile [optimized] target(s) in 1m 07s
[INFO] running `Command { std: "docker" "inspect" "43cc6a0cb41d601603811be2fbe6d2406cd34fbada9a06cac0c1637fa1572739", kill_on_drop: false }`
[INFO] running `Command { std: "docker" "exec" "-e" "SOURCE_DIR=/opt/rustwide/workdir" "-e" "CARGO_HOME=/opt/rustwide/cargo-home" "-e" "RUSTUP_HOME=/opt/rustwide/rustup-home" "-e" "CARGO_TARGET_DIR=/opt/rustwide/target" "-e" "CARGO_INCREMENTAL=0" "-e" "RUST_BACKTRACE=full" "-e" "RUSTFLAGS=--cap-lints=warn" "-e" "RUSTDOCFLAGS=--cap-lints=warn" "-w" "/opt/rustwide/workdir" "--user" "0:0" "43cc6a0cb41d601603811be2fbe6d2406cd34fbada9a06cac0c1637fa1572739" "/opt/rustwide/cargo-home/bin/cargo" "+1.100.0-beta.1" "test" "--frozen" "--release", kill_on_drop: false }`
[INFO] [stderr]     Finished `release` profile [optimized] target(s) in 0.15s
[INFO] [stderr]      Running unittests src/lib.rs (/opt/rustwide/target/release/build/selectme/e02f2fbff4de5e84/out/selectme-e02f2fbff4de5e84)
[INFO] [stdout] 
[INFO] [stdout] running 1 test
[INFO] [stderr]      Running tests/poller_test.rs (/opt/rustwide/target/release/build/selectme/b249c557965b38f3/out/poller_test-b249c557965b38f3)
[INFO] [stdout] test bias::tests::test_random_bias ... ok
[INFO] [stdout] 
[INFO] [stdout] test result: ok. 1 passed; 0 failed; 0 ignored; 0 measured; 0 filtered out; finished in 0.00s
[INFO] [stdout] 
[INFO] [stdout] 
[INFO] [stdout] running 1 test
[INFO] [stdout] test poller_test ... ok
[INFO] [stderr]      Running tests/select_struct_pattern.rs (/opt/rustwide/target/release/build/selectme/68fae786fc9713bd/out/select_struct_pattern-68fae786fc9713bd)
[INFO] [stdout] 
[INFO] [stdout] test result: ok. 1 passed; 0 failed; 0 ignored; 0 measured; 0 filtered out; finished in 0.20s
[INFO] [stdout] 
[INFO] [stdout] 
[INFO] [stderr]      Running tests/ui.rs (/opt/rustwide/target/release/build/selectme/13eda2682f6015bd/out/ui-13eda2682f6015bd)
[INFO] [stdout] running 2 tests
[INFO] [stdout] test select_struct_pattern ... ok
[INFO] [stdout] test select_struct_pattern_block ... ok
[INFO] [stdout] 
[INFO] [stdout] test result: ok. 2 passed; 0 failed; 0 ignored; 0 measured; 0 filtered out; finished in 0.00s
[INFO] [stdout] 
[INFO] [stdout] 
[INFO] [stdout] running 1 test
[INFO] [stderr]    Compiling autocfg v1.1.0
[INFO] [stderr]    Compiling proc-macro2 v1.0.51
[INFO] [stderr]    Compiling unicode-ident v1.0.8
[INFO] [stderr]    Compiling quote v1.0.23
[INFO] [stderr]    Compiling syn v1.0.109
[INFO] [stderr]    Compiling libc v0.2.140
[INFO] [stderr]    Compiling cfg-if v1.0.0
[INFO] [stderr]    Compiling crossbeam-utils v0.8.15
[INFO] [stderr]    Compiling serde_derive v1.0.155
[INFO] [stderr]    Compiling serde v1.0.155
[INFO] [stderr]    Compiling scopeguard v1.1.0
[INFO] [stderr]    Compiling serde_json v1.0.94
[INFO] [stderr]    Compiling either v1.8.1
[INFO] [stderr]    Compiling rayon-core v1.11.0
[INFO] [stderr]    Compiling hashbrown v0.12.3
[INFO] [stderr]    Compiling ryu v1.0.13
[INFO] [stderr]    Compiling futures-core v0.3.27
[INFO] [stderr]    Compiling os_str_bytes v6.4.1
[INFO] [stderr]    Compiling ciborium-io v0.2.0
[INFO] [stderr]    Compiling half v1.8.2
[INFO] [stderr]    Compiling itoa v1.0.6
[INFO] [stderr]    Compiling plotters-backend v0.3.4
[INFO] [stderr]    Compiling same-file v1.0.6
[INFO] [stderr]    Compiling itertools v0.10.5
[INFO] [stderr]    Compiling regex-syntax v0.6.28
[INFO] [stderr]    Compiling bitflags v1.3.2
[INFO] [stderr]    Compiling ppv-lite86 v0.2.17
[INFO] [stderr]    Compiling rustversion v1.0.12
[INFO] [stderr]    Compiling pin-project-lite v0.2.9
[INFO] [stderr]    Compiling textwrap v0.16.0
[INFO] [stderr]    Compiling cast v0.3.0
[INFO] [stderr]    Compiling walkdir v2.3.2
[INFO] [stderr]    Compiling clap_lex v0.2.4
[INFO] [stderr]    Compiling plotters-svg v0.3.3
[INFO] [stderr]    Compiling ciborium-ll v0.2.0
[INFO] [stderr]    Compiling selectme-macros v0.7.2
[INFO] [stderr]    Compiling lazy_static v1.4.0
[INFO] [stderr]    Compiling crossbeam-channel v0.5.7
[INFO] [stderr]    Compiling memoffset v0.8.0
[INFO] [stderr]    Compiling crossbeam-epoch v0.9.14
[INFO] [stderr]    Compiling num-traits v0.2.15
[INFO] [stderr]    Compiling indexmap v1.9.2
[INFO] [stderr]    Compiling tokio v1.26.0
[INFO] [stderr]    Compiling oorandom v11.1.3
[INFO] [stderr]    Compiling anes v0.1.6
[INFO] [stderr]    Compiling crossbeam-deque v0.8.3
[INFO] [stderr]    Compiling num_cpus v1.15.0
[INFO] [stderr]    Compiling getrandom v0.2.8
[INFO] [stderr]    Compiling atty v0.2.14
[INFO] [stderr]    Compiling rand_core v0.6.4
[INFO] [stderr]    Compiling rand_chacha v0.3.1
[INFO] [stderr]    Compiling clap v3.2.23
[INFO] [stderr]    Compiling rand v0.8.5
[INFO] [stderr]    Compiling selectme v0.7.2 (/opt/rustwide/workdir)
[INFO] [stderr]    Compiling plotters v0.3.4
[INFO] [stderr]    Compiling rayon v1.7.0
[INFO] [stderr]    Compiling regex v1.7.1
[INFO] [stderr]    Compiling criterion-plot v0.5.0
[INFO] [stderr]    Compiling tokio-macros v1.8.2
[INFO] [stderr]    Compiling pin-project-internal v1.0.12
[INFO] [stderr]    Compiling pin-project v1.0.12
[INFO] [stderr]    Compiling tokio-stream v0.1.12
[INFO] [stderr]    Compiling ciborium v0.2.0
[INFO] [stderr]    Compiling tinytemplate v1.2.1
[INFO] [stderr]    Compiling criterion v0.4.0
[INFO] [stderr]    Compiling selectme-tests v0.0.0 (/opt/rustwide/target/tests/trybuild/selectme)
[INFO] [stderr]     Finished `dev` profile [unoptimized + debuginfo] target(s) in 36.96s
[INFO] [stderr] 
[INFO] [stderr] 
[INFO] [stderr] test tests/ui/select_pass.rs [should pass] ... ok
[INFO] [stderr] test tests/ui/entry_arguments_fail.rs [should fail to compile] ... mismatch
[INFO] [stderr] 
[INFO] [stderr] EXPECTED:
[INFO] [stderr] ┈┈┈┈┈┈┈┈┈┈┈┈┈┈┈┈┈┈┈┈┈┈┈┈┈┈┈┈┈┈┈┈┈┈┈┈┈┈┈┈┈┈┈┈┈┈┈┈┈┈┈┈┈┈┈┈┈┈┈┈
[INFO] [stderr] error: functions marked with `#[selectme::main]` must be `async`
[INFO] [stderr]  --> tests/ui/entry_arguments_fail.rs:4:1
[INFO] [stderr]   |
[INFO] [stderr] 4 | fn main_with_argument(value: u32) {}
[INFO] [stderr]   | ^^
[INFO] [stderr] 
[INFO] [stderr] error: functions marked with `#[selectme::main]` must not take any arguments
[INFO] [stderr]  --> tests/ui/entry_arguments_fail.rs:4:22
[INFO] [stderr]   |
[INFO] [stderr] 4 | fn main_with_argument(value: u32) {}
[INFO] [stderr]   |                      ^^^^^^^^^^^^
[INFO] [stderr] 
[INFO] [stderr] error: functions marked with `#[selectme::main]` must be `async`
[INFO] [stderr]  --> tests/ui/entry_arguments_fail.rs:7:1
[INFO] [stderr]   |
[INFO] [stderr] 7 | pub(crate) fn non_empty_pub_crate(value: u32) {}
[INFO] [stderr]   | ^^^
[INFO] [stderr] 
[INFO] [stderr] error: functions marked with `#[selectme::main]` must not take any arguments
[INFO] [stderr]  --> tests/ui/entry_arguments_fail.rs:7:34
[INFO] [stderr]   |
[INFO] [stderr] 7 | pub(crate) fn non_empty_pub_crate(value: u32) {}
[INFO] [stderr]   |                                  ^^^^^^^^^^^^
[INFO] [stderr] ┈┈┈┈┈┈┈┈┈┈┈┈┈┈┈┈┈┈┈┈┈┈┈┈┈┈┈┈┈┈┈┈┈┈┈┈┈┈┈┈┈┈┈┈┈┈┈┈┈┈┈┈┈┈┈┈┈┈┈┈
[INFO] [stderr] 
[INFO] [stderr] ACTUAL OUTPUT:
[INFO] [stderr] ┈┈┈┈┈┈┈┈┈┈┈┈┈┈┈┈┈┈┈┈┈┈┈┈┈┈┈┈┈┈┈┈┈┈┈┈┈┈┈┈┈┈┈┈┈┈┈┈┈┈┈┈┈┈┈┈┈┈┈┈
[INFO] [stderr] error: functions marked with `#[selectme::main]` must be `async`
[INFO] [stderr]  --> tests/ui/entry_arguments_fail.rs:4:1
[INFO] [stderr]   |
[INFO] [stderr] 4 | fn main_with_argument(value: u32) {}
[INFO] [stderr]   | ^^
[INFO] [stderr] 
[INFO] [stderr] error: functions marked with `#[selectme::main]` must not take any arguments
[INFO] [stderr]  --> tests/ui/entry_arguments_fail.rs:4:22
[INFO] [stderr]   |
[INFO] [stderr] 4 | fn main_with_argument(value: u32) {}
[INFO] [stderr]   |                      ^^^^^^^^^^^^
[INFO] [stderr] 
[INFO] [stderr] error: functions marked with `#[selectme::main]` must be `async`
[INFO] [stderr]  --> tests/ui/entry_arguments_fail.rs:7:1
[INFO] [stderr]   |
[INFO] [stderr] 7 | pub(crate) fn non_empty_pub_crate(value: u32) {}
[INFO] [stderr]   | ^^^
[INFO] [stderr] 
[INFO] [stderr] error: functions marked with `#[selectme::main]` must not take any arguments
[INFO] [stderr]  --> tests/ui/entry_arguments_fail.rs:7:34
[INFO] [stderr]   |
[INFO] [stderr] 7 | pub(crate) fn non_empty_pub_crate(value: u32) {}
[INFO] [stderr]   |                                  ^^^^^^^^^^^^
[INFO] [stderr] 
[INFO] [stderr] warning: unused variable: `value`
[INFO] [stderr]  --> tests/ui/entry_arguments_fail.rs:4:23
[INFO] [stderr]   |
[INFO] [stderr] 4 | fn main_with_argument(value: u32) {}
[INFO] [stderr]   |                       ^^^^^ help: if this is intentional, prefix it with an underscore: `_value`
[INFO] [stderr]   |
[INFO] [stderr]   = note: `#[warn(unused_variables)]` (part of `#[warn(unused)]`) on by default
[INFO] [stderr] 
[INFO] [stderr] warning: unused variable: `value`
[INFO] [stderr]  --> tests/ui/entry_arguments_fail.rs:7:35
[INFO] [stderr]   |
[INFO] [stderr] 7 | pub(crate) fn non_empty_pub_crate(value: u32) {}
[INFO] [stderr]   |                                   ^^^^^ help: if this is intentional, prefix it with an underscore: `_value`
[INFO] [stderr] ┈┈┈┈┈┈┈┈┈┈┈┈┈┈┈┈┈┈┈┈┈┈┈┈┈┈┈┈┈┈┈┈┈┈┈┈┈┈┈┈┈┈┈┈┈┈┈┈┈┈┈┈┈┈┈┈┈┈┈┈
[INFO] [stderr] note: If the actual output is the correct output you can bless it by rerunning
[INFO] [stderr]       your test with the environment variable TRYBUILD=overwrite
[INFO] [stderr] 
[INFO] [stderr] test tests/ui/entry_invalid_inputs_fail.rs [should fail to compile] ... ok
[INFO] [stderr] test tests/ui/entry_type_mismatch_fail.rs [should fail to compile] ... mismatch
[INFO] [stderr] 
[INFO] [stderr] EXPECTED:
[INFO] [stderr] ┈┈┈┈┈┈┈┈┈┈┈┈┈┈┈┈┈┈┈┈┈┈┈┈┈┈┈┈┈┈┈┈┈┈┈┈┈┈┈┈┈┈┈┈┈┈┈┈┈┈┈┈┈┈┈┈┈┈┈┈
[INFO] [stderr] error[E0308]: mismatched types
[INFO] [stderr]  --> tests/ui/entry_type_mismatch_fail.rs:5:5
[INFO] [stderr]   |
[INFO] [stderr] 5 |     Ok(())
[INFO] [stderr]   |     ^^^^^^- help: consider using a semicolon here: `;`
[INFO] [stderr]   |     |
[INFO] [stderr]   |     expected `()`, found enum `Result`
[INFO] [stderr]   |
[INFO] [stderr]   = note: expected unit type `()`
[INFO] [stderr]                   found enum `Result<(), _>`
[INFO] [stderr] 
[INFO] [stderr] error[E0308]: mismatched types
[INFO] [stderr]   --> tests/ui/entry_type_mismatch_fail.rs:10:12
[INFO] [stderr]    |
[INFO] [stderr] 10 |     return Ok(());
[INFO] [stderr]    |            ^^^^^^ expected `()`, found enum `Result`
[INFO] [stderr]    |
[INFO] [stderr]    = note: expected unit type `()`
[INFO] [stderr]                    found enum `Result<(), _>`
[INFO] [stderr] 
[INFO] [stderr] error[E0308]: mismatched types
[INFO] [stderr]   --> tests/ui/entry_type_mismatch_fail.rs:14:46
[INFO] [stderr]    |
[INFO] [stderr] 14 |   async fn extra_semicolon() -> Result<(), ()> {
[INFO] [stderr]    |  ______________________________________________^
[INFO] [stderr] 15 | |     Ok(());
[INFO] [stderr]    | |           - help: remove this semicolon to return this value
[INFO] [stderr] 16 | | }
[INFO] [stderr]    | |_^ expected enum `Result`, found `()`
[INFO] [stderr]    |
[INFO] [stderr]    = note:   expected enum `Result<(), ()>`
[INFO] [stderr]            found unit type `()`
[INFO] [stderr] ┈┈┈┈┈┈┈┈┈┈┈┈┈┈┈┈┈┈┈┈┈┈┈┈┈┈┈┈┈┈┈┈┈┈┈┈┈┈┈┈┈┈┈┈┈┈┈┈┈┈┈┈┈┈┈┈┈┈┈┈
[INFO] [stderr] 
[INFO] [stderr] ACTUAL OUTPUT:
[INFO] [stderr] ┈┈┈┈┈┈┈┈┈┈┈┈┈┈┈┈┈┈┈┈┈┈┈┈┈┈┈┈┈┈┈┈┈┈┈┈┈┈┈┈┈┈┈┈┈┈┈┈┈┈┈┈┈┈┈┈┈┈┈┈
[INFO] [stderr] error[E0308]: mismatched types
[INFO] [stderr]  --> tests/ui/entry_type_mismatch_fail.rs:5:5
[INFO] [stderr]   |
[INFO] [stderr] 5 |     Ok(())
[INFO] [stderr]   |     ^^^^^^ expected `()`, found `Result<(), _>`
[INFO] [stderr]   |
[INFO] [stderr]   = note: expected unit type `()`
[INFO] [stderr]                   found enum `Result<(), _>`
[INFO] [stderr] 
[INFO] [stderr] error[E0308]: mismatched types
[INFO] [stderr]   --> tests/ui/entry_type_mismatch_fail.rs:10:12
[INFO] [stderr]    |
[INFO] [stderr] 10 |     return Ok(());
[INFO] [stderr]    |            ^^^^^^ expected `()`, found `Result<(), _>`
[INFO] [stderr]    |
[INFO] [stderr]    = note: expected unit type `()`
[INFO] [stderr]                    found enum `Result<(), _>`
[INFO] [stderr] 
[INFO] [stderr] error[E0308]: mismatched types
[INFO] [stderr]   --> tests/ui/entry_type_mismatch_fail.rs:14:46
[INFO] [stderr]    |
[INFO] [stderr] 14 |   async fn extra_semicolon() -> Result<(), ()> {
[INFO] [stderr]    |  ______________________________________________^
[INFO] [stderr] 15 | |     Ok(());
[INFO] [stderr]    | |           - help: remove this semicolon to return this value
[INFO] [stderr] 16 | | }
[INFO] [stderr]    | |_^ expected `Result<(), ()>`, found `()`
[INFO] [stderr]    |
[INFO] [stderr]    = note:   expected enum `Result<(), ()>`
[INFO] [stderr]            found unit type `()`
[INFO] [stderr] ┈┈┈┈┈┈┈┈┈┈┈┈┈┈┈┈┈┈┈┈┈┈┈┈┈┈┈┈┈┈┈┈┈┈┈┈┈┈┈┈┈┈┈┈┈┈┈┈┈┈┈┈┈┈┈┈┈┈┈┈
[INFO] [stderr] note: If the actual output is the correct output you can bless it by rerunning
[INFO] [stderr]       your test with the environment variable TRYBUILD=overwrite
[INFO] [stderr] 
[INFO] [stderr] test tests/ui/select_empty_fail.rs [should fail to compile] ... ok
[INFO] [stderr] test tests/ui/select_eof_fail.rs [should fail to compile] ... ok
[INFO] [stderr] test tests/ui/select_error_recovery_fail.rs [should fail to compile] ... ok
[INFO] [stderr] test tests/ui/select_static_fail.rs [should fail to compile] ... ok
[INFO] [stdout] test ui ... FAILED
[INFO] [stderr] 
[INFO] [stdout] 
[INFO] [stderr] 
[INFO] [stdout] failures:
[INFO] [stdout] 
[INFO] [stdout] ---- ui stdout ----
[INFO] [stdout] 
[INFO] [stdout] thread 'ui' (1980) panicked at /opt/rustwide/cargo-home/registry/src/index.crates.io-1949cf8c6b5b557f/trybuild-1.0.79/src/run.rs:101:13:
[INFO] [stdout] 2 of 8 tests failed
[INFO] [stdout] stack backtrace:
[INFO] [stdout]    0:     0x5cc8955e8f71 - <<std[617be2ca0a6fd877]::sys::backtrace::BacktraceLock>::print::DisplayBacktrace as core[a373ad73a504971]::fmt::Display>::fmt
[INFO] [stdout]    1:     0x5cc8955fe6ba - core[a373ad73a504971]::fmt::write
[INFO] [stdout]    2:     0x5cc8955ed83c - <alloc[2e1b2a31b91974c5]::vec::Vec<u8> as core[a373ad73a504971]::io::write::Write>::write_fmt
[INFO] [stdout]    3:     0x5cc8955c22a6 - std[617be2ca0a6fd877]::panicking::default_hook::{closure#0}
[INFO] [stdout]    4:     0x5cc8955dfe29 - std[617be2ca0a6fd877]::panicking::default_hook
[INFO] [stdout]    5:     0x5cc89557a300 - test[aada8e7e76ba119b]::test_main_inner::{closure#0}
[INFO] [stdout]    6:     0x5cc8955dffe2 - std[617be2ca0a6fd877]::panicking::panic_with_hook
[INFO] [stdout]    7:     0x5cc8955c2352 - std[617be2ca0a6fd877]::panicking::panic_handler::{closure#0}
[INFO] [stdout]    8:     0x5cc8955bace9 - std[617be2ca0a6fd877]::sys::backtrace::__rust_end_short_backtrace::<std[617be2ca0a6fd877]::panicking::panic_handler::{closure#0}, !>
[INFO] [stdout]    9:     0x5cc8955c2f5d - __rustc[ea4f61d10b84890b]::rust_begin_unwind
[INFO] [stdout]   10:     0x5cc8955fedec - core[a373ad73a504971]::panicking::panic_fmt
[INFO] [stdout]   11:     0x5cc8954e0296 - <trybuild[5f8019166d4dced0]::Runner>::run
[INFO] [stdout]   12:     0x5cc8954e2f60 - <trybuild[5f8019166d4dced0]::TestCases as core[a373ad73a504971]::ops::drop::Drop>::drop
[INFO] [stdout]   13:     0x5cc8954dacf6 - ui[a3a2c2f6c552a497]::ui
[INFO] [stdout]   14:     0x5cc8954daf29 - <ui[a3a2c2f6c552a497]::ui::{closure#0} as core[a373ad73a504971]::ops::function::FnOnce<()>>::call_once
[INFO] [stdout]   15:     0x5cc89556d74b - test[aada8e7e76ba119b]::__rust_begin_short_backtrace::<core[a373ad73a504971]::result::Result<(), alloc[2e1b2a31b91974c5]::string::String>, fn() -> core[a373ad73a504971]::result::Result<(), alloc[2e1b2a31b91974c5]::string::String>>
[INFO] [stdout]   16:     0x5cc89557a925 - test[aada8e7e76ba119b]::run_test::{closure#0}
[INFO] [stdout]   17:     0x5cc895574214 - std[617be2ca0a6fd877]::sys::backtrace::__rust_begin_short_backtrace::<test[aada8e7e76ba119b]::run_test::{closure#1}, ()>
[INFO] [stdout]   18:     0x5cc89557d9b2 - <std[617be2ca0a6fd877]::thread::lifecycle::spawn_unchecked<test[aada8e7e76ba119b]::run_test::{closure#1}, ()>::{closure#1} as core[a373ad73a504971]::ops::function::FnOnce<()>>::call_once::{shim:vtable#0}
[INFO] [stdout]   19:     0x5cc8955e819f - <std[617be2ca0a6fd877]::sys::thread::unix::Thread>::new::thread_start
[INFO] [stdout]   20:     0x7752de33fdfa - <unknown>
[INFO] [stdout]   21:     0x7752de3d33d4 - clone
[INFO] [stdout]   22:                0x0 - <unknown>
[INFO] [stdout] 
[INFO] [stdout] 
[INFO] [stdout] failures:
[INFO] [stdout]     ui
[INFO] [stdout] 
[INFO] [stdout] test result: FAILED. 0 passed; 1 failed; 0 ignored; 0 measured; 0 filtered out; finished in 39.45s
[INFO] [stdout] 
[INFO] [stderr] error: test failed, to rerun pass `--test ui`
[INFO] running `Command { std: "docker" "inspect" "43cc6a0cb41d601603811be2fbe6d2406cd34fbada9a06cac0c1637fa1572739", kill_on_drop: false }`
[INFO] running `Command { std: "docker" "rm" "-f" "43cc6a0cb41d601603811be2fbe6d2406cd34fbada9a06cac0c1637fa1572739", kill_on_drop: false }`
[INFO] [stdout] 43cc6a0cb41d601603811be2fbe6d2406cd34fbada9a06cac0c1637fa1572739
