[INFO] fetching crate sekejap-capi 0.20.0...
[INFO] testing sekejap-capi-0.20.0 against 1.100.0-beta.1+cargoflags=--release for beta-release-1.100-2
[INFO] extracting crate sekejap-capi 0.20.0 into /workspace/builds/worker-6-tc2/source
[INFO] started tweaking crates.io crate sekejap-capi 0.20.0
[INFO] finished tweaking crates.io crate sekejap-capi 0.20.0
[INFO] tweaked toml for crates.io crate sekejap-capi 0.20.0 written to /workspace/builds/worker-6-tc2/source/Cargo.toml
[INFO] validating manifest of crates.io crate sekejap-capi 0.20.0 on toolchain 1.100.0-beta.1
[INFO] running `Command { std: CARGO_HOME="/workspace/cargo-home" RUSTUP_HOME="/workspace/rustup-home" "/workspace/cargo-home/bin/cargo" "+1.100.0-beta.1" "metadata" "--manifest-path" "Cargo.toml" "--no-deps", kill_on_drop: false }`
[INFO] crate crates.io crate sekejap-capi 0.20.0 already has a lockfile, it will not be regenerated
[INFO] running `Command { std: CARGO_HOME="/workspace/cargo-home" RUSTUP_HOME="/workspace/rustup-home" "/workspace/cargo-home/bin/cargo" "+1.100.0-beta.1" "fetch" "--manifest-path" "Cargo.toml", kill_on_drop: false }`
[INFO] [stderr] warning: `package.homepage` is redundant with `package.repository`
[INFO] [stderr]   --> Cargo.toml:37:12
[INFO] [stderr]    |
[INFO] [stderr] 37 | homepage = "https://github.com/sekejapdb/sekejap"
[INFO] [stderr]    |            ^^^^^^^^^^^^^^^^^^^^^^^^^^^^^^^^^^^^^^
[INFO] [stderr] ...
[INFO] [stderr] 42 | repository = "https://github.com/sekejapdb/sekejap"
[INFO] [stderr]    |              --------------------------------------
[INFO] [stderr]    |
[INFO] [stderr]    = note: `cargo::redundant_homepage` is set to `warn` by default
[INFO] [stderr] help: consider removing `package.homepage`
[INFO] [stderr] warning: `sekejap-capi` (manifest) generated 1 warning
[INFO] running `Command { std: "docker" "create" "-v" "/var/lib/crater-agent-workspace/builds/worker-6-tc2/source:/opt/rustwide/workdir:ro,Z" "-v" "/var/lib/crater-agent-workspace/builds/worker-6-tc2/target:/opt/rustwide/target:rw,Z" "-v" "/var/lib/crater-agent-workspace/cargo-home:/opt/rustwide/cargo-home:ro,Z" "-v" "/var/lib/crater-agent-workspace/rustup-home:/opt/rustwide/rustup-home:ro,Z" "-m" "1610612736" "--network" "none" "ghcr.io/rust-lang/crates-build-env/linux@sha256:77db811e55d90add9212f6832c23229e3de5f1c1f9905e8cb07319ea15df73ac" "sleep" "infinity", kill_on_drop: false }`
[INFO] [stdout] 75acde74d18b000ee06d5bca337c9836b769711034d523586d87ff02c8728668
[INFO] running `Command { std: "docker" "start" "75acde74d18b000ee06d5bca337c9836b769711034d523586d87ff02c8728668", kill_on_drop: false }`
[INFO] running `Command { std: "docker" "inspect" "75acde74d18b000ee06d5bca337c9836b769711034d523586d87ff02c8728668", kill_on_drop: false }`
[INFO] running `Command { std: "docker" "exec" "-e" "SOURCE_DIR=/opt/rustwide/workdir" "-e" "CARGO_HOME=/opt/rustwide/cargo-home" "-e" "RUSTUP_HOME=/opt/rustwide/rustup-home" "-e" "CARGO_TARGET_DIR=/opt/rustwide/target" "-w" "/opt/rustwide/workdir" "--user" "0:0" "75acde74d18b000ee06d5bca337c9836b769711034d523586d87ff02c8728668" "/opt/rustwide/cargo-home/bin/cargo" "+1.100.0-beta.1" "metadata" "--no-deps" "--format-version=1", kill_on_drop: false }`
[INFO] running `Command { std: "docker" "inspect" "75acde74d18b000ee06d5bca337c9836b769711034d523586d87ff02c8728668", kill_on_drop: false }`
[INFO] running `Command { std: "docker" "exec" "-e" "SOURCE_DIR=/opt/rustwide/workdir" "-e" "CARGO_HOME=/opt/rustwide/cargo-home" "-e" "RUSTUP_HOME=/opt/rustwide/rustup-home" "-e" "CARGO_TARGET_DIR=/opt/rustwide/target" "-e" "CARGO_INCREMENTAL=0" "-e" "RUST_BACKTRACE=full" "-e" "RUSTFLAGS=--cap-lints=warn" "-e" "RUSTDOCFLAGS=--cap-lints=warn" "-w" "/opt/rustwide/workdir" "--user" "0:0" "75acde74d18b000ee06d5bca337c9836b769711034d523586d87ff02c8728668" "/opt/rustwide/cargo-home/bin/cargo" "+1.100.0-beta.1" "build" "--frozen" "--message-format=json" "--release", kill_on_drop: false }`
[INFO] [stderr] warning: `package.homepage` is redundant with `package.repository`
[INFO] [stderr]   --> Cargo.toml:37:12
[INFO] [stderr]    |
[INFO] [stderr] 37 | homepage = "https://github.com/sekejapdb/sekejap"
[INFO] [stderr]    |            ^^^^^^^^^^^^^^^^^^^^^^^^^^^^^^^^^^^^^^
[INFO] [stderr] ...
[INFO] [stderr] 42 | repository = "https://github.com/sekejapdb/sekejap"
[INFO] [stderr]    |              --------------------------------------
[INFO] [stderr]    |
[INFO] [stderr]    = note: `cargo::redundant_homepage` is set to `warn` by default
[INFO] [stderr] help: consider removing `package.homepage`
[INFO] [stderr] warning: `sekejap-capi` (manifest) generated 1 warning
[INFO] [stderr]    Compiling utf8parse v0.2.2
[INFO] [stderr]    Compiling libm v0.2.16
[INFO] [stderr]    Compiling serde_core v1.0.229
[INFO] [stderr]    Compiling libc v0.2.189
[INFO] [stderr]    Compiling serde_json v1.0.151
[INFO] [stderr]    Compiling is_terminal_polyfill v1.70.2
[INFO] [stderr]    Compiling digest v0.10.7
[INFO] [stderr]    Compiling crc32c v0.6.8
[INFO] [stderr]    Compiling anstyle v1.0.14
[INFO] [stderr]    Compiling colorchoice v1.0.5
[INFO] [stderr]    Compiling syn v3.0.5
[INFO] [stderr]    Compiling anstyle-query v1.1.5
[INFO] [stderr]    Compiling cipher v0.4.4
[INFO] [stderr]    Compiling rustix v1.1.4
[INFO] [stderr]    Compiling getrandom v0.4.3
[INFO] [stderr]    Compiling bitflags v2.13.1
[INFO] [stderr]    Compiling anstyle-parse v1.0.0
[INFO] [stderr]    Compiling toml_write v0.1.2
[INFO] [stderr]    Compiling winnow v0.7.15
[INFO] [stderr]    Compiling clap_lex v1.1.1
[INFO] [stderr]    Compiling linux-raw-sys v0.12.1
[INFO] [stderr]    Compiling getrandom v0.2.17
[INFO] [stderr]    Compiling blowfish v0.9.1
[INFO] [stderr]    Compiling fastrand v2.5.0
[INFO] [stderr]    Compiling once_cell v1.21.4
[INFO] [stderr]    Compiling anstream v1.0.0
[INFO] [stderr]    Compiling base64 v0.22.1
[INFO] [stderr]    Compiling cbindgen v0.27.0
[INFO] [stderr]    Compiling sekejap-kernel v0.20.0
[INFO] [stderr]    Compiling hmac v0.12.1
[INFO] [stderr]    Compiling md-5 v0.10.6
[INFO] [stderr]    Compiling sha1 v0.10.7
[INFO] [stderr]    Compiling sha2 v0.10.9
[INFO] [stderr]    Compiling syn v2.0.119
[INFO] [stderr]    Compiling clap_builder v4.6.7
[INFO] [stderr]    Compiling log v0.4.34
[INFO] [stderr]    Compiling bcrypt v0.15.1
[INFO] [stderr]    Compiling geographiclib-rs v0.2.7
[INFO] [stderr]    Compiling serde_derive v1.0.229
[INFO] [stderr]    Compiling tempfile v3.27.0
[INFO] [stderr]    Compiling clap v4.6.7
[INFO] [stderr]    Compiling serde v1.0.229
[INFO] [stderr]    Compiling sekejap-core v0.20.0
[INFO] [stderr]    Compiling serde_spanned v0.6.9
[INFO] [stderr]    Compiling toml_datetime v0.6.11
[INFO] [stderr]    Compiling toml_edit v0.22.27
[INFO] [stderr]    Compiling toml v0.8.23
[INFO] [stderr]    Compiling sekejap-capi v0.20.0 (/opt/rustwide/workdir)
[INFO] [stderr]    Compiling sekejap-lang v0.20.0
[INFO] [stderr]    Compiling sekejap-dist v0.20.0
[INFO] [stderr]    Compiling sekejap v0.20.0
[INFO] [stdout] warning: variable does not need to be mutable
[INFO] [stdout]     --> src/lib.rs:2112:13
[INFO] [stdout]      |
[INFO] [stdout] 2112 |         let mut receiver = receiver.lock().unwrap_or_else(|e| e.into_inner());
[INFO] [stdout]      |             ----^^^^^^^^
[INFO] [stdout]      |             |
[INFO] [stdout]      |             help: remove this `mut`
[INFO] [stdout]      |
[INFO] [stdout]      = note: `#[warn(unused_mut)]` (part of `#[warn(unused)]`) on by default
[INFO] [stdout] 
[INFO] [stdout] 
[INFO] [stderr]     Finished `release` profile [optimized] target(s) in 1m 52s
[INFO] running `Command { std: "docker" "inspect" "75acde74d18b000ee06d5bca337c9836b769711034d523586d87ff02c8728668", kill_on_drop: false }`
[INFO] running `Command { std: "docker" "exec" "-e" "SOURCE_DIR=/opt/rustwide/workdir" "-e" "CARGO_HOME=/opt/rustwide/cargo-home" "-e" "RUSTUP_HOME=/opt/rustwide/rustup-home" "-e" "CARGO_TARGET_DIR=/opt/rustwide/target" "-e" "CARGO_INCREMENTAL=0" "-e" "RUST_BACKTRACE=full" "-e" "RUSTFLAGS=--cap-lints=warn" "-e" "RUSTDOCFLAGS=--cap-lints=warn" "-w" "/opt/rustwide/workdir" "--user" "0:0" "75acde74d18b000ee06d5bca337c9836b769711034d523586d87ff02c8728668" "/opt/rustwide/cargo-home/bin/cargo" "+1.100.0-beta.1" "test" "--frozen" "--no-run" "--message-format=json" "--release", kill_on_drop: false }`
[INFO] [stderr] warning: `package.homepage` is redundant with `package.repository`
[INFO] [stderr]   --> Cargo.toml:37:12
[INFO] [stderr]    |
[INFO] [stderr] 37 | homepage = "https://github.com/sekejapdb/sekejap"
[INFO] [stderr]    |            ^^^^^^^^^^^^^^^^^^^^^^^^^^^^^^^^^^^^^^
[INFO] [stderr] ...
[INFO] [stderr] 42 | repository = "https://github.com/sekejapdb/sekejap"
[INFO] [stderr]    |              --------------------------------------
[INFO] [stderr]    |
[INFO] [stderr]    = note: `cargo::redundant_homepage` is set to `warn` by default
[INFO] [stderr] help: consider removing `package.homepage`
[INFO] [stderr] warning: `sekejap-capi` (manifest) generated 1 warning
[INFO] [stderr]    Compiling sekejap-capi v0.20.0 (/opt/rustwide/workdir)
[INFO] [stdout] warning: variable does not need to be mutable
[INFO] [stdout]     --> src/lib.rs:2112:13
[INFO] [stdout]      |
[INFO] [stdout] 2112 |         let mut receiver = receiver.lock().unwrap_or_else(|e| e.into_inner());
[INFO] [stdout]      |             ----^^^^^^^^
[INFO] [stdout]      |             |
[INFO] [stdout]      |             help: remove this `mut`
[INFO] [stdout]      |
[INFO] [stdout]      = note: `#[warn(unused_mut)]` (part of `#[warn(unused)]`) on by default
[INFO] [stdout] 
[INFO] [stdout] 
[INFO] [stderr]     Finished `release` profile [optimized] target(s) in 6.36s
[INFO] running `Command { std: "docker" "inspect" "75acde74d18b000ee06d5bca337c9836b769711034d523586d87ff02c8728668", kill_on_drop: false }`
[INFO] running `Command { std: "docker" "exec" "-e" "SOURCE_DIR=/opt/rustwide/workdir" "-e" "CARGO_HOME=/opt/rustwide/cargo-home" "-e" "RUSTUP_HOME=/opt/rustwide/rustup-home" "-e" "CARGO_TARGET_DIR=/opt/rustwide/target" "-e" "CARGO_INCREMENTAL=0" "-e" "RUST_BACKTRACE=full" "-e" "RUSTFLAGS=--cap-lints=warn" "-e" "RUSTDOCFLAGS=--cap-lints=warn" "-w" "/opt/rustwide/workdir" "--user" "0:0" "75acde74d18b000ee06d5bca337c9836b769711034d523586d87ff02c8728668" "/opt/rustwide/cargo-home/bin/cargo" "+1.100.0-beta.1" "test" "--frozen" "--release", kill_on_drop: false }`
[INFO] [stderr] warning: `package.homepage` is redundant with `package.repository`
[INFO] [stderr]   --> Cargo.toml:37:12
[INFO] [stderr]    |
[INFO] [stderr] 37 | homepage = "https://github.com/sekejapdb/sekejap"
[INFO] [stderr]    |            ^^^^^^^^^^^^^^^^^^^^^^^^^^^^^^^^^^^^^^
[INFO] [stderr] ...
[INFO] [stderr] 42 | repository = "https://github.com/sekejapdb/sekejap"
[INFO] [stderr]    |              --------------------------------------
[INFO] [stderr]    |
[INFO] [stderr]    = note: `cargo::redundant_homepage` is set to `warn` by default
[INFO] [stderr] help: consider removing `package.homepage`
[INFO] [stderr] warning: `sekejap-capi` (manifest) generated 1 warning
[INFO] [stderr] warning: variable does not need to be mutable
[INFO] [stderr]     --> src/lib.rs:2112:13
[INFO] [stderr]      |
[INFO] [stderr] 2112 |         let mut receiver = receiver.lock().unwrap_or_else(|e| e.into_inner());
[INFO] [stderr]      |             ----^^^^^^^^
[INFO] [stderr]      |             |
[INFO] [stderr]      |             help: remove this `mut`
[INFO] [stderr]      |
[INFO] [stderr]      = note: `#[warn(unused_mut)]` (part of `#[warn(unused)]`) on by default
[INFO] [stderr] 
[INFO] [stderr] warning: `sekejap-capi` (lib test) generated 1 warning (run `cargo fix --lib -p sekejap-capi --tests` to apply 1 suggestion)
[INFO] [stderr]     Finished `release` profile [optimized] target(s) in 0.10s
[INFO] [stderr]      Running unittests src/lib.rs (/opt/rustwide/target/release/build/sekejap-capi/5dfa4675f656c41a/out/sekejap-5dfa4675f656c41a)
[INFO] [stdout] 
[INFO] [stdout] running 22 tests
[INFO] [stdout] test abi::a_query_answers_a_json_array_of_objects_keyed_by_column_name ... ok
[INFO] [stdout] test abi::a_paged_query_hands_back_the_same_rows_as_one_query_in_pages_of_the_stated_size ... ok
[INFO] [stdout] test abi::a_committed_transaction_keeps_every_write_and_a_rolled_back_one_keeps_none ... ok
[INFO] [stdout] test abi::a_link_is_visible_to_neighbours_in_the_direction_it_was_made_and_an_unlink_removes_it ... ok
[INFO] [stdout] test abi::a_scan_at_three_page_sizes_delivers_the_same_rows_in_the_same_order ... ok
[INFO] [stdout] test abi::the_version_string_is_static_and_the_format_version_is_two ... ok
[INFO] [stdout] test abi::a_prepared_statement_is_rebindable_for_reads_and_says_it_is_not_for_writes ... ok
[INFO] [stdout] test abi::put_many_writes_one_batch_and_answers_how_many_rows_it_wrote ... ok
[INFO] [stdout] test abi::describe_answers_the_declared_fields_with_key_first_and_collections_lists_them_in_key_order ... ok
[INFO] [stdout] test abi::upgrade_moves_a_release_file_once_and_keeps_the_original ... FAILED
[INFO] [stdout] test abi::a_gql_statement_answers_through_the_same_query_calls ... ok
[INFO] [stdout] test abi::the_four_calls_sekejap_has_no_atomic_for_refuse_by_name_and_answer_nothing_else ... ok
[INFO] [stdout] test abi::storage_answers_the_two_files_and_their_total_and_a_checkpoint_reports_whether_it_folded ... ok
[INFO] [stdout] test abi::the_service_calls_are_refused_by_name_on_a_handle_opened_in_single_mode ... ok
[INFO] [stdout] test abi::the_catalog_names_schemas_and_describes_edge_tables ... ok
[INFO] [stdout] test abi::one_database_handle_serves_two_threads_at_once_and_each_keeps_its_own_error_slot ... ok
[INFO] [stdout] test abi::every_failure_returns_its_sentinel_and_leaves_a_message_and_a_code_on_this_thread ... ok
[INFO] [stdout] test abi::a_transaction_may_be_finished_on_another_thread ... ok
[INFO] [stdout] test abi::every_returned_string_is_freed_by_the_library_and_every_close_is_null_safe ... ok
[INFO] [stdout] test abi::every_document_written_through_the_abi_reads_back_exactly_as_the_oracle_holds_it ... ok
[INFO] [stdout] test abi::a_service_handle_answers_the_timeout_the_cancel_and_one_change_event_per_commit ... ok
[INFO] [stdout] test abi::a_waiting_subscription_does_not_hold_up_another ... ok
[INFO] [stderr] error: test failed, to rerun pass `--lib`
[INFO] [stdout] 
[INFO] [stdout] failures:
[INFO] [stdout] 
[INFO] [stdout] ---- abi::upgrade_moves_a_release_file_once_and_keeps_the_original stdout ----
[INFO] [stdout] 
[INFO] [stdout] thread 'abi::upgrade_moves_a_release_file_once_and_keeps_the_original' (1133) panicked at src/../tests/abi.rs:157:42:
[INFO] [stdout] called `Result::unwrap()` on an `Err` value: Os { code: 2, kind: NotFound, message: "No such file or directory" }
[INFO] [stdout] stack backtrace:
[INFO] [stdout]    0:     0x58447370adf1 - <<std[617be2ca0a6fd877]::sys::backtrace::BacktraceLock>::print::DisplayBacktrace as core[a373ad73a504971]::fmt::Display>::fmt
[INFO] [stdout]    1:     0x58447372326a - core[a373ad73a504971]::fmt::write
[INFO] [stdout]    2:     0x58447370f36c - <alloc[2e1b2a31b91974c5]::vec::Vec<u8> as core[a373ad73a504971]::io::write::Write>::write_fmt
[INFO] [stdout]    3:     0x5844736e3d96 - std[617be2ca0a6fd877]::panicking::default_hook::{closure#0}
[INFO] [stdout]    4:     0x584473701819 - std[617be2ca0a6fd877]::panicking::default_hook
[INFO] [stdout]    5:     0x584472f65cd0 - test[aada8e7e76ba119b]::test_main_inner::{closure#0}
[INFO] [stdout]    6:     0x5844737019d2 - std[617be2ca0a6fd877]::panicking::panic_with_hook
[INFO] [stdout]    7:     0x5844736e3e42 - std[617be2ca0a6fd877]::panicking::panic_handler::{closure#0}
[INFO] [stdout]    8:     0x5844736dc939 - std[617be2ca0a6fd877]::sys::backtrace::__rust_end_short_backtrace::<std[617be2ca0a6fd877]::panicking::panic_handler::{closure#0}, !>
[INFO] [stdout]    9:     0x5844736e4b3d - __rustc[ea4f61d10b84890b]::rust_begin_unwind
[INFO] [stdout]   10:     0x5844737239cc - core[a373ad73a504971]::panicking::panic_fmt
[INFO] [stdout]   11:     0x5844737237a2 - core[a373ad73a504971]::result::unwrap_failed
[INFO] [stdout]   12:     0x584472f0c16f - <sekejap[5f2e42e98bf13e06]::abi::upgrade_moves_a_release_file_once_and_keeps_the_original::{closure#0} as core[a373ad73a504971]::ops::function::FnOnce<()>>::call_once
[INFO] [stdout]   13:     0x584472f5911b - test[aada8e7e76ba119b]::__rust_begin_short_backtrace::<core[a373ad73a504971]::result::Result<(), alloc[2e1b2a31b91974c5]::string::String>, fn() -> core[a373ad73a504971]::result::Result<(), alloc[2e1b2a31b91974c5]::string::String>>
[INFO] [stdout]   14:     0x584472f662f5 - test[aada8e7e76ba119b]::run_test::{closure#0}
[INFO] [stdout]   15:     0x584472f5fbe4 - std[617be2ca0a6fd877]::sys::backtrace::__rust_begin_short_backtrace::<test[aada8e7e76ba119b]::run_test::{closure#1}, ()>
[INFO] [stdout]   16:     0x584472f69382 - <std[617be2ca0a6fd877]::thread::lifecycle::spawn_unchecked<test[aada8e7e76ba119b]::run_test::{closure#1}, ()>::{closure#1} as core[a373ad73a504971]::ops::function::FnOnce<()>>::call_once::{shim:vtable#0}
[INFO] [stdout]   17:     0x58447370a4af - <std[617be2ca0a6fd877]::sys::thread::unix::Thread>::new::thread_start
[INFO] [stdout]   18:     0x70da0214adfa - <unknown>
[INFO] [stdout]   19:     0x70da021de3d4 - clone
[INFO] [stdout]   20:                0x0 - <unknown>
[INFO] [stdout] 
[INFO] [stdout] 
[INFO] [stdout] failures:
[INFO] [stdout]     abi::upgrade_moves_a_release_file_once_and_keeps_the_original
[INFO] [stdout] 
[INFO] [stdout] test result: FAILED. 21 passed; 1 failed; 0 ignored; 0 measured; 0 filtered out; finished in 4.14s
[INFO] [stdout] 
[INFO] running `Command { std: "docker" "inspect" "75acde74d18b000ee06d5bca337c9836b769711034d523586d87ff02c8728668", kill_on_drop: false }`
[INFO] running `Command { std: "docker" "rm" "-f" "75acde74d18b000ee06d5bca337c9836b769711034d523586d87ff02c8728668", kill_on_drop: false }`
[INFO] [stdout] 75acde74d18b000ee06d5bca337c9836b769711034d523586d87ff02c8728668
