[INFO] fetching crate seismograph_cli 0.2.0...
[INFO] testing seismograph_cli-0.2.0 against 1.100.0-beta.1+cargoflags=--release for beta-release-1.100-2
[INFO] extracting crate seismograph_cli 0.2.0 into /workspace/builds/worker-4-tc2/source
[INFO] started tweaking crates.io crate seismograph_cli 0.2.0
[INFO] removed 0 missing tests
[INFO] finished tweaking crates.io crate seismograph_cli 0.2.0
[INFO] tweaked toml for crates.io crate seismograph_cli 0.2.0 written to /workspace/builds/worker-4-tc2/source/Cargo.toml
[INFO] validating manifest of crates.io crate seismograph_cli 0.2.0 on toolchain 1.100.0-beta.1
[INFO] running `Command { std: CARGO_HOME="/workspace/cargo-home" RUSTUP_HOME="/workspace/rustup-home" "/workspace/cargo-home/bin/cargo" "+1.100.0-beta.1" "metadata" "--manifest-path" "Cargo.toml" "--no-deps", kill_on_drop: false }`
[INFO] crate crates.io crate seismograph_cli 0.2.0 already has a lockfile, it will not be regenerated
[INFO] running `Command { std: CARGO_HOME="/workspace/cargo-home" RUSTUP_HOME="/workspace/rustup-home" "/workspace/cargo-home/bin/cargo" "+1.100.0-beta.1" "fetch" "--manifest-path" "Cargo.toml", kill_on_drop: false }`
[INFO] [stderr]     Blocking waiting for file lock on package cache
[INFO] [stderr]     Blocking waiting for file lock on package cache
[INFO] running `Command { std: "docker" "create" "-v" "/var/lib/crater-agent-workspace/builds/worker-4-tc2/source:/opt/rustwide/workdir:ro,Z" "-v" "/var/lib/crater-agent-workspace/builds/worker-4-tc2/target:/opt/rustwide/target:rw,Z" "-v" "/var/lib/crater-agent-workspace/cargo-home:/opt/rustwide/cargo-home:ro,Z" "-v" "/var/lib/crater-agent-workspace/rustup-home:/opt/rustwide/rustup-home:ro,Z" "-m" "1610612736" "--network" "none" "ghcr.io/rust-lang/crates-build-env/linux@sha256:77db811e55d90add9212f6832c23229e3de5f1c1f9905e8cb07319ea15df73ac" "sleep" "infinity", kill_on_drop: false }`
[INFO] [stdout] d140e8b8c161ec68cd9864812b786917b7f3bbb83dfce02506818a3eca791509
[INFO] running `Command { std: "docker" "start" "d140e8b8c161ec68cd9864812b786917b7f3bbb83dfce02506818a3eca791509", kill_on_drop: false }`
[INFO] running `Command { std: "docker" "inspect" "d140e8b8c161ec68cd9864812b786917b7f3bbb83dfce02506818a3eca791509", kill_on_drop: false }`
[INFO] running `Command { std: "docker" "exec" "-e" "SOURCE_DIR=/opt/rustwide/workdir" "-e" "CARGO_HOME=/opt/rustwide/cargo-home" "-e" "RUSTUP_HOME=/opt/rustwide/rustup-home" "-e" "CARGO_TARGET_DIR=/opt/rustwide/target" "-w" "/opt/rustwide/workdir" "--user" "0:0" "d140e8b8c161ec68cd9864812b786917b7f3bbb83dfce02506818a3eca791509" "/opt/rustwide/cargo-home/bin/cargo" "+1.100.0-beta.1" "metadata" "--no-deps" "--format-version=1", kill_on_drop: false }`
[INFO] running `Command { std: "docker" "inspect" "d140e8b8c161ec68cd9864812b786917b7f3bbb83dfce02506818a3eca791509", kill_on_drop: false }`
[INFO] running `Command { std: "docker" "exec" "-e" "SOURCE_DIR=/opt/rustwide/workdir" "-e" "CARGO_HOME=/opt/rustwide/cargo-home" "-e" "RUSTUP_HOME=/opt/rustwide/rustup-home" "-e" "CARGO_TARGET_DIR=/opt/rustwide/target" "-e" "CARGO_INCREMENTAL=0" "-e" "RUST_BACKTRACE=full" "-e" "RUSTFLAGS=--cap-lints=warn" "-e" "RUSTDOCFLAGS=--cap-lints=warn" "-w" "/opt/rustwide/workdir" "--user" "0:0" "d140e8b8c161ec68cd9864812b786917b7f3bbb83dfce02506818a3eca791509" "/opt/rustwide/cargo-home/bin/cargo" "+1.100.0-beta.1" "build" "--frozen" "--message-format=json" "--release", kill_on_drop: false }`
[INFO] [stderr]    Compiling syn v3.0.5
[INFO] [stderr]    Compiling syn v2.0.119
[INFO] [stderr]    Compiling thiserror v2.0.20
[INFO] [stderr]    Compiling bitflags v2.13.1
[INFO] [stderr]    Compiling errno v0.3.14
[INFO] [stderr]    Compiling unicode-segmentation v1.13.3
[INFO] [stderr]    Compiling either v1.18.0
[INFO] [stderr]    Compiling rustix v1.1.4
[INFO] [stderr]    Compiling smallvec v1.16.0
[INFO] [stderr]    Compiling instability v0.3.13
[INFO] [stderr]    Compiling castaway v0.2.4
[INFO] [stderr]    Compiling mio v1.2.3
[INFO] [stderr]    Compiling lru v0.18.4
[INFO] [stderr]    Compiling object v0.37.3
[INFO] [stderr]    Compiling seismograph v0.2.0
[INFO] [stderr]    Compiling compact_str v0.9.1
[INFO] [stderr]    Compiling signal-hook-registry v1.4.8
[INFO] [stderr]    Compiling memchr v2.8.3
[INFO] [stderr]    Compiling parking_lot_core v0.9.12
[INFO] [stderr]    Compiling gimli v0.32.3
[INFO] [stderr]    Compiling line-clipping v0.3.8
[INFO] [stderr]    Compiling miniz_oxide v0.8.9
[INFO] [stderr]    Compiling itertools v0.14.0
[INFO] [stderr]    Compiling rustc-demangle v0.1.28
[INFO] [stderr]    Compiling signal-hook v0.3.18
[INFO] [stderr]    Compiling convert_case v0.10.0
[INFO] [stderr]    Compiling signal-hook-mio v0.2.5
[INFO] [stderr]    Compiling parking_lot v0.12.5
[INFO] [stderr]    Compiling thread_aware_core v0.1.1
[INFO] [stderr]    Compiling seismograph_rallocator v0.2.0
[INFO] [stderr]    Compiling seismograph_protocol v0.2.0
[INFO] [stderr]    Compiling performables v0.2.0
[INFO] [stderr]    Compiling strum_macros v0.28.0
[INFO] [stderr]    Compiling derive_more-impl v2.1.1
[INFO] [stderr]    Compiling unicode-truncate v2.0.1
[INFO] [stderr]    Compiling derive_more v2.1.1
[INFO] [stderr]    Compiling crossterm v0.29.0
[INFO] [stderr]    Compiling addr2line v0.25.1
[INFO] [stderr]    Compiling strum v0.28.0
[INFO] [stderr]    Compiling darling_core v0.24.1
[INFO] [stderr]    Compiling thiserror-impl v2.0.20
[INFO] [stderr]    Compiling clap_derive v4.6.4
[INFO] [stderr]    Compiling backtrace v0.3.76
[INFO] [stderr]    Compiling seismograph_runtime v0.2.0
[INFO] [stderr]    Compiling kasuari v0.4.12
[INFO] [stderr]    Compiling clap v4.6.6
[INFO] [stderr]    Compiling ratatui-core v0.1.2
[INFO] [stderr]    Compiling darling_macro v0.24.1
[INFO] [stderr]    Compiling darling v0.24.1
[INFO] [stderr]    Compiling ratatui-widgets v0.3.2
[INFO] [stderr]    Compiling ratatui-crossterm v0.1.2
[INFO] [stderr]    Compiling ratatui v0.30.2
[INFO] [stderr]    Compiling seismograph_cli v0.2.0 (/opt/rustwide/workdir)
[INFO] [stderr]     Finished `release` profile [optimized] target(s) in 49.80s
[INFO] running `Command { std: "docker" "inspect" "d140e8b8c161ec68cd9864812b786917b7f3bbb83dfce02506818a3eca791509", kill_on_drop: false }`
[INFO] running `Command { std: "docker" "exec" "-e" "SOURCE_DIR=/opt/rustwide/workdir" "-e" "CARGO_HOME=/opt/rustwide/cargo-home" "-e" "RUSTUP_HOME=/opt/rustwide/rustup-home" "-e" "CARGO_TARGET_DIR=/opt/rustwide/target" "-e" "CARGO_INCREMENTAL=0" "-e" "RUST_BACKTRACE=full" "-e" "RUSTFLAGS=--cap-lints=warn" "-e" "RUSTDOCFLAGS=--cap-lints=warn" "-w" "/opt/rustwide/workdir" "--user" "0:0" "d140e8b8c161ec68cd9864812b786917b7f3bbb83dfce02506818a3eca791509" "/opt/rustwide/cargo-home/bin/cargo" "+1.100.0-beta.1" "test" "--frozen" "--no-run" "--message-format=json" "--release", kill_on_drop: false }`
[INFO] [stderr]    Compiling seismograph_cli v0.2.0 (/opt/rustwide/workdir)
[INFO] [stderr]     Finished `release` profile [optimized] target(s) in 48.53s
[INFO] running `Command { std: "docker" "inspect" "d140e8b8c161ec68cd9864812b786917b7f3bbb83dfce02506818a3eca791509", kill_on_drop: false }`
[INFO] running `Command { std: "docker" "exec" "-e" "SOURCE_DIR=/opt/rustwide/workdir" "-e" "CARGO_HOME=/opt/rustwide/cargo-home" "-e" "RUSTUP_HOME=/opt/rustwide/rustup-home" "-e" "CARGO_TARGET_DIR=/opt/rustwide/target" "-e" "CARGO_INCREMENTAL=0" "-e" "RUST_BACKTRACE=full" "-e" "RUSTFLAGS=--cap-lints=warn" "-e" "RUSTDOCFLAGS=--cap-lints=warn" "-w" "/opt/rustwide/workdir" "--user" "0:0" "d140e8b8c161ec68cd9864812b786917b7f3bbb83dfce02506818a3eca791509" "/opt/rustwide/cargo-home/bin/cargo" "+1.100.0-beta.1" "test" "--frozen" "--release", kill_on_drop: false }`
[INFO] [stderr]     Finished `release` profile [optimized] target(s) in 0.13s
[INFO] [stderr]      Running unittests src/main.rs (/opt/rustwide/target/release/build/seismograph_cli/668d2b5b01f75d2d/out/seismograph-668d2b5b01f75d2d)
[INFO] [stdout] 
[INFO] [stdout] running 460 tests
[INFO] [stdout] test commands::monitor::app::tests::arc_backtraces_toggle_without_collapsing_custom_fields ... ok
[INFO] [stdout] test commands::monitor::app::tests::allocation_sort_key_moves_to_next_column ... ok
[INFO] [stdout] test commands::monitor::app::tests::allocation_filter_key_shows_all_frames ... ok
[INFO] [stdout] test commands::monitor::app::tests::activity_rate_uses_event_delta_over_elapsed_time ... ok
[INFO] [stdout] test commands::monitor::app::tests::allocation_keys_cover_navigation_sorting_and_scroll ... ok
[INFO] [stdout] test commands::monitor::app::tests::allocation_sampling_edits_only_allocations ... ok
[INFO] [stdout] test commands::monitor::app::tests::allocation_backtraces_toggle_without_collapsing_custom_fields ... ok
[INFO] [stdout] test commands::monitor::app::tests::arc_sampling_edits_only_arc ... ok
[INFO] [stdout] test commands::monitor::app::tests::backtrace_toggle_preserves_recording ... ok
[INFO] [stdout] test commands::monitor::app::tests::activity_rate_handles_zero_time_counter_reset_and_overflow ... ok
[INFO] [stdout] test commands::monitor::app::tests::configuration_keyboard_navigation_clamps_and_edits_capacity ... ok
[INFO] [stdout] test commands::monitor::app::tests::configuration_popup_handles_modes_custom_settings_and_disconnected_apply ... ok
[INFO] [stdout] test commands::monitor::app::tests::configuration_popup_opens_with_current_configuration ... ok
[INFO] [stdout] test commands::monitor::app::tests::configuration_popup_uses_arrow_keys_and_escape ... ok
[INFO] [stdout] test commands::monitor::app::tests::arc_modes_preserve_custom_draft ... ok
[INFO] [stdout] test commands::monitor::app::tests::cache_sampling_edits_only_cache ... ok
[INFO] [stdout] test commands::monitor::app::tests::cache_backtraces_toggle_without_collapsing_custom_fields ... ok
[INFO] [stdout] test commands::monitor::app::tests::cache_modes_preserve_custom_draft ... ok
[INFO] [stdout] test commands::monitor::app::tests::connected_capture_key_starts_background_capture ... ok
[INFO] [stdout] test commands::monitor::app::tests::detailed_statistics_refresh_without_capture_and_info_navigation_keeps_thread_identity ... ok
[INFO] [stdout] test commands::monitor::app::tests::changing_instances_discards_queued_statistics ... ok
[INFO] [stdout] test commands::monitor::app::tests::activity_history_is_bounded ... ok
[INFO] [stdout] test commands::monitor::app::tests::browser_and_connected_keys_update_screen_state ... ok
[INFO] [stdout] test commands::monitor::app::tests::discovery_messages_preserve_selection_and_handle_errors ... ok
[INFO] [stdout] test commands::monitor::app::tests::connected_tab_dispatch_updates_only_the_active_view ... ok
[INFO] [stdout] test commands::monitor::app::tests::discovery_results_are_ignored_after_connecting ... ok
[INFO] [stdout] test commands::monitor::app::tests::dashboard_keeps_main_tab_navigation_and_independent_chart_and_event_focus ... ok
[INFO] [stdout] test commands::monitor::app::tests::event_buffer_capacity_is_not_associated_with_a_recorder ... ok
[INFO] [stdout] test commands::monitor::app::tests::every_on_preset_records_all_events_with_backtraces_and_reads_back_as_on ... ok
[INFO] [stdout] test commands::monitor::app::tests::clear_preserves_the_captured_view_and_resets_activity_baselines ... ok
[INFO] [stdout] test commands::monitor::app::tests::configuration_choices_cover_protocol_bounds ... ok
[INFO] [stdout] test commands::monitor::app::tests::capture_key_is_ignored_while_capture_is_running_or_browsing ... ok
[INFO] [stdout] test commands::monitor::app::tests::allocation_modes_preserve_custom_draft ... ok
[INFO] [stdout] test commands::monitor::app::tests::general_modes_preserve_custom_draft ... ok
[INFO] [stdout] test commands::monitor::app::tests::heap_keys_cover_both_focus_levels ... ok
[INFO] [stdout] test commands::monitor::app::tests::idle_polling_and_popup_keys_are_noops ... ok
[INFO] [stdout] test commands::monitor::app::tests::cancelling_configuration_popup_discards_draft_changes ... ok
[INFO] [stdout] test commands::monitor::app::tests::capture_steps_advance_phase_progress ... ok
[INFO] [stdout] test commands::monitor::app::tests::io_modes_preserve_custom_draft ... ok
[INFO] [stdout] test commands::monitor::app::tests::io_sampling_edits_only_io ... ok
[INFO] [stdout] test commands::monitor::app::tests::lifecycle_keys_are_blocked_by_configuration_and_modal_drafts ... ok
[INFO] [stdout] test commands::monitor::app::tests::clear_key_starts_the_connected_clear_worker ... ok
[INFO] [stdout] test commands::monitor::app::tests::offline_initial_status_reports_loading_before_a_snapshot_arrives ... ok
[INFO] [stdout] test commands::monitor::app::tests::io_and_cache_keys_move_between_summary_and_operation_views ... ok
[INFO] [stdout] test commands::monitor::app::tests::io_backtraces_toggle_without_collapsing_custom_fields ... ok
[INFO] [stdout] test commands::monitor::app::tests::general_sampling_edits_only_events ... ok
[INFO] [stdout] test commands::monitor::app::tests::failed_reconciliation_marks_state_unknown_without_claiming_deallocation ... ok
[INFO] [stdout] test commands::monitor::app::tests::on_preset_enables_backtraces_without_sampling ... ok
[INFO] [stdout] test commands::monitor::app::tests::primitive_enter_and_backspace_move_between_levels ... ok
[INFO] [stdout] test commands::monitor::app::tests::progress_reporting_succeeds_and_reports_closed_receiver ... ok
[INFO] [stdout] test commands::monitor::app::tests::heap_keys_switch_tiers_and_focus_hotspots ... ok
[INFO] [stdout] test commands::monitor::app::tests::recording_configuration_apply_is_ignored_while_another_operation_is_active ... ok
[INFO] [stdout] test commands::monitor::app::tests::live_recording_refresh_preserves_popup_edits ... ok
[INFO] [stdout] test commands::monitor::app::tests::next_tab_wraps_to_info ... ok
[INFO] [stdout] test commands::monitor::app::tests::offline_navigation_never_starts_remote_actions ... ok
[INFO] [stdout] test commands::monitor::app::tests::recording_configuration_messages_update_the_connected_instance ... ok
[INFO] [stdout] test commands::monitor::app::tests::failed_recording_write_schedules_authoritative_refresh ... ok
[INFO] [stdout] test commands::monitor::app::tests::failed_snapshot_capture_is_available_to_content_panels ... ok
[INFO] [stdout] test commands::monitor::app::tests::first_activity_observation_only_establishes_the_baseline ... ok
[INFO] [stdout] test commands::monitor::app::tests::recording_configuration_apply_starts_a_worker ... ok
[INFO] [stdout] test commands::monitor::app::tests::general_backtraces_toggle_without_collapsing_custom_fields ... ok
[INFO] [stdout] test commands::monitor::app::tests::recording_configuration_worker_start_failure_is_reported ... ok
[INFO] [stdout] test commands::monitor::app::tests::capture_mode_has_two_actions_and_defaults_to_continue ... ok
[INFO] [stdout] test commands::monitor::app::tests::reconnect_discards_previous_statistics_and_write_completion ... ok
[INFO] [stdout] test commands::monitor::app::tests::offline_navigation_sorting_and_stack_filters_match_monitor ... ok
[INFO] [stdout] test commands::monitor::app::tests::previous_tab_wraps_to_cache ... ok
[INFO] [stdout] test commands::monitor::app::tests::primitive_keys_cover_navigation_sorting_filtering_and_scroll ... ok
[INFO] [stdout] test commands::monitor::app::tests::queued_statistics_are_discarded_during_capture ... ok
[INFO] [stdout] test commands::monitor::app::tests::recording_popup_is_blocked_during_capture_and_recording_updates ... ok
[INFO] [stdout] test commands::monitor::app::tests::recording_fields_have_stable_labels_and_values ... ok
[INFO] [stdout] test commands::monitor::app::tests::recording_mode_changes_preserve_custom_values_until_apply ... ok
[INFO] [stdout] test commands::monitor::app::tests::recording_modes_expand_custom_fields_and_normalize_on_apply ... ok
[INFO] [stdout] test commands::monitor::app::tests::recording_write_invalidates_older_reads_and_pauses_refresh ... ok
[INFO] [stdout] test commands::monitor::app::tests::refresh_schedules_the_next_worker_for_each_screen ... ok
[INFO] [stdout] test commands::monitor::app::tests::recording_worker_uses_readback_instead_of_requested_configuration ... ok
[INFO] [stdout] test commands::monitor::app::tests::runtime_modes_preserve_custom_draft ... ok
[INFO] [stdout] test commands::monitor::app::tests::sampled_or_stackless_recording_is_custom ... ok
[INFO] [stdout] test commands::monitor::app::tests::sampling_percentages_remain_readable_across_the_picker_range ... ok
[INFO] [stdout] test commands::monitor::app::tests::stale_capture_and_clear_completions_cannot_mutate_a_new_connection ... ok
[INFO] [stdout] test commands::monitor::app::tests::statistics_messages_record_activity_and_handle_errors ... ok
[INFO] [stdout] test commands::monitor::app::tests::snapshot_capture_messages_cover_progress_completion_and_closed_worker ... ok
[INFO] [stdout] test commands::monitor::app::tests::snapshot_sources_are_selected_by_exact_identifier ... ok
[INFO] [stdout] test commands::monitor::app::tests::runtime_keys_cover_navigation_sorting_and_scroll ... ok
[INFO] [stdout] test commands::monitor::app::tests::runtime_activity_tab_always_changes_the_main_tab ... ok
[INFO] [stdout] test commands::monitor::app::tests::stale_and_failed_background_messages_are_discarded_or_reported ... ok
[INFO] [stdout] test commands::monitor::app::tests::runtime_backtraces_toggle_without_collapsing_custom_fields ... ok
[INFO] [stdout] test commands::monitor::app::tests::snapshot_capture_does_not_block_tab_navigation ... ok
[INFO] [stdout] test commands::monitor::app::tests::successful_snapshot_capture_resets_views_and_installs_snapshot ... ok
[INFO] [stdout] test commands::monitor::app::tests::thread_enter_and_backspace_move_between_levels ... ok
[INFO] [stdout] test commands::monitor::app::tests::thread_keys_cover_navigation_filtering_and_scroll ... ok
[INFO] [stdout] test commands::monitor::app::tests::tabs_cover_every_variant ... ok
[INFO] [stdout] test commands::monitor::app::tests::worker_receivers_distinguish_empty_closed_and_available_channels ... ok
[INFO] [stdout] test commands::monitor::app::tests::view_state_resets_restore_navigation_origins ... ok
[INFO] [stdout] test commands::monitor::app::tests::zero_activity_after_the_baseline_is_retained ... ok
[INFO] [stdout] test commands::monitor::client::tests::empty_snapshot_file_name_uses_fallback ... ok
[INFO] [stdout] test commands::monitor::client::tests::discover_handles_missing_directories_and_snapshot_saves_exact_bytes ... FAILED
[INFO] [stdout] test commands::monitor::client::tests::discover_finds_a_published_monitor ... FAILED
[INFO] [stdout] test commands::monitor::client::tests::discover_filters_files_and_sorts_reachable_monitors ... FAILED
[INFO] [stdout] test commands::monitor::client::tests::handshake_rejects_remote_wrong_identity_and_unexpected_responses ... ok
[INFO] [stdout] test commands::monitor::client::tests::live_activity_does_not_hide_truncated_responses_timeouts_or_remote_errors ... ok
[INFO] [stdout] test commands::monitor::client::tests::continue_uses_the_legacy_retain_request ... ok
[INFO] [stdout] test commands::monitor::client::tests::set_recording_rejects_cache_configuration_for_legacy_monitor ... ok
[INFO] [stdout] test commands::monitor::client::tests::snapshot_file_names_replace_unsupported_characters ... ok
[INFO] [stdout] test commands::monitor::client::tests::handshake_reads_legacy_and_cache_recording_state ... ok
[INFO] [stdout] test commands::monitor::app::tests::stop_worker_reconciles_server_policy_after_a_capture_error ... ok
[INFO] [stdout] test commands::monitor::client::tests::live_activity_uses_detailed_counts_and_authoritative_configuration ... ok
[INFO] [stdout] test commands::monitor::client::tests::lifecycle_commands_use_distinct_authenticated_requests ... ok
[INFO] [stdout] test commands::monitor::data::tests::allocation_liveness_pairs_remote_frees_before_allocations_by_owner_and_id ... ok
[INFO] [stdout] test commands::monitor::client::tests::lifecycle_commands_reject_wrong_response_variants ... ok
[INFO] [stdout] test commands::monitor::client::tests::truncated_cache_response_is_not_mistaken_for_a_legacy_monitor ... ok
[INFO] [stdout] test commands::monitor::data::tests::allocation_snapshot_ranks_hotspots_by_count_then_bytes ... ok
[INFO] [stdout] test commands::monitor::data::tests::allocation_snapshot_without_callers_and_unmatched_deallocation_is_empty ... ok
[INFO] [stdout] test commands::monitor::data::tests::allocation_routing_and_histogram_bounds_cover_edges ... ok
[INFO] [stdout] test commands::monitor::data::tests::compact_stack_sets_preserve_the_first_stack_and_order ... ok
[INFO] [stdout] test commands::monitor::client::tests::legacy_server_rejects_stop_and_clear_without_fallback ... ok
[INFO] [stdout] test commands::monitor::data::tests::empty_thread_events_have_no_representative_stack ... ok
[INFO] [stdout] test commands::monitor::data::tests::every_internal_frame_marker_is_filtered_independently ... ok
[INFO] [stdout] test commands::monitor::data::tests::channel_receive_waits_remain_visible_without_counting_as_contention ... ok
[INFO] [stdout] test commands::monitor::data::tests::identical_thread_stacks_are_counted ... ok
[INFO] [stdout] test commands::monitor::data::tests::io_and_cache_labels_cover_every_supported_variant ... ok
[INFO] [stdout] test commands::monitor::data::tests::io_and_cache_snapshots_aggregate_resources_operations_and_outcomes ... ok
[INFO] [stdout] test commands::monitor::data::tests::median_distinguishes_absent_and_zero_samples ... ok
[INFO] [stdout] test commands::monitor::data::tests::median_handles_maximum_samples_without_overflow ... ok
[INFO] [stdout] test commands::monitor::client::tests::command_rejects_wrong_ids_remote_errors_and_unexpected_payloads ... ok
[INFO] [stdout] test commands::monitor::data::tests::lock_poison_events_correlate_with_their_lock_object_group ... ok
[INFO] [stdout] test commands::monitor::data::tests::median_sorts_keep_missing_samples_last_and_break_ties_by_task_id ... ok
[INFO] [stdout] test commands::monitor::data::tests::memory_bucket_ranks_equal_counts_by_allocated_bytes ... ok
[INFO] [stdout] test commands::monitor::data::tests::memory_snapshot_groups_retained_allocations_by_routing_shape ... ok
[INFO] [stdout] test commands::monitor::data::tests::memory_snapshot_summarizes_regions_and_slices ... ok
[INFO] [stdout] test commands::monitor::data::tests::median_rounds_even_samples_down ... ok
[INFO] [stdout] test commands::monitor::data::tests::model_enum_navigation_and_labels_cover_every_variant ... ok
[INFO] [stdout] test commands::monitor::data::tests::primitive_snapshot_aggregates_operations_and_application_stacks ... ok
[INFO] [stdout] test commands::monitor::data::tests::primitive_snapshot_counts_contentions_by_type ... ok
[INFO] [stdout] test commands::monitor::data::tests::retained_spawn_metadata_does_not_infer_current_activity ... ok
[INFO] [stdout] test commands::monitor::data::tests::primitive_operation_metadata_covers_every_variant ... ok
[INFO] [stdout] test commands::monitor::data::tests::runtime_execution_metrics_handle_absent_zero_and_populated_samples ... ok
[INFO] [stdout] test commands::monitor::data::tests::runtime_monitor_poll_statistics_use_only_retained_finished_polls ... ok
[INFO] [stdout] test commands::monitor::data::tests::runtime_monitor_applies_lifecycle_and_transfer_events ... ok
[INFO] [stdout] test commands::monitor::client::tests::version_query_does_not_hide_partial_frames_malformed_payloads_or_timeouts ... ok
[INFO] [stdout] test commands::monitor::data::tests::runtime_poll_metrics_stay_with_the_executing_worker_after_migration ... ok
[INFO] [stdout] test commands::monitor::data::tests::runtime_snapshot_keeps_events_without_allocator_addresses ... ok
[INFO] [stdout] test commands::monitor::data::tests::runtime_monitor_summarizes_worker_and_task_retained_execution ... ok
[INFO] [stdout] test commands::monitor::data::tests::runtime_monitor_retains_only_coherent_ready_samples_across_workers ... ok
[INFO] [stdout] test commands::monitor::data::tests::sorting_helpers_cover_every_column_and_direction ... ok
[INFO] [stdout] test commands::monitor::data::tests::snapshot_accessors_cover_empty_and_populated_stacks ... ok
[INFO] [stdout] test commands::monitor::data::tests::stack_formatting_filters_internal_frames_and_handles_missing_metadata ... ok
[INFO] [stdout] test commands::monitor::data::tests::runtime_source_requires_coherent_activity_before_reporting_current_ages ... ok
[INFO] [stdout] test commands::monitor::data::tests::runtime_source_lifetime_metrics_do_not_override_retained_event_counts ... ok
[INFO] [stdout] test commands::monitor::data::tests::thread_operation_metadata_covers_every_variant ... ok
[INFO] [stdout] test commands::monitor::data::tests::thread_snapshot_links_cross_thread_object_activity ... ok
[INFO] [stdout] test commands::monitor::data::tests::thread_snapshot_links_same_thread_allocations_and_channels ... ok
[INFO] [stdout] test commands::monitor::data::tests::unrelated_operations_on_the_same_object_do_not_link_threads ... ok
[INFO] [stdout] test commands::monitor::data::tests::workerless_lifecycle_events_remain_visible_without_a_runtime_source ... ok
[INFO] [stdout] test commands::monitor::filter::tests::every_rule_kind_accepts_rust_identifiers_and_rejects_numeric_segments ... ok
[INFO] [stdout] test commands::monitor::filter::tests::empty_rules_pass_through_and_unknown_policy_is_explicit ... ok
[INFO] [stdout] test commands::monitor::filter::tests::malformed_rules_have_actionable_errors ... ok
[INFO] [stdout] test commands::monitor::filter::tests::malformed_symbols_are_rejected_without_guessing_owners ... ok
[INFO] [stdout] test commands::monitor::filter::tests::exclusions_win_even_with_unresolved_frames ... ok
[INFO] [stdout] test commands::monitor::client::tests::failed_cache_write_is_not_reported_as_success ... ok
[INFO] [stdout] test commands::monitor::filter::tests::matching_uses_segments_and_entire_stack ... ok
[INFO] [stdout] test commands::monitor::filter::tests::normalizes_generic_qualified_and_hashed_paths ... ok
[INFO] [stdout] test commands::monitor::filter::tests::type_arguments_and_trait_names_are_not_owners ... ok
[INFO] [stdout] test commands::monitor::filter_index::tests::allocation_lifetimes_are_correlated_before_excluding_free_stacks ... ok
[INFO] [stdout] test commands::monitor::data::tests::thread_summary_shares_formatted_stacks_across_objects ... ok
[INFO] [stdout] test commands::monitor::filter_index::tests::filtered_runtime_execution_uses_the_original_capture_window ... ok
[INFO] [stdout] test commands::monitor::filter_index::tests::filtered_runtime_keeps_workers_with_either_task_or_event_evidence ... ok
[INFO] [stdout] test commands::monitor::filter_index::tests::inferred_task_rows_preserve_identity_when_runtime_boundaries_are_filtered ... ok
[INFO] [stdout] test commands::monitor::filter::tests::partial_symbolization_only_blocks_undecidable_results ... ok
[INFO] [stdout] test commands::monitor::filter_index::tests::io_pairs_match_all_captured_frames_without_inventing_pending_operations ... ok
[INFO] [stdout] test commands::monitor::filter_index::tests::identical_stacks_are_interned_and_retained_events_have_no_stack_allocations ... ok
[INFO] [stdout] test commands::monitor::filter_index::tests::rules_reaggregate_records_and_reset_without_recapturing ... ok
[INFO] [stdout] test commands::monitor::filter_index::tests::repeated_spawn_events_keep_the_first_spawn_provenance ... ok
[INFO] [stdout] test commands::monitor::filter_index::tests::spawn_provenance_keeps_complete_task_lifecycle ... ok
[INFO] [stdout] test commands::monitor::filter_ui::tests::current_filter_completion_is_ignored_after_switching_to_browse ... ok
[INFO] [stdout] test commands::monitor::filter_index::tests::runtime_metadata_cannot_reintroduce_an_excluded_current_task ... ok
[INFO] [stdout] test commands::monitor::filter_ui::tests::disconnect_reconnect_invalidates_even_the_same_index ... ok
[INFO] [stdout] test commands::monitor::filter_ui::tests::editing_covers_reverse_navigation_excludes_and_ignored_keys ... ok
[INFO] [stdout] test commands::monitor::filter_ui::tests::editing_preserves_drafts_and_navigates_options ... ok
[INFO] [stdout] test commands::monitor::client::tests::cache_recording_distinguishes_supported_unsupported_and_rejected_monitors ... ok
[INFO] [stdout] test commands::monitor::filter_ui::tests::filter_modal_blocks_an_already_started_panel_drag ... ok
[INFO] [stdout] test commands::monitor::filter_ui::tests::missing_index_cannot_silently_apply ... ok
[INFO] [stdout] test commands::monitor::data::tests::median_handles_skewed_odd_samples ... ok
[INFO] [stdout] test commands::monitor::data::tests::retained_memory_totals_and_task_ids_handle_missing_inputs ... ok
[INFO] [stdout] test commands::monitor::filter_ui::tests::busy_filter_requests_coalesce_without_replacing_the_worker_slot ... ok
[INFO] [stdout] test commands::monitor::client::tests::set_recording_accepts_default_cache_configuration_for_legacy_monitor ... ok
[INFO] [stdout] test commands::monitor::filter_ui::tests::modal_input_cannot_quit_and_cancel_preserves_the_applied_view ... ok
[INFO] [stdout] test commands::monitor::filter_ui::tests::no_snapshot_is_an_actionable_error ... ok
[INFO] [stdout] test commands::monitor::filter_ui::tests::missing_index_errors_propagate_through_popup_snapshot_and_queue_paths ... ok
[INFO] [stdout] test commands::monitor::filter_ui::tests::offline_test_helpers_reject_non_offline_apps ... ok
[INFO] [stdout] test commands::monitor::filter_ui::tests::snapshot_and_connection_invalidation_retain_the_busy_worker_slot ... ok
[INFO] [stdout] test commands::monitor::filter_ui::tests::filter_popup_and_summary_are_visible_in_the_terminal ... ok
[INFO] [stdout] test commands::monitor::filter_ui::tests::visible_input_tail_keeps_the_end_cursor ... ok
[INFO] [stdout] test commands::monitor::filter_ui::tests::stale_generation_and_index_cannot_replace_the_current_capture ... ok
[INFO] [stdout] test commands::monitor::filter_ui::tests::reopening_filter_preserves_exclusions_unknown_policy_and_stack_mode ... ok
[INFO] [stdout] test commands::monitor::help::tests::background_completion_does_not_replace_open_help ... ok
[INFO] [stdout] test commands::monitor::filter_ui::tests::applying_filter_resets_panel_positions_but_preserves_display_options ... ok
[INFO] [stdout] test commands::monitor::filter_ui::tests::offline_apply_reset_preserves_capture_times_and_draft_text ... ok
[INFO] [stdout] test commands::monitor::filter_ui::tests::new_snapshot_supersedes_pending_filter_and_live_captures_reapply_it ... ok
[INFO] [stdout] test commands::monitor::filter_ui::tests::stopped_filter_workers_report_errors_and_clear_busy_state ... ok
[INFO] [stdout] test commands::monitor::client::tests::cache_read_does_not_hide_remote_errors_or_wrong_response_ids ... ok
[INFO] [stdout] test commands::monitor::help::tests::dialogs_and_transient_states_take_precedence_over_panel_help ... ok
[INFO] [stdout] test commands::monitor::client::tests::snapshot_and_statistics_commands_return_complete_payloads ... ok
[INFO] [stdout] test commands::monitor::client::tests::set_recording_sends_legacy_and_cache_requests ... ok
[INFO] [stdout] test commands::monitor::help::tests::every_panel_focus_maps_to_its_own_help ... ok
[INFO] [stdout] test commands::monitor::help::tests::explanation_wraps_with_hanging_indent_and_preserves_rule_syntax ... ok
[INFO] [stdout] test commands::monitor::help::tests::modal_keys_preserve_selections_and_recording_draft ... ok
[INFO] [stdout] test commands::monitor::help_content::tests::focused_help_excludes_focusable_siblings_and_keeps_passive_children ... ok
[INFO] [stdout] test commands::monitor::help_content::tests::every_context_has_explicit_sections_entries_and_help_controls ... ok
[INFO] [stdout] test commands::monitor::help::tests::rendered_help_has_bold_headers_and_cyan_bullet_keywords ... ok
[INFO] [stdout] test commands::monitor::help_content::tests::offline_info_does_not_claim_live_statistics_or_capture_time ... ok
[INFO] [stdout] test commands::monitor::help_content::tests::rendered_table_columns_have_their_own_labeled_entries ... ok
[INFO] [stdout] test commands::monitor::help_content::tests::help_explains_noninterchangeable_scopes_and_operation_values ... ok
[INFO] [stdout] test commands::monitor::help_content::tests::rule_syntax_and_colons_are_explanation_content_not_structure ... ok
[INFO] [stdout] test commands::monitor::help_content::tests::version_labels_are_explained_only_in_info_help ... ok
[INFO] [stdout] test commands::monitor::live_activity::tests::new_epochs_and_regressed_counters_do_not_spike_even_if_totals_overtake_old_values ... ok
[INFO] [stdout] test commands::monitor::help::tests::wrapping_preserves_every_word_even_at_one_column ... ok
[INFO] [stdout] test commands::monitor::live_activity::tests::class_rates_use_elapsed_time_and_thread_rates_use_identity_not_row_position ... ok
[INFO] [stdout] test commands::monitor::help::tests::scrolling_uses_wrapped_lines_and_clamps_after_resize ... ok
[INFO] [stdout] test commands::monitor::live_activity::tests::histories_are_bounded_and_unavailable_servers_do_not_report_empty_recording ... ok
[INFO] [stdout] test commands::monitor::live_activity::tests::rate_handles_zero_intervals_resets_large_counts_and_real_zeroes ... ok
[INFO] [stdout] test commands::monitor::live_activity::tests::retired_threads_keep_rates_without_claiming_retained_events_after_ring_release ... ok
[INFO] [stdout] test commands::monitor::mouse::tests::clipped_and_stale_viewports_do_not_produce_hidden_targets ... ok
[INFO] [stdout] test commands::monitor::mouse::tests::passive_mouse_targets_do_not_change_selection ... ok
[INFO] [stdout] test commands::monitor::mouse::tests::thin_histogram_columns_exclude_gaps_and_include_each_baseline ... ok
[INFO] [stdout] test commands::monitor::offline::tests::bad_container_and_sources_report_the_input_path ... FAILED
[INFO] [stdout] test commands::monitor::offline::tests::large_file_load ... ignored, requires SEISMOGRAPH_TEST_SNAPSHOT to name a large local capture
[INFO] [stdout] test commands::monitor::mouse::tests::scrolled_rows_exclude_headers_borders_and_blank_space ... ok
[INFO] [stdout] test commands::monitor::offline::tests::loader_reports_waiting_and_worker_failure ... ok
[INFO] [stdout] test commands::monitor::mouse::tests::collapsed_panels_have_no_clickable_rows ... ok
[INFO] [stdout] test commands::monitor::help::tests::help_blocks_background_clicks_and_resizing_but_accepts_wheel ... ok
[INFO] [stdout] test commands::monitor::offline::tests::loader_returns_the_worker_result_before_reporting_disconnection ... ok
[INFO] [stdout] test commands::monitor::offline::tests::file_loading_reports_ordered_progress_through_ready ... FAILED
[INFO] [stdout] test commands::monitor::panels::tests::app_routes_viewer_mouse_events_but_blocks_modal_drags ... ok
[INFO] [stdout] test commands::monitor::help::tests::filter_completion_can_reset_focus_without_changing_help_topic ... ok
[INFO] [stdout] test commands::monitor::panels::tests::info_keeps_top_rates_and_lower_left_metrics_beside_thread_graphics ... ok
[INFO] [stdout] test commands::monitor::panels::tests::help_cancels_an_active_drag_and_blocks_row_activation ... ok
[INFO] [stdout] test commands::monitor::panels::tests::info_thread_panel_accepts_both_wheel_directions ... ok
[INFO] [stdout] test commands::monitor::offline::tests::missing_file_fails_before_terminal_initialization ... ok
[INFO] [stdout] test commands::monitor::panels::tests::dragging_changes_only_the_selected_split_and_survives_resize ... ok
[INFO] [stdout] test commands::monitor::panels::tests::header_hit_testing_excludes_borders_dividers_and_clipped_titles ... ok
[INFO] [stdout] test commands::monitor::panels::tests::nested_horizontal_drag_is_clamped_and_tab_changes_cancel_it ... ok
[INFO] [stdout] test commands::monitor::panels::tests::clicking_headers_selects_tabs_and_blocks_modal_input ... ok
[INFO] [stdout] test commands::monitor::help::tests::styled_layout_preserves_all_content_at_tiny_widths_and_separates_sections ... ok
[INFO] [stdout] test commands::monitor::panels::tests::runtime_dashboard_places_half_width_charts_above_events_and_retains_dragging ... ok
[INFO] [stdout] test commands::monitor::runtime::tests::activity_validation_rejects_incoherent_states_and_accepts_waiting ... ok
[INFO] [stdout] test commands::monitor::runtime::tests::conflicting_legacy_poll_start_placements_remain_unknown ... ok
[INFO] [stdout] test commands::monitor::runtime::tests::display_window_rejects_zero_and_reversed_activity_ranges ... ok
[INFO] [stdout] test commands::monitor::runtime::tests::coherent_poll_worker_overrides_raced_worker_slot_without_a_retained_start ... ok
[INFO] [stdout] test commands::monitor::runtime::tests::completed_task_sizes_survive_without_live_source_metadata ... ok
[INFO] [stdout] test commands::monitor::panels::tests::statistics_divider_resizes_only_the_two_compact_charts ... ok
[INFO] [stdout] test commands::monitor::panels::tests::runtime_narrow_focus_collapses_without_overlaps_or_drag_targets ... ok
[INFO] [stdout] test commands::monitor::offline::tests::loads_native_allocator_file_without_inventing_a_capture_time ... FAILED
[INFO] [stdout] test commands::monitor::filter_ui::tests::pending_reset_stays_reset_when_a_new_capture_arrives ... ok
[INFO] [stdout] test commands::monitor::panels::tests::task_events_do_not_replace_the_dashboard_when_focused ... ok
[INFO] [stdout] test commands::monitor::runtime::tests::executing_sort_uses_fraction_and_keeps_unknown_last ... ok
[INFO] [stdout] test commands::monitor::runtime::tests::ready_activity_requires_both_notification_and_queue_timestamps ... ok
[INFO] [stdout] test commands::monitor::runtime::tests::queue_duration_samples_exclude_self_wake_execution_and_duplicate_wakes ... ok
[INFO] [stdout] test commands::monitor::runtime::tests::repeated_spawn_events_preserve_the_first_backtrace ... ok
[INFO] [stdout] test commands::monitor::runtime::tests::spawned_task_preserves_nonzero_parent_identity ... ok
[INFO] [stdout] test commands::monitor::runtime::tests::task_ready_worker_identity_is_not_executor_placement ... ok
[INFO] [stdout] test commands::monitor::runtime::tests::ten_minute_running_and_ready_are_distinct_and_not_completed_samples ... ok
[INFO] [stdout] test commands::monitor::runtime::tests::unbound_assignment_retains_metrics_or_execution_without_worker_identity ... ok
[INFO] [stdout] test commands::monitor::runtime_timeline::tests::bins_preserve_unknown_gaps_and_common_axis ... ok
[INFO] [stdout] test commands::monitor::runtime::tests::future_size_sort_keeps_unknown_last_and_zero_distinct ... ok
[INFO] [stdout] test commands::monitor::runtime::tests::legacy_zero_timestamps_do_not_create_an_idle_timeline ... ok
[INFO] [stdout] test commands::monitor::runtime::tests::missing_finish_is_not_evidence_of_an_open_poll_or_ready_wait ... ok
[INFO] [stdout] test commands::monitor::runtime::tests::legacy_running_placement_requires_an_exact_retained_poll_start ... ok
[INFO] [stdout] test commands::monitor::runtime_timeline::tests::histogram_counts_both_sides_of_every_decade_boundary ... ok
[INFO] [stdout] test commands::monitor::runtime_timeline::tests::median_is_exact_not_average_and_distinguishes_zero ... ok
[INFO] [stdout] test commands::monitor::runtime_timeline::tests::occupancy_uses_clipped_union_not_sum ... ok
[INFO] [stdout] test commands::monitor::snapshot::tests::chunk_release_stops_on_spawn_failure_and_preserves_remaining_events ... ok
[INFO] [stdout] test commands::monitor::snapshot::tests::preparation_uses_container_events_and_runtime_symbols_over_legacy_copies ... ok
[INFO] [stdout] test commands::monitor::snapshot::tests::runtime_only_source_keeps_symbols_without_inventing_heap_data ... ok
[INFO] [stdout] test commands::monitor::snapshot::tests::small_event_sets_keep_stacks_for_normal_drop ... ok
[INFO] [stdout] test commands::monitor::snapshot::tests::stack_release_profile ... ignored, allocation-reclamation timing probe; run serially on the validation host
[INFO] [stdout] test commands::monitor::runtime::tests::legacy_spawn_event_does_not_erase_known_source_future_size ... ok
[INFO] [stdout] test commands::monitor::runtime::tests::source_import_preserves_runtime_and_task_identity_metadata ... ok
[INFO] [stdout] test commands::monitor::runtime_timeline::tests::histogram_keeps_fixed_buckets_for_small_samples_and_narrow_panels ... ok
[INFO] [stdout] test commands::monitor::runtime_timeline::tests::histogram_retains_zero_and_extreme_samples_once ... ok
[INFO] [stdout] test commands::monitor::panels::tests::small_terminals_and_non_divider_clicks_are_safe ... ok
[INFO] [stdout] test commands::monitor::task_events::attribution::tests::concurrent_task_rejection_is_limited_to_overlapping_groups ... ok
[INFO] [stdout] test commands::monitor::client::tests::live_activity_falls_back_only_for_clean_legacy_closure ... ok
[INFO] [stdout] test commands::monitor::client::tests::statistics_use_live_policy_instead_of_retained_session_policy ... ok
[INFO] [stdout] test commands::monitor::task_events::attribution::tests::empty_boundaries_and_completed_nested_polls_are_handled ... ok
[INFO] [stdout] test commands::monitor::task_events::attribution::tests::nested_polls_with_a_shared_end_are_not_crossing ... ok
[INFO] [stdout] test commands::monitor::task_events::attribution::tests::recovered_and_open_polls_require_monotonic_observation_time ... ok
[INFO] [stdout] test commands::monitor::task_events::attribution::tests::empty_poll_interior_does_not_attribute_its_finish_boundary ... ok
[INFO] [stdout] test commands::monitor::task_events::tests::absent_task_identity_does_not_create_an_inferred_task ... ok
[INFO] [stdout] test commands::monitor::task_events::attribution::tests::reversed_poll_time_does_not_block_later_task_polls ... ok
[INFO] [stdout] test commands::monitor::task_events::attribution::tests::task_polls_touching_in_time_on_distinct_threads_are_ambiguous ... ok
[INFO] [stdout] test commands::monitor::task_events::tests::coherent_activity_bounds_an_open_poll_using_the_retained_start_thread ... ok
[INFO] [stdout] test commands::monitor::task_events::tests::crossing_polls_invalidate_the_overlapping_cluster ... ok
[INFO] [stdout] test commands::monitor::task_events::attribution::tests::touching_poll_groups_do_not_share_crossing_rejection ... ok
[INFO] [stdout] test commands::monitor::task_events::tests::filtered_inferred_actors_remain_navigable_without_restoring_hidden_runtime_events ... ok
[INFO] [stdout] test commands::monitor::task_events::tests::filtering_out_nested_boundaries_never_reattributes_ambiguous_work ... ok
[INFO] [stdout] test commands::monitor::task_events::tests::finish_only_recovers_a_continuous_suffix_but_not_a_start_timestamp_tie ... ok
[INFO] [stdout] test commands::monitor::task_events::stacks::tests::complete_boundary_match_never_removes_the_entire_operation_stack ... ok
[INFO] [stdout] test commands::monitor::task_events::tests::activity_without_a_retained_start_never_invents_the_recorder_thread ... ok
[INFO] [stdout] test commands::monitor::snapshot::tests::event_sets_at_the_parallel_release_threshold_are_released ... ok
[INFO] [stdout] test commands::monitor::task_events::tests::all_existing_thread_operations_have_task_history_and_measurements ... ok
[INFO] [stdout] test commands::monitor::task_events::tests::allocation_history_keeps_origin_free_actor_and_outside_work_distinct ... ok
[INFO] [stdout] test commands::monitor::task_events::tests::identical_event_stacks_and_object_histories_are_shared ... ok
[INFO] [stdout] test commands::monitor::task_events::tests::incoherent_activity_or_unknown_poll_worker_cannot_extend_a_start ... ok
[INFO] [stdout] test commands::monitor::task_events::tests::instrumented_future_frames_supply_a_root_without_poll_backtraces ... ok
[INFO] [stdout] test commands::monitor::task_events::tests::legacy_unknown_recording_policy_is_not_assumed_unsampled ... ok
[INFO] [stdout] test commands::monitor::task_events::tests::migration_uses_actual_recorder_threads_and_composite_task_identity ... ok
[INFO] [stdout] test commands::monitor::task_events::tests::missing_nested_finish_invalidates_an_enclosing_poll ... ok
[INFO] [stdout] test commands::monitor::task_events::tests::duplicate_sequences_cannot_prove_poll_continuity ... ok
[INFO] [stdout] test commands::monitor::task_events::tests::missing_nested_start_is_not_hidden_by_outer_finish_duration ... ok
[INFO] [stdout] test commands::monitor::task_events::tests::finish_only_does_not_bridge_a_sequence_gap ... ok
[INFO] [stdout] test commands::monitor::task_events::tests::gaps_can_hide_nested_polls_even_when_both_outer_boundaries_survive ... ok
[INFO] [stdout] test commands::monitor::task_events::tests::occurrence_index_is_actor_and_operation_specific_chronological_and_filterable ... ok
[INFO] [stdout] test commands::monitor::task_events::tests::open_poll_requires_a_complete_retained_tail_at_the_source_observation ... ok
[INFO] [stdout] test commands::monitor::task_events::tests::open_poll_requires_monotonic_thread_timestamps ... ok
[INFO] [stdout] test commands::monitor::task_events::tests::raw_common_boundary_addresses_work_without_symbols ... ok
[INFO] [stdout] test commands::monitor::task_events::tests::retained_arc_lifetimes_do_not_link_recycled_addresses ... ok
[INFO] [stdout] test commands::monitor::task_events::tests::retained_nested_polls_are_never_double_assigned ... ok
[INFO] [stdout] test commands::monitor::task_events::tests::repeated_lifetimes_of_one_allocation_id_are_split_at_allocate_and_free ... ok
[INFO] [stdout] test commands::monitor::task_events::tests::offline_preparation_carries_task_event_attribution ... ok
[INFO] [stdout] test commands::monitor::task_events::tests::reused_allocation_addresses_with_distinct_ids_are_separate_histories ... ok
[INFO] [stdout] test commands::monitor::task_events::tests::open_poll_accepts_repolls_at_or_before_observation_but_not_after_it ... ok
[INFO] [stdout] test commands::monitor::task_events::tests::queued_activity_cannot_extend_a_retained_open_poll ... ok
[INFO] [stdout] test commands::monitor::task_events::tests::runtime_sampling_cannot_be_detected_from_contiguous_sequences ... ok
[INFO] [stdout] test commands::monitor::task_events::tests::runtime_symbols_do_not_attribute_events_without_poll_evidence ... ok
[INFO] [stdout] test commands::monitor::task_events::tests::sampled_operations_and_loss_outside_a_complete_poll_do_not_hide_boundaries ... ok
[INFO] [stdout] test commands::monitor::task_events::tests::sequential_tasks_exclude_outside_events_and_ready_notifiers ... ok
[INFO] [stdout] test commands::monitor::task_events::tests::relative_stacks_follow_each_poll_site_and_preserve_nested_user_frames ... ok
[INFO] [stdout] test commands::monitor::task_events::tests::missing_poll_stack_is_explicitly_untrimmed_and_never_uses_spawn_stack ... ok
[INFO] [stdout] test commands::monitor::task_events::tests::reversed_event_time_invalidates_an_otherwise_contiguous_poll ... ok
[INFO] [stdout] test commands::monitor::task_events::tests::simultaneous_polls_of_one_task_on_distinct_threads_are_ambiguous ... ok
[INFO] [stdout] test commands::monitor::task_events::tests::retained_sequences_disambiguate_equal_timestamps ... ok
[INFO] [stdout] test commands::monitor::task_events::tests::stack_filtering_keeps_original_poll_evidence_and_related_history_semantics ... ok
[INFO] [stdout] test commands::monitor::task_events::tests::mismatched_worker_or_duration_does_not_make_a_trustworthy_pair ... ok
[INFO] [stdout] test commands::monitor::task_events::tests::stopped_runtime_without_task_metadata_uses_the_retained_recording_policy ... ok
[INFO] [stdout] test commands::monitor::task_events::tests::unassigned_free_is_related_evidence_not_work_by_the_allocating_task ... ok
[INFO] [stdout] test commands::monitor::task_events::tests::unsupported_events_are_skipped_and_released_heap_allocations_are_labeled ... ok
[INFO] [stdout] test commands::monitor::task_events::tests::many_tasks_share_one_related_history_instead_of_cloning_it_per_task ... ok
[INFO] [stdout] test commands::monitor::task_events::tests::unmatched_start_does_not_claim_arbitrary_later_work ... ok
[INFO] [stdout] test commands::monitor::task_events::tests::unordered_arc_lifecycle_ties_do_not_invent_cross_thread_lifetime_links ... ok
[INFO] [stdout] test commands::monitor::task_events::tests::visible_runtime_rows_are_not_duplicated_by_inferred_actor_navigation ... ok
[INFO] [stdout] test commands::monitor::task_events::tests::sampled_runtime_boundaries_cannot_prove_an_open_poll_actor ... ok
[INFO] [stdout] test commands::monitor::tests::refresh_is_due_at_or_after_the_deadline ... ok
[INFO] [stdout] test commands::monitor::tests::monitor_error_sources_only_wrap_upstream_errors ... ok
[INFO] [stdout] test commands::monitor::help::tests::filter_draft_and_validation_error_survive_help ... ok
[INFO] [stdout] test commands::monitor::tests::key_events_only_exit_for_pressed_quit_keys ... ok
[INFO] [stdout] test commands::monitor::tests::monitor_errors_have_specific_messages ... ok
[INFO] [stdout] test commands::monitor::ui::runtime_ui::tests::coherent_queue_histogram_never_mixes_raw_wake_samples ... ok
[INFO] [stdout] test commands::monitor::ui::info_ui::tests::thread_rows_show_fill_and_rate_graphics_and_click_exact_scrolled_identity ... ok
[INFO] [stdout] test commands::monitor::runtime::tests::overwritten_start_reconstructs_poll_but_underflow_is_unknown ... ok
[INFO] [stdout] test commands::monitor::ui::runtime_ui::tests::histogram_bars_stay_one_cell_wide_and_mouse_excludes_gaps ... ok
[INFO] [stdout] test commands::monitor::ui::info_ui::tests::zero_sparkline_is_dim_and_any_positive_rate_remains_visible ... ok
[INFO] [stdout] test commands::monitor::tests::terminal_guard_restores_terminal_when_dropped ... ok
[INFO] [stdout] test commands::monitor::ui::info_ui::tests::thread_bars_and_inverted_labels_keep_high_contrast_at_all_fill_levels ... ok
[INFO] [stdout] test commands::monitor::snapshot::tests::large_event_sets_release_every_stack_before_returning ... ok
[INFO] [stdout] test commands::monitor::task_events::tests::wrapper_names_inside_user_type_arguments_do_not_establish_a_root ... ok
[INFO] [stdout] test commands::monitor::ui::runtime_ui::tests::histogram_empty_samples_have_gray_baselines_but_no_measured_zero ... ok
[INFO] [stdout] test commands::monitor::ui::runtime_ui::tests::observed_fraction_is_bounded_and_distinguishes_missing_from_zero ... ok
[INFO] [stdout] test commands::monitor::ui::runtime_ui::tests::missing_durations_and_observations_are_not_zero ... ok
[INFO] [stdout] test commands::monitor::tests::verb_propagates_terminal_initialization_failure ... ok
[INFO] [stdout] test commands::monitor::ui::info_ui::tests::class_legend_has_exact_current_rates_and_distinct_colors ... ok
[INFO] [stdout] test commands::monitor::ui::runtime_ui::tests::histogram_keeps_twelve_bins_then_removes_gaps_before_merging ... ok
[INFO] [stdout] test commands::monitor::ui::runtime_ui::tests::histogram_labels_fit_columns_for_extreme_durations ... ok
[INFO] [stdout] test commands::monitor::ui::runtime_ui::tests::window_axis_labels_the_compact_observed_span ... ok
[INFO] [stdout] test commands::monitor::ui::runtime_ui::tests::timeline_distinguishes_measured_zero_from_unobserved_baseline ... ok
[INFO] [stdout] test commands::monitor::ui::runtime_ui::tests::timeline_keeps_any_positive_activity_above_the_baseline ... ok
[INFO] [stdout] test commands::monitor::ui::runtime_ui::tests::histogram_nonempty_buckets_keep_a_visible_sliver_without_inflating_counts ... ok
[INFO] [stdout] test commands::monitor::ui::info_ui::tests::unavailable_stale_and_small_layouts_do_not_invent_rates ... ok
[INFO] [stdout] test commands::monitor::ui::runtime_ui::tests::histogram_clamps_selection_and_keeps_exact_compact_range_and_axis ... ok
[INFO] [stdout] test commands::monitor::ui::runtime_ui::tests::legacy_wake_histogram_is_populated_and_clearly_not_ready_queue_time ... ok
[INFO] [stdout] test commands::monitor::ui::runtime_ui::tests::task_histogram_toggle_changes_samples_and_registers_only_tab_labels ... ok
[INFO] [stdout] test commands::monitor::ui::runtime_ui::tests::timeline_uses_eight_bar_heights ... ok
[INFO] [stdout] test commands::monitor::client::tests::successful_write_requires_complete_readback_from_cache_capable_monitor ... ok
[INFO] [stdout] test commands::monitor::ui::runtime_ui::tests::short_activity_rows_keep_both_histograms_above_the_baseline ... ok
[INFO] [stdout] test commands::monitor::ui::task_events_ui::tests::stack_panel_explains_unknown_boundaries_and_missing_backtraces ... ok
[INFO] [stdout] test commands::monitor::ui::task_events_ui::tests::wide_event_columns_stay_side_by_side_even_in_short_rows ... ok
[INFO] [stdout] test commands::monitor::ui::task_events_ui::tests::compact_event_focus_uses_the_available_space_without_hidden_targets ... ok
[INFO] [stdout] test commands::monitor::ui::tests::backtrace_recording_state_is_readable ... ok
[INFO] [stdout] test commands::monitor::ui::tests::disabled_recording_state_is_readable ... ok
[INFO] [stdout] test commands::monitor::ui::tests::enabled_recording_state_is_readable ... ok
[INFO] [stdout] test commands::monitor::ui::tests::labels_and_visual_helpers_cover_empty_and_active_states ... ok
[INFO] [stdout] test commands::monitor::ui::tests::browser_capture_and_configuration_popups_render ... ok
[INFO] [stdout] test commands::monitor::ui::tests::empty_filtered_runtime_view_explains_selection_not_instrumentation ... ok
[INFO] [stdout] test commands::monitor::help::tests::tiny_terminals_render_safely_with_help_above_other_dialogs ... ok
[INFO] [stdout] test commands::monitor::ui::tests::live_info_shows_class_rates_and_graphical_threads_without_capturing_events ... ok
[INFO] [stdout] test commands::monitor::ui::tests::allocation_labels_do_not_claim_unmatched_records_are_live ... ok
[INFO] [stdout] test commands::monitor::ui::tests::mouse_heap_table_tracks_actual_visible_rows ... ok
[INFO] [stdout] test commands::monitor::ui::runtime_ui::tests::timeline_marks_unobserved_bins_with_a_dim_baseline ... ok
[INFO] [stdout] test commands::monitor::ui::tests::dashboard_mouse_targets_toggle_histograms_and_select_task_occurrences_at_all_sizes ... ok
[INFO] [stdout] test commands::monitor::ui::tests::mouse_browser_uses_the_rendered_scroll_offset_and_connects_once ... ok
[INFO] [stdout] test commands::monitor::ui::tests::offline_info_without_a_snapshot_omits_source_statistics ... ok
[INFO] [stdout] test commands::monitor::ui::tests::offline_info_reports_event_loss_and_missing_heap_data ... ok
[INFO] [stdout] test commands::monitor::ui::tests::info_keeps_metrics_without_explanatory_scope_notes_in_both_modes ... ok
[INFO] [stdout] test commands::monitor::client::tests::version_query_distinguishes_legacy_from_remote_and_unexpected_responses ... ok
[INFO] [stdout] test commands::monitor::ui::tests::offline_version_is_local_and_does_not_claim_to_identify_the_snapshot_producer ... ok
[INFO] [stdout] test commands::monitor::ui::tests::offline_loading_errors_and_info_are_not_live_process_data ... ok
[INFO] [stdout] test commands::monitor::ui::tests::pure_formatters_cover_boundaries ... ok
[INFO] [stdout] test commands::monitor::ui::runtime_ui::tests::compact_charts_and_tabs_accept_zero_and_tiny_rectangles ... ok
[INFO] [stdout] test commands::monitor::ui::tests::mouse_heap_tiers_use_visible_tab_labels ... ok
[INFO] [stdout] test commands::monitor::ui::tests::empty_runtime_view_explains_missing_instrumentation ... ok
[INFO] [stdout] test commands::monitor::ui::tests::recording_popup_hides_custom_settings_and_restores_them_when_reselected ... ok
[INFO] [stdout] test commands::monitor::ui::tests::future_size_column_shows_exact_bytes_and_unknown ... ok
[INFO] [stdout] test commands::monitor::ui::tests::snapshot_time_does_not_invent_missing_capture_metadata ... ok
[INFO] [stdout] test commands::monitor::ui::tests::every_connected_panel_renders_empty_and_representative_data ... ok
[INFO] [stdout] test commands::monitor::ui::tests::runtime_task_columns_align_across_states_and_large_values ... ok
[INFO] [stdout] test commands::monitor::ui::tests::snapshot_age_uses_compact_units ... ok
[INFO] [stdout] test commands::monitor::ui::tests::versions_identify_monitor_and_server_before_capture_and_after_reconnect ... ok
[INFO] [stdout] test commands::snapshot::html::tests::create_errors_are_classified ... ok
[INFO] [stdout] test commands::snapshot::html::tests::allocator_decode_errors_have_specific_messages ... ok
[INFO] [stdout] test commands::snapshot::html::tests::default_output_must_not_overwrite_input ... FAILED
[INFO] [stdout] test commands::snapshot::html::tests::explicit_output_must_not_be_overwritten ... FAILED
[INFO] [stdout] test commands::snapshot::html::tests::default_output_must_not_be_overwritten ... FAILED
[INFO] [stdout] test commands::snapshot::html::tests::explicit_output_must_not_refer_to_input ... FAILED
[INFO] [stdout] test commands::monitor::ui::tests::unknown_recording_state_hides_stale_configuration ... ok
[INFO] [stdout] test commands::snapshot::html::tests::invalid_container_preserves_both_decode_errors ... ok
[INFO] [stdout] test commands::snapshot::html::tests::force_replaces_existing_output ... FAILED
[INFO] [stdout] test commands::monitor::ui::tests::mouse_scrolled_rows_follow_resized_panes_and_filter_banner ... ok
[INFO] [stdout] test commands::snapshot::html::tests::force_must_not_overwrite_input_through_hard_link ... FAILED
[INFO] [stdout] test commands::snapshot::html::tests::native_snapshot_allocator_source_is_decoded ... ok
[INFO] [stdout] test commands::monitor::ui::tests::unassigned_runtime_tasks_render_without_inventing_worker_metrics ... ok
[INFO] [stdout] test commands::snapshot::html::tests::same_path_error_includes_the_path ... ok
[INFO] [stdout] test commands::snapshot::html::tests::skipped_sections_render_compatibility_details ... ok
[INFO] [stdout] test report::tests::empty_regions_and_boundary_grids_render_safely ... ok
[INFO] [stdout] test commands::monitor::ui::tests::memory_peak_labels_follow_the_recorded_scope ... ok
[INFO] [stdout] test report::tests::physical_topology_renders_one_selectable_region_at_a_time ... ok
[INFO] [stdout] test commands::snapshot::html::tests::native_snapshot_without_allocator_source_uses_empty_memory_snapshot ... ok
[INFO] [stdout] test commands::snapshot::html::tests::native_source_and_event_detection_require_the_expected_content ... ok
[INFO] [stdout] test commands::monitor::ui::tests::runtime_medians_distinguish_missing_samples_from_measured_zero ... ok
[INFO] [stdout] test report::tests::every_runtime_frame_marker_is_filtered_independently ... ok
[INFO] [stdout] test commands::monitor::data::tests::thread_object_index_matches_reference_for_every_operation_and_event_order ... ok
[INFO] [stdout] test commands::monitor::ui::tests::offline_tabs_reuse_the_live_snapshot_renderers ... ok
[INFO] [stdout] test report::tests::reporting_disabled_policy_does_not_claim_sampled_operations ... ok
[INFO] [stdout] test report::tests::reporting_capture_duration_is_explicitly_partial ... ok
[INFO] [stdout] test report::tests::reporting_partially_freed_stack_counts_only_matched_frees ... ok
[INFO] [stdout] test report::tests::reporting_missing_stacks_counts_events_across_threads ... ok
[INFO] [stdout] test report::tests::reporting_free_before_allocation_in_vector_is_still_a_matched_lifetime ... ok
[INFO] [stdout] test report::tests::reporting_peak_scope_distinguishes_samples_from_explicit_lifetime_tracking ... ok
[INFO] [stdout] test report::tests::reporting_coverage_separates_shared_loss_from_retained_class_counts ... ok
[INFO] [stdout] test commands::monitor::ui::tests::dashboard_occurrences_and_stacks_include_only_this_task_and_operation ... ok
[INFO] [stdout] test commands::monitor::ui::tests::resized_panels_render_on_small_terminals ... ok
[INFO] [stdout] test report::tests::reporting_untracked_utilization_is_not_rendered_as_empty_or_full ... ok
[INFO] [stdout] test report::tests::reporting_zero_overwrite_does_not_prove_unmatched_allocations_are_live ... ok
[INFO] [stdout] test report::tests::runtime_events_render_with_sampling_loss_and_stack_details ... ok
[INFO] [stdout] test report::tests::reporting_zero_overwrites_does_not_claim_retained_history_is_truncated ... ok
[INFO] [stdout] test report::tests::runtime_contention_tracks_mutex_and_rwlock_holders ... ok
[INFO] [stdout] test report::tests::reporting_size_class_totals_are_explicitly_partial ... ok
[INFO] [stdout] test report::tests::reporting_unmatched_allocation_retains_its_captured_stack ... ok
[INFO] [stdout] test report::tests::runtime_render_helpers_cover_empty_zero_and_escaped_content ... ok
[INFO] [stdout] test report::tests::runtime_frame_helpers_filter_recorder_frames_and_format_locations ... ok
[INFO] [stdout] test report::tests::runtime_stack_panel_renders_plural_contention_without_holder ... ok
[INFO] [stdout] test report::tests::runtime_object_details_cover_every_primitive_type ... ok
[INFO] [stdout] test report::tests::reporting_legacy_peak_is_unavailable_instead_of_a_lifetime_high_watermark ... ok
[INFO] [stdout] test commands::snapshot::html::tests::same_file_errors_are_propagated ... ok
[INFO] [stdout] test report::tests::source_inventory_distinguishes_specialized_and_generic_sources ... ok
[INFO] [stdout] test tests::monitor_command_dispatches_and_propagates_failures ... ok
[INFO] [stdout] test commands::monitor::ui::tests::panel_edge_states_render_without_panics ... ok
[INFO] [stdout] test tests::view_parses_and_dispatches_a_required_path_with_spaces ... ok
[INFO] [stdout] test commands::monitor::ui::tests::mouse_modal_and_non_press_events_do_not_activate_background_rows ... ok
[INFO] [stdout] test commands::monitor::ui::tests::runtime_layouts_render_observed_execution_and_preserve_mouse_navigation ... ok
[INFO] [stdout] test commands::monitor::ui::tests::mouse_lists_activate_with_the_same_selection_and_enter_semantics ... ok
[INFO] [stdout] test commands::monitor::ui::tests::monitor_rendering_matches_the_complete_reference_buffer ... ok
[INFO] [stdout] 
[INFO] [stdout] failures:
[INFO] [stdout] 
[INFO] [stdout] ---- commands::monitor::client::tests::discover_handles_missing_directories_and_snapshot_saves_exact_bytes stdout ----
[INFO] [stdout] 
[INFO] [stdout] thread 'commands::monitor::client::tests::discover_handles_missing_directories_and_snapshot_saves_exact_bytes' (1361) panicked at src/commands/monitor/client.rs:1275:40:
[INFO] [stdout] called `Result::unwrap()` on an `Err` value: Os { code: 30, kind: ReadOnlyFilesystem, message: "Read-only file system" }
[INFO] [stdout] stack backtrace:
[INFO] [stdout]    0:     0x5afe232feb11 - <<std[617be2ca0a6fd877]::sys::backtrace::BacktraceLock>::print::DisplayBacktrace as core[a373ad73a504971]::fmt::Display>::fmt
[INFO] [stdout]    1:     0x5afe2331574a - core[a373ad73a504971]::fmt::write
[INFO] [stdout]    2:     0x5afe2330367c - <alloc[2e1b2a31b91974c5]::vec::Vec<u8> as core[a373ad73a504971]::io::write::Write>::write_fmt
[INFO] [stdout]    3:     0x5afe232d63d6 - std[617be2ca0a6fd877]::panicking::default_hook::{closure#0}
[INFO] [stdout]    4:     0x5afe232f49a9 - std[617be2ca0a6fd877]::panicking::default_hook
[INFO] [stdout]    5:     0x5afe231d6340 - test[aada8e7e76ba119b]::test_main_inner::{closure#0}
[INFO] [stdout]    6:     0x5afe232f4cd2 - std[617be2ca0a6fd877]::panicking::panic_with_hook
[INFO] [stdout]    7:     0x5afe232d6482 - std[617be2ca0a6fd877]::panicking::panic_handler::{closure#0}
[INFO] [stdout]    8:     0x5afe232ceca9 - std[617be2ca0a6fd877]::sys::backtrace::__rust_end_short_backtrace::<std[617be2ca0a6fd877]::panicking::panic_handler::{closure#0}, !>
[INFO] [stdout]    9:     0x5afe232d72cd - __rustc[ea4f61d10b84890b]::rust_begin_unwind
[INFO] [stdout]   10:     0x5afe23315eac - core[a373ad73a504971]::panicking::panic_fmt
[INFO] [stdout]   11:     0x5afe23315c82 - core[a373ad73a504971]::result::unwrap_failed
[INFO] [stdout]   12:     0x5afe23053355 - <seismograph[6ee498cdbf450e35]::commands::monitor::client::tests::discover_handles_missing_directories_and_snapshot_saves_exact_bytes::{closure#0} as core[a373ad73a504971]::ops::function::FnOnce<()>>::call_once
[INFO] [stdout]   13:     0x5afe231c978b - test[aada8e7e76ba119b]::__rust_begin_short_backtrace::<core[a373ad73a504971]::result::Result<(), alloc[2e1b2a31b91974c5]::string::String>, fn() -> core[a373ad73a504971]::result::Result<(), alloc[2e1b2a31b91974c5]::string::String>>
[INFO] [stdout]   14:     0x5afe231d6965 - test[aada8e7e76ba119b]::run_test::{closure#0}
[INFO] [stdout]   15:     0x5afe231d0254 - std[617be2ca0a6fd877]::sys::backtrace::__rust_begin_short_backtrace::<test[aada8e7e76ba119b]::run_test::{closure#1}, ()>
[INFO] [stdout]   16:     0x5afe231d99f2 - <std[617be2ca0a6fd877]::thread::lifecycle::spawn_unchecked<test[aada8e7e76ba119b]::run_test::{closure#1}, ()>::{closure#1} as core[a373ad73a504971]::ops::function::FnOnce<()>>::call_once::{shim:vtable#0}
[INFO] [stdout]   17:     0x5afe232fcf1f - <std[617be2ca0a6fd877]::sys::thread::unix::Thread>::new::thread_start
[INFO] [stdout]   18:     0x76fc07a31dfa - <unknown>
[INFO] [stdout]   19:     0x76fc07ac53d4 - clone
[INFO] [stdout]   20:                0x0 - <unknown>
[INFO] [stdout] 
[INFO] [stdout] ---- commands::monitor::client::tests::discover_finds_a_published_monitor stdout ----
[INFO] [stdout] 
[INFO] [stdout] thread 'commands::monitor::client::tests::discover_finds_a_published_monitor' (1360) panicked at src/commands/monitor/client.rs:724:40:
[INFO] [stdout] called `Result::unwrap()` on an `Err` value: Os { code: 30, kind: ReadOnlyFilesystem, message: "Read-only file system" }
[INFO] [stdout] stack backtrace:
[INFO] [stdout]    0:     0x5afe232feb11 - <<std[617be2ca0a6fd877]::sys::backtrace::BacktraceLock>::print::DisplayBacktrace as core[a373ad73a504971]::fmt::Display>::fmt
[INFO] [stdout]    1:     0x5afe2331574a - core[a373ad73a504971]::fmt::write
[INFO] [stdout]    2:     0x5afe2330367c - <alloc[2e1b2a31b91974c5]::vec::Vec<u8> as core[a373ad73a504971]::io::write::Write>::write_fmt
[INFO] [stdout]    3:     0x5afe232d63d6 - std[617be2ca0a6fd877]::panicking::default_hook::{closure#0}
[INFO] [stdout]    4:     0x5afe232f49a9 - std[617be2ca0a6fd877]::panicking::default_hook
[INFO] [stdout]    5:     0x5afe231d6340 - test[aada8e7e76ba119b]::test_main_inner::{closure#0}
[INFO] [stdout]    6:     0x5afe232f4cd2 - std[617be2ca0a6fd877]::panicking::panic_with_hook
[INFO] [stdout]    7:     0x5afe232d6482 - std[617be2ca0a6fd877]::panicking::panic_handler::{closure#0}
[INFO] [stdout]    8:     0x5afe232ceca9 - std[617be2ca0a6fd877]::sys::backtrace::__rust_end_short_backtrace::<std[617be2ca0a6fd877]::panicking::panic_handler::{closure#0}, !>
[INFO] [stdout]    9:     0x5afe232d72cd - __rustc[ea4f61d10b84890b]::rust_begin_unwind
[INFO] [stdout]   10:     0x5afe23315eac - core[a373ad73a504971]::panicking::panic_fmt
[INFO] [stdout]   11:     0x5afe23315c82 - core[a373ad73a504971]::result::unwrap_failed
[INFO] [stdout]   12:     0x5afe2304656a - <seismograph[6ee498cdbf450e35]::commands::monitor::client::tests::discover_finds_a_published_monitor::{closure#0} as core[a373ad73a504971]::ops::function::FnOnce<()>>::call_once
[INFO] [stdout]   13:     0x5afe231c978b - test[aada8e7e76ba119b]::__rust_begin_short_backtrace::<core[a373ad73a504971]::result::Result<(), alloc[2e1b2a31b91974c5]::string::String>, fn() -> core[a373ad73a504971]::result::Result<(), alloc[2e1b2a31b91974c5]::string::String>>
[INFO] [stdout]   14:     0x5afe231d6965 - test[aada8e7e76ba119b]::run_test::{closure#0}
[INFO] [stdout]   15:     0x5afe231d0254 - std[617be2ca0a6fd877]::sys::backtrace::__rust_begin_short_backtrace::<test[aada8e7e76ba119b]::run_test::{closure#1}, ()>
[INFO] [stdout]   16:     0x5afe231d99f2 - <std[617be2ca0a6fd877]::thread::lifecycle::spawn_unchecked<test[aada8e7e76ba119b]::run_test::{closure#1}, ()>::{closure#1} as core[a373ad73a504971]::ops::function::FnOnce<()>>::call_once::{shim:vtable#0}
[INFO] [stdout]   17:     0x5afe232fcf1f - <std[617be2ca0a6fd877]::sys::thread::unix::Thread>::new::thread_start
[INFO] [stdout]   18:     0x76fc07a31dfa - <unknown>
[INFO] [stdout]   19:     0x76fc07ac53d4 - clone
[INFO] [stdout]   20:                0x0 - <unknown>
[INFO] [stdout] 
[INFO] [stdout] ---- commands::monitor::client::tests::discover_filters_files_and_sorts_reachable_monitors stdout ----
[INFO] [stdout] 
[INFO] [stdout] thread 'commands::monitor::client::tests::discover_filters_files_and_sorts_reachable_monitors' (1359) panicked at src/commands/monitor/client.rs:1234:40:
[INFO] [stdout] called `Result::unwrap()` on an `Err` value: Os { code: 30, kind: ReadOnlyFilesystem, message: "Read-only file system" }
[INFO] [stdout] stack backtrace:
[INFO] [stdout]    0:     0x5afe232feb11 - <<std[617be2ca0a6fd877]::sys::backtrace::BacktraceLock>::print::DisplayBacktrace as core[a373ad73a504971]::fmt::Display>::fmt
[INFO] [stdout]    1:     0x5afe2331574a - core[a373ad73a504971]::fmt::write
[INFO] [stdout]    2:     0x5afe2330367c - <alloc[2e1b2a31b91974c5]::vec::Vec<u8> as core[a373ad73a504971]::io::write::Write>::write_fmt
[INFO] [stdout]    3:     0x5afe232d63d6 - std[617be2ca0a6fd877]::panicking::default_hook::{closure#0}
[INFO] [stdout]    4:     0x5afe232f49a9 - std[617be2ca0a6fd877]::panicking::default_hook
[INFO] [stdout]    5:     0x5afe231d6340 - test[aada8e7e76ba119b]::test_main_inner::{closure#0}
[INFO] [stdout]    6:     0x5afe232f4cd2 - std[617be2ca0a6fd877]::panicking::panic_with_hook
[INFO] [stdout]    7:     0x5afe232d6482 - std[617be2ca0a6fd877]::panicking::panic_handler::{closure#0}
[INFO] [stdout]    8:     0x5afe232ceca9 - std[617be2ca0a6fd877]::sys::backtrace::__rust_end_short_backtrace::<std[617be2ca0a6fd877]::panicking::panic_handler::{closure#0}, !>
[INFO] [stdout]    9:     0x5afe232d72cd - __rustc[ea4f61d10b84890b]::rust_begin_unwind
[INFO] [stdout]   10:     0x5afe23315eac - core[a373ad73a504971]::panicking::panic_fmt
[INFO] [stdout]   11:     0x5afe23315c82 - core[a373ad73a504971]::result::unwrap_failed
[INFO] [stdout]   12:     0x5afe2304af03 - <seismograph[6ee498cdbf450e35]::commands::monitor::client::tests::discover_filters_files_and_sorts_reachable_monitors::{closure#0} as core[a373ad73a504971]::ops::function::FnOnce<()>>::call_once
[INFO] [stdout]   13:     0x5afe231c978b - test[aada8e7e76ba119b]::__rust_begin_short_backtrace::<core[a373ad73a504971]::result::Result<(), alloc[2e1b2a31b91974c5]::string::String>, fn() -> core[a373ad73a504971]::result::Result<(), alloc[2e1b2a31b91974c5]::string::String>>
[INFO] [stdout]   14:     0x5afe231d6965 - test[aada8e7e76ba119b]::run_test::{closure#0}
[INFO] [stdout]   15:     0x5afe231d0254 - std[617be2ca0a6fd877]::sys::backtrace::__rust_begin_short_backtrace::<test[aada8e7e76ba119b]::run_test::{closure#1}, ()>
[INFO] [stdout]   16:     0x5afe231d99f2 - <std[617be2ca0a6fd877]::thread::lifecycle::spawn_unchecked<test[aada8e7e76ba119b]::run_test::{closure#1}, ()>::{closure#1} as core[a373ad73a504971]::ops::function::FnOnce<()>>::call_once::{shim:vtable#0}
[INFO] [stdout]   17:     0x5afe232fcf1f - <std[617be2ca0a6fd877]::sys::thread::unix::Thread>::new::thread_start
[INFO] [stdout]   18:     0x76fc07a31dfa - <unknown>
[INFO] [stdout]   19:     0x76fc07ac53d4 - clone
[INFO] [stdout]   20:                0x0 - <unknown>
[INFO] [stdout] 
[INFO] [stdout] ---- commands::monitor::offline::tests::bad_container_and_sources_report_the_input_path stdout ----
[INFO] [stdout] 
[INFO] [stdout] thread 'commands::monitor::offline::tests::bad_container_and_sources_report_the_input_path' (1541) panicked at src/commands/monitor/offline.rs:97:57:
[INFO] [stdout] called `Result::unwrap()` on an `Err` value: Os { code: 30, kind: ReadOnlyFilesystem, message: "Read-only file system" }
[INFO] [stdout] stack backtrace:
[INFO] [stdout]    0:     0x5afe232feb11 - <<std[617be2ca0a6fd877]::sys::backtrace::BacktraceLock>::print::DisplayBacktrace as core[a373ad73a504971]::fmt::Display>::fmt
[INFO] [stdout]    1:     0x5afe2331574a - core[a373ad73a504971]::fmt::write
[INFO] [stdout]    2:     0x5afe2330367c - <alloc[2e1b2a31b91974c5]::vec::Vec<u8> as core[a373ad73a504971]::io::write::Write>::write_fmt
[INFO] [stdout]    3:     0x5afe232d63d6 - std[617be2ca0a6fd877]::panicking::default_hook::{closure#0}
[INFO] [stdout]    4:     0x5afe232f49a9 - std[617be2ca0a6fd877]::panicking::default_hook
[INFO] [stdout]    5:     0x5afe231d6340 - test[aada8e7e76ba119b]::test_main_inner::{closure#0}
[INFO] [stdout]    6:     0x5afe232f4cd2 - std[617be2ca0a6fd877]::panicking::panic_with_hook
[INFO] [stdout]    7:     0x5afe232d6482 - std[617be2ca0a6fd877]::panicking::panic_handler::{closure#0}
[INFO] [stdout]    8:     0x5afe232ceca9 - std[617be2ca0a6fd877]::sys::backtrace::__rust_end_short_backtrace::<std[617be2ca0a6fd877]::panicking::panic_handler::{closure#0}, !>
[INFO] [stdout]    9:     0x5afe232d72cd - __rustc[ea4f61d10b84890b]::rust_begin_unwind
[INFO] [stdout]   10:     0x5afe23315eac - core[a373ad73a504971]::panicking::panic_fmt
[INFO] [stdout]   11:     0x5afe23315c82 - core[a373ad73a504971]::result::unwrap_failed
[INFO] [stdout]   12:     0x5afe23041d15 - seismograph[6ee498cdbf450e35]::commands::monitor::offline::tests::write
[INFO] [stdout]   13:     0x5afe2305b805 - <seismograph[6ee498cdbf450e35]::commands::monitor::offline::tests::bad_container_and_sources_report_the_input_path::{closure#0} as core[a373ad73a504971]::ops::function::FnOnce<()>>::call_once
[INFO] [stdout]   14:     0x5afe231c978b - test[aada8e7e76ba119b]::__rust_begin_short_backtrace::<core[a373ad73a504971]::result::Result<(), alloc[2e1b2a31b91974c5]::string::String>, fn() -> core[a373ad73a504971]::result::Result<(), alloc[2e1b2a31b91974c5]::string::String>>
[INFO] [stdout]   15:     0x5afe231d6965 - test[aada8e7e76ba119b]::run_test::{closure#0}
[INFO] [stdout]   16:     0x5afe231d0254 - std[617be2ca0a6fd877]::sys::backtrace::__rust_begin_short_backtrace::<test[aada8e7e76ba119b]::run_test::{closure#1}, ()>
[INFO] [stdout]   17:     0x5afe231d99f2 - <std[617be2ca0a6fd877]::thread::lifecycle::spawn_unchecked<test[aada8e7e76ba119b]::run_test::{closure#1}, ()>::{closure#1} as core[a373ad73a504971]::ops::function::FnOnce<()>>::call_once::{shim:vtable#0}
[INFO] [stdout]   18:     0x5afe232fcf1f - <std[617be2ca0a6fd877]::sys::thread::unix::Thread>::new::thread_start
[INFO] [stdout]   19:     0x76fc07a31dfa - <unknown>
[INFO] [stdout]   20:     0x76fc07ac53d4 - clone
[INFO] [stdout]   21:                0x0 - <unknown>
[INFO] [stderr] error: test failed, to rerun pass `--bin seismograph`
[INFO] [stdout] 
[INFO] [stdout] ---- commands::monitor::offline::tests::file_loading_reports_ordered_progress_through_ready stdout ----
[INFO] [stdout] 
[INFO] [stdout] thread 'commands::monitor::offline::tests::file_loading_reports_ordered_progress_through_ready' (1542) panicked at src/commands/monitor/offline.rs:97:57:
[INFO] [stdout] called `Result::unwrap()` on an `Err` value: Os { code: 30, kind: ReadOnlyFilesystem, message: "Read-only file system" }
[INFO] [stdout] stack backtrace:
[INFO] [stdout]    0:     0x5afe232feb11 - <<std[617be2ca0a6fd877]::sys::backtrace::BacktraceLock>::print::DisplayBacktrace as core[a373ad73a504971]::fmt::Display>::fmt
[INFO] [stdout]    1:     0x5afe2331574a - core[a373ad73a504971]::fmt::write
[INFO] [stdout]    2:     0x5afe2330367c - <alloc[2e1b2a31b91974c5]::vec::Vec<u8> as core[a373ad73a504971]::io::write::Write>::write_fmt
[INFO] [stdout]    3:     0x5afe232d63d6 - std[617be2ca0a6fd877]::panicking::default_hook::{closure#0}
[INFO] [stdout]    4:     0x5afe232f49a9 - std[617be2ca0a6fd877]::panicking::default_hook
[INFO] [stdout]    5:     0x5afe231d6340 - test[aada8e7e76ba119b]::test_main_inner::{closure#0}
[INFO] [stdout]    6:     0x5afe232f4cd2 - std[617be2ca0a6fd877]::panicking::panic_with_hook
[INFO] [stdout]    7:     0x5afe232d6482 - std[617be2ca0a6fd877]::panicking::panic_handler::{closure#0}
[INFO] [stdout]    8:     0x5afe232ceca9 - std[617be2ca0a6fd877]::sys::backtrace::__rust_end_short_backtrace::<std[617be2ca0a6fd877]::panicking::panic_handler::{closure#0}, !>
[INFO] [stdout]    9:     0x5afe232d72cd - __rustc[ea4f61d10b84890b]::rust_begin_unwind
[INFO] [stdout]   10:     0x5afe23315eac - core[a373ad73a504971]::panicking::panic_fmt
[INFO] [stdout]   11:     0x5afe23315c82 - core[a373ad73a504971]::result::unwrap_failed
[INFO] [stdout]   12:     0x5afe23041d15 - seismograph[6ee498cdbf450e35]::commands::monitor::offline::tests::write
[INFO] [stdout]   13:     0x5afe2305c349 - <seismograph[6ee498cdbf450e35]::commands::monitor::offline::tests::file_loading_reports_ordered_progress_through_ready::{closure#0} as core[a373ad73a504971]::ops::function::FnOnce<()>>::call_once
[INFO] [stdout]   14:     0x5afe231c978b - test[aada8e7e76ba119b]::__rust_begin_short_backtrace::<core[a373ad73a504971]::result::Result<(), alloc[2e1b2a31b91974c5]::string::String>, fn() -> core[a373ad73a504971]::result::Result<(), alloc[2e1b2a31b91974c5]::string::String>>
[INFO] [stdout]   15:     0x5afe231d6965 - test[aada8e7e76ba119b]::run_test::{closure#0}
[INFO] [stdout]   16:     0x5afe231d0254 - std[617be2ca0a6fd877]::sys::backtrace::__rust_begin_short_backtrace::<test[aada8e7e76ba119b]::run_test::{closure#1}, ()>
[INFO] [stdout]   17:     0x5afe231d99f2 - <std[617be2ca0a6fd877]::thread::lifecycle::spawn_unchecked<test[aada8e7e76ba119b]::run_test::{closure#1}, ()>::{closure#1} as core[a373ad73a504971]::ops::function::FnOnce<()>>::call_once::{shim:vtable#0}
[INFO] [stdout]   18:     0x5afe232fcf1f - <std[617be2ca0a6fd877]::sys::thread::unix::Thread>::new::thread_start
[INFO] [stdout]   19:     0x76fc07a31dfa - <unknown>
[INFO] [stdout]   20:     0x76fc07ac53d4 - clone
[INFO] [stdout]   21:                0x0 - <unknown>
[INFO] [stdout] 
[INFO] [stdout] ---- commands::monitor::offline::tests::loads_native_allocator_file_without_inventing_a_capture_time stdout ----
[INFO] [stdout] 
[INFO] [stdout] thread 'commands::monitor::offline::tests::loads_native_allocator_file_without_inventing_a_capture_time' (1545) panicked at src/commands/monitor/offline.rs:97:57:
[INFO] [stdout] called `Result::unwrap()` on an `Err` value: Os { code: 30, kind: ReadOnlyFilesystem, message: "Read-only file system" }
[INFO] [stdout] stack backtrace:
[INFO] [stdout]    0:     0x5afe232feb11 - <<std[617be2ca0a6fd877]::sys::backtrace::BacktraceLock>::print::DisplayBacktrace as core[a373ad73a504971]::fmt::Display>::fmt
[INFO] [stdout]    1:     0x5afe2331574a - core[a373ad73a504971]::fmt::write
[INFO] [stdout]    2:     0x5afe2330367c - <alloc[2e1b2a31b91974c5]::vec::Vec<u8> as core[a373ad73a504971]::io::write::Write>::write_fmt
[INFO] [stdout]    3:     0x5afe232d63d6 - std[617be2ca0a6fd877]::panicking::default_hook::{closure#0}
[INFO] [stdout]    4:     0x5afe232f49a9 - std[617be2ca0a6fd877]::panicking::default_hook
[INFO] [stdout]    5:     0x5afe231d6340 - test[aada8e7e76ba119b]::test_main_inner::{closure#0}
[INFO] [stdout]    6:     0x5afe232f4cd2 - std[617be2ca0a6fd877]::panicking::panic_with_hook
[INFO] [stdout]    7:     0x5afe232d6482 - std[617be2ca0a6fd877]::panicking::panic_handler::{closure#0}
[INFO] [stdout]    8:     0x5afe232ceca9 - std[617be2ca0a6fd877]::sys::backtrace::__rust_end_short_backtrace::<std[617be2ca0a6fd877]::panicking::panic_handler::{closure#0}, !>
[INFO] [stdout]    9:     0x5afe232d72cd - __rustc[ea4f61d10b84890b]::rust_begin_unwind
[INFO] [stdout]   10:     0x5afe23315eac - core[a373ad73a504971]::panicking::panic_fmt
[INFO] [stdout]   11:     0x5afe23315c82 - core[a373ad73a504971]::result::unwrap_failed
[INFO] [stdout]   12:     0x5afe23041d15 - seismograph[6ee498cdbf450e35]::commands::monitor::offline::tests::write
[INFO] [stdout]   13:     0x5afe2305d2ed - <seismograph[6ee498cdbf450e35]::commands::monitor::offline::tests::loads_native_allocator_file_without_inventing_a_capture_time::{closure#0} as core[a373ad73a504971]::ops::function::FnOnce<()>>::call_once
[INFO] [stdout]   14:     0x5afe231c978b - test[aada8e7e76ba119b]::__rust_begin_short_backtrace::<core[a373ad73a504971]::result::Result<(), alloc[2e1b2a31b91974c5]::string::String>, fn() -> core[a373ad73a504971]::result::Result<(), alloc[2e1b2a31b91974c5]::string::String>>
[INFO] [stdout]   15:     0x5afe231d6965 - test[aada8e7e76ba119b]::run_test::{closure#0}
[INFO] [stdout]   16:     0x5afe231d0254 - std[617be2ca0a6fd877]::sys::backtrace::__rust_begin_short_backtrace::<test[aada8e7e76ba119b]::run_test::{closure#1}, ()>
[INFO] [stdout]   17:     0x5afe231d99f2 - <std[617be2ca0a6fd877]::thread::lifecycle::spawn_unchecked<test[aada8e7e76ba119b]::run_test::{closure#1}, ()>::{closure#1} as core[a373ad73a504971]::ops::function::FnOnce<()>>::call_once::{shim:vtable#0}
[INFO] [stdout]   18:     0x5afe232fcf1f - <std[617be2ca0a6fd877]::sys::thread::unix::Thread>::new::thread_start
[INFO] [stdout]   19:     0x76fc07a31dfa - <unknown>
[INFO] [stdout]   20:     0x76fc07ac53d4 - clone
[INFO] [stdout]   21:                0x0 - <unknown>
[INFO] [stdout] 
[INFO] [stdout] ---- commands::snapshot::html::tests::default_output_must_not_overwrite_input stdout ----
[INFO] [stdout] 
[INFO] [stdout] thread 'commands::snapshot::html::tests::default_output_must_not_overwrite_input' (1744) panicked at src/commands/snapshot/html.rs:212:40:
[INFO] [stdout] called `Result::unwrap()` on an `Err` value: Os { code: 30, kind: ReadOnlyFilesystem, message: "Read-only file system" }
[INFO] [stdout] stack backtrace:
[INFO] [stdout]    0:     0x5afe232feb11 - <<std[617be2ca0a6fd877]::sys::backtrace::BacktraceLock>::print::DisplayBacktrace as core[a373ad73a504971]::fmt::Display>::fmt
[INFO] [stdout]    1:     0x5afe2331574a - core[a373ad73a504971]::fmt::write
[INFO] [stdout]    2:     0x5afe2330367c - <alloc[2e1b2a31b91974c5]::vec::Vec<u8> as core[a373ad73a504971]::io::write::Write>::write_fmt
[INFO] [stdout]    3:     0x5afe232d63d6 - std[617be2ca0a6fd877]::panicking::default_hook::{closure#0}
[INFO] [stdout]    4:     0x5afe232f49a9 - std[617be2ca0a6fd877]::panicking::default_hook
[INFO] [stdout]    5:     0x5afe231d6340 - test[aada8e7e76ba119b]::test_main_inner::{closure#0}
[INFO] [stdout]    6:     0x5afe232f4cd2 - std[617be2ca0a6fd877]::panicking::panic_with_hook
[INFO] [stdout]    7:     0x5afe232d6482 - std[617be2ca0a6fd877]::panicking::panic_handler::{closure#0}
[INFO] [stdout]    8:     0x5afe232ceca9 - std[617be2ca0a6fd877]::sys::backtrace::__rust_end_short_backtrace::<std[617be2ca0a6fd877]::panicking::panic_handler::{closure#0}, !>
[INFO] [stdout]    9:     0x5afe232d72cd - __rustc[ea4f61d10b84890b]::rust_begin_unwind
[INFO] [stdout]   10:     0x5afe23315eac - core[a373ad73a504971]::panicking::panic_fmt
[INFO] [stdout]   11:     0x5afe23315c82 - core[a373ad73a504971]::result::unwrap_failed
[INFO] [stdout]   12:     0x5afe230eb495 - <seismograph[6ee498cdbf450e35]::commands::snapshot::html::tests::default_output_must_not_overwrite_input::{closure#0} as core[a373ad73a504971]::ops::function::FnOnce<()>>::call_once
[INFO] [stdout]   13:     0x5afe231c978b - test[aada8e7e76ba119b]::__rust_begin_short_backtrace::<core[a373ad73a504971]::result::Result<(), alloc[2e1b2a31b91974c5]::string::String>, fn() -> core[a373ad73a504971]::result::Result<(), alloc[2e1b2a31b91974c5]::string::String>>
[INFO] [stdout]   14:     0x5afe231d6965 - test[aada8e7e76ba119b]::run_test::{closure#0}
[INFO] [stdout]   15:     0x5afe231d0254 - std[617be2ca0a6fd877]::sys::backtrace::__rust_begin_short_backtrace::<test[aada8e7e76ba119b]::run_test::{closure#1}, ()>
[INFO] [stdout]   16:     0x5afe231d99f2 - <std[617be2ca0a6fd877]::thread::lifecycle::spawn_unchecked<test[aada8e7e76ba119b]::run_test::{closure#1}, ()>::{closure#1} as core[a373ad73a504971]::ops::function::FnOnce<()>>::call_once::{shim:vtable#0}
[INFO] [stdout]   17:     0x5afe232fcf1f - <std[617be2ca0a6fd877]::sys::thread::unix::Thread>::new::thread_start
[INFO] [stdout]   18:     0x76fc07a31dfa - <unknown>
[INFO] [stdout]   19:     0x76fc07ac53d4 - clone
[INFO] [stdout]   20:                0x0 - <unknown>
[INFO] [stdout] 
[INFO] [stdout] ---- commands::snapshot::html::tests::explicit_output_must_not_be_overwritten stdout ----
[INFO] [stdout] 
[INFO] [stdout] thread 'commands::snapshot::html::tests::explicit_output_must_not_be_overwritten' (1745) panicked at src/commands/snapshot/html.rs:230:40:
[INFO] [stdout] called `Result::unwrap()` on an `Err` value: Os { code: 30, kind: ReadOnlyFilesystem, message: "Read-only file system" }
[INFO] [stdout] stack backtrace:
[INFO] [stdout]    0:     0x5afe232feb11 - <<std[617be2ca0a6fd877]::sys::backtrace::BacktraceLock>::print::DisplayBacktrace as core[a373ad73a504971]::fmt::Display>::fmt
[INFO] [stdout]    1:     0x5afe2331574a - core[a373ad73a504971]::fmt::write
[INFO] [stdout]    2:     0x5afe2330367c - <alloc[2e1b2a31b91974c5]::vec::Vec<u8> as core[a373ad73a504971]::io::write::Write>::write_fmt
[INFO] [stdout]    3:     0x5afe232d63d6 - std[617be2ca0a6fd877]::panicking::default_hook::{closure#0}
[INFO] [stdout]    4:     0x5afe232f49a9 - std[617be2ca0a6fd877]::panicking::default_hook
[INFO] [stdout]    5:     0x5afe231d6340 - test[aada8e7e76ba119b]::test_main_inner::{closure#0}
[INFO] [stdout]    6:     0x5afe232f4cd2 - std[617be2ca0a6fd877]::panicking::panic_with_hook
[INFO] [stdout]    7:     0x5afe232d6482 - std[617be2ca0a6fd877]::panicking::panic_handler::{closure#0}
[INFO] [stdout]    8:     0x5afe232ceca9 - std[617be2ca0a6fd877]::sys::backtrace::__rust_end_short_backtrace::<std[617be2ca0a6fd877]::panicking::panic_handler::{closure#0}, !>
[INFO] [stdout]    9:     0x5afe232d72cd - __rustc[ea4f61d10b84890b]::rust_begin_unwind
[INFO] [stdout]   10:     0x5afe23315eac - core[a373ad73a504971]::panicking::panic_fmt
[INFO] [stdout]   11:     0x5afe23315c82 - core[a373ad73a504971]::result::unwrap_failed
[INFO] [stdout]   12:     0x5afe230eb9a2 - <seismograph[6ee498cdbf450e35]::commands::snapshot::html::tests::explicit_output_must_not_be_overwritten::{closure#0} as core[a373ad73a504971]::ops::function::FnOnce<()>>::call_once
[INFO] [stdout]   13:     0x5afe231c978b - test[aada8e7e76ba119b]::__rust_begin_short_backtrace::<core[a373ad73a504971]::result::Result<(), alloc[2e1b2a31b91974c5]::string::String>, fn() -> core[a373ad73a504971]::result::Result<(), alloc[2e1b2a31b91974c5]::string::String>>
[INFO] [stdout]   14:     0x5afe231d6965 - test[aada8e7e76ba119b]::run_test::{closure#0}
[INFO] [stdout]   15:     0x5afe231d0254 - std[617be2ca0a6fd877]::sys::backtrace::__rust_begin_short_backtrace::<test[aada8e7e76ba119b]::run_test::{closure#1}, ()>
[INFO] [stdout]   16:     0x5afe231d99f2 - <std[617be2ca0a6fd877]::thread::lifecycle::spawn_unchecked<test[aada8e7e76ba119b]::run_test::{closure#1}, ()>::{closure#1} as core[a373ad73a504971]::ops::function::FnOnce<()>>::call_once::{shim:vtable#0}
[INFO] [stdout]   17:     0x5afe232fcf1f - <std[617be2ca0a6fd877]::sys::thread::unix::Thread>::new::thread_start
[INFO] [stdout]   18:     0x76fc07a31dfa - <unknown>
[INFO] [stdout]   19:     0x76fc07ac53d4 - clone
[INFO] [stdout]   20:                0x0 - <unknown>
[INFO] [stdout] 
[INFO] [stdout] ---- commands::snapshot::html::tests::default_output_must_not_be_overwritten stdout ----
[INFO] [stdout] 
[INFO] [stdout] thread 'commands::snapshot::html::tests::default_output_must_not_be_overwritten' (1743) panicked at src/commands/snapshot/html.rs:251:40:
[INFO] [stdout] called `Result::unwrap()` on an `Err` value: Os { code: 30, kind: ReadOnlyFilesystem, message: "Read-only file system" }
[INFO] [stdout] stack backtrace:
[INFO] [stdout]    0:     0x5afe232feb11 - <<std[617be2ca0a6fd877]::sys::backtrace::BacktraceLock>::print::DisplayBacktrace as core[a373ad73a504971]::fmt::Display>::fmt
[INFO] [stdout]    1:     0x5afe2331574a - core[a373ad73a504971]::fmt::write
[INFO] [stdout]    2:     0x5afe2330367c - <alloc[2e1b2a31b91974c5]::vec::Vec<u8> as core[a373ad73a504971]::io::write::Write>::write_fmt
[INFO] [stdout]    3:     0x5afe232d63d6 - std[617be2ca0a6fd877]::panicking::default_hook::{closure#0}
[INFO] [stdout]    4:     0x5afe232f49a9 - std[617be2ca0a6fd877]::panicking::default_hook
[INFO] [stdout]    5:     0x5afe231d6340 - test[aada8e7e76ba119b]::test_main_inner::{closure#0}
[INFO] [stdout]    6:     0x5afe232f4cd2 - std[617be2ca0a6fd877]::panicking::panic_with_hook
[INFO] [stdout]    7:     0x5afe232d6482 - std[617be2ca0a6fd877]::panicking::panic_handler::{closure#0}
[INFO] [stdout]    8:     0x5afe232ceca9 - std[617be2ca0a6fd877]::sys::backtrace::__rust_end_short_backtrace::<std[617be2ca0a6fd877]::panicking::panic_handler::{closure#0}, !>
[INFO] [stdout]    9:     0x5afe232d72cd - __rustc[ea4f61d10b84890b]::rust_begin_unwind
[INFO] [stdout]   10:     0x5afe23315eac - core[a373ad73a504971]::panicking::panic_fmt
[INFO] [stdout]   11:     0x5afe23315c82 - core[a373ad73a504971]::result::unwrap_failed
[INFO] [stdout]   12:     0x5afe230eaf9c - <seismograph[6ee498cdbf450e35]::commands::snapshot::html::tests::default_output_must_not_be_overwritten::{closure#0} as core[a373ad73a504971]::ops::function::FnOnce<()>>::call_once
[INFO] [stdout]   13:     0x5afe231c978b - test[aada8e7e76ba119b]::__rust_begin_short_backtrace::<core[a373ad73a504971]::result::Result<(), alloc[2e1b2a31b91974c5]::string::String>, fn() -> core[a373ad73a504971]::result::Result<(), alloc[2e1b2a31b91974c5]::string::String>>
[INFO] [stdout]   14:     0x5afe231d6965 - test[aada8e7e76ba119b]::run_test::{closure#0}
[INFO] [stdout]   15:     0x5afe231d0254 - std[617be2ca0a6fd877]::sys::backtrace::__rust_begin_short_backtrace::<test[aada8e7e76ba119b]::run_test::{closure#1}, ()>
[INFO] [stdout]   16:     0x5afe231d99f2 - <std[617be2ca0a6fd877]::thread::lifecycle::spawn_unchecked<test[aada8e7e76ba119b]::run_test::{closure#1}, ()>::{closure#1} as core[a373ad73a504971]::ops::function::FnOnce<()>>::call_once::{shim:vtable#0}
[INFO] [stdout]   17:     0x5afe232fcf1f - <std[617be2ca0a6fd877]::sys::thread::unix::Thread>::new::thread_start
[INFO] [stdout]   18:     0x76fc07a31dfa - <unknown>
[INFO] [stdout]   19:     0x76fc07ac53d4 - clone
[INFO] [stdout]   20:                0x0 - <unknown>
[INFO] [stdout] 
[INFO] [stdout] ---- commands::snapshot::html::tests::explicit_output_must_not_refer_to_input stdout ----
[INFO] [stdout] 
[INFO] [stdout] thread 'commands::snapshot::html::tests::explicit_output_must_not_refer_to_input' (1746) panicked at src/commands/snapshot/html.rs:193:40:
[INFO] [stdout] called `Result::unwrap()` on an `Err` value: Os { code: 30, kind: ReadOnlyFilesystem, message: "Read-only file system" }
[INFO] [stdout] stack backtrace:
[INFO] [stdout]    0:     0x5afe232feb11 - <<std[617be2ca0a6fd877]::sys::backtrace::BacktraceLock>::print::DisplayBacktrace as core[a373ad73a504971]::fmt::Display>::fmt
[INFO] [stdout]    1:     0x5afe2331574a - core[a373ad73a504971]::fmt::write
[INFO] [stdout]    2:     0x5afe2330367c - <alloc[2e1b2a31b91974c5]::vec::Vec<u8> as core[a373ad73a504971]::io::write::Write>::write_fmt
[INFO] [stdout]    3:     0x5afe232d63d6 - std[617be2ca0a6fd877]::panicking::default_hook::{closure#0}
[INFO] [stdout]    4:     0x5afe232f49a9 - std[617be2ca0a6fd877]::panicking::default_hook
[INFO] [stdout]    5:     0x5afe231d6340 - test[aada8e7e76ba119b]::test_main_inner::{closure#0}
[INFO] [stdout]    6:     0x5afe232f4cd2 - std[617be2ca0a6fd877]::panicking::panic_with_hook
[INFO] [stdout]    7:     0x5afe232d6482 - std[617be2ca0a6fd877]::panicking::panic_handler::{closure#0}
[INFO] [stdout]    8:     0x5afe232ceca9 - std[617be2ca0a6fd877]::sys::backtrace::__rust_end_short_backtrace::<std[617be2ca0a6fd877]::panicking::panic_handler::{closure#0}, !>
[INFO] [stdout]    9:     0x5afe232d72cd - __rustc[ea4f61d10b84890b]::rust_begin_unwind
[INFO] [stdout]   10:     0x5afe23315eac - core[a373ad73a504971]::panicking::panic_fmt
[INFO] [stdout]   11:     0x5afe23315c82 - core[a373ad73a504971]::result::unwrap_failed
[INFO] [stdout]   12:     0x5afe230ebfb7 - <seismograph[6ee498cdbf450e35]::commands::snapshot::html::tests::explicit_output_must_not_refer_to_input::{closure#0} as core[a373ad73a504971]::ops::function::FnOnce<()>>::call_once
[INFO] [stdout]   13:     0x5afe231c978b - test[aada8e7e76ba119b]::__rust_begin_short_backtrace::<core[a373ad73a504971]::result::Result<(), alloc[2e1b2a31b91974c5]::string::String>, fn() -> core[a373ad73a504971]::result::Result<(), alloc[2e1b2a31b91974c5]::string::String>>
[INFO] [stdout]   14:     0x5afe231d6965 - test[aada8e7e76ba119b]::run_test::{closure#0}
[INFO] [stdout]   15:     0x5afe231d0254 - std[617be2ca0a6fd877]::sys::backtrace::__rust_begin_short_backtrace::<test[aada8e7e76ba119b]::run_test::{closure#1}, ()>
[INFO] [stdout]   16:     0x5afe231d99f2 - <std[617be2ca0a6fd877]::thread::lifecycle::spawn_unchecked<test[aada8e7e76ba119b]::run_test::{closure#1}, ()>::{closure#1} as core[a373ad73a504971]::ops::function::FnOnce<()>>::call_once::{shim:vtable#0}
[INFO] [stdout]   17:     0x5afe232fcf1f - <std[617be2ca0a6fd877]::sys::thread::unix::Thread>::new::thread_start
[INFO] [stdout]   18:     0x76fc07a31dfa - <unknown>
[INFO] [stdout]   19:     0x76fc07ac53d4 - clone
[INFO] [stdout]   20:                0x0 - <unknown>
[INFO] [stdout] 
[INFO] [stdout] ---- commands::snapshot::html::tests::force_replaces_existing_output stdout ----
[INFO] [stdout] 
[INFO] [stdout] thread 'commands::snapshot::html::tests::force_replaces_existing_output' (1748) panicked at src/commands/snapshot/html.rs:272:40:
[INFO] [stdout] called `Result::unwrap()` on an `Err` value: Os { code: 30, kind: ReadOnlyFilesystem, message: "Read-only file system" }
[INFO] [stdout] stack backtrace:
[INFO] [stdout]    0:     0x5afe232feb11 - <<std[617be2ca0a6fd877]::sys::backtrace::BacktraceLock>::print::DisplayBacktrace as core[a373ad73a504971]::fmt::Display>::fmt
[INFO] [stdout]    1:     0x5afe2331574a - core[a373ad73a504971]::fmt::write
[INFO] [stdout]    2:     0x5afe2330367c - <alloc[2e1b2a31b91974c5]::vec::Vec<u8> as core[a373ad73a504971]::io::write::Write>::write_fmt
[INFO] [stdout]    3:     0x5afe232d63d6 - std[617be2ca0a6fd877]::panicking::default_hook::{closure#0}
[INFO] [stdout]    4:     0x5afe232f49a9 - std[617be2ca0a6fd877]::panicking::default_hook
[INFO] [stdout]    5:     0x5afe231d6340 - test[aada8e7e76ba119b]::test_main_inner::{closure#0}
[INFO] [stdout]    6:     0x5afe232f4cd2 - std[617be2ca0a6fd877]::panicking::panic_with_hook
[INFO] [stdout]    7:     0x5afe232d6482 - std[617be2ca0a6fd877]::panicking::panic_handler::{closure#0}
[INFO] [stdout]    8:     0x5afe232ceca9 - std[617be2ca0a6fd877]::sys::backtrace::__rust_end_short_backtrace::<std[617be2ca0a6fd877]::panicking::panic_handler::{closure#0}, !>
[INFO] [stdout]    9:     0x5afe232d72cd - __rustc[ea4f61d10b84890b]::rust_begin_unwind
[INFO] [stdout]   10:     0x5afe23315eac - core[a373ad73a504971]::panicking::panic_fmt
[INFO] [stdout]   11:     0x5afe23315c82 - core[a373ad73a504971]::result::unwrap_failed
[INFO] [stdout]   12:     0x5afe230ea649 - <seismograph[6ee498cdbf450e35]::commands::snapshot::html::tests::force_replaces_existing_output::{closure#0} as core[a373ad73a504971]::ops::function::FnOnce<()>>::call_once
[INFO] [stdout]   13:     0x5afe231c978b - test[aada8e7e76ba119b]::__rust_begin_short_backtrace::<core[a373ad73a504971]::result::Result<(), alloc[2e1b2a31b91974c5]::string::String>, fn() -> core[a373ad73a504971]::result::Result<(), alloc[2e1b2a31b91974c5]::string::String>>
[INFO] [stdout]   14:     0x5afe231d6965 - test[aada8e7e76ba119b]::run_test::{closure#0}
[INFO] [stdout]   15:     0x5afe231d0254 - std[617be2ca0a6fd877]::sys::backtrace::__rust_begin_short_backtrace::<test[aada8e7e76ba119b]::run_test::{closure#1}, ()>
[INFO] [stdout]   16:     0x5afe231d99f2 - <std[617be2ca0a6fd877]::thread::lifecycle::spawn_unchecked<test[aada8e7e76ba119b]::run_test::{closure#1}, ()>::{closure#1} as core[a373ad73a504971]::ops::function::FnOnce<()>>::call_once::{shim:vtable#0}
[INFO] [stdout]   17:     0x5afe232fcf1f - <std[617be2ca0a6fd877]::sys::thread::unix::Thread>::new::thread_start
[INFO] [stdout]   18:     0x76fc07a31dfa - <unknown>
[INFO] [stdout]   19:     0x76fc07ac53d4 - clone
[INFO] [stdout]   20:                0x0 - <unknown>
[INFO] [stdout] 
[INFO] [stdout] ---- commands::snapshot::html::tests::force_must_not_overwrite_input_through_hard_link stdout ----
[INFO] [stdout] 
[INFO] [stdout] thread 'commands::snapshot::html::tests::force_must_not_overwrite_input_through_hard_link' (1747) panicked at src/commands/snapshot/html.rs:293:40:
[INFO] [stdout] called `Result::unwrap()` on an `Err` value: Os { code: 30, kind: ReadOnlyFilesystem, message: "Read-only file system" }
[INFO] [stdout] stack backtrace:
[INFO] [stdout]    0:     0x5afe232feb11 - <<std[617be2ca0a6fd877]::sys::backtrace::BacktraceLock>::print::DisplayBacktrace as core[a373ad73a504971]::fmt::Display>::fmt
[INFO] [stdout]    1:     0x5afe2331574a - core[a373ad73a504971]::fmt::write
[INFO] [stdout]    2:     0x5afe2330367c - <alloc[2e1b2a31b91974c5]::vec::Vec<u8> as core[a373ad73a504971]::io::write::Write>::write_fmt
[INFO] [stdout]    3:     0x5afe232d63d6 - std[617be2ca0a6fd877]::panicking::default_hook::{closure#0}
[INFO] [stdout]    4:     0x5afe232f49a9 - std[617be2ca0a6fd877]::panicking::default_hook
[INFO] [stdout]    5:     0x5afe231d6340 - test[aada8e7e76ba119b]::test_main_inner::{closure#0}
[INFO] [stdout]    6:     0x5afe232f4cd2 - std[617be2ca0a6fd877]::panicking::panic_with_hook
[INFO] [stdout]    7:     0x5afe232d6482 - std[617be2ca0a6fd877]::panicking::panic_handler::{closure#0}
[INFO] [stdout]    8:     0x5afe232ceca9 - std[617be2ca0a6fd877]::sys::backtrace::__rust_end_short_backtrace::<std[617be2ca0a6fd877]::panicking::panic_handler::{closure#0}, !>
[INFO] [stdout]    9:     0x5afe232d72cd - __rustc[ea4f61d10b84890b]::rust_begin_unwind
[INFO] [stdout]   10:     0x5afe23315eac - core[a373ad73a504971]::panicking::panic_fmt
[INFO] [stdout]   11:     0x5afe23315c82 - core[a373ad73a504971]::result::unwrap_failed
[INFO] [stdout]   12:     0x5afe230ed0c7 - <seismograph[6ee498cdbf450e35]::commands::snapshot::html::tests::force_must_not_overwrite_input_through_hard_link::{closure#0} as core[a373ad73a504971]::ops::function::FnOnce<()>>::call_once
[INFO] [stdout]   13:     0x5afe231c978b - test[aada8e7e76ba119b]::__rust_begin_short_backtrace::<core[a373ad73a504971]::result::Result<(), alloc[2e1b2a31b91974c5]::string::String>, fn() -> core[a373ad73a504971]::result::Result<(), alloc[2e1b2a31b91974c5]::string::String>>
[INFO] [stdout]   14:     0x5afe231d6965 - test[aada8e7e76ba119b]::run_test::{closure#0}
[INFO] [stdout]   15:     0x5afe231d0254 - std[617be2ca0a6fd877]::sys::backtrace::__rust_begin_short_backtrace::<test[aada8e7e76ba119b]::run_test::{closure#1}, ()>
[INFO] [stdout]   16:     0x5afe231d99f2 - <std[617be2ca0a6fd877]::thread::lifecycle::spawn_unchecked<test[aada8e7e76ba119b]::run_test::{closure#1}, ()>::{closure#1} as core[a373ad73a504971]::ops::function::FnOnce<()>>::call_once::{shim:vtable#0}
[INFO] [stdout]   17:     0x5afe232fcf1f - <std[617be2ca0a6fd877]::sys::thread::unix::Thread>::new::thread_start
[INFO] [stdout]   18:     0x76fc07a31dfa - <unknown>
[INFO] [stdout]   19:     0x76fc07ac53d4 - clone
[INFO] [stdout]   20:                0x0 - <unknown>
[INFO] [stdout] 
[INFO] [stdout] 
[INFO] [stdout] failures:
[INFO] [stdout]     commands::monitor::client::tests::discover_filters_files_and_sorts_reachable_monitors
[INFO] [stdout]     commands::monitor::client::tests::discover_finds_a_published_monitor
[INFO] [stdout]     commands::monitor::client::tests::discover_handles_missing_directories_and_snapshot_saves_exact_bytes
[INFO] [stdout]     commands::monitor::offline::tests::bad_container_and_sources_report_the_input_path
[INFO] [stdout]     commands::monitor::offline::tests::file_loading_reports_ordered_progress_through_ready
[INFO] [stdout]     commands::monitor::offline::tests::loads_native_allocator_file_without_inventing_a_capture_time
[INFO] [stdout]     commands::snapshot::html::tests::default_output_must_not_be_overwritten
[INFO] [stdout]     commands::snapshot::html::tests::default_output_must_not_overwrite_input
[INFO] [stdout]     commands::snapshot::html::tests::explicit_output_must_not_be_overwritten
[INFO] [stdout]     commands::snapshot::html::tests::explicit_output_must_not_refer_to_input
[INFO] [stdout]     commands::snapshot::html::tests::force_must_not_overwrite_input_through_hard_link
[INFO] [stdout]     commands::snapshot::html::tests::force_replaces_existing_output
[INFO] [stdout] 
[INFO] [stdout] test result: FAILED. 446 passed; 12 failed; 2 ignored; 0 measured; 0 filtered out; finished in 0.56s
[INFO] [stdout] 
[INFO] running `Command { std: "docker" "inspect" "d140e8b8c161ec68cd9864812b786917b7f3bbb83dfce02506818a3eca791509", kill_on_drop: false }`
[INFO] running `Command { std: "docker" "rm" "-f" "d140e8b8c161ec68cd9864812b786917b7f3bbb83dfce02506818a3eca791509", kill_on_drop: false }`
[INFO] [stdout] d140e8b8c161ec68cd9864812b786917b7f3bbb83dfce02506818a3eca791509
