[INFO] fetching crate segb-forensic 0.2.1...
[INFO] testing segb-forensic-0.2.1 against 1.100.0-beta.1+cargoflags=--release for beta-release-1.100-2
[INFO] extracting crate segb-forensic 0.2.1 into /workspace/builds/worker-6-tc2/source
[INFO] started tweaking crates.io crate segb-forensic 0.2.1
[INFO] removed 0 missing tests
[INFO] finished tweaking crates.io crate segb-forensic 0.2.1
[INFO] tweaked toml for crates.io crate segb-forensic 0.2.1 written to /workspace/builds/worker-6-tc2/source/Cargo.toml
[INFO] validating manifest of crates.io crate segb-forensic 0.2.1 on toolchain 1.100.0-beta.1
[INFO] running `Command { std: CARGO_HOME="/workspace/cargo-home" RUSTUP_HOME="/workspace/rustup-home" "/workspace/cargo-home/bin/cargo" "+1.100.0-beta.1" "metadata" "--manifest-path" "Cargo.toml" "--no-deps", kill_on_drop: false }`
[INFO] crate crates.io crate segb-forensic 0.2.1 already has a lockfile, it will not be regenerated
[INFO] running `Command { std: CARGO_HOME="/workspace/cargo-home" RUSTUP_HOME="/workspace/rustup-home" "/workspace/cargo-home/bin/cargo" "+1.100.0-beta.1" "fetch" "--manifest-path" "Cargo.toml", kill_on_drop: false }`
[INFO] running `Command { std: "docker" "create" "-v" "/var/lib/crater-agent-workspace/builds/worker-6-tc2/source:/opt/rustwide/workdir:ro,Z" "-v" "/var/lib/crater-agent-workspace/builds/worker-6-tc2/target:/opt/rustwide/target:rw,Z" "-v" "/var/lib/crater-agent-workspace/cargo-home:/opt/rustwide/cargo-home:ro,Z" "-v" "/var/lib/crater-agent-workspace/rustup-home:/opt/rustwide/rustup-home:ro,Z" "-m" "1610612736" "--network" "none" "ghcr.io/rust-lang/crates-build-env/linux@sha256:77db811e55d90add9212f6832c23229e3de5f1c1f9905e8cb07319ea15df73ac" "sleep" "infinity", kill_on_drop: false }`
[INFO] [stdout] 845b649392e25bb76c0ee3c47939a1138a611e0d7125d46261425213b2ff7513
[INFO] running `Command { std: "docker" "start" "845b649392e25bb76c0ee3c47939a1138a611e0d7125d46261425213b2ff7513", kill_on_drop: false }`
[INFO] running `Command { std: "docker" "inspect" "845b649392e25bb76c0ee3c47939a1138a611e0d7125d46261425213b2ff7513", kill_on_drop: false }`
[INFO] running `Command { std: "docker" "exec" "-e" "SOURCE_DIR=/opt/rustwide/workdir" "-e" "CARGO_HOME=/opt/rustwide/cargo-home" "-e" "RUSTUP_HOME=/opt/rustwide/rustup-home" "-e" "CARGO_TARGET_DIR=/opt/rustwide/target" "-w" "/opt/rustwide/workdir" "--user" "0:0" "845b649392e25bb76c0ee3c47939a1138a611e0d7125d46261425213b2ff7513" "/opt/rustwide/cargo-home/bin/cargo" "+1.100.0-beta.1" "metadata" "--no-deps" "--format-version=1", kill_on_drop: false }`
[INFO] running `Command { std: "docker" "inspect" "845b649392e25bb76c0ee3c47939a1138a611e0d7125d46261425213b2ff7513", kill_on_drop: false }`
[INFO] running `Command { std: "docker" "exec" "-e" "SOURCE_DIR=/opt/rustwide/workdir" "-e" "CARGO_HOME=/opt/rustwide/cargo-home" "-e" "RUSTUP_HOME=/opt/rustwide/rustup-home" "-e" "CARGO_TARGET_DIR=/opt/rustwide/target" "-e" "CARGO_INCREMENTAL=0" "-e" "RUST_BACKTRACE=full" "-e" "RUSTFLAGS=--cap-lints=warn" "-e" "RUSTDOCFLAGS=--cap-lints=warn" "-w" "/opt/rustwide/workdir" "--user" "0:0" "845b649392e25bb76c0ee3c47939a1138a611e0d7125d46261425213b2ff7513" "/opt/rustwide/cargo-home/bin/cargo" "+1.100.0-beta.1" "build" "--frozen" "--message-format=json" "--release", kill_on_drop: false }`
[INFO] [stderr]    Compiling forensicnomicon-core v1.0.0
[INFO] [stderr]    Compiling segb-core v0.2.1
[INFO] [stderr]    Compiling forensicnomicon-data v1.0.0
[INFO] [stderr]    Compiling forensicnomicon v1.0.0
[INFO] [stderr]    Compiling segb-forensic v0.2.1 (/opt/rustwide/workdir)
[INFO] [stderr]     Finished `release` profile [optimized] target(s) in 19.50s
[INFO] running `Command { std: "docker" "inspect" "845b649392e25bb76c0ee3c47939a1138a611e0d7125d46261425213b2ff7513", kill_on_drop: false }`
[INFO] running `Command { std: "docker" "exec" "-e" "SOURCE_DIR=/opt/rustwide/workdir" "-e" "CARGO_HOME=/opt/rustwide/cargo-home" "-e" "RUSTUP_HOME=/opt/rustwide/rustup-home" "-e" "CARGO_TARGET_DIR=/opt/rustwide/target" "-e" "CARGO_INCREMENTAL=0" "-e" "RUST_BACKTRACE=full" "-e" "RUSTFLAGS=--cap-lints=warn" "-e" "RUSTDOCFLAGS=--cap-lints=warn" "-w" "/opt/rustwide/workdir" "--user" "0:0" "845b649392e25bb76c0ee3c47939a1138a611e0d7125d46261425213b2ff7513" "/opt/rustwide/cargo-home/bin/cargo" "+1.100.0-beta.1" "test" "--frozen" "--no-run" "--message-format=json" "--release", kill_on_drop: false }`
[INFO] [stderr]    Compiling segb-forensic v0.2.1 (/opt/rustwide/workdir)
[INFO] [stderr]     Finished `release` profile [optimized] target(s) in 1.55s
[INFO] running `Command { std: "docker" "inspect" "845b649392e25bb76c0ee3c47939a1138a611e0d7125d46261425213b2ff7513", kill_on_drop: false }`
[INFO] running `Command { std: "docker" "exec" "-e" "SOURCE_DIR=/opt/rustwide/workdir" "-e" "CARGO_HOME=/opt/rustwide/cargo-home" "-e" "RUSTUP_HOME=/opt/rustwide/rustup-home" "-e" "CARGO_TARGET_DIR=/opt/rustwide/target" "-e" "CARGO_INCREMENTAL=0" "-e" "RUST_BACKTRACE=full" "-e" "RUSTFLAGS=--cap-lints=warn" "-e" "RUSTDOCFLAGS=--cap-lints=warn" "-w" "/opt/rustwide/workdir" "--user" "0:0" "845b649392e25bb76c0ee3c47939a1138a611e0d7125d46261425213b2ff7513" "/opt/rustwide/cargo-home/bin/cargo" "+1.100.0-beta.1" "test" "--frozen" "--release", kill_on_drop: false }`
[INFO] [stderr]     Finished `release` profile [optimized] target(s) in 0.03s
[INFO] [stderr]      Running unittests src/lib.rs (/opt/rustwide/target/release/build/segb-forensic/de5cd99b0dbca131/out/segb_forensic-de5cd99b0dbca131)
[INFO] [stderr]      Running tests/audit.rs (/opt/rustwide/target/release/build/segb-forensic/96f4ed20fe05abee/out/audit-96f4ed20fe05abee)
[INFO] [stdout] 
[INFO] [stdout] running 0 tests
[INFO] [stdout] 
[INFO] [stdout] test result: ok. 0 passed; 0 failed; 0 ignored; 0 measured; 0 filtered out; finished in 0.00s
[INFO] [stdout] 
[INFO] [stdout] 
[INFO] [stdout] running 12 tests
[INFO] [stdout] test deleted_record_does_not_set_the_append_order_baseline ... ok
[INFO] [stdout] test anomaly_converts_to_canonical_finding ... ok
[INFO] [stdout] test crc_mismatch_index_and_offset_accessors ... ok
[INFO] [stdout] test backwards_timestamp_breaks_append_order ... ok
[INFO] [stdout] test clean_stream_yields_no_anomalies ... ok
[INFO] [stdout] test deleted_record_is_not_an_anomaly ... ok
[INFO] [stdout] test missing_timestamp_metadata_and_note ... ok
[INFO] [stdout] test crc_mismatch_is_high_severity ... ok
[INFO] [stdout] test written_record_without_timestamp_is_flagged ... ok
[INFO] [stdout] test timestamp_out_of_order_metadata_and_note ... ok
[INFO] [stdout] test unknown_state_record_is_not_flagged_on_its_own ... ok
[INFO] [stdout] test unknown_state_record_with_bad_crc_is_not_flagged ... ok
[INFO] [stdout] 
[INFO] [stdout] test result: ok. 12 passed; 0 failed; 0 ignored; 0 measured; 0 filtered out; finished in 0.01s
[INFO] [stdout] 
[INFO] [stderr]      Running tests/real_fixtures.rs (/opt/rustwide/target/release/build/segb-forensic/d4f0cf5584f95d7c/out/real_fixtures-d4f0cf5584f95d7c)
[INFO] [stdout] 
[INFO] [stdout] running 2 tests
[INFO] [stdout] test real_ios17_v2_stream_has_no_anomalies ... FAILED
[INFO] [stderr] error: test failed, to rerun pass `--test real_fixtures`
[INFO] [stdout] test real_ios17_v1_stream_has_no_anomalies ... FAILED
[INFO] [stdout] 
[INFO] [stdout] failures:
[INFO] [stdout] 
[INFO] [stdout] ---- real_ios17_v2_stream_has_no_anomalies stdout ----
[INFO] [stdout] 
[INFO] [stdout] thread 'real_ios17_v2_stream_has_no_anomalies' (280) panicked at tests/real_fixtures.rs:14:45:
[INFO] [stdout] read fixture /opt/rustwide/workdir/../tests/data/biome/Device.Display.TrueTone.v2.segb: No such file or directory (os error 2)
[INFO] [stdout] stack backtrace:
[INFO] [stdout]    0:     0x5bed40a04fc1 - <<std[617be2ca0a6fd877]::sys::backtrace::BacktraceLock>::print::DisplayBacktrace as core[a373ad73a504971]::fmt::Display>::fmt
[INFO] [stdout]    1:     0x5bed40a1906a - core[a373ad73a504971]::fmt::write
[INFO] [stdout]    2:     0x5bed40a091dc - <alloc[2e1b2a31b91974c5]::vec::Vec<u8> as core[a373ad73a504971]::io::write::Write>::write_fmt
[INFO] [stdout]    3:     0x5bed409e1116 - std[617be2ca0a6fd877]::panicking::default_hook::{closure#0}
[INFO] [stdout]    4:     0x5bed409fd349 - std[617be2ca0a6fd877]::panicking::default_hook
[INFO] [stdout]    5:     0x5bed40998d10 - test[aada8e7e76ba119b]::test_main_inner::{closure#0}
[INFO] [stdout]    6:     0x5bed409fd502 - std[617be2ca0a6fd877]::panicking::panic_with_hook
[INFO] [stdout]    7:     0x5bed409e11c2 - std[617be2ca0a6fd877]::panicking::panic_handler::{closure#0}
[INFO] [stdout]    8:     0x5bed409d9d49 - std[617be2ca0a6fd877]::sys::backtrace::__rust_end_short_backtrace::<std[617be2ca0a6fd877]::panicking::panic_handler::{closure#0}, !>
[INFO] [stdout]    9:     0x5bed409e1dcd - __rustc[ea4f61d10b84890b]::rust_begin_unwind
[INFO] [stdout]   10:     0x5bed40a1979c - core[a373ad73a504971]::panicking::panic_fmt
[INFO] [stdout]   11:     0x5bed4098a5ca - real_fixtures[d0df72d78144e319]::fixture::{closure#0}
[INFO] [stdout]   12:     0x5bed4098a9ae - real_fixtures[d0df72d78144e319]::audit_fixture
[INFO] [stdout]   13:     0x5bed4098afa1 - <real_fixtures[d0df72d78144e319]::real_ios17_v2_stream_has_no_anomalies::{closure#0} as core[a373ad73a504971]::ops::function::FnOnce<()>>::call_once
[INFO] [stdout]   14:     0x5bed4098c15b - test[aada8e7e76ba119b]::__rust_begin_short_backtrace::<core[a373ad73a504971]::result::Result<(), alloc[2e1b2a31b91974c5]::string::String>, fn() -> core[a373ad73a504971]::result::Result<(), alloc[2e1b2a31b91974c5]::string::String>>
[INFO] [stdout]   15:     0x5bed40999335 - test[aada8e7e76ba119b]::run_test::{closure#0}
[INFO] [stdout]   16:     0x5bed40992c24 - std[617be2ca0a6fd877]::sys::backtrace::__rust_begin_short_backtrace::<test[aada8e7e76ba119b]::run_test::{closure#1}, ()>
[INFO] [stdout]   17:     0x5bed4099c3c2 - <std[617be2ca0a6fd877]::thread::lifecycle::spawn_unchecked<test[aada8e7e76ba119b]::run_test::{closure#1}, ()>::{closure#1} as core[a373ad73a504971]::ops::function::FnOnce<()>>::call_once::{shim:vtable#0}
[INFO] [stdout]   18:     0x5bed40a0450f - <std[617be2ca0a6fd877]::sys::thread::unix::Thread>::new::thread_start
[INFO] [stdout]   19:     0x71ad16daddfa - <unknown>
[INFO] [stdout]   20:     0x71ad16e413d4 - clone
[INFO] [stdout]   21:                0x0 - <unknown>
[INFO] [stdout] 
[INFO] [stdout] ---- real_ios17_v1_stream_has_no_anomalies stdout ----
[INFO] [stdout] 
[INFO] [stdout] thread 'real_ios17_v1_stream_has_no_anomalies' (279) panicked at tests/real_fixtures.rs:14:45:
[INFO] [stdout] read fixture /opt/rustwide/workdir/../tests/data/biome/Device.Power.LowPowerMode.v1.segb: No such file or directory (os error 2)
[INFO] [stdout] stack backtrace:
[INFO] [stdout]    0:     0x5bed40a04fc1 - <<std[617be2ca0a6fd877]::sys::backtrace::BacktraceLock>::print::DisplayBacktrace as core[a373ad73a504971]::fmt::Display>::fmt
[INFO] [stdout]    1:     0x5bed40a1906a - core[a373ad73a504971]::fmt::write
[INFO] [stdout]    2:     0x5bed40a091dc - <alloc[2e1b2a31b91974c5]::vec::Vec<u8> as core[a373ad73a504971]::io::write::Write>::write_fmt
[INFO] [stdout]    3:     0x5bed409e1116 - std[617be2ca0a6fd877]::panicking::default_hook::{closure#0}
[INFO] [stdout]    4:     0x5bed409fd349 - std[617be2ca0a6fd877]::panicking::default_hook
[INFO] [stdout]    5:     0x5bed40998d10 - test[aada8e7e76ba119b]::test_main_inner::{closure#0}
[INFO] [stdout]    6:     0x5bed409fd502 - std[617be2ca0a6fd877]::panicking::panic_with_hook
[INFO] [stdout]    7:     0x5bed409e11c2 - std[617be2ca0a6fd877]::panicking::panic_handler::{closure#0}
[INFO] [stdout]    8:     0x5bed409d9d49 - std[617be2ca0a6fd877]::sys::backtrace::__rust_end_short_backtrace::<std[617be2ca0a6fd877]::panicking::panic_handler::{closure#0}, !>
[INFO] [stdout]    9:     0x5bed409e1dcd - __rustc[ea4f61d10b84890b]::rust_begin_unwind
[INFO] [stdout]   10:     0x5bed40a1979c - core[a373ad73a504971]::panicking::panic_fmt
[INFO] [stdout]   11:     0x5bed4098a5ca - real_fixtures[d0df72d78144e319]::fixture::{closure#0}
[INFO] [stdout]   12:     0x5bed4098a9ae - real_fixtures[d0df72d78144e319]::audit_fixture
[INFO] [stdout]   13:     0x5bed4098af01 - <real_fixtures[d0df72d78144e319]::real_ios17_v1_stream_has_no_anomalies::{closure#0} as core[a373ad73a504971]::ops::function::FnOnce<()>>::call_once
[INFO] [stdout]   14:     0x5bed4098c15b - test[aada8e7e76ba119b]::__rust_begin_short_backtrace::<core[a373ad73a504971]::result::Result<(), alloc[2e1b2a31b91974c5]::string::String>, fn() -> core[a373ad73a504971]::result::Result<(), alloc[2e1b2a31b91974c5]::string::String>>
[INFO] [stdout]   15:     0x5bed40999335 - test[aada8e7e76ba119b]::run_test::{closure#0}
[INFO] [stdout]   16:     0x5bed40992c24 - std[617be2ca0a6fd877]::sys::backtrace::__rust_begin_short_backtrace::<test[aada8e7e76ba119b]::run_test::{closure#1}, ()>
[INFO] [stdout]   17:     0x5bed4099c3c2 - <std[617be2ca0a6fd877]::thread::lifecycle::spawn_unchecked<test[aada8e7e76ba119b]::run_test::{closure#1}, ()>::{closure#1} as core[a373ad73a504971]::ops::function::FnOnce<()>>::call_once::{shim:vtable#0}
[INFO] [stdout]   18:     0x5bed40a0450f - <std[617be2ca0a6fd877]::sys::thread::unix::Thread>::new::thread_start
[INFO] [stdout]   19:     0x71ad16daddfa - <unknown>
[INFO] [stdout]   20:     0x71ad16e413d4 - clone
[INFO] [stdout]   21:                0x0 - <unknown>
[INFO] [stdout] 
[INFO] [stdout] 
[INFO] [stdout] failures:
[INFO] [stdout]     real_ios17_v1_stream_has_no_anomalies
[INFO] [stdout]     real_ios17_v2_stream_has_no_anomalies
[INFO] [stdout] 
[INFO] [stdout] test result: FAILED. 0 passed; 2 failed; 0 ignored; 0 measured; 0 filtered out; finished in 0.00s
[INFO] [stdout] 
[INFO] running `Command { std: "docker" "inspect" "845b649392e25bb76c0ee3c47939a1138a611e0d7125d46261425213b2ff7513", kill_on_drop: false }`
[INFO] running `Command { std: "docker" "rm" "-f" "845b649392e25bb76c0ee3c47939a1138a611e0d7125d46261425213b2ff7513", kill_on_drop: false }`
[INFO] [stdout] 845b649392e25bb76c0ee3c47939a1138a611e0d7125d46261425213b2ff7513
