[INFO] fetching crate sefy 0.15.0...
[INFO] testing sefy-0.15.0 against 1.99.0-beta.8+cargoflags=--release for beta-release-1.100-2
[INFO] extracting crate sefy 0.15.0 into /workspace/builds/worker-0-tc1/source
[INFO] started tweaking crates.io crate sefy 0.15.0
[INFO] removed 0 missing tests
[INFO] finished tweaking crates.io crate sefy 0.15.0
[INFO] tweaked toml for crates.io crate sefy 0.15.0 written to /workspace/builds/worker-0-tc1/source/Cargo.toml
[INFO] validating manifest of crates.io crate sefy 0.15.0 on toolchain 1.99.0-beta.8
[INFO] running `Command { std: CARGO_HOME="/workspace/cargo-home" RUSTUP_HOME="/workspace/rustup-home" "/workspace/cargo-home/bin/cargo" "+1.99.0-beta.8" "metadata" "--manifest-path" "Cargo.toml" "--no-deps", kill_on_drop: false }`
[INFO] crate crates.io crate sefy 0.15.0 already has a lockfile, it will not be regenerated
[INFO] running `Command { std: CARGO_HOME="/workspace/cargo-home" RUSTUP_HOME="/workspace/rustup-home" "/workspace/cargo-home/bin/cargo" "+1.99.0-beta.8" "fetch" "--manifest-path" "Cargo.toml", kill_on_drop: false }`
[INFO] [stderr]     Updating crates.io index
[INFO] [stderr]  Downloading crates ...
[INFO] [stderr]   Downloaded qrcodegen v1.8.0
[INFO] [stderr]   Downloaded rtoolbox v0.0.6
[INFO] [stderr]   Downloaded chacha20poly1305 v0.11.0
[INFO] [stderr]   Downloaded winresource v0.1.31
[INFO] [stderr]   Downloaded zxcvbn v3.1.1
[INFO] [stderr]   Downloaded sefy-core v0.15.0
[INFO] running `Command { std: "docker" "create" "-v" "/var/lib/crater-agent-workspace/builds/worker-0-tc1/source:/opt/rustwide/workdir:ro,Z" "-v" "/var/lib/crater-agent-workspace/builds/worker-0-tc1/target:/opt/rustwide/target:rw,Z" "-v" "/var/lib/crater-agent-workspace/cargo-home:/opt/rustwide/cargo-home:ro,Z" "-v" "/var/lib/crater-agent-workspace/rustup-home:/opt/rustwide/rustup-home:ro,Z" "-m" "1610612736" "--network" "none" "ghcr.io/rust-lang/crates-build-env/linux@sha256:77db811e55d90add9212f6832c23229e3de5f1c1f9905e8cb07319ea15df73ac" "sleep" "infinity", kill_on_drop: false }`
[INFO] [stdout] 80e30d36050565c44376312c1437906eb06eb1fe213ffec429b6114312dd44ca
[INFO] running `Command { std: "docker" "start" "80e30d36050565c44376312c1437906eb06eb1fe213ffec429b6114312dd44ca", kill_on_drop: false }`
[INFO] running `Command { std: "docker" "inspect" "80e30d36050565c44376312c1437906eb06eb1fe213ffec429b6114312dd44ca", kill_on_drop: false }`
[INFO] running `Command { std: "docker" "exec" "-e" "SOURCE_DIR=/opt/rustwide/workdir" "-e" "CARGO_HOME=/opt/rustwide/cargo-home" "-e" "RUSTUP_HOME=/opt/rustwide/rustup-home" "-e" "CARGO_TARGET_DIR=/opt/rustwide/target" "-w" "/opt/rustwide/workdir" "--user" "0:0" "80e30d36050565c44376312c1437906eb06eb1fe213ffec429b6114312dd44ca" "/opt/rustwide/cargo-home/bin/cargo" "+1.99.0-beta.8" "metadata" "--no-deps" "--format-version=1", kill_on_drop: false }`
[INFO] running `Command { std: "docker" "inspect" "80e30d36050565c44376312c1437906eb06eb1fe213ffec429b6114312dd44ca", kill_on_drop: false }`
[INFO] running `Command { std: "docker" "exec" "-e" "SOURCE_DIR=/opt/rustwide/workdir" "-e" "CARGO_HOME=/opt/rustwide/cargo-home" "-e" "RUSTUP_HOME=/opt/rustwide/rustup-home" "-e" "CARGO_TARGET_DIR=/opt/rustwide/target" "-e" "CARGO_INCREMENTAL=0" "-e" "RUST_BACKTRACE=full" "-e" "RUSTFLAGS=--cap-lints=warn" "-e" "RUSTDOCFLAGS=--cap-lints=warn" "-w" "/opt/rustwide/workdir" "--user" "0:0" "80e30d36050565c44376312c1437906eb06eb1fe213ffec429b6114312dd44ca" "/opt/rustwide/cargo-home/bin/cargo" "+1.99.0-beta.8" "build" "--frozen" "--message-format=json" "--release", kill_on_drop: false }`
[INFO] [stderr]    Compiling getrandom v0.4.3
[INFO] [stderr]    Compiling hybrid-array v0.4.15
[INFO] [stderr]    Compiling ctutils v0.4.3
[INFO] [stderr]    Compiling cpufeatures v0.3.1
[INFO] [stderr]    Compiling rustix v1.1.5
[INFO] [stderr]    Compiling linux-raw-sys v0.12.1
[INFO] [stderr]    Compiling serde_core v1.0.229
[INFO] [stderr]    Compiling miniz_oxide v0.9.1
[INFO] [stderr]    Compiling regex-automata v0.4.18
[INFO] [stderr]    Compiling bit-vec v0.8.0
[INFO] [stderr]    Compiling phc v0.6.1
[INFO] [stderr]    Compiling syn v2.0.119
[INFO] [stderr]    Compiling bit-set v0.8.0
[INFO] [stderr]    Compiling flate2 v1.1.10
[INFO] [stderr]    Compiling crypto-common v0.2.2
[INFO] [stderr]    Compiling block-buffer v0.12.1
[INFO] [stderr]    Compiling inout v0.2.2
[INFO] [stderr]    Compiling either v1.19.0
[INFO] [stderr]    Compiling moxcms v0.8.1
[INFO] [stderr]    Compiling digest v0.11.3
[INFO] [stderr]    Compiling universal-hash v0.6.1
[INFO] [stderr]    Compiling cipher v0.5.2
[INFO] [stderr]    Compiling poly1305 v0.9.1
[INFO] [stderr]    Compiling chacha20 v0.10.2
[INFO] [stderr]    Compiling blake2 v0.11.0
[INFO] [stderr]    Compiling aead v0.6.1
[INFO] [stderr]    Compiling itertools v0.14.0
[INFO] [stderr]    Compiling clap_builder v4.6.7
[INFO] [stderr]    Compiling clap_derive v4.6.7
[INFO] [stderr]    Compiling time v0.3.55
[INFO] [stderr]    Compiling fancy-regex v0.18.0
[INFO] [stderr]    Compiling regex v1.13.1
[INFO] [stderr]    Compiling png v0.18.1
[INFO] [stderr]    Compiling gethostname v1.1.0
[INFO] [stderr]    Compiling password-hash v0.6.1
[INFO] [stderr]    Compiling zeroize_derive v1.5.0
[INFO] [stderr]    Compiling parking_lot_core v0.9.12
[INFO] [stderr]    Compiling thiserror-impl v2.0.21
[INFO] [stderr]    Compiling csv-core v0.1.13
[INFO] [stderr]    Compiling byteorder-lite v0.1.0
[INFO] [stderr]    Compiling x11rb-protocol v0.13.2
[INFO] [stderr]    Compiling bytemuck v1.25.2
[INFO] [stderr]    Compiling rusqlite v0.40.2
[INFO] [stderr]    Compiling image v0.25.10
[INFO] [stderr]    Compiling tempfile v3.27.0
[INFO] [stderr]    Compiling thiserror v2.0.21
[INFO] [stderr]    Compiling console v0.16.6
[INFO] [stderr]    Compiling csv v1.4.0
[INFO] [stderr]    Compiling zxcvbn v3.1.1
[INFO] [stderr]    Compiling fuzzy-matcher v0.3.7
[INFO] [stderr]    Compiling serde v1.0.229
[INFO] [stderr]    Compiling x11rb v0.13.2
[INFO] [stderr]    Compiling zeroize v1.9.1
[INFO] [stderr]    Compiling serde_json v1.0.151
[INFO] [stderr]    Compiling parking_lot v0.12.5
[INFO] [stderr]    Compiling argon2 v0.6.0
[INFO] [stderr]    Compiling clap v4.6.7
[INFO] [stderr]    Compiling chacha20poly1305 v0.11.0
[INFO] [stderr]    Compiling sha2 v0.11.0
[INFO] [stderr]    Compiling sha1 v0.11.0
[INFO] [stderr]    Compiling hmac v0.13.0
[INFO] [stderr]    Compiling quick-xml v0.42.0
[INFO] [stderr]    Compiling rtoolbox v0.0.6
[INFO] [stderr]    Compiling base64 v0.23.1
[INFO] [stderr]    Compiling sefy v0.15.0 (/opt/rustwide/workdir)
[INFO] [stderr]    Compiling arboard v3.6.1
[INFO] [stderr]    Compiling dialoguer v0.12.0
[INFO] [stderr]    Compiling sefy-core v0.15.0
[INFO] [stderr]    Compiling rpassword v7.5.4
[INFO] [stderr]    Compiling clap_complete v4.6.11
[INFO] [stderr]    Compiling qrcodegen v1.8.0
[INFO] [stderr]     Finished `release` profile [optimized] target(s) in 3m 38s
[INFO] running `Command { std: "docker" "inspect" "80e30d36050565c44376312c1437906eb06eb1fe213ffec429b6114312dd44ca", kill_on_drop: false }`
[INFO] running `Command { std: "docker" "exec" "-e" "SOURCE_DIR=/opt/rustwide/workdir" "-e" "CARGO_HOME=/opt/rustwide/cargo-home" "-e" "RUSTUP_HOME=/opt/rustwide/rustup-home" "-e" "CARGO_TARGET_DIR=/opt/rustwide/target" "-e" "CARGO_INCREMENTAL=0" "-e" "RUST_BACKTRACE=full" "-e" "RUSTFLAGS=--cap-lints=warn" "-e" "RUSTDOCFLAGS=--cap-lints=warn" "-w" "/opt/rustwide/workdir" "--user" "0:0" "80e30d36050565c44376312c1437906eb06eb1fe213ffec429b6114312dd44ca" "/opt/rustwide/cargo-home/bin/cargo" "+1.99.0-beta.8" "test" "--frozen" "--no-run" "--message-format=json" "--release", kill_on_drop: false }`
[INFO] [stderr]    Compiling float-cmp v0.10.0
[INFO] [stderr]    Compiling bstr v1.13.1
[INFO] [stderr]    Compiling predicates v3.1.4
[INFO] [stderr]    Compiling assert_cmd v2.2.2
[INFO] [stderr]    Compiling sefy v0.15.0 (/opt/rustwide/workdir)
[INFO] [stderr]     Finished `release` profile [optimized] target(s) in 19.48s
[INFO] running `Command { std: "docker" "inspect" "80e30d36050565c44376312c1437906eb06eb1fe213ffec429b6114312dd44ca", kill_on_drop: false }`
[INFO] running `Command { std: "docker" "exec" "-e" "SOURCE_DIR=/opt/rustwide/workdir" "-e" "CARGO_HOME=/opt/rustwide/cargo-home" "-e" "RUSTUP_HOME=/opt/rustwide/rustup-home" "-e" "CARGO_TARGET_DIR=/opt/rustwide/target" "-e" "CARGO_INCREMENTAL=0" "-e" "RUST_BACKTRACE=full" "-e" "RUSTFLAGS=--cap-lints=warn" "-e" "RUSTDOCFLAGS=--cap-lints=warn" "-w" "/opt/rustwide/workdir" "--user" "0:0" "80e30d36050565c44376312c1437906eb06eb1fe213ffec429b6114312dd44ca" "/opt/rustwide/cargo-home/bin/cargo" "+1.99.0-beta.8" "test" "--frozen" "--release", kill_on_drop: false }`
[INFO] [stderr]     Finished `release` profile [optimized] target(s) in 0.22s
[INFO] [stderr]      Running unittests src/main.rs (/opt/rustwide/target/release/deps/sefy-ccf6a3cd04a879e1)
[INFO] [stdout] 
[INFO] [stdout] running 22 tests
[INFO] [stdout] test device::tests::a_name_found_is_short_and_never_blank ... ok
[INFO] [stdout] test diff::tests::a_long_unchanged_stretch_is_folded_and_counted ... ok
[INFO] [stdout] test browser::tests::whitespace_and_control_characters_are_refused ... ok
[INFO] [stdout] test audit::tests::a_count_agrees_with_its_verb ... ok
[INFO] [stdout] test output::tests::truncate_counts_characters_not_bytes ... ok
[INFO] [stdout] test output::tests::truncate_keeps_short_text_and_marks_cuts ... ok
[INFO] [stdout] test picker::tests::a_label_carries_what_tells_two_items_apart ... ok
[INFO] [stdout] test picker::tests::a_single_item_is_taken_without_asking ... ok
[INFO] [stdout] test picker::tests::an_empty_list_is_no_choice_rather_than_a_prompt ... ok
[INFO] [stdout] test browser::tests::a_scheme_with_no_host_is_refused ... ok
[INFO] [stdout] test when::tests::a_date_before_the_epoch_lands_on_the_right_day ... ok
[INFO] [stdout] test when::tests::a_date_is_the_day_alone ... ok
[INFO] [stdout] test qr::tests::the_drawing_is_the_symbol_with_its_quiet_zone ... ok
[INFO] [stdout] test browser::tests::anything_that_is_not_http_is_refused ... ok
[INFO] [stdout] test when::tests::distances_pick_the_unit_that_reads ... ok
[INFO] [stdout] test when::tests::the_time_of_day_comes_out_too ... ok
[INFO] [stdout] test when::tests::a_stamp_from_the_future_is_said_plainly ... ok
[INFO] [stdout] test when::tests::days_either_way_are_said_the_way_people_say_them ... ok
[INFO] [stdout] test when::tests::the_epoch_and_some_dates_after_it ... ok
[INFO] [stdout] test browser::tests::ordinary_web_addresses_pass ... ok
[INFO] [stderr]      Running tests/cli.rs (/opt/rustwide/target/release/deps/cli-1ca8a741baa49ac8)
[INFO] [stdout] test diff::tests::a_one_line_value_shows_as_what_went_and_what_came ... ok
[INFO] [stdout] test when::tests::a_moment_carries_both_readings ... ok
[INFO] [stdout] 
[INFO] [stdout] test result: ok. 22 passed; 0 failed; 0 ignored; 0 measured; 0 filtered out; finished in 0.01s
[INFO] [stdout] 
[INFO] [stdout] 
[INFO] [stdout] running 132 tests
[INFO] [stdout] test a_bank_account_keeps_extra_fields_and_leaves_an_empty_secret_out ... ok
[INFO] [stdout] test a_command_that_writes_nothing_syncs_nothing ... ok
[INFO] [stdout] test a_credential_stores_its_password_and_hides_it_in_show ... ok
[INFO] [stdout] test a_csv_export_says_what_it_left_out_and_refuses_history ... ok
[INFO] [stdout] test a_card_round_trips_and_get_with_no_field_gives_the_number ... ok
[INFO] [stdout] test a_file_comes_back_byte_for_byte ... ok
[INFO] [stdout] test a_key_that_cannot_make_a_code_is_refused_on_the_way_in ... ok
[INFO] [stdout] test a_login_option_left_out_produces_no_field_at_all ... ok
[INFO] [stdout] test a_dry_run_sync_names_what_each_side_would_gain_and_changes_nothing ... ok
[INFO] [stdout] test a_name_given_twice_is_refused_rather_than_guessed ... ok
[INFO] [stdout] test a_plugin_speaking_another_protocol_is_listed_with_the_reason ... ok
[INFO] [stdout] test a_malformed_set_without_an_equals_sign_is_an_error ... ok
[INFO] [stdout] test a_keepass_export_imports_back_with_its_format_named ... ok
[INFO] [stdout] test a_login_round_trips_every_field_it_was_given ... ok
[INFO] [stdout] test a_dry_run_pull_and_merge_change_nothing_either ... ok
[INFO] [stdout] test a_note_survives_a_round_trip_through_the_file ... ok
[INFO] [stdout] test a_secret_field_is_never_taken_on_the_command_line ... ok
[INFO] [stdout] test a_secret_field_left_to_the_prompt_needs_a_terminal ... ok
[INFO] [stdout] test a_change_reaches_the_remote_by_itself_when_auto_sync_is_on ... ok
[INFO] [stdout] test a_reference_matching_nothing_says_so ... ok
[INFO] [stdout] test a_sync_after_a_write_that_fails_warns_and_keeps_the_change ... ok
[INFO] [stdout] test a_transport_that_is_not_installed_is_named_in_the_error ... ok
[INFO] [stdout] test a_pull_under_a_different_remote_password_is_asked_for_separately ... ok
[INFO] [stdout] test a_wrong_password_is_reported_without_guessing_why ... ok
[INFO] [stdout] test a_push_sends_the_file_and_a_pull_brings_the_other_side_back ... ok
[INFO] [stdout] test a_wifi_network_takes_its_public_fields_on_the_line_and_its_key_from_aside ... ok
[INFO] [stdout] test add_credential_is_still_accepted_and_produces_a_login ... ok
[INFO] [stdout] test an_ambiguous_reference_lists_the_candidates ... ok
[INFO] [stdout] test an_exact_title_beats_a_substring ... ok
[INFO] [stdout] test a_pull_that_brings_something_keeps_the_vault_as_it_was_beside_it ... ok
[INFO] [stdout] test an_installed_plugin_is_listed_with_what_it_can_do ... ok
[INFO] [stdout] test an_export_still_runs_with_an_item_from_a_newer_sefy_in_the_vault ... ok
[INFO] [stdout] test a_transfer_is_not_followed_by_a_second_one ... ok
[INFO] [stdout] test a_sync_leaves_both_sides_holding_everything ... ok
[INFO] [stdout] test an_import_names_every_entry_it_could_not_bring_as_it_was ... ok
[INFO] [stdout] test a_password_change_reaches_the_remote_under_the_new_password ... ok
[INFO] [stdout] test an_ssh_key_with_no_pub_file_beside_it_still_succeeds_and_has_no_public_key_field ... ok
[INFO] [stdout] test an_ssh_key_stores_a_trimmed_public_key_and_the_private_key_comes_back_exact ... ok
[INFO] [stdout] test completions_and_help_need_no_vault_and_no_password ... ok
[INFO] [stdout] test completions_are_generated_for_every_supported_shell ... ok
[INFO] [stdout] test an_export_survives_a_round_trip_through_the_command_line ... ok
[INFO] [stdout] test an_item_from_a_newer_sefy_does_not_break_the_listing ... ok
[INFO] [stdout] test an_item_from_a_newer_sefy_can_still_be_retitled ... ok
[INFO] [stdout] test audit::it_changes_nothing ... ok
[INFO] [stdout] test audit::a_vault_with_nothing_to_look_at_says_so_and_succeeds ... ok
[INFO] [stdout] test edit_rejects_flags_meant_for_another_kind ... ok
[INFO] [stdout] test edit_set_adds_a_field_the_record_did_not_have_and_it_is_public ... ok
[INFO] [stdout] test edit_set_changes_an_existing_fields_value ... ok
[INFO] [stdout] test change_password_takes_a_separate_variable_for_the_new_one ... ok
[INFO] [stdout] test edit_changes_what_it_is_asked_to_and_nothing_else ... ok
[INFO] [stdout] test edit_set_on_an_existing_secret_field_keeps_it_secret ... ok
[INFO] [stdout] test audit::what_it_finds_is_named_by_item_and_field_and_never_shown ... ok
[INFO] [stdout] test edit_unset_of_every_field_is_refused ... ok
[INFO] [stdout] test expires::a_command_run_with_a_due_secret_is_warned_about_it ... ok
[INFO] [stdout] test edit_unset_removes_a_field_and_refuses_a_name_that_is_not_there ... ok
[INFO] [stdout] test export_refuses_until_the_plaintext_warning_is_acknowledged ... ok
[INFO] [stdout] test export_does_not_overwrite_a_file_without_force ... ok
[INFO] [stdout] test gen_does_not_touch_a_vault_it_was_not_asked_to_save_into ... ok
[INFO] [stdout] test expires::a_one_time_code_from_a_record_past_its_date_is_warned_about ... ok
[INFO] [stdout] test fill_needs_a_terminal_to_wait_on_and_says_what_to_do_instead ... ok
[INFO] [stdout] test gen_follows_the_policy_it_was_given ... ok
[INFO] [stdout] test gen_needs_no_vault_and_prints_the_secret_alone ... ok
[INFO] [stdout] test gen_refuses_options_that_belong_to_another_recipe ... ok
[INFO] [stdout] test gen_makes_a_passphrase_from_the_list_asked_for ... ok
[INFO] [stdout] test expires::a_date_is_checked_on_the_way_in_and_kept_in_one_shape ... ok
[INFO] [stdout] test fill_on_a_note_is_refused ... ok
[INFO] [stdout] test gen_save_with_the_wrong_password_hands_over_nothing ... ok
[INFO] [stdout] test fill_refuses_a_record_with_nothing_to_fill ... ok
[INFO] [stdout] test gen_save_stores_the_very_password_it_hands_over ... ok
[INFO] [stdout] test get_clears_the_clipboard_after_the_timeout ... ok
[INFO] [stdout] test find_lists_rather_than_picking_wherever_it_runs ... ok
[INFO] [stdout] test getting_a_file_points_at_extract_instead ... ok
[INFO] [stdout] test get_field_on_a_name_the_record_lacks_lists_what_it_does_have ... ok
[INFO] [stdout] test get_refuses_a_field_named_on_a_note ... ok
[INFO] [stdout] test expires::taking_a_secret_near_its_date_warns_and_a_pipe_still_gets_the_secret_alone ... ok
[INFO] [stdout] test history::a_version_or_a_field_that_is_not_there_is_refused_with_what_is ... ok
[INFO] [stdout] test history::an_edit_keeps_the_text_it_replaced_and_history_lists_both ... ok
[INFO] [stdout] test history::restoring_the_current_version_changes_nothing ... ok
[INFO] [stdout] test history::a_restored_password_is_the_one_get_hands_over ... ok
[INFO] [stdout] test history::a_note_comes_back_whole ... ok
[INFO] [stdout] test init_creates_a_vault_and_refuses_to_overwrite_one ... ok
[INFO] [stdout] test nothing_installed_says_how_a_plugin_is_installed ... ok
[INFO] [stdout] test history::neither_the_listing_nor_a_comparison_ever_prints_a_secret ... ok
[INFO] [stdout] test history::show_says_there_is_a_history_to_look_at ... ok
[INFO] [stdout] test history::a_merge_conflict_ends_in_the_history_not_in_a_second_item ... ok
[INFO] [stdout] test import_reads_stdin_and_reports_malformed_input ... ok
[INFO] [stdout] test no_cvv_and_no_pin_leave_those_fields_out_of_the_card ... ok
[INFO] [stdout] test ls_kind_shows_only_that_kind_and_credential_is_an_alias_for_login ... ok
[INFO] [stdout] test otp_on_a_note_is_refused ... ok
[INFO] [stdout] test otp_on_a_login_without_a_key_says_how_to_store_one ... ok
[INFO] [stdout] test open_says_what_is_missing_rather_than_opening_nothing ... ok
[INFO] [stdout] test otp_follows_the_parameters_of_a_link ... ok
[INFO] [stdout] test ls_and_find_narrow_by_kind_and_tag ... ok
[INFO] [stdout] test otp_qr_draws_only_on_a_terminal ... ok
[INFO] [stdout] test otp_refuses_a_counter_based_key_by_name ... ok
[INFO] [stdout] test otp_refuses_what_is_not_a_key_and_leaves_the_record_alone ... ok
[INFO] [stdout] test reading_an_item_from_a_newer_sefy_explains_rather_than_denies_it ... ok
[INFO] [stdout] test rm_takes_the_item_out_of_the_file ... ok
[INFO] [stdout] test open_refuses_anything_that_is_not_a_web_address ... ok
[INFO] [stdout] test rm_without_a_terminal_refuses_rather_than_assuming_yes ... ok
[INFO] [stdout] test otp_set_stores_the_key_and_answers_with_the_first_code ... ok
[INFO] [stdout] test run_ends_with_the_status_the_command_ended_with ... ok
[INFO] [stdout] test run_finds_a_script_the_way_a_shell_does ... ok
[INFO] [stdout] test secrets_do_not_appear_in_the_file_on_disk ... ok
[INFO] [stdout] test run_hands_the_command_what_was_mapped_and_not_the_master_password ... ok
[INFO] [stdout] test set_on_a_note_is_refused_as_a_records_only_option ... ok
[INFO] [stdout] test run_starts_nothing_when_one_variable_cannot_be_set ... ok
[INFO] [stdout] test run_replaces_a_variable_the_environment_already_has ... ok
[INFO] [stdout] test run_tells_a_missing_program_from_one_that_failed ... ok
[INFO] [stdout] test set_secret_needs_a_terminal_it_does_not_have_in_a_script ... ok
[INFO] [stdout] test the_doctor_needs_no_vault_to_check_the_machine ... ok
[INFO] [stdout] test show_hides_every_secret_field_and_names_it_in_the_hint ... ok
[INFO] [stdout] test the_doctor_fails_on_a_wrong_password_and_still_checks_the_rest ... ok
[INFO] [stdout] test skip_leaves_a_secret_out_and_names_only_secret_fields ... ok
[INFO] [stdout] test status_reports_shape_and_never_contents ... ok
[INFO] [stdout] test run_refuses_a_mapping_it_would_have_to_guess_about ... ok
[INFO] [stdout] test the_doctor_warns_when_the_remote_copy_is_under_another_password ... ok
[INFO] [stdout] test status_counts_a_kind_this_build_does_not_know ... ok
[INFO] [stdout] test the_fixture_transport_is_where_sefy_looks_for_one ... ok
[INFO] [stdout] test the_editor_flag_is_refused_on_items_that_are_not_notes ... ok
[INFO] [stdout] test the_editor_is_refused_when_there_is_nowhere_to_open_one ... ok
[INFO] [stdout] test the_item_password_never_falls_back_to_the_master_password ... ok
[INFO] [stdout] test with_no_transport_installed_the_error_says_how_to_install_one ... ok
[INFO] [stdout] test without_a_vault_path_the_error_explains_the_options ... ok
[INFO] [stdout] test the_picker_is_refused_off_a_terminal_rather_than_hanging ... ok
[INFO] [stdout] test what_reaches_the_remote_never_contains_a_secret_in_the_clear ... ok
[INFO] [stdout] test with_several_installed_sefy_asks_which_rather_than_guessing ... ok
[INFO] [stdout] test the_remote_name_is_what_the_transport_is_told_to_call_it ... ok
[INFO] [stdout] test the_new_kinds_survive_an_export_and_an_import ... ok
[INFO] [stdout] test syncing_after_a_write_keeps_stdout_for_the_secret ... ok
[INFO] [stdout] test working_with_a_vault_leaves_no_other_files_behind ... ok
[INFO] [stdout] test the_doctor_reports_every_check_and_finds_the_remote_in_step_after_a_sync ... ok
[INFO] [stdout] 
[INFO] [stdout] test result: ok. 132 passed; 0 failed; 0 ignored; 0 measured; 0 filtered out; finished in 154.50s
[INFO] [stderr]      Running tests/icon.rs (/opt/rustwide/target/release/deps/icon-2e698c48279f5797)
[INFO] [stdout] 
[INFO] [stdout] 
[INFO] [stdout] running 7 tests
[INFO] [stdout] test the_embedded_icon_has_images ... ok
[INFO] [stdout] test the_largest_image_comes_first ... ok
[INFO] [stdout] test the_packaged_crate_carries_the_icon ... ok
[INFO] [stdout] test the_icon_has_no_second_copy ... ok
[INFO] [stdout] test every_size_carries_the_level_that_reads_at_it ... ok
[INFO] [stdout] test all_three_masters_reach_the_icon ... ok
[INFO] [stdout] test the_docs_site_carries_the_same_mark_as_the_repository ... FAILED
[INFO] [stdout] 
[INFO] [stdout] failures:
[INFO] [stdout] 
[INFO] [stdout] ---- the_docs_site_carries_the_same_mark_as_the_repository stdout ----
[INFO] [stdout] 
[INFO] [stdout] thread 'the_docs_site_carries_the_same_mark_as_the_repository' (3697) panicked at tests/icon.rs:254:33:
[INFO] [stdout] cannot read docs/src/assets/logo.svg: No such file or directory (os error 2)
[INFO] [stdout] stack backtrace:
[INFO] [stdout]    0:     0x5655536e9cf1 - <<std[70759c8f55707aa4]::sys::backtrace::BacktraceLock>::print::DisplayBacktrace as core[df12db4294e9bfd3]::fmt::Display>::fmt
[INFO] [stdout]    1:     0x5655536feaaa - core[df12db4294e9bfd3]::fmt::write
[INFO] [stdout]    2:     0x5655536ee18c - <alloc[2182bb758b4b3781]::vec::Vec<u8> as core[df12db4294e9bfd3]::io::write::Write>::write_fmt
[INFO] [stdout]    3:     0x5655536c5ca6 - std[70759c8f55707aa4]::panicking::default_hook::{closure#0}
[INFO] [stdout]    4:     0x5655536e2139 - std[70759c8f55707aa4]::panicking::default_hook
[INFO] [stdout]    5:     0x56555367dd50 - test[9d35eded1c95d3be]::test_main_inner::<test[9d35eded1c95d3be]::test_main_static::{closure#0}>::{closure#0}
[INFO] [stdout]    6:     0x5655536e22f2 - std[70759c8f55707aa4]::panicking::panic_with_hook
[INFO] [stdout]    7:     0x5655536c5d52 - std[70759c8f55707aa4]::panicking::panic_handler::{closure#0}
[INFO] [stdout]    8:     0x5655536be949 - std[70759c8f55707aa4]::sys::backtrace::__rust_end_short_backtrace::<std[70759c8f55707aa4]::panicking::panic_handler::{closure#0}, !>
[INFO] [stdout]    9:     0x5655536c694d - __rustc[8fa7c3cbc660c2b3]::rust_begin_unwind
[INFO] [stdout]   10:     0x5655536ff1dc - core[df12db4294e9bfd3]::panicking::panic_fmt
[INFO] [stdout]   11:     0x565553654eda - icon[5a62f4133b4d846e]::the_docs_site_carries_the_same_mark_as_the_repository::{closure#0}
[INFO] [stdout]   12:     0x56555365644a - <icon[5a62f4133b4d846e]::the_docs_site_carries_the_same_mark_as_the_repository::{closure#0} as core[df12db4294e9bfd3]::ops::function::FnOnce<()>>::call_once
[INFO] [stdout]   13:     0x56555367103b - test[9d35eded1c95d3be]::__rust_begin_short_backtrace::<core[df12db4294e9bfd3]::result::Result<(), alloc[2182bb758b4b3781]::string::String>, fn() -> core[df12db4294e9bfd3]::result::Result<(), alloc[2182bb758b4b3781]::string::String>>
[INFO] [stdout]   14:     0x56555367e6a5 - test[9d35eded1c95d3be]::run_test::{closure#0}
[INFO] [stdout]   15:     0x565553677f64 - std[70759c8f55707aa4]::sys::backtrace::__rust_begin_short_backtrace::<test[9d35eded1c95d3be]::run_test::{closure#1}, ()>
[INFO] [stdout]   16:     0x565553681802 - <std[70759c8f55707aa4]::thread::lifecycle::spawn_unchecked<test[9d35eded1c95d3be]::run_test::{closure#1}, ()>::{closure#1} as core[df12db4294e9bfd3]::ops::function::FnOnce<()>>::call_once::{shim:vtable#0}
[INFO] [stdout]   17:     0x5655536e92a9 - <std[70759c8f55707aa4]::sys::thread::unix::Thread>::new::thread_start
[INFO] [stdout]   18:     0x766f79610dfa - <unknown>
[INFO] [stdout]   19:     0x766f796a43d4 - clone
[INFO] [stdout]   20:                0x0 - <unknown>
[INFO] [stdout] 
[INFO] [stdout] 
[INFO] [stdout] failures:
[INFO] [stdout]     the_docs_site_carries_the_same_mark_as_the_repository
[INFO] [stdout] 
[INFO] [stdout] test result: FAILED. 6 passed; 1 failed; 0 ignored; 0 measured; 0 filtered out; finished in 0.01s
[INFO] [stdout] 
[INFO] [stderr] error: test failed, to rerun pass `--test icon`
[INFO] running `Command { std: "docker" "inspect" "80e30d36050565c44376312c1437906eb06eb1fe213ffec429b6114312dd44ca", kill_on_drop: false }`
[INFO] running `Command { std: "docker" "rm" "-f" "80e30d36050565c44376312c1437906eb06eb1fe213ffec429b6114312dd44ca", kill_on_drop: false }`
[INFO] [stdout] 80e30d36050565c44376312c1437906eb06eb1fe213ffec429b6114312dd44ca
