[INFO] fetching crate seeyou-cub 0.3.0...
[INFO] testing seeyou-cub-0.3.0 against 1.100.0-beta.1+cargoflags=--release for beta-release-1.100-2
[INFO] extracting crate seeyou-cub 0.3.0 into /workspace/builds/worker-6-tc2/source
[INFO] started tweaking crates.io crate seeyou-cub 0.3.0
[INFO] finished tweaking crates.io crate seeyou-cub 0.3.0
[INFO] tweaked toml for crates.io crate seeyou-cub 0.3.0 written to /workspace/builds/worker-6-tc2/source/Cargo.toml
[INFO] validating manifest of crates.io crate seeyou-cub 0.3.0 on toolchain 1.100.0-beta.1
[INFO] running `Command { std: CARGO_HOME="/workspace/cargo-home" RUSTUP_HOME="/workspace/rustup-home" "/workspace/cargo-home/bin/cargo" "+1.100.0-beta.1" "metadata" "--manifest-path" "Cargo.toml" "--no-deps", kill_on_drop: false }`
[INFO] crate crates.io crate seeyou-cub 0.3.0 already has a lockfile, it will not be regenerated
[INFO] running `Command { std: CARGO_HOME="/workspace/cargo-home" RUSTUP_HOME="/workspace/rustup-home" "/workspace/cargo-home/bin/cargo" "+1.100.0-beta.1" "fetch" "--manifest-path" "Cargo.toml", kill_on_drop: false }`
[INFO] running `Command { std: "docker" "create" "-v" "/var/lib/crater-agent-workspace/builds/worker-6-tc2/source:/opt/rustwide/workdir:ro,Z" "-v" "/var/lib/crater-agent-workspace/builds/worker-6-tc2/target:/opt/rustwide/target:rw,Z" "-v" "/var/lib/crater-agent-workspace/cargo-home:/opt/rustwide/cargo-home:ro,Z" "-v" "/var/lib/crater-agent-workspace/rustup-home:/opt/rustwide/rustup-home:ro,Z" "-m" "1610612736" "--network" "none" "ghcr.io/rust-lang/crates-build-env/linux@sha256:77db811e55d90add9212f6832c23229e3de5f1c1f9905e8cb07319ea15df73ac" "sleep" "infinity", kill_on_drop: false }`
[INFO] [stdout] b90066b1de3122d4266c73bb7a992b05814c6e2dc3b0c7bf4d2a7dcaa365fa84
[INFO] running `Command { std: "docker" "start" "b90066b1de3122d4266c73bb7a992b05814c6e2dc3b0c7bf4d2a7dcaa365fa84", kill_on_drop: false }`
[INFO] running `Command { std: "docker" "inspect" "b90066b1de3122d4266c73bb7a992b05814c6e2dc3b0c7bf4d2a7dcaa365fa84", kill_on_drop: false }`
[INFO] running `Command { std: "docker" "exec" "-e" "SOURCE_DIR=/opt/rustwide/workdir" "-e" "CARGO_HOME=/opt/rustwide/cargo-home" "-e" "RUSTUP_HOME=/opt/rustwide/rustup-home" "-e" "CARGO_TARGET_DIR=/opt/rustwide/target" "-w" "/opt/rustwide/workdir" "--user" "0:0" "b90066b1de3122d4266c73bb7a992b05814c6e2dc3b0c7bf4d2a7dcaa365fa84" "/opt/rustwide/cargo-home/bin/cargo" "+1.100.0-beta.1" "metadata" "--no-deps" "--format-version=1", kill_on_drop: false }`
[INFO] running `Command { std: "docker" "inspect" "b90066b1de3122d4266c73bb7a992b05814c6e2dc3b0c7bf4d2a7dcaa365fa84", kill_on_drop: false }`
[INFO] running `Command { std: "docker" "exec" "-e" "SOURCE_DIR=/opt/rustwide/workdir" "-e" "CARGO_HOME=/opt/rustwide/cargo-home" "-e" "RUSTUP_HOME=/opt/rustwide/rustup-home" "-e" "CARGO_TARGET_DIR=/opt/rustwide/target" "-e" "CARGO_INCREMENTAL=0" "-e" "RUST_BACKTRACE=full" "-e" "RUSTFLAGS=--cap-lints=warn" "-e" "RUSTDOCFLAGS=--cap-lints=warn" "-w" "/opt/rustwide/workdir" "--user" "0:0" "b90066b1de3122d4266c73bb7a992b05814c6e2dc3b0c7bf4d2a7dcaa365fa84" "/opt/rustwide/cargo-home/bin/cargo" "+1.100.0-beta.1" "build" "--frozen" "--message-format=json" "--release", kill_on_drop: false }`
[INFO] [stderr]    Compiling proc-macro2 v1.0.101
[INFO] [stderr]    Compiling quote v1.0.41
[INFO] [stderr]    Compiling unicode-ident v1.0.19
[INFO] [stderr]    Compiling thiserror v2.0.17
[INFO] [stderr]    Compiling cfg-if v1.0.3
[INFO] [stderr]    Compiling encoding_rs v0.8.35
[INFO] [stderr]    Compiling syn v2.0.106
[INFO] [stderr]    Compiling thiserror-impl v2.0.17
[INFO] [stderr]    Compiling seeyou-cub v0.3.0 (/opt/rustwide/workdir)
[INFO] [stderr]     Finished `release` profile [optimized] target(s) in 10.70s
[INFO] running `Command { std: "docker" "inspect" "b90066b1de3122d4266c73bb7a992b05814c6e2dc3b0c7bf4d2a7dcaa365fa84", kill_on_drop: false }`
[INFO] running `Command { std: "docker" "exec" "-e" "SOURCE_DIR=/opt/rustwide/workdir" "-e" "CARGO_HOME=/opt/rustwide/cargo-home" "-e" "RUSTUP_HOME=/opt/rustwide/rustup-home" "-e" "CARGO_TARGET_DIR=/opt/rustwide/target" "-e" "CARGO_INCREMENTAL=0" "-e" "RUST_BACKTRACE=full" "-e" "RUSTFLAGS=--cap-lints=warn" "-e" "RUSTDOCFLAGS=--cap-lints=warn" "-w" "/opt/rustwide/workdir" "--user" "0:0" "b90066b1de3122d4266c73bb7a992b05814c6e2dc3b0c7bf4d2a7dcaa365fa84" "/opt/rustwide/cargo-home/bin/cargo" "+1.100.0-beta.1" "test" "--frozen" "--no-run" "--message-format=json" "--release", kill_on_drop: false }`
[INFO] [stderr]    Compiling serde_core v1.0.228
[INFO] [stderr]    Compiling zerocopy v0.8.27
[INFO] [stderr]    Compiling autocfg v1.5.0
[INFO] [stderr]    Compiling serde v1.0.228
[INFO] [stderr]    Compiling either v1.15.0
[INFO] [stderr]    Compiling serde_json v1.0.145
[INFO] [stderr]    Compiling syn v2.0.106
[INFO] [stderr]    Compiling crossbeam-epoch v0.9.18
[INFO] [stderr]    Compiling libc v0.2.176
[INFO] [stderr]    Compiling plotters-backend v0.3.7
[INFO] [stderr]    Compiling ryu v1.0.20
[INFO] [stderr]    Compiling anstyle v1.0.13
[INFO] [stderr]    Compiling num-traits v0.2.19
[INFO] [stderr]    Compiling crossbeam-deque v0.8.6
[INFO] [stderr]    Compiling regex-syntax v0.8.7
[INFO] [stderr]    Compiling ciborium-io v0.2.2
[INFO] [stderr]    Compiling memchr v2.7.6
[INFO] [stderr]    Compiling itoa v1.0.15
[INFO] [stderr]    Compiling plotters-svg v0.3.7
[INFO] [stderr]    Compiling rayon-core v1.13.0
[INFO] [stderr]    Compiling clap_builder v4.5.48
[INFO] [stderr]    Compiling itertools v0.13.0
[INFO] [stderr]    Compiling once_cell v1.21.3
[INFO] [stderr]    Compiling cast v0.3.0
[INFO] [stderr]    Compiling console v0.15.11
[INFO] [stderr]    Compiling plotters v0.3.7
[INFO] [stderr]    Compiling regex-automata v0.4.12
[INFO] [stderr]    Compiling clap v4.5.48
[INFO] [stderr]    Compiling rayon v1.11.0
[INFO] [stderr]    Compiling criterion-plot v0.6.0
[INFO] [stderr]    Compiling similar v2.7.0
[INFO] [stderr]    Compiling zerocopy-derive v0.8.27
[INFO] [stderr]    Compiling serde_derive v1.0.228
[INFO] [stderr]    Compiling thiserror-impl v2.0.17
[INFO] [stderr]    Compiling regex v1.12.1
[INFO] [stderr]    Compiling oorandom v11.1.5
[INFO] [stderr]    Compiling anes v0.1.6
[INFO] [stderr]    Compiling insta v1.43.2
[INFO] [stderr]    Compiling thiserror v2.0.17
[INFO] [stderr]    Compiling claims v0.8.0
[INFO] [stderr]    Compiling seeyou-cub v0.3.0 (/opt/rustwide/workdir)
[INFO] [stderr]    Compiling half v2.7.0
[INFO] [stderr]    Compiling ciborium-ll v0.2.2
[INFO] [stderr]    Compiling tinytemplate v1.2.1
[INFO] [stderr]    Compiling ciborium v0.2.2
[INFO] [stderr]    Compiling criterion v0.7.0
[INFO] [stderr]     Finished `release` profile [optimized] target(s) in 1m 52s
[INFO] running `Command { std: "docker" "inspect" "b90066b1de3122d4266c73bb7a992b05814c6e2dc3b0c7bf4d2a7dcaa365fa84", kill_on_drop: false }`
[INFO] running `Command { std: "docker" "exec" "-e" "SOURCE_DIR=/opt/rustwide/workdir" "-e" "CARGO_HOME=/opt/rustwide/cargo-home" "-e" "RUSTUP_HOME=/opt/rustwide/rustup-home" "-e" "CARGO_TARGET_DIR=/opt/rustwide/target" "-e" "CARGO_INCREMENTAL=0" "-e" "RUST_BACKTRACE=full" "-e" "RUSTFLAGS=--cap-lints=warn" "-e" "RUSTDOCFLAGS=--cap-lints=warn" "-w" "/opt/rustwide/workdir" "--user" "0:0" "b90066b1de3122d4266c73bb7a992b05814c6e2dc3b0c7bf4d2a7dcaa365fa84" "/opt/rustwide/cargo-home/bin/cargo" "+1.100.0-beta.1" "test" "--frozen" "--release", kill_on_drop: false }`
[INFO] [stderr]     Finished `release` profile [optimized] target(s) in 0.15s
[INFO] [stderr]      Running unittests src/lib.rs (/opt/rustwide/target/release/build/seeyou-cub/c6d9fb2a374022d5/out/seeyou_cub-c6d9fb2a374022d5)
[INFO] [stdout] 
[INFO] [stdout] running 104 tests
[INFO] [stdout] test raw::item::tests::decode_notam_time_example ... ok
[INFO] [stdout] test raw::header::tests::write_header_round_trip ... ok
[INFO] [stdout] test raw::item::tests::item_style_and_class ... ok
[INFO] [stdout] test raw::item::tests::item_alt_styles ... ok
[INFO] [stdout] test raw::item::tests::write_item_with_variable_size ... ok
[INFO] [stdout] test raw::header::tests::write_header_with_be_byte_order ... ok
[INFO] [stdout] test raw::header::tests::write_header_with_max_title_length ... ok
[INFO] [stdout] test raw::item::tests::write_item_round_trip ... ok
[INFO] [stdout] test raw::header::tests::read_header_from_fixture ... FAILED
[INFO] [stdout] test raw::item_data::tests::write_item_data_round_trip ... ok
[INFO] [stdout] test raw::item_data::tests::write_item_data_with_be_byte_order ... ok
[INFO] [stdout] test raw::item::tests::read_item_from_fixture ... FAILED
[INFO] [stdout] test raw::item_data::tests::read_item_data_from_fixture ... FAILED
[INFO] [stdout] test raw::item::tests::write_item_with_be_byte_order ... ok
[INFO] [stdout] test raw::item_data::tests::write_item_data_with_many_point_operations ... ok
[INFO] [stdout] test raw::item_data::tests::write_item_data_with_max_string_lengths ... ok
[INFO] [stdout] test raw::item_data::tests::write_item_data_with_no_optional_fields ... ok
[INFO] [stdout] test raw::point_op::tests::from_points_round_trip ... ok
[INFO] [stdout] test raw::point_op::tests::from_points_round_trip_with_move_origin ... ok
[INFO] [stdout] test raw::point_op::tests::point_op_construction ... ok
[INFO] [stdout] test raw::point_op::tests::point_op_size ... ok
[INFO] [stdout] test raw::item_data::tests::read_item_data_with_all_optional_fields ... ok
[INFO] [stdout] test raw::point_op::tests::from_points_empty ... ok
[INFO] [stdout] test raw::point_op::tests::from_points_multiple_move_origins ... ok
[INFO] [stdout] test raw::point_op::tests::from_points_requires_move_origin ... ok
[INFO] [stdout] test raw::point_op::tests::resolve_simple_points ... ok
[INFO] [stdout] test raw::point_op::tests::from_points_simple ... ok
[INFO] [stdout] test raw::point_op::tests::resolve_out_of_range_fails ... ok
[INFO] [stdout] test raw::point_op::tests::resolve_with_origin_move ... ok
[INFO] [stdout] test reader::tests::read_header_from_fixture ... FAILED
[INFO] [stdout] test types::bounding_box::tests::test_extend_east ... ok
[INFO] [stdout] test reader::tests::verify_string_decoding ... FAILED
[INFO] [stdout] test reader::tests::iterator_size_hint ... FAILED
[INFO] [stdout] test types::bounding_box::tests::test_basic_construction ... ok
[INFO] [stdout] test reader::tests::read_all_airspaces_count ... FAILED
[INFO] [stdout] test reader::tests::read_first_airspace ... FAILED
[INFO] [stdout] test types::bounding_box::tests::test_extend_west ... ok
[INFO] [stdout] test types::bounding_box::tests::test_extend_with_point_inside_bbox ... ok
[INFO] [stdout] test types::bounding_box::tests::test_from_point ... ok
[INFO] [stdout] test types::bounding_box::tests::test_extend_south ... ok
[INFO] [stdout] test types::bounding_box::tests::test_from_points_empty ... ok
[INFO] [stdout] test types::bounding_box::tests::test_from_points_multiple ... ok
[INFO] [stdout] test types::bounding_box::tests::test_from_points_single ... ok
[INFO] [stdout] test types::bounding_box::tests::test_merge_contained ... ok
[INFO] [stdout] test types::bounding_box::tests::test_merge_extends_in_all_directions ... ok
[INFO] [stdout] test types::bounding_box::tests::test_merge_from_point ... ok
[INFO] [stdout] test types::bounding_box::tests::test_merge_non_overlapping ... ok
[INFO] [stdout] test types::bounding_box::tests::test_write ... ok
[INFO] [stdout] test types::bounding_box::tests::test_write_read_round_trip ... ok
[INFO] [stdout] test types::bounding_box::tests::test_merge_overlapping ... ok
[INFO] [stdout] test types::bounding_box::tests::test_read ... ok
[INFO] [stdout] test types::enums::tests::byte_order_from_pc_byte_order ... ok
[INFO] [stdout] test types::enums::tests::days_active ... ok
[INFO] [stdout] test types::enums::tests::cub_class_from_type_byte ... ok
[INFO] [stdout] test types::enums::tests::alt_style_from_nibble ... ok
[INFO] [stdout] test types::enums::tests::cub_style_from_type_byte ... ok
[INFO] [stdout] test types::enums::tests::notam_type_from_bits ... ok
[INFO] [stdout] test types::point::tests::point_creation ... ok
[INFO] [stdout] test types::point::tests::point_is_valid ... ok
[INFO] [stdout] test utils::byte_string::tests::debug_invalid_utf8 ... ok
[INFO] [stdout] test utils::byte_string::tests::as_bytes ... ok
[INFO] [stdout] test utils::byte_string::tests::debug_empty ... ok
[INFO] [stdout] test utils::byte_string::tests::debug_mixed_extended_ascii ... ok
[INFO] [stdout] test utils::byte_string::tests::debug_utf8_with_special_chars ... ok
[INFO] [stdout] test utils::byte_string::tests::debug_valid_utf8 ... ok
[INFO] [stdout] test utils::byte_string::tests::decode_cp1252_fallback ... ok
[INFO] [stdout] test utils::byte_string::tests::decode_empty_string ... ok
[INFO] [stdout] test utils::byte_string::tests::decode_mixed_extended_ascii ... ok
[INFO] [stdout] test utils::byte_string::tests::decode_utf8_string ... ok
[INFO] [stdout] test utils::byte_string::tests::decode_utf8_with_special_chars ... ok
[INFO] [stdout] test utils::byte_string::tests::from_vec ... ok
[INFO] [stdout] test utils::byte_string::tests::into_bytes ... ok
[INFO] [stdout] test utils::byte_string::tests::read_from_reader ... ok
[INFO] [stdout] test utils::byte_string::tests::read_zero_length ... ok
[INFO] [stdout] test utils::byte_string::tests::write_empty ... ok
[INFO] [stdout] test utils::byte_string::tests::write_to_writer ... ok
[INFO] [stdout] test utils::io::tests::test_read_f32_le ... ok
[INFO] [stdout] test utils::io::tests::test_read_i32_le ... ok
[INFO] [stdout] test utils::io::tests::test_read_i16_be ... ok
[INFO] [stdout] test utils::io::tests::test_read_i16_le ... ok
[INFO] [stdout] test utils::io::tests::test_write_f32_le ... ok
[INFO] [stdout] test utils::io::tests::test_write_i16_be ... ok
[INFO] [stdout] test utils::io::tests::test_write_i16_le ... ok
[INFO] [stdout] test utils::io::tests::test_write_i32_be ... ok
[INFO] [stdout] test utils::io::tests::test_write_u16_le ... ok
[INFO] [stdout] test utils::io::tests::test_write_u32_be ... ok
[INFO] [stdout] test utils::io::tests::test_write_i32_le ... ok
[INFO] [stdout] test utils::io::tests::test_write_u16_be ... ok
[INFO] [stdout] test utils::io::tests::test_write_u32_le ... ok
[INFO] [stdout] test utils::io::tests::test_write_u64_be ... ok
[INFO] [stdout] test utils::io::tests::test_write_u64_le ... ok
[INFO] [stdout] test utils::io::tests::test_write_u8 ... ok
[INFO] [stdout] test writer::tests::default_lo_la_scale_provides_meter_precision ... ok
[INFO] [stdout] test writer::tests::new_accepts_string_types ... ok
[INFO] [stdout] test writer::tests::write_empty_cub_file ... ok
[INFO] [stdout] test writer::tests::write_multiple_airspaces ... ok
[INFO] [stdout] test writer::tests::write_single_airspace_with_points ... ok
[INFO] [stdout] test raw::header::tests::write_header_with_empty_title ... ok
[INFO] [stderr] error: test failed, to rerun pass `--lib`
[INFO] [stdout] test raw::point_op::tests::from_points_round_trip_various_scales ... ok
[INFO] [stdout] test types::bounding_box::tests::test_extend_multiple_directions ... ok
[INFO] [stdout] test types::bounding_box::tests::test_extend_north ... ok
[INFO] [stdout] test writer::tests::write_to_path ... ok
[INFO] [stdout] test types::enums::tests::notam_codes_decode ... ok
[INFO] [stdout] test writer::tests::round_trip_france_fixture ... FAILED
[INFO] [stdout] 
[INFO] [stdout] failures:
[INFO] [stdout] 
[INFO] [stdout] ---- raw::header::tests::read_header_from_fixture stdout ----
[INFO] [stdout] 
[INFO] [stdout] thread 'raw::header::tests::read_header_from_fixture' (1213) panicked at src/raw/header.rs:237:64:
[INFO] [stdout] Failed to open fixture: Os { code: 2, kind: NotFound, message: "No such file or directory" }
[INFO] [stdout] stack backtrace:
[INFO] [stdout]    0:     0x576f477c4981 - <<std[617be2ca0a6fd877]::sys::backtrace::BacktraceLock>::print::DisplayBacktrace as core[a373ad73a504971]::fmt::Display>::fmt
[INFO] [stdout]    1:     0x576f477dbe2a - core[a373ad73a504971]::fmt::write
[INFO] [stdout]    2:     0x576f477c918c - <alloc[2e1b2a31b91974c5]::vec::Vec<u8> as core[a373ad73a504971]::io::write::Write>::write_fmt
[INFO] [stdout]    3:     0x576f4779e3b6 - std[617be2ca0a6fd877]::panicking::default_hook::{closure#0}
[INFO] [stdout]    4:     0x576f477bc199 - std[617be2ca0a6fd877]::panicking::default_hook
[INFO] [stdout]    5:     0x576f476e7cf0 - test[aada8e7e76ba119b]::test_main_inner::{closure#0}
[INFO] [stdout]    6:     0x576f477bc352 - std[617be2ca0a6fd877]::panicking::panic_with_hook
[INFO] [stdout]    7:     0x576f4779e462 - std[617be2ca0a6fd877]::panicking::panic_handler::{closure#0}
[INFO] [stdout]    8:     0x576f47796c99 - std[617be2ca0a6fd877]::sys::backtrace::__rust_end_short_backtrace::<std[617be2ca0a6fd877]::panicking::panic_handler::{closure#0}, !>
[INFO] [stdout]    9:     0x576f4779f10d - __rustc[ea4f61d10b84890b]::rust_begin_unwind
[INFO] [stdout]   10:     0x576f477dc58c - core[a373ad73a504971]::panicking::panic_fmt
[INFO] [stdout]   11:     0x576f477dc362 - core[a373ad73a504971]::result::unwrap_failed
[INFO] [stdout]   12:     0x576f476c7e03 - <seeyou_cub[627e9765af8abe2d]::raw::header::tests::read_header_from_fixture::{closure#0} as core[a373ad73a504971]::ops::function::FnOnce<()>>::call_once
[INFO] [stdout]   13:     0x576f476db13b - test[aada8e7e76ba119b]::__rust_begin_short_backtrace::<core[a373ad73a504971]::result::Result<(), alloc[2e1b2a31b91974c5]::string::String>, fn() -> core[a373ad73a504971]::result::Result<(), alloc[2e1b2a31b91974c5]::string::String>>
[INFO] [stdout]   14:     0x576f476e8315 - test[aada8e7e76ba119b]::run_test::{closure#0}
[INFO] [stdout]   15:     0x576f476e1c04 - std[617be2ca0a6fd877]::sys::backtrace::__rust_begin_short_backtrace::<test[aada8e7e76ba119b]::run_test::{closure#1}, ()>
[INFO] [stdout]   16:     0x576f476eb3a2 - <std[617be2ca0a6fd877]::thread::lifecycle::spawn_unchecked<test[aada8e7e76ba119b]::run_test::{closure#1}, ()>::{closure#1} as core[a373ad73a504971]::ops::function::FnOnce<()>>::call_once::{shim:vtable#0}
[INFO] [stdout]   17:     0x576f477c395f - <std[617be2ca0a6fd877]::sys::thread::unix::Thread>::new::thread_start
[INFO] [stdout]   18:     0x787f4a80bdfa - <unknown>
[INFO] [stdout]   19:     0x787f4a89f3d4 - clone
[INFO] [stdout]   20:                0x0 - <unknown>
[INFO] [stdout] 
[INFO] [stdout] ---- raw::item::tests::read_item_from_fixture stdout ----
[INFO] [stdout] 
[INFO] [stdout] thread 'raw::item::tests::read_item_from_fixture' (1221) panicked at src/raw/item.rs:341:64:
[INFO] [stdout] Failed to open fixture: Os { code: 2, kind: NotFound, message: "No such file or directory" }
[INFO] [stdout] stack backtrace:
[INFO] [stdout]    0:     0x576f477c4981 - <<std[617be2ca0a6fd877]::sys::backtrace::BacktraceLock>::print::DisplayBacktrace as core[a373ad73a504971]::fmt::Display>::fmt
[INFO] [stdout]    1:     0x576f477dbe2a - core[a373ad73a504971]::fmt::write
[INFO] [stdout]    2:     0x576f477c918c - <alloc[2e1b2a31b91974c5]::vec::Vec<u8> as core[a373ad73a504971]::io::write::Write>::write_fmt
[INFO] [stdout]    3:     0x576f4779e3b6 - std[617be2ca0a6fd877]::panicking::default_hook::{closure#0}
[INFO] [stdout]    4:     0x576f477bc199 - std[617be2ca0a6fd877]::panicking::default_hook
[INFO] [stdout]    5:     0x576f476e7cf0 - test[aada8e7e76ba119b]::test_main_inner::{closure#0}
[INFO] [stdout]    6:     0x576f477bc352 - std[617be2ca0a6fd877]::panicking::panic_with_hook
[INFO] [stdout]    7:     0x576f4779e462 - std[617be2ca0a6fd877]::panicking::panic_handler::{closure#0}
[INFO] [stdout]    8:     0x576f47796c99 - std[617be2ca0a6fd877]::sys::backtrace::__rust_end_short_backtrace::<std[617be2ca0a6fd877]::panicking::panic_handler::{closure#0}, !>
[INFO] [stdout]    9:     0x576f4779f10d - __rustc[ea4f61d10b84890b]::rust_begin_unwind
[INFO] [stdout]   10:     0x576f477dc58c - core[a373ad73a504971]::panicking::panic_fmt
[INFO] [stdout]   11:     0x576f477dc362 - core[a373ad73a504971]::result::unwrap_failed
[INFO] [stdout]   12:     0x576f476cad7d - <seeyou_cub[627e9765af8abe2d]::raw::item::tests::read_item_from_fixture::{closure#0} as core[a373ad73a504971]::ops::function::FnOnce<()>>::call_once
[INFO] [stdout]   13:     0x576f476db13b - test[aada8e7e76ba119b]::__rust_begin_short_backtrace::<core[a373ad73a504971]::result::Result<(), alloc[2e1b2a31b91974c5]::string::String>, fn() -> core[a373ad73a504971]::result::Result<(), alloc[2e1b2a31b91974c5]::string::String>>
[INFO] [stdout]   14:     0x576f476e8315 - test[aada8e7e76ba119b]::run_test::{closure#0}
[INFO] [stdout]   15:     0x576f476e1c04 - std[617be2ca0a6fd877]::sys::backtrace::__rust_begin_short_backtrace::<test[aada8e7e76ba119b]::run_test::{closure#1}, ()>
[INFO] [stdout]   16:     0x576f476eb3a2 - <std[617be2ca0a6fd877]::thread::lifecycle::spawn_unchecked<test[aada8e7e76ba119b]::run_test::{closure#1}, ()>::{closure#1} as core[a373ad73a504971]::ops::function::FnOnce<()>>::call_once::{shim:vtable#0}
[INFO] [stdout]   17:     0x576f477c395f - <std[617be2ca0a6fd877]::sys::thread::unix::Thread>::new::thread_start
[INFO] [stdout]   18:     0x787f4a80bdfa - <unknown>
[INFO] [stdout]   19:     0x787f4a89f3d4 - clone
[INFO] [stdout]   20:                0x0 - <unknown>
[INFO] [stdout] 
[INFO] [stdout] ---- raw::item_data::tests::read_item_data_from_fixture stdout ----
[INFO] [stdout] 
[INFO] [stdout] thread 'raw::item_data::tests::read_item_data_from_fixture' (1225) panicked at src/raw/item_data.rs:363:64:
[INFO] [stdout] Failed to open fixture: Os { code: 2, kind: NotFound, message: "No such file or directory" }
[INFO] [stdout] stack backtrace:
[INFO] [stdout]    0:     0x576f477c4981 - <<std[617be2ca0a6fd877]::sys::backtrace::BacktraceLock>::print::DisplayBacktrace as core[a373ad73a504971]::fmt::Display>::fmt
[INFO] [stdout]    1:     0x576f477dbe2a - core[a373ad73a504971]::fmt::write
[INFO] [stdout]    2:     0x576f477c918c - <alloc[2e1b2a31b91974c5]::vec::Vec<u8> as core[a373ad73a504971]::io::write::Write>::write_fmt
[INFO] [stdout]    3:     0x576f4779e3b6 - std[617be2ca0a6fd877]::panicking::default_hook::{closure#0}
[INFO] [stdout]    4:     0x576f477bc199 - std[617be2ca0a6fd877]::panicking::default_hook
[INFO] [stdout]    5:     0x576f476e7cf0 - test[aada8e7e76ba119b]::test_main_inner::{closure#0}
[INFO] [stdout]    6:     0x576f477bc352 - std[617be2ca0a6fd877]::panicking::panic_with_hook
[INFO] [stdout]    7:     0x576f4779e462 - std[617be2ca0a6fd877]::panicking::panic_handler::{closure#0}
[INFO] [stdout]    8:     0x576f47796c99 - std[617be2ca0a6fd877]::sys::backtrace::__rust_end_short_backtrace::<std[617be2ca0a6fd877]::panicking::panic_handler::{closure#0}, !>
[INFO] [stdout]    9:     0x576f4779f10d - __rustc[ea4f61d10b84890b]::rust_begin_unwind
[INFO] [stdout]   10:     0x576f477dc58c - core[a373ad73a504971]::panicking::panic_fmt
[INFO] [stdout]   11:     0x576f477dc362 - core[a373ad73a504971]::result::unwrap_failed
[INFO] [stdout]   12:     0x576f476b8a5d - <seeyou_cub[627e9765af8abe2d]::raw::item_data::tests::read_item_data_from_fixture::{closure#0} as core[a373ad73a504971]::ops::function::FnOnce<()>>::call_once
[INFO] [stdout]   13:     0x576f476db13b - test[aada8e7e76ba119b]::__rust_begin_short_backtrace::<core[a373ad73a504971]::result::Result<(), alloc[2e1b2a31b91974c5]::string::String>, fn() -> core[a373ad73a504971]::result::Result<(), alloc[2e1b2a31b91974c5]::string::String>>
[INFO] [stdout]   14:     0x576f476e8315 - test[aada8e7e76ba119b]::run_test::{closure#0}
[INFO] [stdout]   15:     0x576f476e1c04 - std[617be2ca0a6fd877]::sys::backtrace::__rust_begin_short_backtrace::<test[aada8e7e76ba119b]::run_test::{closure#1}, ()>
[INFO] [stdout]   16:     0x576f476eb3a2 - <std[617be2ca0a6fd877]::thread::lifecycle::spawn_unchecked<test[aada8e7e76ba119b]::run_test::{closure#1}, ()>::{closure#1} as core[a373ad73a504971]::ops::function::FnOnce<()>>::call_once::{shim:vtable#0}
[INFO] [stdout]   17:     0x576f477c395f - <std[617be2ca0a6fd877]::sys::thread::unix::Thread>::new::thread_start
[INFO] [stdout]   18:     0x787f4a80bdfa - <unknown>
[INFO] [stdout]   19:     0x787f4a89f3d4 - clone
[INFO] [stdout]   20:                0x0 - <unknown>
[INFO] [stdout] 
[INFO] [stdout] ---- reader::tests::read_header_from_fixture stdout ----
[INFO] [stdout] 
[INFO] [stdout] thread 'reader::tests::read_header_from_fixture' (1248) panicked at src/reader.rs:225:14:
[INFO] [stdout] Failed to open fixture: IoError(Os { code: 2, kind: NotFound, message: "No such file or directory" })
[INFO] [stdout] stack backtrace:
[INFO] [stdout]    0:     0x576f477c4981 - <<std[617be2ca0a6fd877]::sys::backtrace::BacktraceLock>::print::DisplayBacktrace as core[a373ad73a504971]::fmt::Display>::fmt
[INFO] [stdout]    1:     0x576f477dbe2a - core[a373ad73a504971]::fmt::write
[INFO] [stdout]    2:     0x576f477c918c - <alloc[2e1b2a31b91974c5]::vec::Vec<u8> as core[a373ad73a504971]::io::write::Write>::write_fmt
[INFO] [stdout]    3:     0x576f4779e3b6 - std[617be2ca0a6fd877]::panicking::default_hook::{closure#0}
[INFO] [stdout]    4:     0x576f477bc199 - std[617be2ca0a6fd877]::panicking::default_hook
[INFO] [stdout]    5:     0x576f476e7cf0 - test[aada8e7e76ba119b]::test_main_inner::{closure#0}
[INFO] [stdout]    6:     0x576f477bc352 - std[617be2ca0a6fd877]::panicking::panic_with_hook
[INFO] [stdout]    7:     0x576f4779e462 - std[617be2ca0a6fd877]::panicking::panic_handler::{closure#0}
[INFO] [stdout]    8:     0x576f47796c99 - std[617be2ca0a6fd877]::sys::backtrace::__rust_end_short_backtrace::<std[617be2ca0a6fd877]::panicking::panic_handler::{closure#0}, !>
[INFO] [stdout]    9:     0x576f4779f10d - __rustc[ea4f61d10b84890b]::rust_begin_unwind
[INFO] [stdout]   10:     0x576f477dc58c - core[a373ad73a504971]::panicking::panic_fmt
[INFO] [stdout]   11:     0x576f477dc362 - core[a373ad73a504971]::result::unwrap_failed
[INFO] [stdout]   12:     0x576f476c7151 - <seeyou_cub[627e9765af8abe2d]::reader::tests::read_header_from_fixture::{closure#0} as core[a373ad73a504971]::ops::function::FnOnce<()>>::call_once
[INFO] [stdout]   13:     0x576f476db13b - test[aada8e7e76ba119b]::__rust_begin_short_backtrace::<core[a373ad73a504971]::result::Result<(), alloc[2e1b2a31b91974c5]::string::String>, fn() -> core[a373ad73a504971]::result::Result<(), alloc[2e1b2a31b91974c5]::string::String>>
[INFO] [stdout]   14:     0x576f476e8315 - test[aada8e7e76ba119b]::run_test::{closure#0}
[INFO] [stdout]   15:     0x576f476e1c04 - std[617be2ca0a6fd877]::sys::backtrace::__rust_begin_short_backtrace::<test[aada8e7e76ba119b]::run_test::{closure#1}, ()>
[INFO] [stdout]   16:     0x576f476eb3a2 - <std[617be2ca0a6fd877]::thread::lifecycle::spawn_unchecked<test[aada8e7e76ba119b]::run_test::{closure#1}, ()>::{closure#1} as core[a373ad73a504971]::ops::function::FnOnce<()>>::call_once::{shim:vtable#0}
[INFO] [stdout]   17:     0x576f477c395f - <std[617be2ca0a6fd877]::sys::thread::unix::Thread>::new::thread_start
[INFO] [stdout]   18:     0x787f4a80bdfa - <unknown>
[INFO] [stdout]   19:     0x787f4a89f3d4 - clone
[INFO] [stdout]   20:                0x0 - <unknown>
[INFO] [stdout] 
[INFO] [stdout] ---- reader::tests::verify_string_decoding stdout ----
[INFO] [stdout] 
[INFO] [stdout] thread 'reader::tests::verify_string_decoding' (1249) panicked at src/reader.rs:270:14:
[INFO] [stdout] Failed to open fixture: IoError(Os { code: 2, kind: NotFound, message: "No such file or directory" })
[INFO] [stdout] stack backtrace:
[INFO] [stdout]    0:     0x576f477c4981 - <<std[617be2ca0a6fd877]::sys::backtrace::BacktraceLock>::print::DisplayBacktrace as core[a373ad73a504971]::fmt::Display>::fmt
[INFO] [stdout]    1:     0x576f477dbe2a - core[a373ad73a504971]::fmt::write
[INFO] [stdout]    2:     0x576f477c918c - <alloc[2e1b2a31b91974c5]::vec::Vec<u8> as core[a373ad73a504971]::io::write::Write>::write_fmt
[INFO] [stdout]    3:     0x576f4779e3b6 - std[617be2ca0a6fd877]::panicking::default_hook::{closure#0}
[INFO] [stdout]    4:     0x576f477bc199 - std[617be2ca0a6fd877]::panicking::default_hook
[INFO] [stdout]    5:     0x576f476e7cf0 - test[aada8e7e76ba119b]::test_main_inner::{closure#0}
[INFO] [stdout]    6:     0x576f477bc352 - std[617be2ca0a6fd877]::panicking::panic_with_hook
[INFO] [stdout]    7:     0x576f4779e462 - std[617be2ca0a6fd877]::panicking::panic_handler::{closure#0}
[INFO] [stdout]    8:     0x576f47796c99 - std[617be2ca0a6fd877]::sys::backtrace::__rust_end_short_backtrace::<std[617be2ca0a6fd877]::panicking::panic_handler::{closure#0}, !>
[INFO] [stdout]    9:     0x576f4779f10d - __rustc[ea4f61d10b84890b]::rust_begin_unwind
[INFO] [stdout]   10:     0x576f477dc58c - core[a373ad73a504971]::panicking::panic_fmt
[INFO] [stdout]   11:     0x576f477dc362 - core[a373ad73a504971]::result::unwrap_failed
[INFO] [stdout]   12:     0x576f476c69aa - <seeyou_cub[627e9765af8abe2d]::reader::tests::verify_string_decoding::{closure#0} as core[a373ad73a504971]::ops::function::FnOnce<()>>::call_once
[INFO] [stdout]   13:     0x576f476db13b - test[aada8e7e76ba119b]::__rust_begin_short_backtrace::<core[a373ad73a504971]::result::Result<(), alloc[2e1b2a31b91974c5]::string::String>, fn() -> core[a373ad73a504971]::result::Result<(), alloc[2e1b2a31b91974c5]::string::String>>
[INFO] [stdout]   14:     0x576f476e8315 - test[aada8e7e76ba119b]::run_test::{closure#0}
[INFO] [stdout]   15:     0x576f476e1c04 - std[617be2ca0a6fd877]::sys::backtrace::__rust_begin_short_backtrace::<test[aada8e7e76ba119b]::run_test::{closure#1}, ()>
[INFO] [stdout]   16:     0x576f476eb3a2 - <std[617be2ca0a6fd877]::thread::lifecycle::spawn_unchecked<test[aada8e7e76ba119b]::run_test::{closure#1}, ()>::{closure#1} as core[a373ad73a504971]::ops::function::FnOnce<()>>::call_once::{shim:vtable#0}
[INFO] [stdout]   17:     0x576f477c395f - <std[617be2ca0a6fd877]::sys::thread::unix::Thread>::new::thread_start
[INFO] [stdout]   18:     0x787f4a80bdfa - <unknown>
[INFO] [stdout]   19:     0x787f4a89f3d4 - clone
[INFO] [stdout]   20:                0x0 - <unknown>
[INFO] [stdout] 
[INFO] [stdout] ---- reader::tests::iterator_size_hint stdout ----
[INFO] [stdout] 
[INFO] [stdout] thread 'reader::tests::iterator_size_hint' (1245) panicked at src/reader.rs:257:14:
[INFO] [stdout] Failed to open fixture: IoError(Os { code: 2, kind: NotFound, message: "No such file or directory" })
[INFO] [stdout] stack backtrace:
[INFO] [stdout]    0:     0x576f477c4981 - <<std[617be2ca0a6fd877]::sys::backtrace::BacktraceLock>::print::DisplayBacktrace as core[a373ad73a504971]::fmt::Display>::fmt
[INFO] [stdout]    1:     0x576f477dbe2a - core[a373ad73a504971]::fmt::write
[INFO] [stdout]    2:     0x576f477c918c - <alloc[2e1b2a31b91974c5]::vec::Vec<u8> as core[a373ad73a504971]::io::write::Write>::write_fmt
[INFO] [stdout]    3:     0x576f4779e3b6 - std[617be2ca0a6fd877]::panicking::default_hook::{closure#0}
[INFO] [stdout]    4:     0x576f477bc199 - std[617be2ca0a6fd877]::panicking::default_hook
[INFO] [stdout]    5:     0x576f476e7cf0 - test[aada8e7e76ba119b]::test_main_inner::{closure#0}
[INFO] [stdout]    6:     0x576f477bc352 - std[617be2ca0a6fd877]::panicking::panic_with_hook
[INFO] [stdout]    7:     0x576f4779e462 - std[617be2ca0a6fd877]::panicking::panic_handler::{closure#0}
[INFO] [stdout]    8:     0x576f47796c99 - std[617be2ca0a6fd877]::sys::backtrace::__rust_end_short_backtrace::<std[617be2ca0a6fd877]::panicking::panic_handler::{closure#0}, !>
[INFO] [stdout]    9:     0x576f4779f10d - __rustc[ea4f61d10b84890b]::rust_begin_unwind
[INFO] [stdout]   10:     0x576f477dc58c - core[a373ad73a504971]::panicking::panic_fmt
[INFO] [stdout]   11:     0x576f477dc362 - core[a373ad73a504971]::result::unwrap_failed
[INFO] [stdout]   12:     0x576f476c5fd6 - <seeyou_cub[627e9765af8abe2d]::reader::tests::iterator_size_hint::{closure#0} as core[a373ad73a504971]::ops::function::FnOnce<()>>::call_once
[INFO] [stdout]   13:     0x576f476db13b - test[aada8e7e76ba119b]::__rust_begin_short_backtrace::<core[a373ad73a504971]::result::Result<(), alloc[2e1b2a31b91974c5]::string::String>, fn() -> core[a373ad73a504971]::result::Result<(), alloc[2e1b2a31b91974c5]::string::String>>
[INFO] [stdout]   14:     0x576f476e8315 - test[aada8e7e76ba119b]::run_test::{closure#0}
[INFO] [stdout]   15:     0x576f476e1c04 - std[617be2ca0a6fd877]::sys::backtrace::__rust_begin_short_backtrace::<test[aada8e7e76ba119b]::run_test::{closure#1}, ()>
[INFO] [stdout]   16:     0x576f476eb3a2 - <std[617be2ca0a6fd877]::thread::lifecycle::spawn_unchecked<test[aada8e7e76ba119b]::run_test::{closure#1}, ()>::{closure#1} as core[a373ad73a504971]::ops::function::FnOnce<()>>::call_once::{shim:vtable#0}
[INFO] [stdout]   17:     0x576f477c395f - <std[617be2ca0a6fd877]::sys::thread::unix::Thread>::new::thread_start
[INFO] [stdout]   18:     0x787f4a80bdfa - <unknown>
[INFO] [stdout]   19:     0x787f4a89f3d4 - clone
[INFO] [stdout]   20:                0x0 - <unknown>
[INFO] [stdout] 
[INFO] [stdout] ---- reader::tests::read_all_airspaces_count stdout ----
[INFO] [stdout] 
[INFO] [stdout] thread 'reader::tests::read_all_airspaces_count' (1246) panicked at src/reader.rs:248:14:
[INFO] [stdout] Failed to open fixture: IoError(Os { code: 2, kind: NotFound, message: "No such file or directory" })
[INFO] [stdout] stack backtrace:
[INFO] [stdout]    0:     0x576f477c4981 - <<std[617be2ca0a6fd877]::sys::backtrace::BacktraceLock>::print::DisplayBacktrace as core[a373ad73a504971]::fmt::Display>::fmt
[INFO] [stdout]    1:     0x576f477dbe2a - core[a373ad73a504971]::fmt::write
[INFO] [stdout]    2:     0x576f477c918c - <alloc[2e1b2a31b91974c5]::vec::Vec<u8> as core[a373ad73a504971]::io::write::Write>::write_fmt
[INFO] [stdout]    3:     0x576f4779e3b6 - std[617be2ca0a6fd877]::panicking::default_hook::{closure#0}
[INFO] [stdout]    4:     0x576f477bc199 - std[617be2ca0a6fd877]::panicking::default_hook
[INFO] [stdout]    5:     0x576f476e7cf0 - test[aada8e7e76ba119b]::test_main_inner::{closure#0}
[INFO] [stdout]    6:     0x576f477bc352 - std[617be2ca0a6fd877]::panicking::panic_with_hook
[INFO] [stdout]    7:     0x576f4779e462 - std[617be2ca0a6fd877]::panicking::panic_handler::{closure#0}
[INFO] [stdout]    8:     0x576f47796c99 - std[617be2ca0a6fd877]::sys::backtrace::__rust_end_short_backtrace::<std[617be2ca0a6fd877]::panicking::panic_handler::{closure#0}, !>
[INFO] [stdout]    9:     0x576f4779f10d - __rustc[ea4f61d10b84890b]::rust_begin_unwind
[INFO] [stdout]   10:     0x576f477dc58c - core[a373ad73a504971]::panicking::panic_fmt
[INFO] [stdout]   11:     0x576f477dc362 - core[a373ad73a504971]::result::unwrap_failed
[INFO] [stdout]   12:     0x576f476c6e58 - <seeyou_cub[627e9765af8abe2d]::reader::tests::read_all_airspaces_count::{closure#0} as core[a373ad73a504971]::ops::function::FnOnce<()>>::call_once
[INFO] [stdout]   13:     0x576f476db13b - test[aada8e7e76ba119b]::__rust_begin_short_backtrace::<core[a373ad73a504971]::result::Result<(), alloc[2e1b2a31b91974c5]::string::String>, fn() -> core[a373ad73a504971]::result::Result<(), alloc[2e1b2a31b91974c5]::string::String>>
[INFO] [stdout]   14:     0x576f476e8315 - test[aada8e7e76ba119b]::run_test::{closure#0}
[INFO] [stdout]   15:     0x576f476e1c04 - std[617be2ca0a6fd877]::sys::backtrace::__rust_begin_short_backtrace::<test[aada8e7e76ba119b]::run_test::{closure#1}, ()>
[INFO] [stdout]   16:     0x576f476eb3a2 - <std[617be2ca0a6fd877]::thread::lifecycle::spawn_unchecked<test[aada8e7e76ba119b]::run_test::{closure#1}, ()>::{closure#1} as core[a373ad73a504971]::ops::function::FnOnce<()>>::call_once::{shim:vtable#0}
[INFO] [stdout]   17:     0x576f477c395f - <std[617be2ca0a6fd877]::sys::thread::unix::Thread>::new::thread_start
[INFO] [stdout]   18:     0x787f4a80bdfa - <unknown>
[INFO] [stdout]   19:     0x787f4a89f3d4 - clone
[INFO] [stdout]   20:                0x0 - <unknown>
[INFO] [stdout] 
[INFO] [stdout] ---- reader::tests::read_first_airspace stdout ----
[INFO] [stdout] 
[INFO] [stdout] thread 'reader::tests::read_first_airspace' (1247) panicked at src/reader.rs:234:14:
[INFO] [stdout] Failed to open fixture: IoError(Os { code: 2, kind: NotFound, message: "No such file or directory" })
[INFO] [stdout] stack backtrace:
[INFO] [stdout]    0:     0x576f477c4981 - <<std[617be2ca0a6fd877]::sys::backtrace::BacktraceLock>::print::DisplayBacktrace as core[a373ad73a504971]::fmt::Display>::fmt
[INFO] [stdout]    1:     0x576f477dbe2a - core[a373ad73a504971]::fmt::write
[INFO] [stdout]    2:     0x576f477c918c - <alloc[2e1b2a31b91974c5]::vec::Vec<u8> as core[a373ad73a504971]::io::write::Write>::write_fmt
[INFO] [stdout]    3:     0x576f4779e3b6 - std[617be2ca0a6fd877]::panicking::default_hook::{closure#0}
[INFO] [stdout]    4:     0x576f477bc199 - std[617be2ca0a6fd877]::panicking::default_hook
[INFO] [stdout]    5:     0x576f476e7cf0 - test[aada8e7e76ba119b]::test_main_inner::{closure#0}
[INFO] [stdout]    6:     0x576f477bc352 - std[617be2ca0a6fd877]::panicking::panic_with_hook
[INFO] [stdout]    7:     0x576f4779e462 - std[617be2ca0a6fd877]::panicking::panic_handler::{closure#0}
[INFO] [stdout]    8:     0x576f47796c99 - std[617be2ca0a6fd877]::sys::backtrace::__rust_end_short_backtrace::<std[617be2ca0a6fd877]::panicking::panic_handler::{closure#0}, !>
[INFO] [stdout]    9:     0x576f4779f10d - __rustc[ea4f61d10b84890b]::rust_begin_unwind
[INFO] [stdout]   10:     0x576f477dc58c - core[a373ad73a504971]::panicking::panic_fmt
[INFO] [stdout]   11:     0x576f477dc362 - core[a373ad73a504971]::result::unwrap_failed
[INFO] [stdout]   12:     0x576f476c6478 - <seeyou_cub[627e9765af8abe2d]::reader::tests::read_first_airspace::{closure#0} as core[a373ad73a504971]::ops::function::FnOnce<()>>::call_once
[INFO] [stdout]   13:     0x576f476db13b - test[aada8e7e76ba119b]::__rust_begin_short_backtrace::<core[a373ad73a504971]::result::Result<(), alloc[2e1b2a31b91974c5]::string::String>, fn() -> core[a373ad73a504971]::result::Result<(), alloc[2e1b2a31b91974c5]::string::String>>
[INFO] [stdout]   14:     0x576f476e8315 - test[aada8e7e76ba119b]::run_test::{closure#0}
[INFO] [stdout]   15:     0x576f476e1c04 - std[617be2ca0a6fd877]::sys::backtrace::__rust_begin_short_backtrace::<test[aada8e7e76ba119b]::run_test::{closure#1}, ()>
[INFO] [stdout]   16:     0x576f476eb3a2 - <std[617be2ca0a6fd877]::thread::lifecycle::spawn_unchecked<test[aada8e7e76ba119b]::run_test::{closure#1}, ()>::{closure#1} as core[a373ad73a504971]::ops::function::FnOnce<()>>::call_once::{shim:vtable#0}
[INFO] [stdout]   17:     0x576f477c395f - <std[617be2ca0a6fd877]::sys::thread::unix::Thread>::new::thread_start
[INFO] [stdout]   18:     0x787f4a80bdfa - <unknown>
[INFO] [stdout]   19:     0x787f4a89f3d4 - clone
[INFO] [stdout]   20:                0x0 - <unknown>
[INFO] [stdout] 
[INFO] [stdout] ---- writer::tests::round_trip_france_fixture stdout ----
[INFO] [stdout] 
[INFO] [stdout] thread 'writer::tests::round_trip_france_fixture' (1313) panicked at src/writer.rs:521:18:
[INFO] [stdout] Failed to open: IoError(Os { code: 2, kind: NotFound, message: "No such file or directory" })
[INFO] [stdout] stack backtrace:
[INFO] [stdout]    0:     0x576f477c4981 - <<std[617be2ca0a6fd877]::sys::backtrace::BacktraceLock>::print::DisplayBacktrace as core[a373ad73a504971]::fmt::Display>::fmt
[INFO] [stdout]    1:     0x576f477dbe2a - core[a373ad73a504971]::fmt::write
[INFO] [stdout]    2:     0x576f477c918c - <alloc[2e1b2a31b91974c5]::vec::Vec<u8> as core[a373ad73a504971]::io::write::Write>::write_fmt
[INFO] [stdout]    3:     0x576f4779e3b6 - std[617be2ca0a6fd877]::panicking::default_hook::{closure#0}
[INFO] [stdout]    4:     0x576f477bc199 - std[617be2ca0a6fd877]::panicking::default_hook
[INFO] [stdout]    5:     0x576f476e7cf0 - test[aada8e7e76ba119b]::test_main_inner::{closure#0}
[INFO] [stdout]    6:     0x576f477bc352 - std[617be2ca0a6fd877]::panicking::panic_with_hook
[INFO] [stdout]    7:     0x576f4779e462 - std[617be2ca0a6fd877]::panicking::panic_handler::{closure#0}
[INFO] [stdout]    8:     0x576f47796c99 - std[617be2ca0a6fd877]::sys::backtrace::__rust_end_short_backtrace::<std[617be2ca0a6fd877]::panicking::panic_handler::{closure#0}, !>
[INFO] [stdout]    9:     0x576f4779f10d - __rustc[ea4f61d10b84890b]::rust_begin_unwind
[INFO] [stdout]   10:     0x576f477dc58c - core[a373ad73a504971]::panicking::panic_fmt
[INFO] [stdout]   11:     0x576f477dc362 - core[a373ad73a504971]::result::unwrap_failed
[INFO] [stdout]   12:     0x576f476bec1f - <seeyou_cub[627e9765af8abe2d]::writer::tests::round_trip_france_fixture::{closure#0} as core[a373ad73a504971]::ops::function::FnOnce<()>>::call_once
[INFO] [stdout]   13:     0x576f476db13b - test[aada8e7e76ba119b]::__rust_begin_short_backtrace::<core[a373ad73a504971]::result::Result<(), alloc[2e1b2a31b91974c5]::string::String>, fn() -> core[a373ad73a504971]::result::Result<(), alloc[2e1b2a31b91974c5]::string::String>>
[INFO] [stdout]   14:     0x576f476e8315 - test[aada8e7e76ba119b]::run_test::{closure#0}
[INFO] [stdout]   15:     0x576f476e1c04 - std[617be2ca0a6fd877]::sys::backtrace::__rust_begin_short_backtrace::<test[aada8e7e76ba119b]::run_test::{closure#1}, ()>
[INFO] [stdout]   16:     0x576f476eb3a2 - <std[617be2ca0a6fd877]::thread::lifecycle::spawn_unchecked<test[aada8e7e76ba119b]::run_test::{closure#1}, ()>::{closure#1} as core[a373ad73a504971]::ops::function::FnOnce<()>>::call_once::{shim:vtable#0}
[INFO] [stdout]   17:     0x576f477c395f - <std[617be2ca0a6fd877]::sys::thread::unix::Thread>::new::thread_start
[INFO] [stdout]   18:     0x787f4a80bdfa - <unknown>
[INFO] [stdout]   19:     0x787f4a89f3d4 - clone
[INFO] [stdout]   20:                0x0 - <unknown>
[INFO] [stdout] 
[INFO] [stdout] 
[INFO] [stdout] failures:
[INFO] [stdout]     raw::header::tests::read_header_from_fixture
[INFO] [stdout]     raw::item::tests::read_item_from_fixture
[INFO] [stdout]     raw::item_data::tests::read_item_data_from_fixture
[INFO] [stdout]     reader::tests::iterator_size_hint
[INFO] [stdout]     reader::tests::read_all_airspaces_count
[INFO] [stdout]     reader::tests::read_first_airspace
[INFO] [stdout]     reader::tests::read_header_from_fixture
[INFO] [stdout]     reader::tests::verify_string_decoding
[INFO] [stdout]     writer::tests::round_trip_france_fixture
[INFO] [stdout] 
[INFO] [stdout] test result: FAILED. 95 passed; 9 failed; 0 ignored; 0 measured; 0 filtered out; finished in 0.13s
[INFO] [stdout] 
[INFO] running `Command { std: "docker" "inspect" "b90066b1de3122d4266c73bb7a992b05814c6e2dc3b0c7bf4d2a7dcaa365fa84", kill_on_drop: false }`
[INFO] running `Command { std: "docker" "rm" "-f" "b90066b1de3122d4266c73bb7a992b05814c6e2dc3b0c7bf4d2a7dcaa365fa84", kill_on_drop: false }`
[INFO] [stdout] b90066b1de3122d4266c73bb7a992b05814c6e2dc3b0c7bf4d2a7dcaa365fa84
