[INFO] fetching crate seesaw-tgg 2.0.2...
[INFO] testing seesaw-tgg-2.0.2 against 1.99.0-beta.8+cargoflags=--release for beta-release-1.100-2
[INFO] extracting crate seesaw-tgg 2.0.2 into /workspace/builds/worker-1-tc1/source
[INFO] started tweaking crates.io crate seesaw-tgg 2.0.2
[INFO] removed 0 missing tests
[INFO] finished tweaking crates.io crate seesaw-tgg 2.0.2
[INFO] tweaked toml for crates.io crate seesaw-tgg 2.0.2 written to /workspace/builds/worker-1-tc1/source/Cargo.toml
[INFO] validating manifest of crates.io crate seesaw-tgg 2.0.2 on toolchain 1.99.0-beta.8
[INFO] running `Command { std: CARGO_HOME="/workspace/cargo-home" RUSTUP_HOME="/workspace/rustup-home" "/workspace/cargo-home/bin/cargo" "+1.99.0-beta.8" "metadata" "--manifest-path" "Cargo.toml" "--no-deps", kill_on_drop: false }`
[INFO] crate crates.io crate seesaw-tgg 2.0.2 already has a lockfile, it will not be regenerated
[INFO] running `Command { std: CARGO_HOME="/workspace/cargo-home" RUSTUP_HOME="/workspace/rustup-home" "/workspace/cargo-home/bin/cargo" "+1.99.0-beta.8" "fetch" "--manifest-path" "Cargo.toml", kill_on_drop: false }`
[INFO] running `Command { std: "docker" "create" "-v" "/var/lib/crater-agent-workspace/builds/worker-1-tc1/source:/opt/rustwide/workdir:ro,Z" "-v" "/var/lib/crater-agent-workspace/builds/worker-1-tc1/target:/opt/rustwide/target:rw,Z" "-v" "/var/lib/crater-agent-workspace/cargo-home:/opt/rustwide/cargo-home:ro,Z" "-v" "/var/lib/crater-agent-workspace/rustup-home:/opt/rustwide/rustup-home:ro,Z" "-m" "1610612736" "--network" "none" "ghcr.io/rust-lang/crates-build-env/linux@sha256:77db811e55d90add9212f6832c23229e3de5f1c1f9905e8cb07319ea15df73ac" "sleep" "infinity", kill_on_drop: false }`
[INFO] [stdout] f6e0ef4e72031c92d7606ff3f8e7bd2d893fbb03935a9cc76f6d71a29030ba5d
[INFO] running `Command { std: "docker" "start" "f6e0ef4e72031c92d7606ff3f8e7bd2d893fbb03935a9cc76f6d71a29030ba5d", kill_on_drop: false }`
[INFO] running `Command { std: "docker" "inspect" "f6e0ef4e72031c92d7606ff3f8e7bd2d893fbb03935a9cc76f6d71a29030ba5d", kill_on_drop: false }`
[INFO] running `Command { std: "docker" "exec" "-e" "SOURCE_DIR=/opt/rustwide/workdir" "-e" "CARGO_HOME=/opt/rustwide/cargo-home" "-e" "RUSTUP_HOME=/opt/rustwide/rustup-home" "-e" "CARGO_TARGET_DIR=/opt/rustwide/target" "-w" "/opt/rustwide/workdir" "--user" "0:0" "f6e0ef4e72031c92d7606ff3f8e7bd2d893fbb03935a9cc76f6d71a29030ba5d" "/opt/rustwide/cargo-home/bin/cargo" "+1.99.0-beta.8" "metadata" "--no-deps" "--format-version=1", kill_on_drop: false }`
[INFO] running `Command { std: "docker" "inspect" "f6e0ef4e72031c92d7606ff3f8e7bd2d893fbb03935a9cc76f6d71a29030ba5d", kill_on_drop: false }`
[INFO] running `Command { std: "docker" "exec" "-e" "SOURCE_DIR=/opt/rustwide/workdir" "-e" "CARGO_HOME=/opt/rustwide/cargo-home" "-e" "RUSTUP_HOME=/opt/rustwide/rustup-home" "-e" "CARGO_TARGET_DIR=/opt/rustwide/target" "-e" "CARGO_INCREMENTAL=0" "-e" "RUST_BACKTRACE=full" "-e" "RUSTFLAGS=--cap-lints=warn" "-e" "RUSTDOCFLAGS=--cap-lints=warn" "-w" "/opt/rustwide/workdir" "--user" "0:0" "f6e0ef4e72031c92d7606ff3f8e7bd2d893fbb03935a9cc76f6d71a29030ba5d" "/opt/rustwide/cargo-home/bin/cargo" "+1.99.0-beta.8" "build" "--frozen" "--message-format=json" "--release", kill_on_drop: false }`
[INFO] [stderr]    Compiling cc v1.2.63
[INFO] [stderr]    Compiling aho-corasick v1.1.4
[INFO] [stderr]    Compiling regex-syntax v0.8.10
[INFO] [stderr]    Compiling arrayvec v0.7.6
[INFO] [stderr]    Compiling arrayref v0.3.9
[INFO] [stderr]    Compiling cpufeatures v0.3.0
[INFO] [stderr]    Compiling constant_time_eq v0.4.2
[INFO] [stderr]    Compiling blake3 v1.8.5
[INFO] [stderr]    Compiling regex-automata v0.4.14
[INFO] [stderr]    Compiling regex v1.12.3
[INFO] [stderr]    Compiling seesaw-tgg v2.0.2 (/opt/rustwide/workdir)
[INFO] [stderr]     Finished `release` profile [optimized] target(s) in 25.58s
[INFO] running `Command { std: "docker" "inspect" "f6e0ef4e72031c92d7606ff3f8e7bd2d893fbb03935a9cc76f6d71a29030ba5d", kill_on_drop: false }`
[INFO] running `Command { std: "docker" "exec" "-e" "SOURCE_DIR=/opt/rustwide/workdir" "-e" "CARGO_HOME=/opt/rustwide/cargo-home" "-e" "RUSTUP_HOME=/opt/rustwide/rustup-home" "-e" "CARGO_TARGET_DIR=/opt/rustwide/target" "-e" "CARGO_INCREMENTAL=0" "-e" "RUST_BACKTRACE=full" "-e" "RUSTFLAGS=--cap-lints=warn" "-e" "RUSTDOCFLAGS=--cap-lints=warn" "-w" "/opt/rustwide/workdir" "--user" "0:0" "f6e0ef4e72031c92d7606ff3f8e7bd2d893fbb03935a9cc76f6d71a29030ba5d" "/opt/rustwide/cargo-home/bin/cargo" "+1.99.0-beta.8" "test" "--frozen" "--no-run" "--message-format=json" "--release", kill_on_drop: false }`
[INFO] [stderr]    Compiling rustix v1.1.4
[INFO] [stderr]    Compiling linux-raw-sys v0.12.1
[INFO] [stderr]    Compiling bitflags v2.11.1
[INFO] [stderr]    Compiling num-traits v0.2.19
[INFO] [stderr]    Compiling once_cell v1.21.4
[INFO] [stderr]    Compiling fastrand v2.4.1
[INFO] [stderr]    Compiling getrandom v0.3.4
[INFO] [stderr]    Compiling getrandom v0.4.2
[INFO] [stderr]    Compiling ppv-lite86 v0.2.21
[INFO] [stderr]    Compiling wait-timeout v0.2.1
[INFO] [stderr]    Compiling bit-vec v0.8.0
[INFO] [stderr]    Compiling quick-error v1.2.3
[INFO] [stderr]    Compiling unarray v0.1.4
[INFO] [stderr]    Compiling bit-set v0.8.0
[INFO] [stderr]    Compiling rand_core v0.9.5
[INFO] [stderr]    Compiling rand v0.9.4
[INFO] [stderr]    Compiling rand_xorshift v0.4.0
[INFO] [stderr]    Compiling rand_chacha v0.9.0
[INFO] [stderr]    Compiling tempfile v3.27.0
[INFO] [stderr]    Compiling rusty-fork v0.3.1
[INFO] [stderr]    Compiling proptest v1.11.0
[INFO] [stderr]    Compiling seesaw-tgg v2.0.2 (/opt/rustwide/workdir)
[INFO] [stderr]     Finished `release` profile [optimized] target(s) in 59.88s
[INFO] running `Command { std: "docker" "inspect" "f6e0ef4e72031c92d7606ff3f8e7bd2d893fbb03935a9cc76f6d71a29030ba5d", kill_on_drop: false }`
[INFO] running `Command { std: "docker" "exec" "-e" "SOURCE_DIR=/opt/rustwide/workdir" "-e" "CARGO_HOME=/opt/rustwide/cargo-home" "-e" "RUSTUP_HOME=/opt/rustwide/rustup-home" "-e" "CARGO_TARGET_DIR=/opt/rustwide/target" "-e" "CARGO_INCREMENTAL=0" "-e" "RUST_BACKTRACE=full" "-e" "RUSTFLAGS=--cap-lints=warn" "-e" "RUSTDOCFLAGS=--cap-lints=warn" "-w" "/opt/rustwide/workdir" "--user" "0:0" "f6e0ef4e72031c92d7606ff3f8e7bd2d893fbb03935a9cc76f6d71a29030ba5d" "/opt/rustwide/cargo-home/bin/cargo" "+1.99.0-beta.8" "test" "--frozen" "--release", kill_on_drop: false }`
[INFO] [stderr]     Finished `release` profile [optimized] target(s) in 0.10s
[INFO] [stderr]      Running unittests src/lib.rs (/opt/rustwide/target/release/deps/seesaw_tgg-5cc553187217732d)
[INFO] [stdout] 
[INFO] [stdout] running 112 tests
[INFO] [stdout] test engine::tests::bench_v2_f2p_directional_wave ... ignored, manual perf measurement: un-routed versus source-directed wave
[INFO] [stdout] test engine::tests::bench_v2_f2p_scaling_smoke ... ignored, manual perf measurement: engine, F2P shape
[INFO] [stdout] test engine::tests::forward_context_created_mid_wave_enables_forward_follow_up ... ok
[INFO] [stdout] test engine::tests::admitted_source_delta_holds_forward_direction_for_the_wave ... ok
[INFO] [stdout] test engine::tests::attribute_leaf_delete_enters_through_the_delete_door ... ok
[INFO] [stdout] test engine::tests::backtracking_bound_filters_strictly ... ok
[INFO] [stdout] test engine::matcher::tests::value_constraint_via_the_resolver ... ok
[INFO] [stdout] test engine::matcher::tests::role_pattern_finds_the_fathers ... ok
[INFO] [stdout] test engine::tests::attribute_change_uses_admitted_domain_not_leaf_type ... ok
[INFO] [stdout] test engine::tests::link_add_enters_through_the_add_door ... ok
[INFO] [stdout] test engine::tests::attribute_leaf_add_enters_through_the_add_door ... ok
[INFO] [stdout] test engine::tests::cascade_saturates_deterministically ... ok
[INFO] [stdout] test engine::tests::rank_order_decides ... ok
[INFO] [stdout] test engine::tests::link_delete_enters_through_the_delete_door ... ok
[INFO] [stdout] test engine::tests::mask_and_ceiling_intersect ... ok
[INFO] [stdout] test engine::tests::resurrection_on_a_new_derivation ... ok
[INFO] [stdout] test engine::tests::retraction_walk_and_consolidation ... ok
[INFO] [stdout] test engine::tests::v7_contradiction_on_tombstone_reuse ... ok
[INFO] [stdout] test graph::ident_encoding::corr_ref_count_is_part_of_the_identity ... ok
[INFO] [stdout] test graph::ident_encoding::derived_type_boundary_is_not_shiftable ... ok
[INFO] [stdout] test graph::ident_encoding::domains_do_not_overlap ... ok
[INFO] [stdout] test graph::ident_encoding::konst_boundary_is_not_shiftable ... ok
[INFO] [stdout] test engine::matcher::tests::hub_expansion_via_the_participation_range ... ok
[INFO] [stdout] test graph::tests::connections_are_a_set_and_idempotent ... ok
[INFO] [stdout] test graph::tests::derived_identity_hangs_off_the_chain ... ok
[INFO] [stdout] test graph::tests::identity_survives_a_rename_without_any_value ... ok
[INFO] [stdout] test graph::tests::participations_by_counterpart_type ... ok
[INFO] [stdout] test graph::tests::tombstone_and_resurrection ... ok
[INFO] [stdout] test plan::tests::creation_constant_variants_do_not_collide ... ok
[INFO] [stdout] test hash::tests::hash_is_chunking_independent ... ok
[INFO] [stdout] test plan::tests::forward_application_builds_the_provenance_chain ... ok
[INFO] [stdout] test plan::tests::constant_matches_against_the_constant_leaf ... ok
[INFO] [stdout] test graph::tests::types_intern_deterministically ... ok
[INFO] [stdout] test graph::tests::value_resolves_through_the_transform_chain ... ok
[INFO] [stdout] test rules::export::tests::all_three_link_kinds_appear_in_the_export ... ok
[INFO] [stdout] test hash::tests::fixed_seed_is_deterministic ... ok
[INFO] [stdout] test plan::tests::reapplication_is_idempotent ... ok
[INFO] [stdout] test rules::export::tests::export_forward_mirrors_the_lowered_plan_content ... ok
[INFO] [stdout] test engine::tests::fold_materializes_without_tombstones ... ok
[INFO] [stdout] test rules::export::tests::export_is_deterministic_and_complete ... ok
[INFO] [stdout] test rules::export::tests::write_plans_fixture ... ignored, manual: writes/updates tests/fixtures/rules/uml_java_min.plans.json
[INFO] [stdout] test rules::format::tests::role_is_required ... ok
[INFO] [stdout] test hash::tests::fx_hashmap_roundtrips_keys ... ok
[INFO] [stdout] test rules::format::tests::unknown_field_is_rejected ... ok
[INFO] [stdout] test rules::format::tests::value_join_fields_are_read ... ok
[INFO] [stdout] test rules::format::tests::unknown_field_in_nested_struct_is_rejected ... ok
[INFO] [stdout] test rules::lower::tests::establishes_corr_lands_in_recognition ... ok
[INFO] [stdout] test rules::lower::tests::join_on_created_output_node_is_not_a_constraint ... ok
[INFO] [stdout] test rules::lower::tests::lowers_in_both_directions ... ok
[INFO] [stdout] test rules::lower::tests::same_value_link_on_the_output_side_only_between_context_nodes ... ok
[INFO] [stdout] test rules::lower::tests::join_applies_in_both_directions_with_swapped_roles ... ok
[INFO] [stdout] test rules::lower::tests::same_value_link_on_the_input_side_becomes_a_constraint ... ok
[INFO] [stdout] test rules::export::tests::konst_and_derived_dyn_appear_when_the_plan_carries_them ... ok
[INFO] [stdout] test rules::predicate::tests::class_shorthands_are_forbidden ... ok
[INFO] [stdout] test rules::predicate::tests::escaped_anchor_characters_are_allowed ... ok
[INFO] [stdout] test rules::predicate::tests::escaped_backslash_followed_by_b_is_allowed ... ok
[INFO] [stdout] test rules::predicate::tests::negated_character_class_is_allowed ... ok
[INFO] [stdout] test rules::export::tests::plans_fixture_is_up_to_date ... FAILED
[INFO] [stdout] test rules::format::tests::fixture_parses_fully ... ok
[INFO] [stdout] test rules::format::tests::missing_value_join_fields_stay_empty ... ok
[INFO] [stdout] test rules::predicate::tests::number_grammar_is_narrow ... ok
[INFO] [stdout] test rules::format::tests::predicatedecl_unknown_field_is_rejected ... ok
[INFO] [stdout] test rules::format::tests::primdecl_unknown_field_is_rejected ... ok
[INFO] [stdout] test rules::predicate::tests::numeric_range_is_inclusive ... ok
[INFO] [stdout] test rules::predicate::tests::possessive_quantifiers_all_four_forms_are_forbidden ... ok
[INFO] [stdout] test rules::predicate::tests::escaped_literals_before_a_simple_quantifier_are_allowed ... ok
[INFO] [stdout] test rules::predicate::tests::forbidden_check_runs_on_the_raw_pattern ... ok
[INFO] [stdout] test rules::predicate::tests::named_groups_both_spellings_are_forbidden ... ok
[INFO] [stdout] test rules::predicate::tests::write_predicate_table ... ignored, manual: writes the cross-language predicate table
[INFO] [stdout] test rules::predicate::tests::regex_is_full_match ... ok
[INFO] [stdout] test rules::predicate::tests::regex_lookaround_and_backreferences_are_forbidden ... ok
[INFO] [stdout] test rules::transform::tests::ident_bytes_distinguish_arguments ... ok
[INFO] [stdout] test rules::transform::tests::invert_checked_is_consistent_not_original_faithful ... ok
[INFO] [stdout] test rules::transform::tests::normal_form_drops_no_op_steps ... ok
[INFO] [stdout] test rules::predicate::tests::prefix_and_equals_and_exists ... ok
[INFO] [stdout] test rules::transform::tests::normal_form_leaves_dissimilar_neighbors_alone ... ok
[INFO] [stdout] test rules::lower::tests::creation_plan_hangs_off_the_anchor ... ok
[INFO] [stdout] test rules::predicate::tests::regex_anchors_are_forbidden ... ok
[INFO] [stdout] test rules::transform::tests::getter_chain_applies_in_list_order ... ok
[INFO] [stdout] test rules::transform::tests::invert_checked_returns_source_on_hit_none_when_backward_fails ... ok
[INFO] [stdout] test rules::transform::tests::normal_form_merges_adjacent_affixes ... ok
[INFO] [stdout] test rules::predicate::tests::real_anchor_stays_forbidden_even_next_to_a_character_class ... ok
[INFO] [stdout] test rules::transform::tests::interning_is_deterministic_and_shares ... ok
[INFO] [stdout] test rules::validate::tests::duplicate_rule_name_is_rejected ... ok
[INFO] [stdout] test rules::validate::tests::duplicate_same_value_link_is_rejected_on_load ... ok
[INFO] [stdout] test rules::validate::tests::equality_predicate_without_constant_is_rejected ... ok
[INFO] [stdout] test rules::validate::tests::forbidden_regex_syntax_fails_on_load ... ok
[INFO] [stdout] test rules::validate::tests::missing_anchor_is_rejected ... ok
[INFO] [stdout] test rules::predicate::tests::predicate_table_holds_on_this_side ... ok
[INFO] [stdout] test rules::validate::tests::predicate_on_created_node_is_rejected ... ok
[INFO] [stdout] test rules::transform::tests::prefix_without_a_match_fails ... ok
[INFO] [stdout] test rules::transform::tests::semantically_equal_chains_share_identity_and_id ... ok
[INFO] [stdout] test rules::validate::tests::binding_with_static_and_dynamic_source_is_forbidden ... ok
[INFO] [stdout] test rules::validate::tests::is_created_matches_the_actual_lowering ... ok
[INFO] [stdout] test rules::validate::tests::constant_does_not_save_a_non_equality_predicate ... ok
[INFO] [stdout] test rules::validate::tests::constant_on_never_created_node_is_rejected ... ok
[INFO] [stdout] test rules::validate::tests::duplicate_link_is_rejected_on_load ... ok
[INFO] [stdout] test rules::validate::tests::fixture_validates_and_resolves_names ... ok
[INFO] [stdout] test rules::transform::tests::inverse_reverses_the_chain ... ok
[INFO] [stdout] test rules::validate::tests::unknown_name_in_same_value_link_reports_side ... ok
[INFO] [stdout] test rules::validate::tests::value_joins_resolve_to_positions ... ok
[INFO] [stdout] test rules::transform::tests::invert_checked_discards_unreachable_target_values ... ok
[INFO] [stdout] test engine::matcher::tests::value_constraint_on_a_derived_leaf ... ok
[INFO] [stdout] test engine::tests::delete_kills_eagerly_via_by_element ... ok
[INFO] [stdout] test engine::tests::explicit_delta_domain_disambiguates_equal_anchor_type_names ... ok
[INFO] [stdout] test rules::validate::tests::mixed_binding_is_also_rejected_in_reversed_combination ... ok
[INFO] [stdout] test rules::validate::tests::mixed_binding_is_rejected_on_load ... ok
[INFO] [stdout] test rules::validate::tests::predicate_with_matching_constant_is_allowed ... ok
[INFO] [stdout] test rules::validate::tests::unknown_node_name_reports_location ... ok
[INFO] [stdout] test rules::validate::tests::same_as_on_left_side_is_forbidden ... ok
[INFO] [stderr] error: test failed, to rerun pass `--lib`
[INFO] [stdout] test rules::validate::tests::unknown_name_in_join_reports_the_correct_side ... ok
[INFO] [stdout] test rules::validate::tests::wrong_format_version_is_rejected ... ok
[INFO] [stdout] 
[INFO] [stdout] failures:
[INFO] [stdout] 
[INFO] [stdout] ---- rules::export::tests::plans_fixture_is_up_to_date stdout ----
[INFO] [stdout] 
[INFO] [stdout] thread 'rules::export::tests::plans_fixture_is_up_to_date' (1525) panicked at src/rules/export.rs:419:13:
[INFO] [stdout] fixture /opt/rustwide/workdir/java/src/test/resources/fixtures/uml_java_min.plans.json is missing or unreadable (No such file or directory (os error 2)) — generate it with `cargo test -p seesaw-core --lib rules::export::tests::write_plans_fixture -- --ignored`
[INFO] [stdout] stack backtrace:
[INFO] [stdout]    0:     0x5ae02ef94361 - <<std[70759c8f55707aa4]::sys::backtrace::BacktraceLock>::print::DisplayBacktrace as core[df12db4294e9bfd3]::fmt::Display>::fmt
[INFO] [stdout]    1:     0x5ae02efaa7ca - core[df12db4294e9bfd3]::fmt::write
[INFO] [stdout]    2:     0x5ae02ef987fc - <alloc[2182bb758b4b3781]::vec::Vec<u8> as core[df12db4294e9bfd3]::io::write::Write>::write_fmt
[INFO] [stdout]    3:     0x5ae02ef703f6 - std[70759c8f55707aa4]::panicking::default_hook::{closure#0}
[INFO] [stdout]    4:     0x5ae02ef8c569 - std[70759c8f55707aa4]::panicking::default_hook
[INFO] [stdout]    5:     0x5ae02ef1cb50 - test[9d35eded1c95d3be]::test_main_inner::<test[9d35eded1c95d3be]::test_main_static::{closure#0}>::{closure#0}
[INFO] [stdout]    6:     0x5ae02ef8c722 - std[70759c8f55707aa4]::panicking::panic_with_hook
[INFO] [stdout]    7:     0x5ae02ef704a2 - std[70759c8f55707aa4]::panicking::panic_handler::{closure#0}
[INFO] [stdout]    8:     0x5ae02ef69099 - std[70759c8f55707aa4]::sys::backtrace::__rust_end_short_backtrace::<std[70759c8f55707aa4]::panicking::panic_handler::{closure#0}, !>
[INFO] [stdout]    9:     0x5ae02ef7109d - __rustc[8fa7c3cbc660c2b3]::rust_begin_unwind
[INFO] [stdout]   10:     0x5ae02efaafac - core[df12db4294e9bfd3]::panicking::panic_fmt
[INFO] [stdout]   11:     0x5ae02edb8641 - seesaw_tgg[400fe157ef2c9f92]::rules::export::tests::plans_fixture_is_up_to_date::{closure#0}
[INFO] [stdout]   12:     0x5ae02edbd0fe - seesaw_tgg[400fe157ef2c9f92]::rules::export::tests::plans_fixture_is_up_to_date
[INFO] [stdout]   13:     0x5ae02ee30069 - <seesaw_tgg[400fe157ef2c9f92]::rules::export::tests::plans_fixture_is_up_to_date::{closure#0} as core[df12db4294e9bfd3]::ops::function::FnOnce<()>>::call_once
[INFO] [stdout]   14:     0x5ae02ef0fe3b - test[9d35eded1c95d3be]::__rust_begin_short_backtrace::<core[df12db4294e9bfd3]::result::Result<(), alloc[2182bb758b4b3781]::string::String>, fn() -> core[df12db4294e9bfd3]::result::Result<(), alloc[2182bb758b4b3781]::string::String>>
[INFO] [stdout]   15:     0x5ae02ef1d4a5 - test[9d35eded1c95d3be]::run_test::{closure#0}
[INFO] [stdout]   16:     0x5ae02ef16d64 - std[70759c8f55707aa4]::sys::backtrace::__rust_begin_short_backtrace::<test[9d35eded1c95d3be]::run_test::{closure#1}, ()>
[INFO] [stdout]   17:     0x5ae02ef20602 - <std[70759c8f55707aa4]::thread::lifecycle::spawn_unchecked<test[9d35eded1c95d3be]::run_test::{closure#1}, ()>::{closure#1} as core[df12db4294e9bfd3]::ops::function::FnOnce<()>>::call_once::{shim:vtable#0}
[INFO] [stdout]   18:     0x5ae02ef936d9 - <std[70759c8f55707aa4]::sys::thread::unix::Thread>::new::thread_start
[INFO] [stdout]   19:     0x71ba645a8dfa - <unknown>
[INFO] [stdout]   20:     0x71ba6463c3d4 - clone
[INFO] [stdout]   21:                0x0 - <unknown>
[INFO] [stdout] 
[INFO] [stdout] 
[INFO] [stdout] failures:
[INFO] [stdout]     rules::export::tests::plans_fixture_is_up_to_date
[INFO] [stdout] 
[INFO] [stdout] test result: FAILED. 107 passed; 1 failed; 4 ignored; 0 measured; 0 filtered out; finished in 0.03s
[INFO] [stdout] 
[INFO] running `Command { std: "docker" "inspect" "f6e0ef4e72031c92d7606ff3f8e7bd2d893fbb03935a9cc76f6d71a29030ba5d", kill_on_drop: false }`
[INFO] running `Command { std: "docker" "rm" "-f" "f6e0ef4e72031c92d7606ff3f8e7bd2d893fbb03935a9cc76f6d71a29030ba5d", kill_on_drop: false }`
[INFO] [stdout] f6e0ef4e72031c92d7606ff3f8e7bd2d893fbb03935a9cc76f6d71a29030ba5d
