[INFO] fetching crate seekzstdsep 0.9.0...
[INFO] testing seekzstdsep-0.9.0 against 1.100.0-beta.1+cargoflags=--release for beta-release-1.100-2
[INFO] extracting crate seekzstdsep 0.9.0 into /workspace/builds/worker-2-tc2/source
[INFO] started tweaking crates.io crate seekzstdsep 0.9.0
[INFO] removed 0 missing examples
[INFO] removed 0 missing tests
[INFO] finished tweaking crates.io crate seekzstdsep 0.9.0
[INFO] tweaked toml for crates.io crate seekzstdsep 0.9.0 written to /workspace/builds/worker-2-tc2/source/Cargo.toml
[INFO] validating manifest of crates.io crate seekzstdsep 0.9.0 on toolchain 1.100.0-beta.1
[INFO] running `Command { std: CARGO_HOME="/workspace/cargo-home" RUSTUP_HOME="/workspace/rustup-home" "/workspace/cargo-home/bin/cargo" "+1.100.0-beta.1" "metadata" "--manifest-path" "Cargo.toml" "--no-deps", kill_on_drop: false }`
[INFO] crate crates.io crate seekzstdsep 0.9.0 already has a lockfile, it will not be regenerated
[INFO] running `Command { std: CARGO_HOME="/workspace/cargo-home" RUSTUP_HOME="/workspace/rustup-home" "/workspace/cargo-home/bin/cargo" "+1.100.0-beta.1" "fetch" "--manifest-path" "Cargo.toml", kill_on_drop: false }`
[INFO] running `Command { std: "docker" "create" "-v" "/var/lib/crater-agent-workspace/builds/worker-2-tc2/source:/opt/rustwide/workdir:ro,Z" "-v" "/var/lib/crater-agent-workspace/builds/worker-2-tc2/target:/opt/rustwide/target:rw,Z" "-v" "/var/lib/crater-agent-workspace/cargo-home:/opt/rustwide/cargo-home:ro,Z" "-v" "/var/lib/crater-agent-workspace/rustup-home:/opt/rustwide/rustup-home:ro,Z" "-m" "1610612736" "--network" "none" "ghcr.io/rust-lang/crates-build-env/linux@sha256:77db811e55d90add9212f6832c23229e3de5f1c1f9905e8cb07319ea15df73ac" "sleep" "infinity", kill_on_drop: false }`
[INFO] [stdout] 02916eb3d3af8142912315697be59ff9043d3d62eea3e660342a394a13088711
[INFO] running `Command { std: "docker" "start" "02916eb3d3af8142912315697be59ff9043d3d62eea3e660342a394a13088711", kill_on_drop: false }`
[INFO] running `Command { std: "docker" "inspect" "02916eb3d3af8142912315697be59ff9043d3d62eea3e660342a394a13088711", kill_on_drop: false }`
[INFO] running `Command { std: "docker" "exec" "-e" "SOURCE_DIR=/opt/rustwide/workdir" "-e" "CARGO_HOME=/opt/rustwide/cargo-home" "-e" "RUSTUP_HOME=/opt/rustwide/rustup-home" "-e" "CARGO_TARGET_DIR=/opt/rustwide/target" "-w" "/opt/rustwide/workdir" "--user" "0:0" "02916eb3d3af8142912315697be59ff9043d3d62eea3e660342a394a13088711" "/opt/rustwide/cargo-home/bin/cargo" "+1.100.0-beta.1" "metadata" "--no-deps" "--format-version=1", kill_on_drop: false }`
[INFO] running `Command { std: "docker" "inspect" "02916eb3d3af8142912315697be59ff9043d3d62eea3e660342a394a13088711", kill_on_drop: false }`
[INFO] running `Command { std: "docker" "exec" "-e" "SOURCE_DIR=/opt/rustwide/workdir" "-e" "CARGO_HOME=/opt/rustwide/cargo-home" "-e" "RUSTUP_HOME=/opt/rustwide/rustup-home" "-e" "CARGO_TARGET_DIR=/opt/rustwide/target" "-e" "CARGO_INCREMENTAL=0" "-e" "RUST_BACKTRACE=full" "-e" "RUSTFLAGS=--cap-lints=warn" "-e" "RUSTDOCFLAGS=--cap-lints=warn" "-w" "/opt/rustwide/workdir" "--user" "0:0" "02916eb3d3af8142912315697be59ff9043d3d62eea3e660342a394a13088711" "/opt/rustwide/cargo-home/bin/cargo" "+1.100.0-beta.1" "build" "--frozen" "--message-format=json" "--release", kill_on_drop: false }`
[INFO] [stderr]    Compiling zstd-safe v7.2.4
[INFO] [stderr]    Compiling proc-macro2 v1.0.107
[INFO] [stderr]    Compiling jobserver v0.1.34
[INFO] [stderr]    Compiling regex-automata v0.4.18
[INFO] [stderr]    Compiling anstream v0.6.21
[INFO] [stderr]    Compiling thread_local v1.1.9
[INFO] [stderr]    Compiling clap_lex v0.7.7
[INFO] [stderr]    Compiling num-conv v0.2.1
[INFO] [stderr]    Compiling getrandom v0.4.3
[INFO] [stderr]    Compiling time v0.3.47
[INFO] [stderr]    Compiling cc v1.2.55
[INFO] [stderr]    Compiling serde_json v1.0.149
[INFO] [stderr]    Compiling clap_builder v4.5.57
[INFO] [stderr]    Compiling tempfile v3.27.0
[INFO] [stderr]    Compiling reflink-copy v0.1.29
[INFO] [stderr]    Compiling quote v1.0.47
[INFO] [stderr]    Compiling syn v2.0.119
[INFO] [stderr]    Compiling syn v3.0.4
[INFO] [stderr]    Compiling tracing-log v0.1.4
[INFO] [stderr]    Compiling zstd-sys v2.0.16+zstd.1.5.7
[INFO] [stderr]    Compiling matchers v0.2.0
[INFO] [stderr]    Compiling serde_derive v1.0.229
[INFO] [stderr]    Compiling tracing-attributes v0.1.31
[INFO] [stderr]    Compiling clap_derive v4.5.55
[INFO] [stderr]    Compiling tracing v0.1.44
[INFO] [stderr]    Compiling serde v1.0.229
[INFO] [stderr]    Compiling tracing-subscriber v0.3.23
[INFO] [stderr]    Compiling clap v4.5.57
[INFO] [stderr]    Compiling tracing-logfmt v0.3.7
[INFO] [stderr]    Compiling zeekstd v0.6.2
[INFO] [stderr]    Compiling zstd v0.13.3
[INFO] [stderr]    Compiling seekzstdsep v0.9.0 (/opt/rustwide/workdir)
[INFO] [stderr] warning: unused dependency `tracing-log`
[INFO] [stderr]   --> Cargo.toml:51:15
[INFO] [stderr]    |
[INFO] [stderr] 51 | [dependencies.tracing-log]
[INFO] [stderr]    |               ^^^^^^^^^^^^
[INFO] [stderr]    |
[INFO] [stderr]    = note: `cargo::unused_dependencies` is set to `warn` by default
[INFO] [stderr] help: consider removing the dependency on `tracing-log`
[INFO] [stderr] warning: unused dependency `tracing-logfmt`
[INFO] [stderr]   --> Cargo.toml:54:15
[INFO] [stderr]    |
[INFO] [stderr] 54 | [dependencies.tracing-logfmt]
[INFO] [stderr]    |               ^^^^^^^^^^^^^^^
[INFO] [stderr]    |
[INFO] [stderr] help: consider removing the dependency on `tracing-logfmt`
[INFO] [stderr] warning: unused dependency `zstd`
[INFO] [stderr]   --> Cargo.toml:64:15
[INFO] [stderr]    |
[INFO] [stderr] 64 | [dependencies.zstd]
[INFO] [stderr]    |               ^^^^^
[INFO] [stderr]    |
[INFO] [stderr] help: consider removing the dependency on `zstd`
[INFO] [stderr] warning: `seekzstdsep` (manifest) generated 3 warnings
[INFO] [stderr]     Finished `release` profile [optimized] target(s) in 2m 13s
[INFO] running `Command { std: "docker" "inspect" "02916eb3d3af8142912315697be59ff9043d3d62eea3e660342a394a13088711", kill_on_drop: false }`
[INFO] running `Command { std: "docker" "exec" "-e" "SOURCE_DIR=/opt/rustwide/workdir" "-e" "CARGO_HOME=/opt/rustwide/cargo-home" "-e" "RUSTUP_HOME=/opt/rustwide/rustup-home" "-e" "CARGO_TARGET_DIR=/opt/rustwide/target" "-e" "CARGO_INCREMENTAL=0" "-e" "RUST_BACKTRACE=full" "-e" "RUSTFLAGS=--cap-lints=warn" "-e" "RUSTDOCFLAGS=--cap-lints=warn" "-w" "/opt/rustwide/workdir" "--user" "0:0" "02916eb3d3af8142912315697be59ff9043d3d62eea3e660342a394a13088711" "/opt/rustwide/cargo-home/bin/cargo" "+1.100.0-beta.1" "test" "--frozen" "--no-run" "--message-format=json" "--release", kill_on_drop: false }`
[INFO] [stderr]    Compiling syn v3.0.4
[INFO] [stderr]    Compiling regex-automata v0.4.18
[INFO] [stderr]    Compiling zerocopy-derive v0.8.48
[INFO] [stderr]    Compiling crossbeam-deque v0.8.7
[INFO] [stderr]    Compiling crossbeam-epoch v0.9.20
[INFO] [stderr]    Compiling serde_json v1.0.149
[INFO] [stderr]    Compiling cpp_demangle v0.4.5
[INFO] [stderr]    Compiling uuid v1.26.1
[INFO] [stderr]    Compiling tempfile v3.27.0
[INFO] [stderr]    Compiling itertools v0.10.5
[INFO] [stderr]    Compiling debugid v0.8.0
[INFO] [stderr]    Compiling rayon-core v1.13.0
[INFO] [stderr]    Compiling findshlibs v0.10.2
[INFO] [stderr]    Compiling equator-macro v0.4.2
[INFO] [stderr]    Compiling is-terminal v0.4.17
[INFO] [stderr]    Compiling arrayvec v0.7.8
[INFO] [stderr]    Compiling bytemuck v1.25.2
[INFO] [stderr]    Compiling symbolic-demangle v12.18.3
[INFO] [stderr]    Compiling stable_deref_trait v1.2.1
[INFO] [stderr]    Compiling equator v0.4.2
[INFO] [stderr]    Compiling symbolic-common v12.18.3
[INFO] [stderr]    Compiling zerocopy v0.8.48
[INFO] [stderr]    Compiling rgb v0.8.53
[INFO] [stderr]    Compiling criterion-plot v0.5.0
[INFO] [stderr]    Compiling rayon v1.12.0
[INFO] [stderr]    Compiling num-format v0.4.4
[INFO] [stderr]    Compiling serde_derive v1.0.229
[INFO] [stderr]    Compiling thiserror-impl v2.0.20
[INFO] [stderr]    Compiling reflink-copy v0.1.29
[INFO] [stderr]    Compiling quick-xml v0.26.0
[INFO] [stderr]    Compiling matchers v0.2.0
[INFO] [stderr]    Compiling tracing-subscriber v0.3.23
[INFO] [stderr]    Compiling regex v1.13.1
[INFO] [stderr]    Compiling pprof v0.15.0
[INFO] [stderr]    Compiling str_stack v0.1.1
[INFO] [stderr]    Compiling nix v0.26.4
[INFO] [stderr]    Compiling thiserror v2.0.20
[INFO] [stderr]    Compiling backtrace v0.3.76
[INFO] [stderr]    Compiling serde v1.0.229
[INFO] [stderr]    Compiling tracing-logfmt v0.3.7
[INFO] [stderr]    Compiling half v2.7.1
[INFO] [stderr]    Compiling tinytemplate v1.2.1
[INFO] [stderr]    Compiling ahash v0.8.12
[INFO] [stderr]    Compiling ciborium-ll v0.2.2
[INFO] [stderr]    Compiling ppv-lite86 v0.2.21
[INFO] [stderr]    Compiling ciborium v0.2.2
[INFO] [stderr]    Compiling rand_chacha v0.9.0
[INFO] [stderr]    Compiling inferno v0.11.21
[INFO] [stderr]    Compiling aligned-vec v0.6.4
[INFO] [stderr]    Compiling spin v0.10.1
[INFO] [stderr]    Compiling rand v0.9.4
[INFO] [stderr]    Compiling seekzstdsep v0.9.0 (/opt/rustwide/workdir)
[INFO] [stderr]    Compiling criterion v0.5.1
[INFO] [stderr] warning: unused dependency `tracing-log`
[INFO] [stderr]   --> Cargo.toml:51:15
[INFO] [stderr]    |
[INFO] [stderr] 51 | [dependencies.tracing-log]
[INFO] [stderr]    |               ^^^^^^^^^^^^
[INFO] [stderr]    |
[INFO] [stderr]    = note: `cargo::unused_dependencies` is set to `warn` by default
[INFO] [stderr] help: consider removing the dependency on `tracing-log`
[INFO] [stderr] warning: unused dependency `tracing-logfmt`
[INFO] [stderr]   --> Cargo.toml:54:15
[INFO] [stderr]    |
[INFO] [stderr] 54 | [dependencies.tracing-logfmt]
[INFO] [stderr]    |               ^^^^^^^^^^^^^^^
[INFO] [stderr]    |
[INFO] [stderr] help: consider removing the dependency on `tracing-logfmt`
[INFO] [stderr] warning: unused dependency `zstd`
[INFO] [stderr]   --> Cargo.toml:64:15
[INFO] [stderr]    |
[INFO] [stderr] 64 | [dependencies.zstd]
[INFO] [stderr]    |               ^^^^^
[INFO] [stderr]    |
[INFO] [stderr] help: consider removing the dependency on `zstd`
[INFO] [stderr] help: to still use for development builds, move to `dev-dependencies`
[INFO] [stderr] warning: `seekzstdsep` (manifest) generated 3 warnings
[INFO] [stderr]     Finished `release` profile [optimized] target(s) in 3m 18s
[INFO] running `Command { std: "docker" "inspect" "02916eb3d3af8142912315697be59ff9043d3d62eea3e660342a394a13088711", kill_on_drop: false }`
[INFO] running `Command { std: "docker" "exec" "-e" "SOURCE_DIR=/opt/rustwide/workdir" "-e" "CARGO_HOME=/opt/rustwide/cargo-home" "-e" "RUSTUP_HOME=/opt/rustwide/rustup-home" "-e" "CARGO_TARGET_DIR=/opt/rustwide/target" "-e" "CARGO_INCREMENTAL=0" "-e" "RUST_BACKTRACE=full" "-e" "RUSTFLAGS=--cap-lints=warn" "-e" "RUSTDOCFLAGS=--cap-lints=warn" "-w" "/opt/rustwide/workdir" "--user" "0:0" "02916eb3d3af8142912315697be59ff9043d3d62eea3e660342a394a13088711" "/opt/rustwide/cargo-home/bin/cargo" "+1.100.0-beta.1" "test" "--frozen" "--release", kill_on_drop: false }`
[INFO] [stderr] warning: unused dependency `tracing-log`
[INFO] [stderr]   --> Cargo.toml:51:15
[INFO] [stderr]    |
[INFO] [stderr] 51 | [dependencies.tracing-log]
[INFO] [stderr]    |               ^^^^^^^^^^^^
[INFO] [stderr]    |
[INFO] [stderr]    = note: `cargo::unused_dependencies` is set to `warn` by default
[INFO] [stderr] help: consider removing the dependency on `tracing-log`
[INFO] [stderr] warning: unused dependency `tracing-logfmt`
[INFO] [stderr]   --> Cargo.toml:54:15
[INFO] [stderr]    |
[INFO] [stderr] 54 | [dependencies.tracing-logfmt]
[INFO] [stderr]    |               ^^^^^^^^^^^^^^^
[INFO] [stderr]    |
[INFO] [stderr] help: consider removing the dependency on `tracing-logfmt`
[INFO] [stderr] warning: unused dependency `zstd`
[INFO] [stderr]   --> Cargo.toml:64:15
[INFO] [stderr]    |
[INFO] [stderr] 64 | [dependencies.zstd]
[INFO] [stderr]    |               ^^^^^
[INFO] [stderr]    |
[INFO] [stderr] help: consider removing the dependency on `zstd`
[INFO] [stderr] help: to still use for development builds, move to `dev-dependencies`
[INFO] [stderr] warning: `seekzstdsep` (manifest) generated 3 warnings
[INFO] [stderr]     Finished `release` profile [optimized] target(s) in 0.40s
[INFO] [stderr]      Running unittests src/lib.rs (/opt/rustwide/target/release/build/seekzstdsep/89aa3f8258bc5987/out/seekzstdsep-89aa3f8258bc5987)
[INFO] [stdout] 
[INFO] [stdout] running 0 tests
[INFO] [stdout] 
[INFO] [stdout] test result: ok. 0 passed; 0 failed; 0 ignored; 0 measured; 0 filtered out; finished in 0.00s
[INFO] [stdout] 
[INFO] [stderr]      Running unittests src/main.rs (/opt/rustwide/target/release/build/seekzstdsep/9fd62146f3984515/out/seekzstdsep-9fd62146f3984515)
[INFO] [stdout] 
[INFO] [stdout] running 0 tests
[INFO] [stdout] 
[INFO] [stdout] test result: ok. 0 passed; 0 failed; 0 ignored; 0 measured; 0 filtered out; finished in 0.00s
[INFO] [stdout] 
[INFO] [stderr]      Running tests/append.rs (/opt/rustwide/target/release/build/seekzstdsep/bbdc10e4b4d76d93/out/append-bbdc10e4b4d76d93)
[INFO] [stdout] 
[INFO] [stdout] running 44 tests
[INFO] [stdout] test test_append_adds_no_checksum_to_a_file_written_without_one ... ok
[INFO] [stdout] test test_append_data_that_does_not_end_with_a_separator ... ok
[INFO] [stdout] test test_append_fills_the_frame_the_file_ends_with ... ok
[INFO] [stdout] test test_append_frames_keeps_the_prefix_byte_for_byte ... ok
[INFO] [stdout] test test_append_after_truncate ... ok
[INFO] [stdout] test test_append_frames_keeps_records_addressable ... ok
[INFO] [stdout] test test_append_frames_checking_every_frame_takes_a_uniform_range ... ok
[INFO] [stdout] test test_append_frames_leaves_a_short_input_frame_last ... ok
[INFO] [stdout] test test_append_frames_of_nothing_rewrites_nothing ... ok
[INFO] [stdout] test test_append_frames_refuses_a_different_record_count_per_frame ... ok
[INFO] [stdout] test test_append_frames_onto_a_target_carrying_an_empty_frame ... ok
[INFO] [stdout] test test_append_frames_reads_frame_zero_alone_by_default ... ok
[INFO] [stdout] test test_append_frames_of_an_aligned_input_can_be_appended_to_again ... ok
[INFO] [stdout] test test_append_frames_refuses_a_short_frame_that_ends_the_range_but_not_the_file ... ok
[INFO] [stdout] test test_append_frames_refuses_a_target_that_ends_in_a_fragment ... ok
[INFO] [stdout] test test_append_frames_copies_a_range ... ok
[INFO] [stdout] test test_append_frames_refuses_an_input_of_one_data_frame ... ok
[INFO] [stdout] test test_append_frames_refuses_a_drifting_range_when_every_frame_is_checked ... ok
[INFO] [stdout] test test_append_frames_refuses_a_from_that_is_not_a_frame_boundary ... ok
[INFO] [stdout] test test_append_frames_refuses_a_target_whose_last_frame_is_short ... ok
[INFO] [stdout] test test_append_frames_refuses_an_input_that_is_not_a_seekable_zst ... ok
[INFO] [stdout] test test_append_keeps_the_prefix_byte_for_byte ... ok
[INFO] [stdout] test test_append_of_nothing_rewrites_nothing ... ok
[INFO] [stdout] test test_append_frames_joins_two_files ... ok
[INFO] [stdout] test test_append_frames_refuses_an_end_that_is_not_a_frame_boundary ... ok
[INFO] [stdout] test test_append_keeps_the_checksum_the_file_already_had ... ok
[INFO] [stdout] test test_append_inserts_a_separator_when_asked ... ok
[INFO] [stdout] test test_append_onto_a_last_frame_larger_than_the_others ... ok
[INFO] [stdout] test test_append_keeps_records_addressable ... ok
[INFO] [stdout] test test_append_onto_a_file_whose_last_frame_carries_nothing ... ok
[INFO] [stdout] test test_append_refuses_a_fragment_a_separator_could_end_inside ... ok
[INFO] [stdout] test test_append_onto_a_last_frame_that_is_already_full ... ok
[INFO] [stdout] test test_append_refuses_a_file_with_fewer_than_three_frames ... ok
[INFO] [stdout] test test_append_refuses_a_separator_with_an_uneven_count ... ok
[INFO] [stdout] test test_append_refuses_a_separator_that_does_not_occur ... ok
[INFO] [stdout] test test_append_refuses_a_file_with_no_frames ... ok
[INFO] [stdout] test test_append_refuses_a_file_that_ends_in_a_fragment ... ok
[INFO] [stdout] test test_append_with_a_separator_that_overlaps_itself ... ok
[INFO] [stdout] test test_append_refuses_a_zstd_stream_that_arrives_a_byte_at_a_time ... ok
[INFO] [stdout] test test_append_with_a_multi_byte_separator_across_a_read_boundary ... ok
[INFO] [stdout] test test_append_spans_several_frames ... ok
[INFO] [stdout] test test_copy_range_then_truncate_then_append_frames_restores_the_file ... ok
[INFO] [stdout] test test_append_onto_frames_larger_than_the_decoder_reads_at_once ... ok
[INFO] [stdout] test test_append_level_reaches_the_encoder ... ok
[INFO] [stdout] 
[INFO] [stdout] test result: ok. 44 passed; 0 failed; 0 ignored; 0 measured; 0 filtered out; finished in 0.43s
[INFO] [stdout] 
[INFO] [stderr]      Running tests/append_copy.rs (/opt/rustwide/target/release/build/seekzstdsep/269f2b1f6bcda35b/out/append_copy-269f2b1f6bcda35b)
[INFO] [stdout] 
[INFO] [stdout] running 10 tests
[INFO] [stdout] test frame_append_matches_the_existing_compressed_frame_entry ... ok
[INFO] [stdout] test held_record_reader_can_still_read_the_old_tail_after_publication ... ok
[INFO] [stdout] test locked_direct_append_is_rejected_while_a_copy_is_being_edited ... ok
[INFO] [stdout] test explicit_count_finders_and_separator_insertion_match_direct_append ... ok
[INFO] [stdout] test failed_append_cleans_its_copy_without_changing_the_target ... ok
[INFO] [stdout] test empty_append_keeps_the_bytes_and_removes_the_lock_each_time ... ok
[INFO] [stdout] test checksum_selection_is_preserved ... ok
[INFO] [stdout] test a_second_copy_is_rejected_while_the_first_is_being_edited ... ok
[INFO] [stdout] test copy_append_preserves_old_readers_and_publishes_complete_records ... ok
[INFO] [stdout] test truncate_callback_excludes_other_append_and_truncate_writers ... ok
[INFO] [stdout] 
[INFO] [stdout] test result: ok. 10 passed; 0 failed; 0 ignored; 0 measured; 0 filtered out; finished in 0.09s
[INFO] [stdout] 
[INFO] [stderr]      Running tests/append_count.rs (/opt/rustwide/target/release/build/seekzstdsep/bccdec7d9879ae38/out/append_count-bccdec7d9879ae38)
[INFO] [stdout] 
[INFO] [stdout] running 8 tests
[INFO] [stdout] test explicit_count_refuses_zero_entries_and_only_empty_frames ... ok
[INFO] [stdout] test explicit_count_rejects_fragments_in_both_checked_frames ... ok
[INFO] [stdout] test explicit_count_discards_trailing_empty_frames_but_does_not_validate_the_tail_as_full ... ok
[INFO] [stdout] test explicit_count_does_not_scan_intervening_frames ... ok
[INFO] [stdout] test omitted_count_still_refuses_one_and_two_frames ... ok
[INFO] [stdout] test explicit_count_rejects_zero_and_mismatched_nonfinal_frames ... ok
[INFO] [stdout] test explicit_count_preserves_an_empty_append_and_handles_a_tail_fragment ... ok
[INFO] [stdout] test explicit_count_appends_small_files_through_every_entry ... ok
[INFO] [stderr]      Running tests/append_trusted.rs (/opt/rustwide/target/release/build/seekzstdsep/cd953dad331110d1/out/append_trusted-cd953dad331110d1)
[INFO] [stdout] 
[INFO] [stdout] test result: ok. 8 passed; 0 failed; 0 ignored; 0 measured; 0 filtered out; finished in 0.61s
[INFO] [stdout] 
[INFO] [stdout] 
[INFO] [stdout] running 6 tests
[INFO] [stdout] test inserting_separator_cannot_exceed_trusted_count ... ok
[INFO] [stdout] test only_explicit_trust_skips_existing_frame_validation ... ok
[INFO] [stdout] test trust_requires_positive_count ... ok
[INFO] [stdout] test trusted_append_rejects_oversized_tail_without_writing ... ok
[INFO] [stdout] test trusted_append_reads_only_tail_and_preserves_records ... ok
[INFO] [stdout] test cli_trust_is_explicit_and_only_for_raw_input ... ok
[INFO] [stdout] 
[INFO] [stdout] test result: ok. 6 passed; 0 failed; 0 ignored; 0 measured; 0 filtered out; finished in 0.02s
[INFO] [stdout] 
[INFO] [stderr]      Running tests/cli.rs (/opt/rustwide/target/release/build/seekzstdsep/aba7e675e15ed137/out/cli-aba7e675e15ed137)
[INFO] [stdout] 
[INFO] [stdout] running 34 tests
[INFO] [stdout] test test_append_subcommand_from_a_pipe_that_delivers_a_byte_at_a_time ... ok
[INFO] [stdout] test test_append_subcommand_from_a_file ... ok
[INFO] [stdout] test test_append_subcommand_check_input_frames_refuses_a_drifting_input ... ok
[INFO] [stdout] test test_append_subcommand_from_a_path_that_cannot_be_seeked ... ok
[INFO] [stdout] test test_append_subcommand_from_stdin ... ok
[INFO] [stdout] test test_append_subcommand_copies_frames_with_input_seekable ... ok
[INFO] [stdout] test test_append_subcommand_copies_a_range_of_the_input ... ok
[INFO] [stdout] test test_append_subcommand_refuses_a_file_that_ends_in_a_fragment ... ok
[INFO] [stdout] test test_cat_subcommand_refuses_a_separator_that_occurs_nowhere ... ok
[INFO] [stdout] test test_append_subcommand_refuses_a_seekable_zst_on_stdin ... ok
[INFO] [stdout] test test_append_subcommand_refuses_a_seekable_input_without_the_flag ... ok
[INFO] [stdout] test test_cat_subcommand_returns_the_whole_file ... ok
[INFO] [stdout] test test_compress_file_to_the_default_output_path ... ok
[INFO] [stdout] test test_compress_stdin_to_stdout ... ok
[INFO] [stdout] test test_compress_no_check_leaves_the_checksum_out ... ok
[INFO] [stdout] test test_compress_removes_the_input_with_rm ... ok
[INFO] [stdout] test test_compress_keeps_the_input_without_rm ... ok
[INFO] [stdout] test test_append_subcommand_refuses_flag_combinations ... ok
[INFO] [stdout] test test_compress_stdin_to_stdout_through_the_binary ... ok
[INFO] [stdout] test test_compress_stdin_to_stdout_with_the_fixture ... ok
[INFO] [stdout] test test_compress_with_records_per_frame_pinned ... ok
[INFO] [stdout] test test_compress_writes_checksums_by_default ... ok
[INFO] [stdout] test test_copy_range_subcommand_check_uniform_catches_a_drifting_count ... ok
[INFO] [stdout] test test_copy_range_subcommand_exits_non_zero_on_a_refusal ... ok
[INFO] [stdout] test test_copy_range_subcommand_leaves_the_output_alone_on_a_refusal ... ok
[INFO] [stdout] test test_copy_range_subcommand_to_stdout ... ok
[INFO] [stdout] test test_copy_range_subcommand_to_a_file ... ok
[INFO] [stdout] test test_truncate_copy_preserves_readers_and_existing_boundary_behavior ... FAILED
[INFO] [stdout] test test_compress_file_to_file ... ok
[INFO] [stdout] test test_truncate_subcommand_exits_non_zero_on_a_refusal ... ok
[INFO] [stdout] test test_copy_range_subcommand_to_the_end_needs_no_align ... ok
[INFO] [stdout] test test_truncate_subcommand_shortens_the_file ... ok
[INFO] [stdout] test test_compress_level_reaches_the_encoder ... ok
[INFO] [stdout] test test_append_level_reaches_the_encoder ... ok
[INFO] [stdout] 
[INFO] [stdout] failures:
[INFO] [stdout] 
[INFO] [stdout] ---- test_truncate_copy_preserves_readers_and_existing_boundary_behavior stdout ----
[INFO] [stdout] 
[INFO] [stdout] thread 'test_truncate_copy_preserves_readers_and_existing_boundary_behavior' (2934) panicked at tests/cli.rs:185:17:
[INFO] [stdout] assertion `left == right` failed
[INFO] [stdout]   left: [69, 114, 114, 111, 114, 58, 32, 114, 101, 102, 117, 115, 105, 110, 103, 32, 116, 111, 32, 116, 114, 117, 110, 99, 97, 116, 101, 32, 116, 111, 32, 48, 32, 114, 101, 99, 111, 114, 100, 115, 58, 32, 97, 32, 102, 105, 108, 101, 32, 111, 102, 32, 110, 111, 32, 102, 114, 97, 109, 101, 115, 32, 99, 97, 110, 110, 111, 116, 32, 98, 101, 32, 114, 101, 97, 100, 32, 98, 97, 99, 107, 10, 10, 83, 116, 97, 99, 107, 32, 98, 97, 99, 107, 116, 114, 97, 99, 101, 58, 10, 32, 32, 32, 48, 58, 32, 60, 97, 110, 121, 104, 111, 119, 58, 58, 69, 114, 114, 111, 114, 62, 58, 58, 109, 115, 103, 58, 58, 60, 38, 115, 116, 114, 62, 10, 32, 32, 32, 49, 58, 32, 115, 101, 101, 107, 122, 115, 116, 100, 115, 101, 112, 58, 58, 101, 100, 105, 116, 58, 58, 116, 114, 117, 110, 99, 97, 116, 101, 10, 32, 32, 32, 50, 58, 32, 115, 101, 101, 107, 122, 115, 116, 100, 115, 101, 112, 58, 58, 102, 105, 108, 101, 95, 117, 112, 100, 97, 116, 101, 58, 58, 99, 111, 112, 121, 95, 97, 110, 100, 95, 114, 101, 112, 108, 97, 99, 101, 58, 58, 60, 38, 115, 116, 100, 58, 58, 112, 97, 116, 104, 58, 58, 80, 97, 116, 104, 66, 117, 102, 44, 32, 115, 101, 101, 107, 122, 115, 116, 100, 115, 101, 112, 58, 58, 109, 97, 105, 110, 58, 58, 123, 99, 108, 111, 115, 117, 114, 101, 35, 48, 125, 62, 10, 32, 32, 32, 51, 58, 32, 115, 101, 101, 107, 122, 115, 116, 100, 115, 101, 112, 58, 58, 109, 97, 105, 110, 10, 32, 32, 32, 52, 58, 32, 115, 116, 100, 58, 58, 115, 121, 115, 58, 58, 98, 97, 99, 107, 116, 114, 97, 99, 101, 58, 58, 95, 95, 114, 117, 115, 116, 95, 98, 101, 103, 105, 110, 95, 115, 104, 111, 114, 116, 95, 98, 97, 99, 107, 116, 114, 97, 99, 101, 58, 58, 60, 102, 110, 40, 41, 32, 45, 62, 32, 99, 111, 114, 101, 58, 58, 114, 101, 115, 117, 108, 116, 58, 58, 82, 101, 115, 117, 108, 116, 60, 40, 41, 44, 32, 97, 110, 121, 104, 111, 119, 58, 58, 69, 114, 114, 111, 114, 62, 44, 32, 99, 111, 114, 101, 58, 58, 114, 101, 115, 117, 108, 116, 58, 58, 82, 101, 115, 117, 108, 116, 60, 40, 41, 44, 32, 97, 110, 121, 104, 111, 119, 58, 58, 69, 114, 114, 111, 114, 62, 62, 10, 32, 32, 32, 53, 58, 32, 115, 116, 100, 58, 58, 114, 116, 58, 58, 108, 97, 110, 103, 95, 115, 116, 97, 114, 116, 58, 58, 60, 99, 111, 114, 101, 58, 58, 114, 101, 115, 117, 108, 116, 58, 58, 82, 101, 115, 117, 108, 116, 60, 40, 41, 44, 32, 97, 110, 121, 104, 111, 119, 58, 58, 69, 114, 114, 111, 114, 62, 62, 58, 58, 123, 99, 108, 111, 115, 117, 114, 101, 35, 48, 125, 10, 32, 32, 32, 54, 58, 32, 115, 116, 100, 58, 58, 114, 116, 58, 58, 108, 97, 110, 103, 95, 115, 116, 97, 114, 116, 95, 105, 110, 116, 101, 114, 110, 97, 108, 10, 32, 32, 32, 55, 58, 32, 109, 97, 105, 110, 10, 32, 32, 32, 56, 58, 32, 60, 117, 110, 107, 110, 111, 119, 110, 62, 10, 32, 32, 32, 57, 58, 32, 95, 95, 108, 105, 98, 99, 95, 115, 116, 97, 114, 116, 95, 109, 97, 105, 110, 10, 32, 32, 49, 48, 58, 32, 95, 115, 116, 97, 114, 116, 10]
[INFO] [stdout]  right: [69, 114, 114, 111, 114, 58, 32, 114, 101, 102, 117, 115, 105, 110, 103, 32, 116, 111, 32, 116, 114, 117, 110, 99, 97, 116, 101, 32, 116, 111, 32, 48, 32, 114, 101, 99, 111, 114, 100, 115, 58, 32, 97, 32, 102, 105, 108, 101, 32, 111, 102, 32, 110, 111, 32, 102, 114, 97, 109, 101, 115, 32, 99, 97, 110, 110, 111, 116, 32, 98, 101, 32, 114, 101, 97, 100, 32, 98, 97, 99, 107, 10, 10, 83, 116, 97, 99, 107, 32, 98, 97, 99, 107, 116, 114, 97, 99, 101, 58, 10, 32, 32, 32, 48, 58, 32, 60, 97, 110, 121, 104, 111, 119, 58, 58, 69, 114, 114, 111, 114, 62, 58, 58, 109, 115, 103, 58, 58, 60, 38, 115, 116, 114, 62, 10, 32, 32, 32, 49, 58, 32, 115, 101, 101, 107, 122, 115, 116, 100, 115, 101, 112, 58, 58, 101, 100, 105, 116, 58, 58, 116, 114, 117, 110, 99, 97, 116, 101, 10, 32, 32, 32, 50, 58, 32, 115, 101, 101, 107, 122, 115, 116, 100, 115, 101, 112, 58, 58, 109, 97, 105, 110, 10, 32, 32, 32, 51, 58, 32, 115, 116, 100, 58, 58, 115, 121, 115, 58, 58, 98, 97, 99, 107, 116, 114, 97, 99, 101, 58, 58, 95, 95, 114, 117, 115, 116, 95, 98, 101, 103, 105, 110, 95, 115, 104, 111, 114, 116, 95, 98, 97, 99, 107, 116, 114, 97, 99, 101, 58, 58, 60, 102, 110, 40, 41, 32, 45, 62, 32, 99, 111, 114, 101, 58, 58, 114, 101, 115, 117, 108, 116, 58, 58, 82, 101, 115, 117, 108, 116, 60, 40, 41, 44, 32, 97, 110, 121, 104, 111, 119, 58, 58, 69, 114, 114, 111, 114, 62, 44, 32, 99, 111, 114, 101, 58, 58, 114, 101, 115, 117, 108, 116, 58, 58, 82, 101, 115, 117, 108, 116, 60, 40, 41, 44, 32, 97, 110, 121, 104, 111, 119, 58, 58, 69, 114, 114, 111, 114, 62, 62, 10, 32, 32, 32, 52, 58, 32, 115, 116, 100, 58, 58, 114, 116, 58, 58, 108, 97, 110, 103, 95, 115, 116, 97, 114, 116, 58, 58, 60, 99, 111, 114, 101, 58, 58, 114, 101, 115, 117, 108, 116, 58, 58, 82, 101, 115, 117, 108, 116, 60, 40, 41, 44, 32, 97, 110, 121, 104, 111, 119, 58, 58, 69, 114, 114, 111, 114, 62, 62, 58, 58, 123, 99, 108, 111, 115, 117, 114, 101, 35, 48, 125, 10, 32, 32, 32, 53, 58, 32, 115, 116, 100, 58, 58, 114, 116, 58, 58, 108, 97, 110, 103, 95, 115, 116, 97, 114, 116, 95, 105, 110, 116, 101, 114, 110, 97, 108, 10, 32, 32, 32, 54, 58, 32, 109, 97, 105, 110, 10, 32, 32, 32, 55, 58, 32, 60, 117, 110, 107, 110, 111, 119, 110, 62, 10, 32, 32, 32, 56, 58, 32, 95, 95, 108, 105, 98, 99, 95, 115, 116, 97, 114, 116, 95, 109, 97, 105, 110, 10, 32, 32, 32, 57, 58, 32, 95, 115, 116, 97, 114, 116, 10]
[INFO] [stdout] stack backtrace:
[INFO] [stdout]    0:     0x5ee7c61325a1 - <<std[617be2ca0a6fd877]::sys::backtrace::BacktraceLock>::print::DisplayBacktrace as core[a373ad73a504971]::fmt::Display>::fmt
[INFO] [stdout]    1:     0x5ee7c6148a5a - core[a373ad73a504971]::fmt::write
[INFO] [stdout]    2:     0x5ee7c61380cc - <alloc[2e1b2a31b91974c5]::vec::Vec<u8> as core[a373ad73a504971]::io::write::Write>::write_fmt
[INFO] [stdout]    3:     0x5ee7c610ae06 - std[617be2ca0a6fd877]::panicking::default_hook::{closure#0}
[INFO] [stdout]    4:     0x5ee7c6128b29 - std[617be2ca0a6fd877]::panicking::default_hook
[INFO] [stdout]    5:     0x5ee7c5f86fa0 - test[aada8e7e76ba119b]::test_main_inner::{closure#0}
[INFO] [stdout]    6:     0x5ee7c6128ce2 - std[617be2ca0a6fd877]::panicking::panic_with_hook
[INFO] [stdout]    7:     0x5ee7c610aeb2 - std[617be2ca0a6fd877]::panicking::panic_handler::{closure#0}
[INFO] [stdout]    8:     0x5ee7c61032e9 - std[617be2ca0a6fd877]::sys::backtrace::__rust_end_short_backtrace::<std[617be2ca0a6fd877]::panicking::panic_handler::{closure#0}, !>
[INFO] [stdout]    9:     0x5ee7c610bbcd - __rustc[ea4f61d10b84890b]::rust_begin_unwind
[INFO] [stdout]   10:     0x5ee7c61491bc - core[a373ad73a504971]::panicking::panic_fmt
[INFO] [stdout]   11:     0x5ee7c61490d3 - core[a373ad73a504971]::panicking::assert_failed_inner
[INFO] [stdout]   12:     0x5ee7c5f6ed3c - core[a373ad73a504971]::panicking::assert_failed::<alloc[2e1b2a31b91974c5]::vec::Vec<u8>, alloc[2e1b2a31b91974c5]::vec::Vec<u8>>
[INFO] [stdout]   13:     0x5ee7c5f57a4f - <cli[ea827c74fd2ce4a4]::test_truncate_copy_preserves_readers_and_existing_boundary_behavior::{closure#0} as core[a373ad73a504971]::ops::function::FnOnce<()>>::call_once
[INFO] [stdout]   14:     0x5ee7c5f7a3eb - test[aada8e7e76ba119b]::__rust_begin_short_backtrace::<core[a373ad73a504971]::result::Result<(), alloc[2e1b2a31b91974c5]::string::String>, fn() -> core[a373ad73a504971]::result::Result<(), alloc[2e1b2a31b91974c5]::string::String>>
[INFO] [stdout]   15:     0x5ee7c5f875c5 - test[aada8e7e76ba119b]::run_test::{closure#0}
[INFO] [stdout]   16:     0x5ee7c5f80eb4 - std[617be2ca0a6fd877]::sys::backtrace::__rust_begin_short_backtrace::<test[aada8e7e76ba119b]::run_test::{closure#1}, ()>
[INFO] [stdout]   17:     0x5ee7c5f8a652 - <std[617be2ca0a6fd877]::thread::lifecycle::spawn_unchecked<test[aada8e7e76ba119b]::run_test::{closure#1}, ()>::{closure#1} as core[a373ad73a504971]::ops::function::FnOnce<()>>::call_once::{shim:vtable#0}
[INFO] [stdout]   18:     0x5ee7c61314bf - <std[617be2ca0a6fd877]::sys::thread::unix::Thread>::new::thread_start
[INFO] [stdout]   19:     0x7c03e71abdfa - <unknown>
[INFO] [stdout]   20:     0x7c03e723f3d4 - clone
[INFO] [stdout]   21:                0x0 - <unknown>
[INFO] [stdout] 
[INFO] [stdout] 
[INFO] [stdout] failures:
[INFO] [stdout]     test_truncate_copy_preserves_readers_and_existing_boundary_behavior
[INFO] [stdout] 
[INFO] [stdout] test result: FAILED. 33 passed; 1 failed; 0 ignored; 0 measured; 0 filtered out; finished in 0.34s
[INFO] [stdout] 
[INFO] [stderr] error: test failed, to rerun pass `--test cli`
[INFO] running `Command { std: "docker" "inspect" "02916eb3d3af8142912315697be59ff9043d3d62eea3e660342a394a13088711", kill_on_drop: false }`
[INFO] running `Command { std: "docker" "rm" "-f" "02916eb3d3af8142912315697be59ff9043d3d62eea3e660342a394a13088711", kill_on_drop: false }`
[INFO] [stdout] 02916eb3d3af8142912315697be59ff9043d3d62eea3e660342a394a13088711
