[INFO] fetching crate seedlink-rs-client 0.4.0...
[INFO] testing seedlink-rs-client-0.4.0 against 1.100.0-beta.1+cargoflags=--release for beta-release-1.100-2
[INFO] extracting crate seedlink-rs-client 0.4.0 into /workspace/builds/worker-2-tc2/source
[INFO] started tweaking crates.io crate seedlink-rs-client 0.4.0
[INFO] removed 0 missing tests
[INFO] finished tweaking crates.io crate seedlink-rs-client 0.4.0
[INFO] tweaked toml for crates.io crate seedlink-rs-client 0.4.0 written to /workspace/builds/worker-2-tc2/source/Cargo.toml
[INFO] validating manifest of crates.io crate seedlink-rs-client 0.4.0 on toolchain 1.100.0-beta.1
[INFO] running `Command { std: CARGO_HOME="/workspace/cargo-home" RUSTUP_HOME="/workspace/rustup-home" "/workspace/cargo-home/bin/cargo" "+1.100.0-beta.1" "metadata" "--manifest-path" "Cargo.toml" "--no-deps", kill_on_drop: false }`
[INFO] crate crates.io crate seedlink-rs-client 0.4.0 already has a lockfile, it will not be regenerated
[INFO] running `Command { std: CARGO_HOME="/workspace/cargo-home" RUSTUP_HOME="/workspace/rustup-home" "/workspace/cargo-home/bin/cargo" "+1.100.0-beta.1" "fetch" "--manifest-path" "Cargo.toml", kill_on_drop: false }`
[INFO] running `Command { std: "docker" "create" "-v" "/var/lib/crater-agent-workspace/builds/worker-2-tc2/source:/opt/rustwide/workdir:ro,Z" "-v" "/var/lib/crater-agent-workspace/builds/worker-2-tc2/target:/opt/rustwide/target:rw,Z" "-v" "/var/lib/crater-agent-workspace/cargo-home:/opt/rustwide/cargo-home:ro,Z" "-v" "/var/lib/crater-agent-workspace/rustup-home:/opt/rustwide/rustup-home:ro,Z" "-m" "1610612736" "--network" "none" "ghcr.io/rust-lang/crates-build-env/linux@sha256:77db811e55d90add9212f6832c23229e3de5f1c1f9905e8cb07319ea15df73ac" "sleep" "infinity", kill_on_drop: false }`
[INFO] [stdout] fa68e3387ec8f8c197d45a72539224a89efd4993b003ced900a1a41270b60918
[INFO] running `Command { std: "docker" "start" "fa68e3387ec8f8c197d45a72539224a89efd4993b003ced900a1a41270b60918", kill_on_drop: false }`
[INFO] running `Command { std: "docker" "inspect" "fa68e3387ec8f8c197d45a72539224a89efd4993b003ced900a1a41270b60918", kill_on_drop: false }`
[INFO] running `Command { std: "docker" "exec" "-e" "SOURCE_DIR=/opt/rustwide/workdir" "-e" "CARGO_HOME=/opt/rustwide/cargo-home" "-e" "RUSTUP_HOME=/opt/rustwide/rustup-home" "-e" "CARGO_TARGET_DIR=/opt/rustwide/target" "-w" "/opt/rustwide/workdir" "--user" "0:0" "fa68e3387ec8f8c197d45a72539224a89efd4993b003ced900a1a41270b60918" "/opt/rustwide/cargo-home/bin/cargo" "+1.100.0-beta.1" "metadata" "--no-deps" "--format-version=1", kill_on_drop: false }`
[INFO] running `Command { std: "docker" "inspect" "fa68e3387ec8f8c197d45a72539224a89efd4993b003ced900a1a41270b60918", kill_on_drop: false }`
[INFO] running `Command { std: "docker" "exec" "-e" "SOURCE_DIR=/opt/rustwide/workdir" "-e" "CARGO_HOME=/opt/rustwide/cargo-home" "-e" "RUSTUP_HOME=/opt/rustwide/rustup-home" "-e" "CARGO_TARGET_DIR=/opt/rustwide/target" "-e" "CARGO_INCREMENTAL=0" "-e" "RUST_BACKTRACE=full" "-e" "RUSTFLAGS=--cap-lints=warn" "-e" "RUSTDOCFLAGS=--cap-lints=warn" "-w" "/opt/rustwide/workdir" "--user" "0:0" "fa68e3387ec8f8c197d45a72539224a89efd4993b003ced900a1a41270b60918" "/opt/rustwide/cargo-home/bin/cargo" "+1.100.0-beta.1" "build" "--frozen" "--message-format=json" "--release", kill_on_drop: false }`
[INFO] [stderr]    Compiling unicode-ident v1.0.23
[INFO] [stderr]    Compiling quote v1.0.44
[INFO] [stderr]    Compiling libc v0.2.181
[INFO] [stderr]    Compiling thiserror v2.0.18
[INFO] [stderr]    Compiling pin-project-lite v0.2.16
[INFO] [stderr]    Compiling smallvec v1.15.1
[INFO] [stderr]    Compiling once_cell v1.21.3
[INFO] [stderr]    Compiling futures-core v0.3.31
[INFO] [stderr]    Compiling proc-macro2 v1.0.106
[INFO] [stderr]    Compiling tracing-core v0.1.36
[INFO] [stderr]    Compiling syn v2.0.114
[INFO] [stderr]    Compiling errno v0.3.14
[INFO] [stderr]    Compiling parking_lot_core v0.9.12
[INFO] [stderr]    Compiling mio v1.1.1
[INFO] [stderr]    Compiling socket2 v0.6.2
[INFO] [stderr]    Compiling signal-hook-registry v1.4.8
[INFO] [stderr]    Compiling parking_lot v0.12.5
[INFO] [stderr]    Compiling thiserror-impl v2.0.18
[INFO] [stderr]    Compiling tokio-macros v2.6.0
[INFO] [stderr]    Compiling async-stream-impl v0.3.6
[INFO] [stderr]    Compiling tracing-attributes v0.1.31
[INFO] [stderr]    Compiling async-stream v0.3.6
[INFO] [stderr]    Compiling tokio v1.49.0
[INFO] [stderr]    Compiling tracing v0.1.44
[INFO] [stderr]    Compiling miniseed-rs v0.2.0
[INFO] [stderr]    Compiling seedlink-rs-protocol v0.4.0
[INFO] [stderr]    Compiling seedlink-rs-client v0.4.0 (/opt/rustwide/workdir)
[INFO] [stderr]     Finished `release` profile [optimized] target(s) in 21.76s
[INFO] running `Command { std: "docker" "inspect" "fa68e3387ec8f8c197d45a72539224a89efd4993b003ced900a1a41270b60918", kill_on_drop: false }`
[INFO] running `Command { std: "docker" "exec" "-e" "SOURCE_DIR=/opt/rustwide/workdir" "-e" "CARGO_HOME=/opt/rustwide/cargo-home" "-e" "RUSTUP_HOME=/opt/rustwide/rustup-home" "-e" "CARGO_TARGET_DIR=/opt/rustwide/target" "-e" "CARGO_INCREMENTAL=0" "-e" "RUST_BACKTRACE=full" "-e" "RUSTFLAGS=--cap-lints=warn" "-e" "RUSTDOCFLAGS=--cap-lints=warn" "-w" "/opt/rustwide/workdir" "--user" "0:0" "fa68e3387ec8f8c197d45a72539224a89efd4993b003ced900a1a41270b60918" "/opt/rustwide/cargo-home/bin/cargo" "+1.100.0-beta.1" "test" "--frozen" "--no-run" "--message-format=json" "--release", kill_on_drop: false }`
[INFO] [stderr]    Compiling zmij v1.0.20
[INFO] [stderr]    Compiling memchr v2.8.0
[INFO] [stderr]    Compiling itoa v1.0.17
[INFO] [stderr]    Compiling serde_derive v1.0.228
[INFO] [stderr]    Compiling tokio v1.49.0
[INFO] [stderr]    Compiling serde_json v1.0.149
[INFO] [stderr]    Compiling serde v1.0.228
[INFO] [stderr]    Compiling tokio-stream v0.1.18
[INFO] [stderr]    Compiling seedlink-rs-client v0.4.0 (/opt/rustwide/workdir)
[INFO] [stdout] warning: method `all` is never used
[INFO] [stdout]   --> src/mock.rs:58:12
[INFO] [stdout]    |
[INFO] [stdout] 55 | impl CapturedCommands {
[INFO] [stdout]    | --------------------- method in this implementation
[INFO] [stdout] ...
[INFO] [stdout] 58 |     pub fn all(&self) -> Vec<Vec<String>> {
[INFO] [stdout]    |            ^^^
[INFO] [stdout]    |
[INFO] [stdout]    = note: `#[warn(dead_code)]` (part of `#[warn(unused)]`) on by default
[INFO] [stdout] 
[INFO] [stdout] 
[INFO] [stderr]     Finished `release` profile [optimized] target(s) in 22.92s
[INFO] running `Command { std: "docker" "inspect" "fa68e3387ec8f8c197d45a72539224a89efd4993b003ced900a1a41270b60918", kill_on_drop: false }`
[INFO] running `Command { std: "docker" "exec" "-e" "SOURCE_DIR=/opt/rustwide/workdir" "-e" "CARGO_HOME=/opt/rustwide/cargo-home" "-e" "RUSTUP_HOME=/opt/rustwide/rustup-home" "-e" "CARGO_TARGET_DIR=/opt/rustwide/target" "-e" "CARGO_INCREMENTAL=0" "-e" "RUST_BACKTRACE=full" "-e" "RUSTFLAGS=--cap-lints=warn" "-e" "RUSTDOCFLAGS=--cap-lints=warn" "-w" "/opt/rustwide/workdir" "--user" "0:0" "fa68e3387ec8f8c197d45a72539224a89efd4993b003ced900a1a41270b60918" "/opt/rustwide/cargo-home/bin/cargo" "+1.100.0-beta.1" "test" "--frozen" "--release", kill_on_drop: false }`
[INFO] [stderr] warning: method `all` is never used
[INFO] [stderr]   --> src/mock.rs:58:12
[INFO] [stderr]    |
[INFO] [stderr] 55 | impl CapturedCommands {
[INFO] [stderr]    | --------------------- method in this implementation
[INFO] [stderr] ...
[INFO] [stderr] 58 |     pub fn all(&self) -> Vec<Vec<String>> {
[INFO] [stderr]    |            ^^^
[INFO] [stderr]    |
[INFO] [stderr]    = note: `#[warn(dead_code)]` (part of `#[warn(unused)]`) on by default
[INFO] [stderr] 
[INFO] [stderr] warning: `seedlink-rs-client` (lib test) generated 1 warning
[INFO] [stderr]     Finished `release` profile [optimized] target(s) in 0.07s
[INFO] [stderr]      Running unittests src/lib.rs (/opt/rustwide/target/release/build/seedlink-rs-client/8218deac6a250047/out/seedlink_rs_client-8218deac6a250047)
[INFO] [stdout] 
[INFO] [stdout] running 47 tests
[INFO] [stdout] test client::tests::bye ... ok
[INFO] [stdout] test client::tests::v3_station_select_data_end_flow ... ok
[INFO] [stdout] test client::tests::next_frame_returns_none_on_eof ... ok
[INFO] [stdout] test client::tests::connect_no_prefer_v4 ... ok
[INFO] [stdout] test client::tests::time_window_with_end ... ok
[INFO] [stdout] test client::tests::data_from_resume ... ok
[INFO] [stdout] test client::tests::time_window_v3_flow ... ok
[INFO] [stdout] test client::tests::v3_fetch_flow ... ok
[INFO] [stdout] test client::tests::state_machine_enforcement ... ok
[INFO] [stdout] test connection::tests::read_line_disconnected ... ok
[INFO] [stdout] test client::tests::hello_v3 ... ok
[INFO] [stdout] test client::tests::hello_v4_negotiation ... ok
[INFO] [stdout] test connection::tests::read_v3_frame ... ok
[INFO] [stdout] test connection::tests::read_v4_frame ... ok
[INFO] [stdout] test client::tests::v4_fallback_to_v3 ... ok
[INFO] [stdout] test connection::tests::send_and_read_line ... ok
[INFO] [stdout] test negotiate::tests::parse_no_separator_no_caps ... ok
[INFO] [stdout] test connection::tests::send_command ... ok
[INFO] [stdout] test client::tests::time_window_requires_configured ... ok
[INFO] [stdout] test negotiate::tests::parse_empty_extra ... ok
[INFO] [stdout] test negotiate::tests::parse_multiple_capabilities ... ok
[INFO] [stdout] test negotiate::tests::parse_no_separator_with_caps ... ok
[INFO] [stdout] test negotiate::tests::parse_separator_but_empty_right ... ok
[INFO] [stdout] test negotiate::tests::parse_with_v4 ... ok
[INFO] [stdout] test negotiate::tests::supports_v4_empty ... ok
[INFO] [stdout] test negotiate::tests::parse_without_v4 ... ok
[INFO] [stdout] test connection::tests::connect_timeout ... FAILED
[INFO] [stdout] test client::tests::server_error_on_station ... ok
[INFO] [stdout] test state::tests::decode_zeroed_payload_returns_err ... ok
[INFO] [stdout] test state::tests::as_raw_frame_roundtrip ... ok
[INFO] [stdout] test connection::tests::read_exact_partial ... ok
[INFO] [stdout] test connection::tests::read_line_then_v3_frame ... ok
[INFO] [stdout] test stream::tests::stream_ends_on_eof ... ok
[INFO] [stdout] test stream::tests::stream_collect_all ... ok
[INFO] [stdout] test stream::tests::stream_yields_frames ... ok
[INFO] [stdout] test reconnect::tests::reconnect_on_disconnect ... ok
[INFO] [stdout] test reconnect::tests::reconnect_multi_station_resumes_each_sequence ... ok
[INFO] [stdout] test reconnect::tests::reconnect_resumes_sequence_verified_on_wire ... ok
[INFO] [stdout] test reconnect::tests::reconnect_into_stream ... ok
[INFO] [stdout] test reconnect::tests::reconnect_dedup_skips_all_duplicates ... ok
[INFO] [stdout] test reconnect::tests::reconnect_max_attempts ... ok
[INFO] [stdout] test client::tests::v3_sequence_tracking ... ok
[INFO] [stdout] test client::tests::v3_station_data_end_flow ... ok
[INFO] [stdout] test client::tests::v4_station_select_data_end_flow ... ok
[INFO] [stdout] test client::tests::v4_sequence_tracking ... ok
[INFO] [stdout] test connection::tests::read_timeout_triggers ... ok
[INFO] [stdout] test client::tests::multi_station_end_stream ... ok
[INFO] [stdout] 
[INFO] [stdout] failures:
[INFO] [stdout] 
[INFO] [stdout] ---- connection::tests::connect_timeout stdout ----
[INFO] [stdout] 
[INFO] [stdout] thread 'connection::tests::connect_timeout' (940) panicked at src/connection.rs:218:9:
[INFO] [stdout] assertion failed: matches!(result, Err(ClientError::Timeout(_)))
[INFO] [stdout] stack backtrace:
[INFO] [stdout]    0:     0x6282b2509b11 - <<std[617be2ca0a6fd877]::sys::backtrace::BacktraceLock>::print::DisplayBacktrace as core[a373ad73a504971]::fmt::Display>::fmt
[INFO] [stdout]    1:     0x6282b251f50a - core[a373ad73a504971]::fmt::write
[INFO] [stdout]    2:     0x6282b250e2cc - <alloc[2e1b2a31b91974c5]::vec::Vec<u8> as core[a373ad73a504971]::io::write::Write>::write_fmt
[INFO] [stdout]    3:     0x6282b24e50d6 - std[617be2ca0a6fd877]::panicking::default_hook::{closure#0}
[INFO] [stdout]    4:     0x6282b2501b29 - std[617be2ca0a6fd877]::panicking::default_hook
[INFO] [stdout]    5:     0x6282b246d8a0 - test[aada8e7e76ba119b]::test_main_inner::{closure#0}
[INFO] [stdout]    6:     0x6282b2501e52 - std[617be2ca0a6fd877]::panicking::panic_with_hook
[INFO] [stdout]    7:     0x6282b24e51b4 - std[617be2ca0a6fd877]::panicking::panic_handler::{closure#0}
[INFO] [stdout]    8:     0x6282b24ddde9 - std[617be2ca0a6fd877]::sys::backtrace::__rust_end_short_backtrace::<std[617be2ca0a6fd877]::panicking::panic_handler::{closure#0}, !>
[INFO] [stdout]    9:     0x6282b24e5f7d - __rustc[ea4f61d10b84890b]::rust_begin_unwind
[INFO] [stdout]   10:     0x6282b251fc6c - core[a373ad73a504971]::panicking::panic_fmt
[INFO] [stdout]   11:     0x6282b251fc32 - core[a373ad73a504971]::panicking::panic
[INFO] [stdout]   12:     0x6282b24482ac - seedlink_rs_client[949fc93427ca39e]::connection::tests::connect_timeout::{closure#0}
[INFO] [stdout]   13:     0x6282b245b2d8 - <tokio[e6af01783f459760]::runtime::context::scoped::Scoped<tokio[e6af01783f459760]::runtime::scheduler::Context>>::set::<<tokio[e6af01783f459760]::runtime::scheduler::current_thread::CoreGuard>::enter<<tokio[e6af01783f459760]::runtime::scheduler::current_thread::CoreGuard>::block_on<core[a373ad73a504971]::pin::Pin<&mut core[a373ad73a504971]::pin::Pin<&mut dyn core[a373ad73a504971]::future::future::Future<Output = ()>>>>::{closure#0}, core[a373ad73a504971]::option::Option<()>>::{closure#0}, (alloc[2e1b2a31b91974c5]::boxed::Box<tokio[e6af01783f459760]::runtime::scheduler::current_thread::Core>, core[a373ad73a504971]::option::Option<()>)>
[INFO] [stdout]   14:     0x6282b245ad6b - <tokio[e6af01783f459760]::runtime::runtime::Runtime>::block_on::<core[a373ad73a504971]::pin::Pin<&mut dyn core[a373ad73a504971]::future::future::Future<Output = ()>>>
[INFO] [stdout]   15:     0x6282b244aa9e - <seedlink_rs_client[949fc93427ca39e]::connection::tests::connect_timeout::{closure#0} as core[a373ad73a504971]::ops::function::FnOnce<()>>::call_once
[INFO] [stdout]   16:     0x6282b2460ceb - test[aada8e7e76ba119b]::__rust_begin_short_backtrace::<core[a373ad73a504971]::result::Result<(), alloc[2e1b2a31b91974c5]::string::String>, fn() -> core[a373ad73a504971]::result::Result<(), alloc[2e1b2a31b91974c5]::string::String>>
[INFO] [stdout]   17:     0x6282b246dec5 - test[aada8e7e76ba119b]::run_test::{closure#0}
[INFO] [stdout]   18:     0x6282b24677b4 - std[617be2ca0a6fd877]::sys::backtrace::__rust_begin_short_backtrace::<test[aada8e7e76ba119b]::run_test::{closure#1}, ()>
[INFO] [stdout]   19:     0x6282b2470f52 - <std[617be2ca0a6fd877]::thread::lifecycle::spawn_unchecked<test[aada8e7e76ba119b]::run_test::{closure#1}, ()>::{closure#1} as core[a373ad73a504971]::ops::function::FnOnce<()>>::call_once::{shim:vtable#0}
[INFO] [stdout]   20:     0x6282b2508fbf - <std[617be2ca0a6fd877]::sys::thread::unix::Thread>::new::thread_start
[INFO] [stdout]   21:     0x7ca05b352dfa - <unknown>
[INFO] [stdout]   22:     0x7ca05b3e63d4 - clone
[INFO] [stdout]   23:                0x0 - <unknown>
[INFO] [stdout] 
[INFO] [stdout] 
[INFO] [stdout] failures:
[INFO] [stdout]     connection::tests::connect_timeout
[INFO] [stdout] 
[INFO] [stdout] test result: FAILED. 46 passed; 1 failed; 0 ignored; 0 measured; 0 filtered out; finished in 0.06s
[INFO] [stdout] 
[INFO] [stderr] error: test failed, to rerun pass `--lib`
[INFO] running `Command { std: "docker" "inspect" "fa68e3387ec8f8c197d45a72539224a89efd4993b003ced900a1a41270b60918", kill_on_drop: false }`
[INFO] running `Command { std: "docker" "rm" "-f" "fa68e3387ec8f8c197d45a72539224a89efd4993b003ced900a1a41270b60918", kill_on_drop: false }`
[INFO] [stdout] fa68e3387ec8f8c197d45a72539224a89efd4993b003ced900a1a41270b60918
