[INFO] fetching crate seda-sdk-rs 1.4.0...
[INFO] testing seda-sdk-rs-1.4.0 against 1.100.0-beta.1+cargoflags=--release for beta-release-1.100-2
[INFO] extracting crate seda-sdk-rs 1.4.0 into /workspace/builds/worker-4-tc2/source
[INFO] started tweaking crates.io crate seda-sdk-rs 1.4.0
[INFO] finished tweaking crates.io crate seda-sdk-rs 1.4.0
[INFO] tweaked toml for crates.io crate seda-sdk-rs 1.4.0 written to /workspace/builds/worker-4-tc2/source/Cargo.toml
[INFO] validating manifest of crates.io crate seda-sdk-rs 1.4.0 on toolchain 1.100.0-beta.1
[INFO] running `Command { std: CARGO_HOME="/workspace/cargo-home" RUSTUP_HOME="/workspace/rustup-home" "/workspace/cargo-home/bin/cargo" "+1.100.0-beta.1" "metadata" "--manifest-path" "Cargo.toml" "--no-deps", kill_on_drop: false }`
[INFO] crate crates.io crate seda-sdk-rs 1.4.0 already has a lockfile, it will not be regenerated
[INFO] running `Command { std: CARGO_HOME="/workspace/cargo-home" RUSTUP_HOME="/workspace/rustup-home" "/workspace/cargo-home/bin/cargo" "+1.100.0-beta.1" "fetch" "--manifest-path" "Cargo.toml", kill_on_drop: false }`
[INFO] running `Command { std: "docker" "create" "-v" "/var/lib/crater-agent-workspace/builds/worker-4-tc2/source:/opt/rustwide/workdir:ro,Z" "-v" "/var/lib/crater-agent-workspace/builds/worker-4-tc2/target:/opt/rustwide/target:rw,Z" "-v" "/var/lib/crater-agent-workspace/cargo-home:/opt/rustwide/cargo-home:ro,Z" "-v" "/var/lib/crater-agent-workspace/rustup-home:/opt/rustwide/rustup-home:ro,Z" "-m" "1610612736" "--network" "none" "ghcr.io/rust-lang/crates-build-env/linux@sha256:77db811e55d90add9212f6832c23229e3de5f1c1f9905e8cb07319ea15df73ac" "sleep" "infinity", kill_on_drop: false }`
[INFO] [stdout] d4e10eca353809ab01653cbfe153d856f3af1a3d049dd31a86a9ec85aef0e816
[INFO] running `Command { std: "docker" "start" "d4e10eca353809ab01653cbfe153d856f3af1a3d049dd31a86a9ec85aef0e816", kill_on_drop: false }`
[INFO] running `Command { std: "docker" "inspect" "d4e10eca353809ab01653cbfe153d856f3af1a3d049dd31a86a9ec85aef0e816", kill_on_drop: false }`
[INFO] running `Command { std: "docker" "exec" "-e" "SOURCE_DIR=/opt/rustwide/workdir" "-e" "CARGO_HOME=/opt/rustwide/cargo-home" "-e" "RUSTUP_HOME=/opt/rustwide/rustup-home" "-e" "CARGO_TARGET_DIR=/opt/rustwide/target" "-w" "/opt/rustwide/workdir" "--user" "0:0" "d4e10eca353809ab01653cbfe153d856f3af1a3d049dd31a86a9ec85aef0e816" "/opt/rustwide/cargo-home/bin/cargo" "+1.100.0-beta.1" "metadata" "--no-deps" "--format-version=1", kill_on_drop: false }`
[INFO] running `Command { std: "docker" "inspect" "d4e10eca353809ab01653cbfe153d856f3af1a3d049dd31a86a9ec85aef0e816", kill_on_drop: false }`
[INFO] running `Command { std: "docker" "exec" "-e" "SOURCE_DIR=/opt/rustwide/workdir" "-e" "CARGO_HOME=/opt/rustwide/cargo-home" "-e" "RUSTUP_HOME=/opt/rustwide/rustup-home" "-e" "CARGO_TARGET_DIR=/opt/rustwide/target" "-e" "CARGO_INCREMENTAL=0" "-e" "RUST_BACKTRACE=full" "-e" "RUSTFLAGS=--cap-lints=warn" "-e" "RUSTDOCFLAGS=--cap-lints=warn" "-w" "/opt/rustwide/workdir" "--user" "0:0" "d4e10eca353809ab01653cbfe153d856f3af1a3d049dd31a86a9ec85aef0e816" "/opt/rustwide/cargo-home/bin/cargo" "+1.100.0-beta.1" "build" "--frozen" "--message-format=json" "--release", kill_on_drop: false }`
[INFO] [stderr]    Compiling syn v3.0.9
[INFO] [stderr]    Compiling dtor-proc-macro v0.0.5
[INFO] [stderr]    Compiling ctor-proc-macro v0.0.6
[INFO] [stderr]    Compiling seda-sdk-macros v1.0.0
[INFO] [stderr]    Compiling const-hex v1.19.3
[INFO] [stderr]    Compiling dtor v0.0.6
[INFO] [stderr]    Compiling ctor v0.4.3
[INFO] [stderr]    Compiling serde_derive v1.0.229
[INFO] [stderr]    Compiling thiserror-impl v2.0.21
[INFO] [stderr]    Compiling thiserror v2.0.21
[INFO] [stderr]    Compiling serde v1.0.229
[INFO] [stderr]    Compiling seda-sdk-rs v1.4.0 (/opt/rustwide/workdir)
[INFO] [stderr]     Finished `release` profile [optimized] target(s) in 8.83s
[INFO] running `Command { std: "docker" "inspect" "d4e10eca353809ab01653cbfe153d856f3af1a3d049dd31a86a9ec85aef0e816", kill_on_drop: false }`
[INFO] running `Command { std: "docker" "exec" "-e" "SOURCE_DIR=/opt/rustwide/workdir" "-e" "CARGO_HOME=/opt/rustwide/cargo-home" "-e" "RUSTUP_HOME=/opt/rustwide/rustup-home" "-e" "CARGO_TARGET_DIR=/opt/rustwide/target" "-e" "CARGO_INCREMENTAL=0" "-e" "RUST_BACKTRACE=full" "-e" "RUSTFLAGS=--cap-lints=warn" "-e" "RUSTDOCFLAGS=--cap-lints=warn" "-w" "/opt/rustwide/workdir" "--user" "0:0" "d4e10eca353809ab01653cbfe153d856f3af1a3d049dd31a86a9ec85aef0e816" "/opt/rustwide/cargo-home/bin/cargo" "+1.100.0-beta.1" "test" "--frozen" "--no-run" "--message-format=json" "--release", kill_on_drop: false }`
[INFO] [stderr]    Compiling seda-sdk-rs v1.4.0 (/opt/rustwide/workdir)
[INFO] [stderr]     Finished `release` profile [optimized] target(s) in 0.75s
[INFO] running `Command { std: "docker" "inspect" "d4e10eca353809ab01653cbfe153d856f3af1a3d049dd31a86a9ec85aef0e816", kill_on_drop: false }`
[INFO] running `Command { std: "docker" "exec" "-e" "SOURCE_DIR=/opt/rustwide/workdir" "-e" "CARGO_HOME=/opt/rustwide/cargo-home" "-e" "RUSTUP_HOME=/opt/rustwide/rustup-home" "-e" "CARGO_TARGET_DIR=/opt/rustwide/target" "-e" "CARGO_INCREMENTAL=0" "-e" "RUST_BACKTRACE=full" "-e" "RUSTFLAGS=--cap-lints=warn" "-e" "RUSTDOCFLAGS=--cap-lints=warn" "-w" "/opt/rustwide/workdir" "--user" "0:0" "d4e10eca353809ab01653cbfe153d856f3af1a3d049dd31a86a9ec85aef0e816" "/opt/rustwide/cargo-home/bin/cargo" "+1.100.0-beta.1" "test" "--frozen" "--release", kill_on_drop: false }`
[INFO] [stderr]     Finished `release` profile [optimized] target(s) in 0.05s
[INFO] [stderr]      Running unittests src/lib.rs (/opt/rustwide/target/release/build/seda-sdk-rs/28787fb49e710f70/out/seda_sdk_rs-28787fb49e710f70)
[INFO] [stdout] 
[INFO] [stdout] running 4 tests
[INFO] [stdout] test bytes::tests::bool_from_bytes_vec_matches_from_bytes ... ok
[INFO] [stdout] test bytes::tests::bool_from_bytes_accepts_exactly_one_byte ... ok
[INFO] [stdout] test bytes::tests::bool_from_bytes_rejects_other_lengths ... ok
[INFO] [stdout] test bytes::tests::bool_from_bytes_rejects_non_boolean_values ... ok
[INFO] [stdout] 
[INFO] [stdout] test result: ok. 4 passed; 0 failed; 0 ignored; 0 measured; 0 filtered out; finished in 0.01s
[INFO] [stdout] 
[INFO] [stderr]    Doc-tests seda_sdk_rs
[INFO] [stdout] 
[INFO] [stdout] running 36 tests
[INFO] [stdout] test src/process.rs - process (line 8) - compile ... ok
[INFO] [stdout] test src/keccak256.rs - keccak256::keccak256 (line 13) - compile ... ok
[INFO] [stdout] test src/process.rs - process::Process::error (line 152) - compile ... ok
[INFO] [stdout] test src/http.rs - http::http_fetch (line 226) - compile ... ok
[INFO] [stdout] test src/process.rs - process::Process::exit (line 228) - compile ... ok
[INFO] [stdout] test src/process.rs - process::Process::args (line 38) ... ok
[INFO] [stdout] test src/bytes.rs - bytes::FromBytes::from_bytes_vec (line 148) ... ok
[INFO] [stdout] test src/bytes.rs - bytes::FromBytes::from_bytes (line 127) ... ok
[INFO] [stdout] test src/process.rs - process::Process::exit_with_result (line 213) - compile ... ok
[INFO] [stdout] test src/process.rs - process::Process::get_inputs (line 78) - compile ... ok
[INFO] [stdout] test src/bytes.rs - bytes::Bytes::eject (line 26) ... ok
[INFO] [stdout] test src/http.rs - http::HttpFetchResponse::is_ok (line 113) ... ok
[INFO] [stdout] test src/log.rs - log::elog (line 88) ... ok
[INFO] [stdout] test src/process.rs - process::Process::is_dr_vm_mode (line 122) - compile ... ok
[INFO] [stdout] test src/process.rs - process::Process::replication_factor (line 174) - compile ... ok
[INFO] [stdout] test src/log.rs - log::log (line 62) ... ok
[INFO] [stdout] test src/log.rs - log::debug (line 22) ... ok
[INFO] [stdout] test src/process.rs - process::Process::success (line 138) - compile ... ok
[INFO] [stdout] test src/http.rs - http::HttpFetchResponse::proxy_verification (line 145) - compile ... FAILED
[INFO] [stdout] test src/process.rs - process::Process::exit_with_message (line 195) - compile ... ok
[INFO] [stdout] test src/bytes.rs - bytes::ToBytes::to_bytes (line 61) ... ok
[INFO] [stdout] test src/secp256k1.rs - secp256k1::secp256k1_verify (line 19) - compile ... ok
[INFO] [stdout] test src/bytes.rs - bytes::bytes_serde_json (line 223) ... ok
[INFO] [stdout] test src/proxy_http_fetch.rs - proxy_http_fetch::generate_proxy_http_signing_message (line 114) - compile ... ok
[INFO] [stdout] test src/storage.rs - storage::insert (line 100) - compile ... ok
[INFO] [stdout] test src/proxy_http_fetch.rs - proxy_http_fetch::proxy_http_fetch (line 39) - compile ... ok
[INFO] [stdout] test src/tally.rs - tally::get_reveals (line 107) - compile ... ok
[INFO] [stdout] test src/storage.rs - storage::get (line 225) - compile ... ok
[INFO] [stdout] test src/process.rs - process::Process::is_tally_vm_mode (line 106) ... ok
[INFO] [stdout] test src/storage.rs - storage::insert_many (line 59) - compile ... ok
[INFO] [stdout] test src/log.rs - log::debug (line 11) ... ok
[INFO] [stdout] test src/tally.rs - tally::get_unfiltered_reveals (line 49) - compile ... ok
[INFO] [stdout] test src/promise.rs - promise::PromiseStatus::fulfilled (line 38) ... ok
[INFO] [stdout] test src/storage.rs - storage::get_many (line 171) - compile ... ok
[INFO] [stdout] test src/process.rs - process::Process::envs (line 53) ... ok
[INFO] [stdout] test src/promise.rs - promise::PromiseStatus::parse (line 63) ... ok
[INFO] [stdout] 
[INFO] [stdout] failures:
[INFO] [stdout] 
[INFO] [stdout] ---- src/http.rs - http::HttpFetchResponse::proxy_verification (line 145) stdout ----
[INFO] [stdout] error[E0308]: mismatched types
[INFO] [stdout]    --> src/http.rs:151:14
[INFO] [stdout]     |
[INFO] [stdout] 151 |     headers: BTreeMap::from([("x-seda-signature", "signature"), ("x-seda-publickey", "publickey")]),
[INFO] [stdout]     |              ^^^^^^^^^^^^^^^^^^^^^^^^^^^^^^^^^^^^^^^^^^^^^^^^^^^^^^^^^^^^^^^^^^^^^^^^^^^^^^^^^^^^^^ expected `BTreeMap<String, String>`, found `BTreeMap<&str, &str>`
[INFO] [stdout]     |
[INFO] [stdout]     = note: expected struct `BTreeMap<String, String>`
[INFO] [stdout]                found struct `BTreeMap<&str, &str>`
[INFO] [stdout] 
[INFO] [stdout] error: aborting due to 1 previous error
[INFO] [stdout] 
[INFO] [stdout] For more information about this error, try `rustc --explain E0308`.
[INFO] [stdout] Couldn't compile the test.
[INFO] [stdout] 
[INFO] [stdout] failures:
[INFO] [stdout]     src/http.rs - http::HttpFetchResponse::proxy_verification (line 145)
[INFO] [stdout] 
[INFO] [stdout] test result: FAILED. 35 passed; 1 failed; 0 ignored; 0 measured; 0 filtered out; finished in 1.07s
[INFO] [stdout] 
[INFO] [stderr] error: doctest failed, to rerun pass `--doc`
[INFO] running `Command { std: "docker" "inspect" "d4e10eca353809ab01653cbfe153d856f3af1a3d049dd31a86a9ec85aef0e816", kill_on_drop: false }`
[INFO] running `Command { std: "docker" "rm" "-f" "d4e10eca353809ab01653cbfe153d856f3af1a3d049dd31a86a9ec85aef0e816", kill_on_drop: false }`
[INFO] [stdout] d4e10eca353809ab01653cbfe153d856f3af1a3d049dd31a86a9ec85aef0e816
