[INFO] fetching crate security_core 0.3.0...
[INFO] testing security_core-0.3.0 against 1.100.0-beta.1+cargoflags=--release for beta-release-1.100-2
[INFO] extracting crate security_core 0.3.0 into /workspace/builds/worker-2-tc2/source
[INFO] started tweaking crates.io crate security_core 0.3.0
[INFO] removed 0 missing tests
[INFO] finished tweaking crates.io crate security_core 0.3.0
[INFO] tweaked toml for crates.io crate security_core 0.3.0 written to /workspace/builds/worker-2-tc2/source/Cargo.toml
[INFO] validating manifest of crates.io crate security_core 0.3.0 on toolchain 1.100.0-beta.1
[INFO] running `Command { std: CARGO_HOME="/workspace/cargo-home" RUSTUP_HOME="/workspace/rustup-home" "/workspace/cargo-home/bin/cargo" "+1.100.0-beta.1" "metadata" "--manifest-path" "Cargo.toml" "--no-deps", kill_on_drop: false }`
[INFO] crate crates.io crate security_core 0.3.0 already has a lockfile, it will not be regenerated
[INFO] running `Command { std: CARGO_HOME="/workspace/cargo-home" RUSTUP_HOME="/workspace/rustup-home" "/workspace/cargo-home/bin/cargo" "+1.100.0-beta.1" "fetch" "--manifest-path" "Cargo.toml", kill_on_drop: false }`
[INFO] running `Command { std: "docker" "create" "-v" "/var/lib/crater-agent-workspace/builds/worker-2-tc2/source:/opt/rustwide/workdir:ro,Z" "-v" "/var/lib/crater-agent-workspace/builds/worker-2-tc2/target:/opt/rustwide/target:rw,Z" "-v" "/var/lib/crater-agent-workspace/cargo-home:/opt/rustwide/cargo-home:ro,Z" "-v" "/var/lib/crater-agent-workspace/rustup-home:/opt/rustwide/rustup-home:ro,Z" "-m" "1610612736" "--network" "none" "ghcr.io/rust-lang/crates-build-env/linux@sha256:77db811e55d90add9212f6832c23229e3de5f1c1f9905e8cb07319ea15df73ac" "sleep" "infinity", kill_on_drop: false }`
[INFO] [stdout] b3c9518332f0b9553de26760f39d085baf9bedf5dee1f8f45645d9cf5ccb36e8
[INFO] running `Command { std: "docker" "start" "b3c9518332f0b9553de26760f39d085baf9bedf5dee1f8f45645d9cf5ccb36e8", kill_on_drop: false }`
[INFO] running `Command { std: "docker" "inspect" "b3c9518332f0b9553de26760f39d085baf9bedf5dee1f8f45645d9cf5ccb36e8", kill_on_drop: false }`
[INFO] running `Command { std: "docker" "exec" "-e" "SOURCE_DIR=/opt/rustwide/workdir" "-e" "CARGO_HOME=/opt/rustwide/cargo-home" "-e" "RUSTUP_HOME=/opt/rustwide/rustup-home" "-e" "CARGO_TARGET_DIR=/opt/rustwide/target" "-w" "/opt/rustwide/workdir" "--user" "0:0" "b3c9518332f0b9553de26760f39d085baf9bedf5dee1f8f45645d9cf5ccb36e8" "/opt/rustwide/cargo-home/bin/cargo" "+1.100.0-beta.1" "metadata" "--no-deps" "--format-version=1", kill_on_drop: false }`
[INFO] running `Command { std: "docker" "inspect" "b3c9518332f0b9553de26760f39d085baf9bedf5dee1f8f45645d9cf5ccb36e8", kill_on_drop: false }`
[INFO] running `Command { std: "docker" "exec" "-e" "SOURCE_DIR=/opt/rustwide/workdir" "-e" "CARGO_HOME=/opt/rustwide/cargo-home" "-e" "RUSTUP_HOME=/opt/rustwide/rustup-home" "-e" "CARGO_TARGET_DIR=/opt/rustwide/target" "-e" "CARGO_INCREMENTAL=0" "-e" "RUST_BACKTRACE=full" "-e" "RUSTFLAGS=--cap-lints=warn" "-e" "RUSTDOCFLAGS=--cap-lints=warn" "-w" "/opt/rustwide/workdir" "--user" "0:0" "b3c9518332f0b9553de26760f39d085baf9bedf5dee1f8f45645d9cf5ccb36e8" "/opt/rustwide/cargo-home/bin/cargo" "+1.100.0-beta.1" "build" "--frozen" "--message-format=json" "--release", kill_on_drop: false }`
[INFO] [stderr]    Compiling libc v0.2.186
[INFO] [stderr]    Compiling time-core v0.1.8
[INFO] [stderr]    Compiling num-conv v0.2.1
[INFO] [stderr]    Compiling syn v2.0.117
[INFO] [stderr]    Compiling deranged v0.5.8
[INFO] [stderr]    Compiling time v0.3.47
[INFO] [stderr]    Compiling getrandom v0.4.2
[INFO] [stderr]    Compiling uuid v1.23.1
[INFO] [stderr]    Compiling derive_more-impl v1.0.0
[INFO] [stderr]    Compiling serde_derive v1.0.228
[INFO] [stderr]    Compiling derive_more v1.0.0
[INFO] [stderr]    Compiling serde v1.0.228
[INFO] [stderr]    Compiling security_core v0.3.0 (/opt/rustwide/workdir)
[INFO] [stderr] warning: unused dependency `derive_more`
[INFO] [stderr]  --> Cargo.toml:1:15
[INFO] [stderr]   |
[INFO] [stderr] 1 | [dependencies.derive_more]
[INFO] [stderr]   |               ^^^^^^^^^^^^
[INFO] [stderr]   |
[INFO] [stderr]   = note: `cargo::unused_dependencies` is set to `warn` by default
[INFO] [stderr] help: consider removing the dependency on `derive_more`
[INFO] [stderr] warning: `security_core` (manifest) generated 1 warning
[INFO] [stderr]     Finished `release` profile [optimized] target(s) in 16.87s
[INFO] running `Command { std: "docker" "inspect" "b3c9518332f0b9553de26760f39d085baf9bedf5dee1f8f45645d9cf5ccb36e8", kill_on_drop: false }`
[INFO] running `Command { std: "docker" "exec" "-e" "SOURCE_DIR=/opt/rustwide/workdir" "-e" "CARGO_HOME=/opt/rustwide/cargo-home" "-e" "RUSTUP_HOME=/opt/rustwide/rustup-home" "-e" "CARGO_TARGET_DIR=/opt/rustwide/target" "-e" "CARGO_INCREMENTAL=0" "-e" "RUST_BACKTRACE=full" "-e" "RUSTFLAGS=--cap-lints=warn" "-e" "RUSTDOCFLAGS=--cap-lints=warn" "-w" "/opt/rustwide/workdir" "--user" "0:0" "b3c9518332f0b9553de26760f39d085baf9bedf5dee1f8f45645d9cf5ccb36e8" "/opt/rustwide/cargo-home/bin/cargo" "+1.100.0-beta.1" "test" "--frozen" "--no-run" "--message-format=json" "--release", kill_on_drop: false }`
[INFO] [stderr]    Compiling syn v2.0.117
[INFO] [stderr]    Compiling num-conv v0.2.1
[INFO] [stderr]    Compiling time-core v0.1.8
[INFO] [stderr]    Compiling getrandom v0.4.2
[INFO] [stderr]    Compiling serde_json v1.0.145
[INFO] [stderr]    Compiling parking_lot v0.12.5
[INFO] [stderr]    Compiling uuid v1.23.1
[INFO] [stderr]    Compiling time-macros v0.2.27
[INFO] [stderr]    Compiling time v0.3.47
[INFO] [stderr]    Compiling derive_more-impl v1.0.0
[INFO] [stderr]    Compiling serde_derive v1.0.228
[INFO] [stderr]    Compiling tokio-macros v2.7.0
[INFO] [stderr]    Compiling tokio v1.52.2
[INFO] [stderr]    Compiling derive_more v1.0.0
[INFO] [stderr]    Compiling serde v1.0.228
[INFO] [stderr]    Compiling security_core v0.3.0 (/opt/rustwide/workdir)
[INFO] [stderr] warning: unused dependency `derive_more`
[INFO] [stderr]  --> Cargo.toml:1:15
[INFO] [stderr]   |
[INFO] [stderr] 1 | [dependencies.derive_more]
[INFO] [stderr]   |               ^^^^^^^^^^^^
[INFO] [stderr]   |
[INFO] [stderr]   = note: `cargo::unused_dependencies` is set to `warn` by default
[INFO] [stderr] help: consider removing the dependency on `derive_more`
[INFO] [stderr] warning: `security_core` (manifest) generated 1 warning
[INFO] [stderr]     Finished `release` profile [optimized] target(s) in 40.37s
[INFO] running `Command { std: "docker" "inspect" "b3c9518332f0b9553de26760f39d085baf9bedf5dee1f8f45645d9cf5ccb36e8", kill_on_drop: false }`
[INFO] running `Command { std: "docker" "exec" "-e" "SOURCE_DIR=/opt/rustwide/workdir" "-e" "CARGO_HOME=/opt/rustwide/cargo-home" "-e" "RUSTUP_HOME=/opt/rustwide/rustup-home" "-e" "CARGO_TARGET_DIR=/opt/rustwide/target" "-e" "CARGO_INCREMENTAL=0" "-e" "RUST_BACKTRACE=full" "-e" "RUSTFLAGS=--cap-lints=warn" "-e" "RUSTDOCFLAGS=--cap-lints=warn" "-w" "/opt/rustwide/workdir" "--user" "0:0" "b3c9518332f0b9553de26760f39d085baf9bedf5dee1f8f45645d9cf5ccb36e8" "/opt/rustwide/cargo-home/bin/cargo" "+1.100.0-beta.1" "test" "--frozen" "--release", kill_on_drop: false }`
[INFO] [stderr] warning: unused dependency `derive_more`
[INFO] [stderr]  --> Cargo.toml:1:15
[INFO] [stderr]   |
[INFO] [stderr] 1 | [dependencies.derive_more]
[INFO] [stderr]   |               ^^^^^^^^^^^^
[INFO] [stderr]   |
[INFO] [stderr]   = note: `cargo::unused_dependencies` is set to `warn` by default
[INFO] [stderr] help: consider removing the dependency on `derive_more`
[INFO] [stderr] warning: `security_core` (manifest) generated 1 warning
[INFO] [stderr]     Finished `release` profile [optimized] target(s) in 0.08s
[INFO] [stderr]      Running unittests src/lib.rs (/opt/rustwide/target/release/build/security_core/65cf33ede19db68f/out/security_core-65cf33ede19db68f)
[INFO] [stdout] 
[INFO] [stderr]      Running tests/e2e_sunlit_m1.rs (/opt/rustwide/target/release/build/security_core/fad114d74c4b7e57/out/e2e_sunlit_m1-fad114d74c4b7e57)
[INFO] [stdout] running 0 tests
[INFO] [stdout] 
[INFO] [stdout] test result: ok. 0 passed; 0 failed; 0 ignored; 0 measured; 0 filtered out; finished in 0.00s
[INFO] [stdout] 
[INFO] [stdout] 
[INFO] [stdout] running 7 tests
[INFO] [stdout] test test_classification_ordering_at_runtime ... ok
[INFO] [stdout] test test_secret_ref_does_not_leak ... ok
[INFO] [stdout] test test_all_id_types_constructible ... ok
[INFO] [stderr]      Running tests/no_unsafe_code.rs (/opt/rustwide/target/release/build/security_core/aed84af1274c1575/out/no_unsafe_code-aed84af1274c1575)
[INFO] [stdout] test test_time_sources_constructible ... ok
[INFO] [stdout] test test_correlation_context_propagation ... ok
[INFO] [stdout] test test_identity_source_implementable ... ok
[INFO] [stdout] test test_workspace_compiles ... ok
[INFO] [stdout] 
[INFO] [stdout] test result: ok. 7 passed; 0 failed; 0 ignored; 0 measured; 0 filtered out; finished in 0.00s
[INFO] [stdout] 
[INFO] [stdout] 
[INFO] [stdout] running 4 tests
[INFO] [stdout] test no_unsafe_keyword_in_workspace_sources ... ok
[INFO] [stdout] test commented_attribute_is_not_an_attestation ... ok
[INFO] [stdout] test every_workspace_crate_forbids_unsafe_code ... FAILED
[INFO] [stdout] test registered_members_match_cargo_workspace ... FAILED
[INFO] [stdout] 
[INFO] [stdout] failures:
[INFO] [stdout] 
[INFO] [stdout] ---- every_workspace_crate_forbids_unsafe_code stdout ----
[INFO] [stdout] 
[INFO] [stdout] thread 'every_workspace_crate_forbids_unsafe_code' (737) panicked at tests/no_unsafe_code.rs:168:5:
[INFO] [stdout] forbid(unsafe_code) regression test failed for 14 crate(s):
[INFO] [stdout]   - crate `security_core` has no compiled root
[INFO] [stdout]   - crate `secure_errors` has no compiled root
[INFO] [stdout]   - crate `security_events` has no compiled root
[INFO] [stdout]   - crate `secure_boundary` has no compiled root
[INFO] [stdout]   - crate `secure_authz` has no compiled root
[INFO] [stdout]   - crate `secure_data` has no compiled root
[INFO] [stdout]   - crate `secure_output` has no compiled root
[INFO] [stdout]   - crate `secure_identity` has no compiled root
[INFO] [stdout]   - crate `secure_device_trust` has no compiled root
[INFO] [stdout]   - crate `secure_reference_service` has no compiled root
[INFO] [stdout]   - crate `secure_smoke_service` has no compiled root
[INFO] [stdout]   - crate `secure_network` has no compiled root
[INFO] [stdout]   - crate `secure_resilience` has no compiled root
[INFO] [stdout]   - crate `secure_privacy` has no compiled root
[INFO] [stdout] stack backtrace:
[INFO] [stdout]    0:     0x59e5524debb1 - <<std[617be2ca0a6fd877]::sys::backtrace::BacktraceLock>::print::DisplayBacktrace as core[a373ad73a504971]::fmt::Display>::fmt
[INFO] [stdout]    1:     0x59e5524f2e8a - core[a373ad73a504971]::fmt::write
[INFO] [stdout]    2:     0x59e5524e30bc - <alloc[2e1b2a31b91974c5]::vec::Vec<u8> as core[a373ad73a504971]::io::write::Write>::write_fmt
[INFO] [stdout]    3:     0x59e5524ba616 - std[617be2ca0a6fd877]::panicking::default_hook::{closure#0}
[INFO] [stdout]    4:     0x59e5524d6cd9 - std[617be2ca0a6fd877]::panicking::default_hook
[INFO] [stdout]    5:     0x59e5524728a0 - test[aada8e7e76ba119b]::test_main_inner::{closure#0}
[INFO] [stdout]    6:     0x59e5524d6e92 - std[617be2ca0a6fd877]::panicking::panic_with_hook
[INFO] [stdout]    7:     0x59e5524ba6c2 - std[617be2ca0a6fd877]::panicking::panic_handler::{closure#0}
[INFO] [stdout]    8:     0x59e5524b31a9 - std[617be2ca0a6fd877]::sys::backtrace::__rust_end_short_backtrace::<std[617be2ca0a6fd877]::panicking::panic_handler::{closure#0}, !>
[INFO] [stdout]    9:     0x59e5524bb2cd - __rustc[ea4f61d10b84890b]::rust_begin_unwind
[INFO] [stdout]   10:     0x59e5524f35bc - core[a373ad73a504971]::panicking::panic_fmt
[INFO] [stdout]   11:     0x59e5524614f3 - <no_unsafe_code[14ad79176662e8b9]::every_workspace_crate_forbids_unsafe_code::{closure#0} as core[a373ad73a504971]::ops::function::FnOnce<()>>::call_once
[INFO] [stdout]   12:     0x59e552465ceb - test[aada8e7e76ba119b]::__rust_begin_short_backtrace::<core[a373ad73a504971]::result::Result<(), alloc[2e1b2a31b91974c5]::string::String>, fn() -> core[a373ad73a504971]::result::Result<(), alloc[2e1b2a31b91974c5]::string::String>>
[INFO] [stdout]   13:     0x59e552472ec5 - test[aada8e7e76ba119b]::run_test::{closure#0}
[INFO] [stdout]   14:     0x59e55246c7b4 - std[617be2ca0a6fd877]::sys::backtrace::__rust_begin_short_backtrace::<test[aada8e7e76ba119b]::run_test::{closure#1}, ()>
[INFO] [stdout]   15:     0x59e552475f52 - <std[617be2ca0a6fd877]::thread::lifecycle::spawn_unchecked<test[aada8e7e76ba119b]::run_test::{closure#1}, ()>::{closure#1} as core[a373ad73a504971]::ops::function::FnOnce<()>>::call_once::{shim:vtable#0}
[INFO] [stdout]   16:     0x59e5524de0af - <std[617be2ca0a6fd877]::sys::thread::unix::Thread>::new::thread_start
[INFO] [stdout]   17:     0x77159ca1ddfa - <unknown>
[INFO] [stdout]   18:     0x77159cab13d4 - clone
[INFO] [stdout]   19:                0x0 - <unknown>
[INFO] [stdout] 
[INFO] [stdout] ---- registered_members_match_cargo_workspace stdout ----
[INFO] [stdout] 
[INFO] [stdout] thread 'registered_members_match_cargo_workspace' (739) panicked at tests/no_unsafe_code.rs:118:64:
[INFO] [stdout] called `Result::unwrap()` on an `Err` value: Os { code: 2, kind: NotFound, message: "No such file or directory" }
[INFO] [stdout] stack backtrace:
[INFO] [stdout]    0:     0x59e5524debb1 - <<std[617be2ca0a6fd877]::sys::backtrace::BacktraceLock>::print::DisplayBacktrace as core[a373ad73a504971]::fmt::Display>::fmt
[INFO] [stdout]    1:     0x59e5524f2e8a - core[a373ad73a504971]::fmt::write
[INFO] [stdout]    2:     0x59e5524e30bc - <alloc[2e1b2a31b91974c5]::vec::Vec<u8> as core[a373ad73a504971]::io::write::Write>::write_fmt
[INFO] [stdout]    3:     0x59e5524ba616 - std[617be2ca0a6fd877]::panicking::default_hook::{closure#0}
[INFO] [stdout]    4:     0x59e5524d6cd9 - std[617be2ca0a6fd877]::panicking::default_hook
[INFO] [stdout]    5:     0x59e5524728a0 - test[aada8e7e76ba119b]::test_main_inner::{closure#0}
[INFO] [stdout]    6:     0x59e5524d6e92 - std[617be2ca0a6fd877]::panicking::panic_with_hook
[INFO] [stdout]    7:     0x59e5524ba6c2 - std[617be2ca0a6fd877]::panicking::panic_handler::{closure#0}
[INFO] [stdout]    8:     0x59e5524b31a9 - std[617be2ca0a6fd877]::sys::backtrace::__rust_end_short_backtrace::<std[617be2ca0a6fd877]::panicking::panic_handler::{closure#0}, !>
[INFO] [stdout]    9:     0x59e5524bb2cd - __rustc[ea4f61d10b84890b]::rust_begin_unwind
[INFO] [stdout]   10:     0x59e5524f35bc - core[a373ad73a504971]::panicking::panic_fmt
[INFO] [stdout]   11:     0x59e5524f3392 - core[a373ad73a504971]::result::unwrap_failed
[INFO] [stdout]   12:     0x59e552460c20 - <no_unsafe_code[14ad79176662e8b9]::registered_members_match_cargo_workspace::{closure#0} as core[a373ad73a504971]::ops::function::FnOnce<()>>::call_once
[INFO] [stdout]   13:     0x59e552465ceb - test[aada8e7e76ba119b]::__rust_begin_short_backtrace::<core[a373ad73a504971]::result::Result<(), alloc[2e1b2a31b91974c5]::string::String>, fn() -> core[a373ad73a504971]::result::Result<(), alloc[2e1b2a31b91974c5]::string::String>>
[INFO] [stdout]   14:     0x59e552472ec5 - test[aada8e7e76ba119b]::run_test::{closure#0}
[INFO] [stdout]   15:     0x59e55246c7b4 - std[617be2ca0a6fd877]::sys::backtrace::__rust_begin_short_backtrace::<test[aada8e7e76ba119b]::run_test::{closure#1}, ()>
[INFO] [stdout]   16:     0x59e552475f52 - <std[617be2ca0a6fd877]::thread::lifecycle::spawn_unchecked<test[aada8e7e76ba119b]::run_test::{closure#1}, ()>::{closure#1} as core[a373ad73a504971]::ops::function::FnOnce<()>>::call_once::{shim:vtable#0}
[INFO] [stdout]   17:     0x59e5524de0af - <std[617be2ca0a6fd877]::sys::thread::unix::Thread>::new::thread_start
[INFO] [stdout]   18:     0x77159ca1ddfa - <unknown>
[INFO] [stdout]   19:     0x77159cab13d4 - clone
[INFO] [stdout]   20:                0x0 - <unknown>
[INFO] [stdout] 
[INFO] [stdout] 
[INFO] [stdout] failures:
[INFO] [stdout]     every_workspace_crate_forbids_unsafe_code
[INFO] [stdout]     registered_members_match_cargo_workspace
[INFO] [stdout] 
[INFO] [stdout] test result: FAILED. 2 passed; 2 failed; 0 ignored; 0 measured; 0 filtered out; finished in 0.00s
[INFO] [stdout] 
[INFO] [stderr] error: test failed, to rerun pass `--test no_unsafe_code`
[INFO] running `Command { std: "docker" "inspect" "b3c9518332f0b9553de26760f39d085baf9bedf5dee1f8f45645d9cf5ccb36e8", kill_on_drop: false }`
[INFO] running `Command { std: "docker" "rm" "-f" "b3c9518332f0b9553de26760f39d085baf9bedf5dee1f8f45645d9cf5ccb36e8", kill_on_drop: false }`
[INFO] [stdout] b3c9518332f0b9553de26760f39d085baf9bedf5dee1f8f45645d9cf5ccb36e8
