[INFO] fetching crate secure_sum 1.4.0...
[INFO] testing secure_sum-1.4.0 against 1.100.0-beta.1+cargoflags=--release for beta-release-1.100-2
[INFO] extracting crate secure_sum 1.4.0 into /workspace/builds/worker-6-tc2/source
[INFO] started tweaking crates.io crate secure_sum 1.4.0
[INFO] finished tweaking crates.io crate secure_sum 1.4.0
[INFO] tweaked toml for crates.io crate secure_sum 1.4.0 written to /workspace/builds/worker-6-tc2/source/Cargo.toml
[INFO] validating manifest of crates.io crate secure_sum 1.4.0 on toolchain 1.100.0-beta.1
[INFO] running `Command { std: CARGO_HOME="/workspace/cargo-home" RUSTUP_HOME="/workspace/rustup-home" "/workspace/cargo-home/bin/cargo" "+1.100.0-beta.1" "metadata" "--manifest-path" "Cargo.toml" "--no-deps", kill_on_drop: false }`
[INFO] crate crates.io crate secure_sum 1.4.0 already has a lockfile, it will not be regenerated
[INFO] running `Command { std: CARGO_HOME="/workspace/cargo-home" RUSTUP_HOME="/workspace/rustup-home" "/workspace/cargo-home/bin/cargo" "+1.100.0-beta.1" "fetch" "--manifest-path" "Cargo.toml", kill_on_drop: false }`
[INFO] running `Command { std: "docker" "create" "-v" "/var/lib/crater-agent-workspace/builds/worker-6-tc2/source:/opt/rustwide/workdir:ro,Z" "-v" "/var/lib/crater-agent-workspace/builds/worker-6-tc2/target:/opt/rustwide/target:rw,Z" "-v" "/var/lib/crater-agent-workspace/cargo-home:/opt/rustwide/cargo-home:ro,Z" "-v" "/var/lib/crater-agent-workspace/rustup-home:/opt/rustwide/rustup-home:ro,Z" "-m" "1610612736" "--network" "none" "ghcr.io/rust-lang/crates-build-env/linux@sha256:77db811e55d90add9212f6832c23229e3de5f1c1f9905e8cb07319ea15df73ac" "sleep" "infinity", kill_on_drop: false }`
[INFO] [stdout] acf8f732f15399671743667e984456014a3288e9e1bb66d45682aa9f2c0f6444
[INFO] running `Command { std: "docker" "start" "acf8f732f15399671743667e984456014a3288e9e1bb66d45682aa9f2c0f6444", kill_on_drop: false }`
[INFO] running `Command { std: "docker" "inspect" "acf8f732f15399671743667e984456014a3288e9e1bb66d45682aa9f2c0f6444", kill_on_drop: false }`
[INFO] running `Command { std: "docker" "exec" "-e" "SOURCE_DIR=/opt/rustwide/workdir" "-e" "CARGO_HOME=/opt/rustwide/cargo-home" "-e" "RUSTUP_HOME=/opt/rustwide/rustup-home" "-e" "CARGO_TARGET_DIR=/opt/rustwide/target" "-w" "/opt/rustwide/workdir" "--user" "0:0" "acf8f732f15399671743667e984456014a3288e9e1bb66d45682aa9f2c0f6444" "/opt/rustwide/cargo-home/bin/cargo" "+1.100.0-beta.1" "metadata" "--no-deps" "--format-version=1", kill_on_drop: false }`
[INFO] running `Command { std: "docker" "inspect" "acf8f732f15399671743667e984456014a3288e9e1bb66d45682aa9f2c0f6444", kill_on_drop: false }`
[INFO] running `Command { std: "docker" "exec" "-e" "SOURCE_DIR=/opt/rustwide/workdir" "-e" "CARGO_HOME=/opt/rustwide/cargo-home" "-e" "RUSTUP_HOME=/opt/rustwide/rustup-home" "-e" "CARGO_TARGET_DIR=/opt/rustwide/target" "-e" "CARGO_INCREMENTAL=0" "-e" "RUST_BACKTRACE=full" "-e" "RUSTFLAGS=--cap-lints=warn" "-e" "RUSTDOCFLAGS=--cap-lints=warn" "-w" "/opt/rustwide/workdir" "--user" "0:0" "acf8f732f15399671743667e984456014a3288e9e1bb66d45682aa9f2c0f6444" "/opt/rustwide/cargo-home/bin/cargo" "+1.100.0-beta.1" "build" "--frozen" "--message-format=json" "--release", kill_on_drop: false }`
[INFO] [stderr]    Compiling serde_core v1.0.228
[INFO] [stderr]    Compiling cc v1.2.61
[INFO] [stderr]    Compiling rustls-pki-types v1.14.1
[INFO] [stderr]    Compiling httparse v1.10.1
[INFO] [stderr]    Compiling proc-macro-error-attr2 v2.0.0
[INFO] [stderr]    Compiling simd-adler32 v0.3.9
[INFO] [stderr]    Compiling rustls v0.23.39
[INFO] [stderr]    Compiling crossbeam-epoch v0.9.18
[INFO] [stderr]    Compiling http v1.4.0
[INFO] [stderr]    Compiling thiserror-impl v2.0.18
[INFO] [stderr]    Compiling regex-syntax v0.8.10
[INFO] [stderr]    Compiling serde_json v1.0.149
[INFO] [stderr]    Compiling winnow v1.0.2
[INFO] [stderr]    Compiling clap_builder v4.6.0
[INFO] [stderr]    Compiling papergrid v0.17.0
[INFO] [stderr]    Compiling filetime v0.2.27
[INFO] [stderr]    Compiling clap_derive v4.6.1
[INFO] [stderr]    Compiling toml_writer v1.1.1+spec-1.1.0
[INFO] [stderr]    Compiling utf8-zero v0.8.1
[INFO] [stderr]    Compiling miniz_oxide v0.8.9
[INFO] [stderr]    Compiling crossbeam-deque v0.8.6
[INFO] [stderr]    Compiling proc-macro-error2 v2.0.1
[INFO] [stderr]    Compiling webpki-roots v1.0.7
[INFO] [stderr]    Compiling rayon-core v1.13.0
[INFO] [stderr]    Compiling toml_parser v1.1.2+spec-1.1.0
[INFO] [stderr]    Compiling either v1.15.0
[INFO] [stderr]    Compiling nu-ansi-term v0.50.3
[INFO] [stderr]    Compiling tabled_derive v0.11.0
[INFO] [stderr]    Compiling tar v0.4.45
[INFO] [stderr]    Compiling flate2 v1.1.9
[INFO] [stderr]    Compiling wait-timeout v0.2.1
[INFO] [stderr]    Compiling rayon v1.12.0
[INFO] [stderr]    Compiling thiserror v2.0.18
[INFO] [stderr]    Compiling ureq-proto v0.6.0
[INFO] [stderr]    Compiling etcetera v0.11.0
[INFO] [stderr]    Compiling humantime v2.3.0
[INFO] [stderr]    Compiling ring v0.17.14
[INFO] [stderr]    Compiling dotenvy v0.15.7
[INFO] [stderr]    Compiling regex-automata v0.4.14
[INFO] [stderr]    Compiling tabled v0.20.0
[INFO] [stderr]    Compiling clap v4.6.1
[INFO] [stderr]    Compiling serde v1.0.228
[INFO] [stderr]    Compiling toml_datetime v1.1.1+spec-1.1.0
[INFO] [stderr]    Compiling serde_spanned v1.1.1
[INFO] [stderr]    Compiling regex v1.12.3
[INFO] [stderr]    Compiling toml v1.1.2+spec-1.1.0
[INFO] [stderr]    Compiling chrono v0.4.44
[INFO] [stderr]    Compiling quick-xml v0.39.2
[INFO] [stderr]    Compiling flexi_logger v0.31.8
[INFO] [stderr]    Compiling rustls-webpki v0.103.13
[INFO] [stderr]    Compiling ureq v3.3.0
[INFO] [stderr]    Compiling secure_sum v1.4.0 (/opt/rustwide/workdir)
[INFO] [stderr]     Finished `release` profile [optimized] target(s) in 1m 32s
[INFO] [stderr] warning: the following packages contain code that will be rejected by a future version of Rust: proc-macro-error2 v2.0.1
[INFO] [stderr] note: to see what the problems were, use the option `--future-incompat-report`, or run `cargo report future-incompatibilities --id 4`
[INFO] running `Command { std: "docker" "inspect" "acf8f732f15399671743667e984456014a3288e9e1bb66d45682aa9f2c0f6444", kill_on_drop: false }`
[INFO] running `Command { std: "docker" "exec" "-e" "SOURCE_DIR=/opt/rustwide/workdir" "-e" "CARGO_HOME=/opt/rustwide/cargo-home" "-e" "RUSTUP_HOME=/opt/rustwide/rustup-home" "-e" "CARGO_TARGET_DIR=/opt/rustwide/target" "-e" "CARGO_INCREMENTAL=0" "-e" "RUST_BACKTRACE=full" "-e" "RUSTFLAGS=--cap-lints=warn" "-e" "RUSTDOCFLAGS=--cap-lints=warn" "-w" "/opt/rustwide/workdir" "--user" "0:0" "acf8f732f15399671743667e984456014a3288e9e1bb66d45682aa9f2c0f6444" "/opt/rustwide/cargo-home/bin/cargo" "+1.100.0-beta.1" "test" "--frozen" "--no-run" "--message-format=json" "--release", kill_on_drop: false }`
[INFO] [stderr]    Compiling parking_lot_core v0.9.12
[INFO] [stderr]    Compiling sdd v3.0.10
[INFO] [stderr]    Compiling bitflags v2.11.1
[INFO] [stderr]    Compiling serial_test_derive v3.4.0
[INFO] [stderr]    Compiling parking_lot v0.12.5
[INFO] [stderr]    Compiling rustix v1.1.4
[INFO] [stderr]    Compiling scc v2.4.0
[INFO] [stderr]    Compiling serial_test v3.4.0
[INFO] [stderr]    Compiling tempfile v3.27.0
[INFO] [stderr]    Compiling secure_sum v1.4.0 (/opt/rustwide/workdir)
[INFO] [stderr]     Finished `release` profile [optimized] target(s) in 13.46s
[INFO] [stderr] warning: the following packages contain code that will be rejected by a future version of Rust: proc-macro-error2 v2.0.1
[INFO] [stderr] note: to see what the problems were, use the option `--future-incompat-report`, or run `cargo report future-incompatibilities --id 4`
[INFO] running `Command { std: "docker" "inspect" "acf8f732f15399671743667e984456014a3288e9e1bb66d45682aa9f2c0f6444", kill_on_drop: false }`
[INFO] running `Command { std: "docker" "exec" "-e" "SOURCE_DIR=/opt/rustwide/workdir" "-e" "CARGO_HOME=/opt/rustwide/cargo-home" "-e" "RUSTUP_HOME=/opt/rustwide/rustup-home" "-e" "CARGO_TARGET_DIR=/opt/rustwide/target" "-e" "CARGO_INCREMENTAL=0" "-e" "RUST_BACKTRACE=full" "-e" "RUSTFLAGS=--cap-lints=warn" "-e" "RUSTDOCFLAGS=--cap-lints=warn" "-w" "/opt/rustwide/workdir" "--user" "0:0" "acf8f732f15399671743667e984456014a3288e9e1bb66d45682aa9f2c0f6444" "/opt/rustwide/cargo-home/bin/cargo" "+1.100.0-beta.1" "test" "--frozen" "--release", kill_on_drop: false }`
[INFO] [stderr]     Finished `release` profile [optimized] target(s) in 0.12s
[INFO] [stderr] warning: the following packages contain code that will be rejected by a future version of Rust: proc-macro-error2 v2.0.1
[INFO] [stderr] note: to see what the problems were, use the option `--future-incompat-report`, or run `cargo report future-incompatibilities --id 4`
[INFO] [stdout] 
[INFO] [stderr]      Running unittests src/main.rs (/opt/rustwide/target/release/build/secure_sum/acea9ee326323784/out/secure_sum-acea9ee326323784)
[INFO] [stdout] running 78 tests
[INFO] [stdout] test ecosystem::nuget::tests::small_packages_config_can_be_parsed ... ok
[INFO] [stdout] test ecosystem::nuget::tests::almost_empty_packages_config_can_be_parsed ... ok
[INFO] [stdout] test ecosystem::nuget::tests::csproj_with_several_item_groups_can_be_parsed ... ok
[INFO] [stdout] test ecosystem::nuget::tests::almost_empty_csproj_can_be_parsed ... ok
[INFO] [stdout] test ecosystem::nuget::tests::small_csproj_can_be_parsed ... ok
[INFO] [stdout] test ecosystem::nuget::tests::element_can_deserialize_anything ... ok
[INFO] [stdout] test ecosystem::nuget::tests::item_group_can_be_deserialized ... ok
[INFO] [stdout] test ecosystem::nuget::tests::csproj_with_separated_item_groups_can_be_parsed ... ok
[INFO] [stdout] test ecosystem::node_js::tests::empty_depfile_can_be_parsed ... ok
[INFO] [stdout] test ecosystem::rust::tests::depfile_with_git_dependencies_can_be_parsed ... ok
[INFO] [stdout] test cumulated_probe::tests::cumulated_outcomes_counts_0_for_false_outcome ... ok
[INFO] [stdout] test cumulated_probe::tests::cumulated_outcomes_counts_none_for_non_boolean_outcome ... ok
[INFO] [stdout] test cumulated_probe::tests::cumulated_outcomes_cumulates_outcomes ... ok
[INFO] [stdout] test ecosystem::rust::tests::git_dependencies_are_handled_as_urls ... ok
[INFO] [stdout] test cumulated_probe::tests::cumulated_outcomes_are_sorted_alphabetically ... ok
[INFO] [stdout] test ecosystem::node_js::tests::small_depfile_can_be_parsed ... ok
[INFO] [stdout] test github_token::tests::get_token_reads_token_from_env ... ok
[INFO] [stdout] test ecosystem::rust::tests::secure_sum_cargo_toml_file_can_be_parsed ... ok
[INFO] [stdout] test ecosystem::rust::tests::empty_depfile_can_be_parsed ... ok
[INFO] [stdout] test cumulated_probe::tests::cumulated_outcomes_counts_true_outcomes ... ok
[INFO] [stdout] test ecosystem::rust::tests::small_depfile_can_be_parsed ... ok
[INFO] [stdout] test metric::tests::all_weights_zero_is_treated_as_empty ... ok
[INFO] [stdout] test github_token::tests::get_token_reads_dotenv_file ... FAILED
[INFO] [stdout] test github_token::tests::invalid_token_is_invalid ... ok
[INFO] [stdout] test ecosystem::node_js::tests::npmjs_repo_url_can_be_obtained ... FAILED
[INFO] [stdout] test github_token::tests::valid_token_is_valid ... FAILED
[INFO] [stdout] test metric::tests::completely_empty_metric_is_not_ok ... ok
[INFO] [stdout] test ecosystem::rust::tests::crate_repo_url_can_be_obtained ... FAILED
[INFO] [stdout] test metric::tests::unknown_probe_is_error ... ok
[INFO] [stdout] test metric::tests::weight_of_zero_is_treated_as_none ... ok
[INFO] [stdout] test post_evaluate::tests::get_thresholds_returns_values_specified_in_metric ... ok
[INFO] [stdout] test post_evaluate::tests::get_thresholds_sets_unspecified_warn_to_error_plus_1 ... ok
[INFO] [stdout] test probe::tests::example_can_be_deserialised ... ok
[INFO] [stdout] test probe::tests::filenames_are_sanitized ... ok
[INFO] [stdout] test metric::tests::probe_duplications_are_error ... ok
[INFO] [stdout] test probe::tests::probe_does_not_need_rerun_if_recent_probe_is_error ... ok
[INFO] [stdout] test probe_name::tests::display_is_as_expected ... ok
[INFO] [stdout] test repodata::tests::repodata_is_sorted_in_descending_order ... ok
[INFO] [stdout] test probe::tests::probe_needs_rerun_if_result_is_older_than_validity ... ok
[INFO] [stdout] test probe::tests::probe_filename_adds_ecosystem ... ok
[INFO] [stdout] test probe::tests::probe_needs_rerun_if_metric_contains_probes_without_finding ... ok
[INFO] [stdout] test score::tests::total_score_is_normed_between_min_and_max_value ... ok
[INFO] [stdout] test probe::tests::probe_filename_removes_protocol_from_url ... ok
[INFO] [stdout] test score::tests::total_score_can_handle_empty_findings ... ok
[INFO] [stdout] test score::tests::total_score_ignores_non_boolean_outcomes ... ok
[INFO] [stdout] test score::tests::total_score_is_normed ... ok
[INFO] [stdout] test score::tests::total_score_respects_findings_of_same_type ... ok
[INFO] [stdout] test metric::tests::max_times_of_zero_is_treated_as_none ... ok
[INFO] [stdout] test metric::tests::metric_serialization_roundtrip ... ok
[INFO] [stdout] test post_evaluate::tests::get_thresholds_overwrites_metric_values_by_args ... ok
[INFO] [stdout] test post_evaluate::tests::get_thresholds_returns_3_n_4_without_specifications ... ok
[INFO] [stdout] test metric::tests::metric_can_be_read_from_file ... ok
[INFO] [stdout] test scorecard::tests::scorecard_args_without_probes_is_err ... ok
[INFO] [stdout] test probe::tests::load_probe_loads_probe_if_it_exists ... ok
[INFO] [stdout] test score::tests::weigh_findings_ignores_probes_not_in_metric ... ok
[INFO] [stdout] test scorecard::tests::scorecard_args_one_probe ... ok
[INFO] [stdout] test score::tests::weighed_findings_are_sorted_by_weight_amplitude ... ok
[INFO] [stdout] test scorecard::tests::scorecard_args_several_probes ... ok
[INFO] [stdout] test score::tests::weighed_findings_contain_multiple_outcomes_of_same_probe ... ok
[INFO] [stdout] test score::tests::weighed_findings_contain_multiple_outcomes_up_to_max_times ... ok
[INFO] [stdout] test scorecard::tests::data_dir_contains_aunovis_string ... ok
[INFO] [stdout] test scorecard::tests::scorecard_binary_exists_after_ensure_scorecard_binary_call ... FAILED
[INFO] [stdout] test url::tests::without_protocol_is_as_expected ... ok
[INFO] [stdout] test scorecard::tests::scorecard_path_contains_scorecard_string ... ok
[INFO] [stdout] test metric::tests::ensure_metric_file_ensures_metric_file ... FAILED
[INFO] [stdout] test scorecard::tests::scorecard_url_exists ... FAILED
[INFO] [stdout] test metric::tests::default_metric_file_can_be_read ... FAILED
[INFO] [stdout] test probe::tests::store_probe_stores_probe ... ok
[INFO] [stdout] test scorecard::tests::evaluation_is_aborted_after_timeout ... FAILED
[INFO] [stdout] test target::tests::parse_with_nonexistent_path_is_informative_error ... ok
[INFO] [stdout] test scorecard::tests::scorecard_binary_can_be_executed_after_ensure_scorecard_binary_call ... FAILED
[INFO] [stdout] test target::tests::protocols_mark_urls ... ok
[INFO] [stdout] test scorecard::tests::running_scorecard_stores_output ... FAILED
[INFO] [stdout] test target::tests::collect_single_targets_can_mix_and_match_depfiles_and_urls ... ok
[INFO] [stdout] test target::tests::collect_single_targets_combines_dependencies ... ok
[INFO] [stdout] test scorecard::tests::running_scorecard_without_metric_produces_error ... FAILED
[INFO] [stdout] test scorecard::tests::scorecard_probe_on_unknown_repo_stores_error_in_result ... FAILED
[INFO] [stdout] test target::tests::collect_single_targets_dedups_the_output ... ok
[INFO] [stdout] 
[INFO] [stdout] failures:
[INFO] [stdout] 
[INFO] [stdout] ---- github_token::tests::get_token_reads_dotenv_file stdout ----
[INFO] [stdout] 
[INFO] [stdout] thread 'github_token::tests::get_token_reads_dotenv_file' (1565) panicked at src/github_token.rs:58:30:
[INFO] [stdout] called `Result::unwrap()` on an `Err` value: Other("Error reading GITHUB_TOKEN from environment: environment variable not found")
[INFO] [stdout] stack backtrace:
[INFO] [stdout]    0:     0x650840cb8d21 - <<std[617be2ca0a6fd877]::sys::backtrace::BacktraceLock>::print::DisplayBacktrace as core[a373ad73a504971]::fmt::Display>::fmt
[INFO] [stdout]    1:     0x650840cd1c0a - core[a373ad73a504971]::fmt::write
[INFO] [stdout]    2:     0x650840cbd9dc - <alloc[2e1b2a31b91974c5]::vec::Vec<u8> as core[a373ad73a504971]::io::write::Write>::write_fmt
[INFO] [stdout]    3:     0x650840c912d6 - std[617be2ca0a6fd877]::panicking::default_hook::{closure#0}
[INFO] [stdout]    4:     0x650840cafd89 - std[617be2ca0a6fd877]::panicking::default_hook
[INFO] [stdout]    5:     0x650840a862f0 - test[aada8e7e76ba119b]::test_main_inner::{closure#0}
[INFO] [stdout]    6:     0x650840caff42 - std[617be2ca0a6fd877]::panicking::panic_with_hook
[INFO] [stdout]    7:     0x650840c91382 - std[617be2ca0a6fd877]::panicking::panic_handler::{closure#0}
[INFO] [stdout]    8:     0x650840c89a49 - std[617be2ca0a6fd877]::sys::backtrace::__rust_end_short_backtrace::<std[617be2ca0a6fd877]::panicking::panic_handler::{closure#0}, !>
[INFO] [stdout]    9:     0x650840c9272d - __rustc[ea4f61d10b84890b]::rust_begin_unwind
[INFO] [stdout]   10:     0x650840cd242c - core[a373ad73a504971]::panicking::panic_fmt
[INFO] [stdout]   11:     0x650840cd2202 - core[a373ad73a504971]::result::unwrap_failed
[INFO] [stdout]   12:     0x650840a1e5ef - <secure_sum[4f5e3d9574060e21]::github_token::tests::get_token_reads_dotenv_file::{closure#0} as core[a373ad73a504971]::ops::function::FnOnce<()>>::call_once
[INFO] [stdout]   13:     0x650840c6b839 - serial_test[6a9026842472f12c]::serial_code_lock::local_serial_core
[INFO] [stdout]   14:     0x650840a1e25d - <secure_sum[4f5e3d9574060e21]::github_token::tests::get_token_reads_dotenv_file::{closure#0} as core[a373ad73a504971]::ops::function::FnOnce<()>>::call_once
[INFO] [stdout]   15:     0x650840a7973b - test[aada8e7e76ba119b]::__rust_begin_short_backtrace::<core[a373ad73a504971]::result::Result<(), alloc[2e1b2a31b91974c5]::string::String>, fn() -> core[a373ad73a504971]::result::Result<(), alloc[2e1b2a31b91974c5]::string::String>>
[INFO] [stdout]   16:     0x650840a86915 - test[aada8e7e76ba119b]::run_test::{closure#0}
[INFO] [stdout]   17:     0x650840a80204 - std[617be2ca0a6fd877]::sys::backtrace::__rust_begin_short_backtrace::<test[aada8e7e76ba119b]::run_test::{closure#1}, ()>
[INFO] [stdout]   18:     0x650840a899a2 - <std[617be2ca0a6fd877]::thread::lifecycle::spawn_unchecked<test[aada8e7e76ba119b]::run_test::{closure#1}, ()>::{closure#1} as core[a373ad73a504971]::ops::function::FnOnce<()>>::call_once::{shim:vtable#0}
[INFO] [stdout]   19:     0x650840cb7aef - <std[617be2ca0a6fd877]::sys::thread::unix::Thread>::new::thread_start
[INFO] [stdout]   20:     0x708f1c1f9dfa - <unknown>
[INFO] [stdout]   21:     0x708f1c28d3d4 - clone
[INFO] [stdout]   22:                0x0 - <unknown>
[INFO] [stdout] 
[INFO] [stdout] ---- ecosystem::node_js::tests::npmjs_repo_url_can_be_obtained stdout ----
[INFO] [stdout] 
[INFO] [stdout] thread 'ecosystem::node_js::tests::npmjs_repo_url_can_be_obtained' (1549) panicked at src/ecosystem/node_js.rs:101:9:
[INFO] [stdout] Ureq error: io: failed to lookup address information: Temporary failure in name resolution
[INFO] [stdout] stack backtrace:
[INFO] [stdout]    0:     0x650840cb8d21 - <<std[617be2ca0a6fd877]::sys::backtrace::BacktraceLock>::print::DisplayBacktrace as core[a373ad73a504971]::fmt::Display>::fmt
[INFO] [stdout]    1:     0x650840cd1c0a - core[a373ad73a504971]::fmt::write
[INFO] [stdout]    2:     0x650840cbd9dc - <alloc[2e1b2a31b91974c5]::vec::Vec<u8> as core[a373ad73a504971]::io::write::Write>::write_fmt
[INFO] [stdout]    3:     0x650840c912d6 - std[617be2ca0a6fd877]::panicking::default_hook::{closure#0}
[INFO] [stdout]    4:     0x650840cafd89 - std[617be2ca0a6fd877]::panicking::default_hook
[INFO] [stdout]    5:     0x650840a862f0 - test[aada8e7e76ba119b]::test_main_inner::{closure#0}
[INFO] [stdout]    6:     0x650840caff42 - std[617be2ca0a6fd877]::panicking::panic_with_hook
[INFO] [stdout]    7:     0x650840c91382 - std[617be2ca0a6fd877]::panicking::panic_handler::{closure#0}
[INFO] [stdout]    8:     0x650840c89a49 - std[617be2ca0a6fd877]::sys::backtrace::__rust_end_short_backtrace::<std[617be2ca0a6fd877]::panicking::panic_handler::{closure#0}, !>
[INFO] [stdout]    9:     0x650840c9272d - __rustc[ea4f61d10b84890b]::rust_begin_unwind
[INFO] [stdout]   10:     0x650840cd242c - core[a373ad73a504971]::panicking::panic_fmt
[INFO] [stdout]   11:     0x650840a3128d - <secure_sum[4f5e3d9574060e21]::ecosystem::node_js::tests::npmjs_repo_url_can_be_obtained::{closure#0} as core[a373ad73a504971]::ops::function::FnOnce<()>>::call_once
[INFO] [stdout]   12:     0x650840a7973b - test[aada8e7e76ba119b]::__rust_begin_short_backtrace::<core[a373ad73a504971]::result::Result<(), alloc[2e1b2a31b91974c5]::string::String>, fn() -> core[a373ad73a504971]::result::Result<(), alloc[2e1b2a31b91974c5]::string::String>>
[INFO] [stdout]   13:     0x650840a86915 - test[aada8e7e76ba119b]::run_test::{closure#0}
[INFO] [stdout]   14:     0x650840a80204 - std[617be2ca0a6fd877]::sys::backtrace::__rust_begin_short_backtrace::<test[aada8e7e76ba119b]::run_test::{closure#1}, ()>
[INFO] [stdout]   15:     0x650840a899a2 - <std[617be2ca0a6fd877]::thread::lifecycle::spawn_unchecked<test[aada8e7e76ba119b]::run_test::{closure#1}, ()>::{closure#1} as core[a373ad73a504971]::ops::function::FnOnce<()>>::call_once::{shim:vtable#0}
[INFO] [stdout]   16:     0x650840cb7aef - <std[617be2ca0a6fd877]::sys::thread::unix::Thread>::new::thread_start
[INFO] [stdout]   17:     0x708f1c1f9dfa - <unknown>
[INFO] [stdout]   18:     0x708f1c28d3d4 - clone
[INFO] [stdout]   19:                0x0 - <unknown>
[INFO] [stdout] 
[INFO] [stdout] ---- github_token::tests::valid_token_is_valid stdout ----
[INFO] [stdout] 
[INFO] [stdout] thread 'github_token::tests::valid_token_is_valid' (1568) panicked at src/github_token.rs:65:33:
[INFO] [stdout] called `Result::unwrap()` on an `Err` value: Other("Error reading GITHUB_TOKEN from environment: environment variable not found")
[INFO] [stdout] stack backtrace:
[INFO] [stdout]    0:     0x650840cb8d21 - <<std[617be2ca0a6fd877]::sys::backtrace::BacktraceLock>::print::DisplayBacktrace as core[a373ad73a504971]::fmt::Display>::fmt
[INFO] [stdout]    1:     0x650840cd1c0a - core[a373ad73a504971]::fmt::write
[INFO] [stdout]    2:     0x650840cbd9dc - <alloc[2e1b2a31b91974c5]::vec::Vec<u8> as core[a373ad73a504971]::io::write::Write>::write_fmt
[INFO] [stdout]    3:     0x650840c912d6 - std[617be2ca0a6fd877]::panicking::default_hook::{closure#0}
[INFO] [stdout]    4:     0x650840cafd89 - std[617be2ca0a6fd877]::panicking::default_hook
[INFO] [stdout]    5:     0x650840a862f0 - test[aada8e7e76ba119b]::test_main_inner::{closure#0}
[INFO] [stdout]    6:     0x650840caff42 - std[617be2ca0a6fd877]::panicking::panic_with_hook
[INFO] [stdout]    7:     0x650840c91382 - std[617be2ca0a6fd877]::panicking::panic_handler::{closure#0}
[INFO] [stdout]    8:     0x650840c89a49 - std[617be2ca0a6fd877]::sys::backtrace::__rust_end_short_backtrace::<std[617be2ca0a6fd877]::panicking::panic_handler::{closure#0}, !>
[INFO] [stdout]    9:     0x650840c9272d - __rustc[ea4f61d10b84890b]::rust_begin_unwind
[INFO] [stdout]   10:     0x650840cd242c - core[a373ad73a504971]::panicking::panic_fmt
[INFO] [stdout]   11:     0x650840cd2202 - core[a373ad73a504971]::result::unwrap_failed
[INFO] [stdout]   12:     0x650840a1e3e7 - <secure_sum[4f5e3d9574060e21]::github_token::tests::valid_token_is_valid::{closure#0} as core[a373ad73a504971]::ops::function::FnOnce<()>>::call_once
[INFO] [stdout]   13:     0x650840c6b839 - serial_test[6a9026842472f12c]::serial_code_lock::local_serial_core
[INFO] [stdout]   14:     0x650840a1e15d - <secure_sum[4f5e3d9574060e21]::github_token::tests::valid_token_is_valid::{closure#0} as core[a373ad73a504971]::ops::function::FnOnce<()>>::call_once
[INFO] [stdout]   15:     0x650840a7973b - test[aada8e7e76ba119b]::__rust_begin_short_backtrace::<core[a373ad73a504971]::result::Result<(), alloc[2e1b2a31b91974c5]::string::String>, fn() -> core[a373ad73a504971]::result::Result<(), alloc[2e1b2a31b91974c5]::string::String>>
[INFO] [stdout]   16:     0x650840a86915 - test[aada8e7e76ba119b]::run_test::{closure#0}
[INFO] [stdout]   17:     0x650840a80204 - std[617be2ca0a6fd877]::sys::backtrace::__rust_begin_short_backtrace::<test[aada8e7e76ba119b]::run_test::{closure#1}, ()>
[INFO] [stdout]   18:     0x650840a899a2 - <std[617be2ca0a6fd877]::thread::lifecycle::spawn_unchecked<test[aada8e7e76ba119b]::run_test::{closure#1}, ()>::{closure#1} as core[a373ad73a504971]::ops::function::FnOnce<()>>::call_once::{shim:vtable#0}
[INFO] [stdout]   19:     0x650840cb7aef - <std[617be2ca0a6fd877]::sys::thread::unix::Thread>::new::thread_start
[INFO] [stdout]   20:     0x708f1c1f9dfa - <unknown>
[INFO] [stdout]   21:     0x708f1c28d3d4 - clone
[INFO] [stdout]   22:                0x0 - <unknown>
[INFO] [stdout] 
[INFO] [stdout] ---- ecosystem::rust::tests::crate_repo_url_can_be_obtained stdout ----
[INFO] [stdout] 
[INFO] [stdout] thread 'ecosystem::rust::tests::crate_repo_url_can_be_obtained' (1559) panicked at src/ecosystem/rust.rs:121:9:
[INFO] [stdout] Ureq error: io: failed to lookup address information: Temporary failure in name resolution
[INFO] [stdout] stack backtrace:
[INFO] [stdout]    0:     0x650840cb8d21 - <<std[617be2ca0a6fd877]::sys::backtrace::BacktraceLock>::print::DisplayBacktrace as core[a373ad73a504971]::fmt::Display>::fmt
[INFO] [stdout]    1:     0x650840cd1c0a - core[a373ad73a504971]::fmt::write
[INFO] [stdout]    2:     0x650840cbd9dc - <alloc[2e1b2a31b91974c5]::vec::Vec<u8> as core[a373ad73a504971]::io::write::Write>::write_fmt
[INFO] [stdout]    3:     0x650840c912d6 - std[617be2ca0a6fd877]::panicking::default_hook::{closure#0}
[INFO] [stdout]    4:     0x650840cafd89 - std[617be2ca0a6fd877]::panicking::default_hook
[INFO] [stdout]    5:     0x650840a862f0 - test[aada8e7e76ba119b]::test_main_inner::{closure#0}
[INFO] [stdout]    6:     0x650840caff42 - std[617be2ca0a6fd877]::panicking::panic_with_hook
[INFO] [stdout]    7:     0x650840c91382 - std[617be2ca0a6fd877]::panicking::panic_handler::{closure#0}
[INFO] [stdout]    8:     0x650840c89a49 - std[617be2ca0a6fd877]::sys::backtrace::__rust_end_short_backtrace::<std[617be2ca0a6fd877]::panicking::panic_handler::{closure#0}, !>
[INFO] [stdout]    9:     0x650840c9272d - __rustc[ea4f61d10b84890b]::rust_begin_unwind
[INFO] [stdout]   10:     0x650840cd242c - core[a373ad73a504971]::panicking::panic_fmt
[INFO] [stdout]   11:     0x6508409f122d - <secure_sum[4f5e3d9574060e21]::ecosystem::rust::tests::crate_repo_url_can_be_obtained::{closure#0} as core[a373ad73a504971]::ops::function::FnOnce<()>>::call_once
[INFO] [stdout]   12:     0x650840a7973b - test[aada8e7e76ba119b]::__rust_begin_short_backtrace::<core[a373ad73a504971]::result::Result<(), alloc[2e1b2a31b91974c5]::string::String>, fn() -> core[a373ad73a504971]::result::Result<(), alloc[2e1b2a31b91974c5]::string::String>>
[INFO] [stdout]   13:     0x650840a86915 - test[aada8e7e76ba119b]::run_test::{closure#0}
[INFO] [stdout]   14:     0x650840a80204 - std[617be2ca0a6fd877]::sys::backtrace::__rust_begin_short_backtrace::<test[aada8e7e76ba119b]::run_test::{closure#1}, ()>
[INFO] [stdout]   15:     0x650840a899a2 - <std[617be2ca0a6fd877]::thread::lifecycle::spawn_unchecked<test[aada8e7e76ba119b]::run_test::{closure#1}, ()>::{closure#1} as core[a373ad73a504971]::ops::function::FnOnce<()>>::call_once::{shim:vtable#0}
[INFO] [stdout]   16:     0x650840cb7aef - <std[617be2ca0a6fd877]::sys::thread::unix::Thread>::new::thread_start
[INFO] [stdout]   17:     0x708f1c1f9dfa - <unknown>
[INFO] [stdout]   18:     0x708f1c28d3d4 - clone
[INFO] [stdout]   19:                0x0 - <unknown>
[INFO] [stdout] 
[INFO] [stdout] ---- scorecard::tests::scorecard_binary_exists_after_ensure_scorecard_binary_call stdout ----
[INFO] [stdout] 
[INFO] [stdout] thread 'scorecard::tests::scorecard_binary_exists_after_ensure_scorecard_binary_call' (1611) panicked at src/scorecard.rs:265:46:
[INFO] [stdout] Ensuring scorecard binary failed: Ureq(Io(Custom { kind: Uncategorized, error: "failed to lookup address information: Temporary failure in name resolution" }))
[INFO] [stdout] stack backtrace:
[INFO] [stdout]    0:     0x650840cb8d21 - <<std[617be2ca0a6fd877]::sys::backtrace::BacktraceLock>::print::DisplayBacktrace as core[a373ad73a504971]::fmt::Display>::fmt
[INFO] [stdout]    1:     0x650840cd1c0a - core[a373ad73a504971]::fmt::write
[INFO] [stdout]    2:     0x650840cbd9dc - <alloc[2e1b2a31b91974c5]::vec::Vec<u8> as core[a373ad73a504971]::io::write::Write>::write_fmt
[INFO] [stdout]    3:     0x650840c912d6 - std[617be2ca0a6fd877]::panicking::default_hook::{closure#0}
[INFO] [stdout]    4:     0x650840cafd89 - std[617be2ca0a6fd877]::panicking::default_hook
[INFO] [stdout]    5:     0x650840a862f0 - test[aada8e7e76ba119b]::test_main_inner::{closure#0}
[INFO] [stdout]    6:     0x650840caff42 - std[617be2ca0a6fd877]::panicking::panic_with_hook
[INFO] [stdout]    7:     0x650840c91382 - std[617be2ca0a6fd877]::panicking::panic_handler::{closure#0}
[INFO] [stdout]    8:     0x650840c89a49 - std[617be2ca0a6fd877]::sys::backtrace::__rust_end_short_backtrace::<std[617be2ca0a6fd877]::panicking::panic_handler::{closure#0}, !>
[INFO] [stdout]    9:     0x650840c9272d - __rustc[ea4f61d10b84890b]::rust_begin_unwind
[INFO] [stdout]   10:     0x650840cd242c - core[a373ad73a504971]::panicking::panic_fmt
[INFO] [stdout]   11:     0x650840cd2202 - core[a373ad73a504971]::result::unwrap_failed
[INFO] [stdout]   12:     0x650840a0a21a - <secure_sum[4f5e3d9574060e21]::scorecard::tests::scorecard_binary_exists_after_ensure_scorecard_binary_call::{closure#0} as core[a373ad73a504971]::ops::function::FnOnce<()>>::call_once
[INFO] [stdout]   13:     0x650840c6b839 - serial_test[6a9026842472f12c]::serial_code_lock::local_serial_core
[INFO] [stdout]   14:     0x650840a0883d - <secure_sum[4f5e3d9574060e21]::scorecard::tests::scorecard_binary_exists_after_ensure_scorecard_binary_call::{closure#0} as core[a373ad73a504971]::ops::function::FnOnce<()>>::call_once
[INFO] [stdout]   15:     0x650840a7973b - test[aada8e7e76ba119b]::__rust_begin_short_backtrace::<core[a373ad73a504971]::result::Result<(), alloc[2e1b2a31b91974c5]::string::String>, fn() -> core[a373ad73a504971]::result::Result<(), alloc[2e1b2a31b91974c5]::string::String>>
[INFO] [stdout]   16:     0x650840a86915 - test[aada8e7e76ba119b]::run_test::{closure#0}
[INFO] [stdout]   17:     0x650840a80204 - std[617be2ca0a6fd877]::sys::backtrace::__rust_begin_short_backtrace::<test[aada8e7e76ba119b]::run_test::{closure#1}, ()>
[INFO] [stdout]   18:     0x650840a899a2 - <std[617be2ca0a6fd877]::thread::lifecycle::spawn_unchecked<test[aada8e7e76ba119b]::run_test::{closure#1}, ()>::{closure#1} as core[a373ad73a504971]::ops::function::FnOnce<()>>::call_once::{shim:vtable#0}
[INFO] [stdout]   19:     0x650840cb7aef - <std[617be2ca0a6fd877]::sys::thread::unix::Thread>::new::thread_start
[INFO] [stdout]   20:     0x708f1c1f9dfa - <unknown>
[INFO] [stdout]   21:     0x708f1c28d3d4 - clone
[INFO] [stdout]   22:                0x0 - <unknown>
[INFO] [stdout] 
[INFO] [stdout] ---- metric::tests::ensure_metric_file_ensures_metric_file stdout ----
[INFO] [stdout] 
[INFO] [stdout] thread 'metric::tests::ensure_metric_file_ensures_metric_file' (1572) panicked at src/metric.rs:292:9:
[INFO] [stdout] assertion failed: ensure_default_metric_file().is_ok()
[INFO] [stdout] stack backtrace:
[INFO] [stdout]    0:     0x650840cb8d21 - <<std[617be2ca0a6fd877]::sys::backtrace::BacktraceLock>::print::DisplayBacktrace as core[a373ad73a504971]::fmt::Display>::fmt
[INFO] [stdout]    1:     0x650840cd1c0a - core[a373ad73a504971]::fmt::write
[INFO] [stdout]    2:     0x650840cbd9dc - <alloc[2e1b2a31b91974c5]::vec::Vec<u8> as core[a373ad73a504971]::io::write::Write>::write_fmt
[INFO] [stdout]    3:     0x650840c912d6 - std[617be2ca0a6fd877]::panicking::default_hook::{closure#0}
[INFO] [stdout]    4:     0x650840cafd89 - std[617be2ca0a6fd877]::panicking::default_hook
[INFO] [stdout]    5:     0x650840a862f0 - test[aada8e7e76ba119b]::test_main_inner::{closure#0}
[INFO] [stdout]    6:     0x650840caff42 - std[617be2ca0a6fd877]::panicking::panic_with_hook
[INFO] [stdout]    7:     0x650840c913b4 - std[617be2ca0a6fd877]::panicking::panic_handler::{closure#0}
[INFO] [stdout]    8:     0x650840c89a49 - std[617be2ca0a6fd877]::sys::backtrace::__rust_end_short_backtrace::<std[617be2ca0a6fd877]::panicking::panic_handler::{closure#0}, !>
[INFO] [stdout]    9:     0x650840c9272d - __rustc[ea4f61d10b84890b]::rust_begin_unwind
[INFO] [stdout]   10:     0x650840cd242c - core[a373ad73a504971]::panicking::panic_fmt
[INFO] [stdout]   11:     0x650840cd23f2 - core[a373ad73a504971]::panicking::panic
[INFO] [stdout]   12:     0x650840a30c99 - <secure_sum[4f5e3d9574060e21]::metric::tests::ensure_metric_file_ensures_metric_file::{closure#0} as core[a373ad73a504971]::ops::function::FnOnce<()>>::call_once
[INFO] [stdout]   13:     0x650840c6b839 - serial_test[6a9026842472f12c]::serial_code_lock::local_serial_core
[INFO] [stdout]   14:     0x650840a3083d - <secure_sum[4f5e3d9574060e21]::metric::tests::ensure_metric_file_ensures_metric_file::{closure#0} as core[a373ad73a504971]::ops::function::FnOnce<()>>::call_once
[INFO] [stdout]   15:     0x650840a7973b - test[aada8e7e76ba119b]::__rust_begin_short_backtrace::<core[a373ad73a504971]::result::Result<(), alloc[2e1b2a31b91974c5]::string::String>, fn() -> core[a373ad73a504971]::result::Result<(), alloc[2e1b2a31b91974c5]::string::String>>
[INFO] [stdout]   16:     0x650840a86915 - test[aada8e7e76ba119b]::run_test::{closure#0}
[INFO] [stdout]   17:     0x650840a80204 - std[617be2ca0a6fd877]::sys::backtrace::__rust_begin_short_backtrace::<test[aada8e7e76ba119b]::run_test::{closure#1}, ()>
[INFO] [stdout]   18:     0x650840a899a2 - <std[617be2ca0a6fd877]::thread::lifecycle::spawn_unchecked<test[aada8e7e76ba119b]::run_test::{closure#1}, ()>::{closure#1} as core[a373ad73a504971]::ops::function::FnOnce<()>>::call_once::{shim:vtable#0}
[INFO] [stdout]   19:     0x650840cb7aef - <std[617be2ca0a6fd877]::sys::thread::unix::Thread>::new::thread_start
[INFO] [stdout]   20:     0x708f1c1f9dfa - <unknown>
[INFO] [stdout]   21:     0x708f1c28d3d4 - clone
[INFO] [stdout]   22:                0x0 - <unknown>
[INFO] [stdout] 
[INFO] [stdout] ---- scorecard::tests::scorecard_url_exists stdout ----
[INFO] [stdout] 
[INFO] [stdout] thread 'scorecard::tests::scorecard_url_exists' (1614) panicked at src/scorecard.rs:247:9:
[INFO] [stdout] assertion failed: response.is_ok()
[INFO] [stdout] stack backtrace:
[INFO] [stdout]    0:     0x650840cb8d21 - <<std[617be2ca0a6fd877]::sys::backtrace::BacktraceLock>::print::DisplayBacktrace as core[a373ad73a504971]::fmt::Display>::fmt
[INFO] [stdout]    1:     0x650840cd1c0a - core[a373ad73a504971]::fmt::write
[INFO] [stdout]    2:     0x650840cbd9dc - <alloc[2e1b2a31b91974c5]::vec::Vec<u8> as core[a373ad73a504971]::io::write::Write>::write_fmt
[INFO] [stdout]    3:     0x650840c912d6 - std[617be2ca0a6fd877]::panicking::default_hook::{closure#0}
[INFO] [stdout]    4:     0x650840cafd89 - std[617be2ca0a6fd877]::panicking::default_hook
[INFO] [stdout]    5:     0x650840a862f0 - test[aada8e7e76ba119b]::test_main_inner::{closure#0}
[INFO] [stdout]    6:     0x650840caff42 - std[617be2ca0a6fd877]::panicking::panic_with_hook
[INFO] [stdout]    7:     0x650840c913b4 - std[617be2ca0a6fd877]::panicking::panic_handler::{closure#0}
[INFO] [stdout]    8:     0x650840c89a49 - std[617be2ca0a6fd877]::sys::backtrace::__rust_end_short_backtrace::<std[617be2ca0a6fd877]::panicking::panic_handler::{closure#0}, !>
[INFO] [stdout]    9:     0x650840c9272d - __rustc[ea4f61d10b84890b]::rust_begin_unwind
[INFO] [stdout]   10:     0x650840cd242c - core[a373ad73a504971]::panicking::panic_fmt
[INFO] [stdout]   11:     0x650840cd23f2 - core[a373ad73a504971]::panicking::panic
[INFO] [stdout]   12:     0x650840a074ce - <secure_sum[4f5e3d9574060e21]::scorecard::tests::scorecard_url_exists::{closure#0} as core[a373ad73a504971]::ops::function::FnOnce<()>>::call_once
[INFO] [stdout]   13:     0x650840a7973b - test[aada8e7e76ba119b]::__rust_begin_short_backtrace::<core[a373ad73a504971]::result::Result<(), alloc[2e1b2a31b91974c5]::string::String>, fn() -> core[a373ad73a504971]::result::Result<(), alloc[2e1b2a31b91974c5]::string::String>>
[INFO] [stdout]   14:     0x650840a86915 - test[aada8e7e76ba119b]::run_test::{closure#0}
[INFO] [stdout]   15:     0x650840a80204 - std[617be2ca0a6fd877]::sys::backtrace::__rust_begin_short_backtrace::<test[aada8e7e76ba119b]::run_test::{closure#1}, ()>
[INFO] [stdout]   16:     0x650840a899a2 - <std[617be2ca0a6fd877]::thread::lifecycle::spawn_unchecked<test[aada8e7e76ba119b]::run_test::{closure#1}, ()>::{closure#1} as core[a373ad73a504971]::ops::function::FnOnce<()>>::call_once::{shim:vtable#0}
[INFO] [stdout]   17:     0x650840cb7aef - <std[617be2ca0a6fd877]::sys::thread::unix::Thread>::new::thread_start
[INFO] [stdout]   18:     0x708f1c1f9dfa - <unknown>
[INFO] [stderr] error: test failed, to rerun pass `--bin secure_sum`
[INFO] [stdout]   19:     0x708f1c28d3d4 - clone
[INFO] [stdout]   20:                0x0 - <unknown>
[INFO] [stdout] 
[INFO] [stdout] ---- metric::tests::default_metric_file_can_be_read stdout ----
[INFO] [stdout] 
[INFO] [stdout] thread 'metric::tests::default_metric_file_can_be_read' (1571) panicked at src/metric.rs:301:49:
[INFO] [stdout] called `Result::unwrap()` on an `Err` value: Ureq(Io(Custom { kind: Uncategorized, error: "failed to lookup address information: Temporary failure in name resolution" }))
[INFO] [stdout] stack backtrace:
[INFO] [stdout]    0:     0x650840cb8d21 - <<std[617be2ca0a6fd877]::sys::backtrace::BacktraceLock>::print::DisplayBacktrace as core[a373ad73a504971]::fmt::Display>::fmt
[INFO] [stdout]    1:     0x650840cd1c0a - core[a373ad73a504971]::fmt::write
[INFO] [stdout]    2:     0x650840cbd9dc - <alloc[2e1b2a31b91974c5]::vec::Vec<u8> as core[a373ad73a504971]::io::write::Write>::write_fmt
[INFO] [stdout]    3:     0x650840c912d6 - std[617be2ca0a6fd877]::panicking::default_hook::{closure#0}
[INFO] [stdout]    4:     0x650840cafd89 - std[617be2ca0a6fd877]::panicking::default_hook
[INFO] [stdout]    5:     0x650840a862f0 - test[aada8e7e76ba119b]::test_main_inner::{closure#0}
[INFO] [stdout]    6:     0x650840caff42 - std[617be2ca0a6fd877]::panicking::panic_with_hook
[INFO] [stdout]    7:     0x650840c91382 - std[617be2ca0a6fd877]::panicking::panic_handler::{closure#0}
[INFO] [stdout]    8:     0x650840c89a49 - std[617be2ca0a6fd877]::sys::backtrace::__rust_end_short_backtrace::<std[617be2ca0a6fd877]::panicking::panic_handler::{closure#0}, !>
[INFO] [stdout]    9:     0x650840c9272d - __rustc[ea4f61d10b84890b]::rust_begin_unwind
[INFO] [stdout]   10:     0x650840cd242c - core[a373ad73a504971]::panicking::panic_fmt
[INFO] [stdout]   11:     0x650840cd2202 - core[a373ad73a504971]::result::unwrap_failed
[INFO] [stdout]   12:     0x650840a30965 - <secure_sum[4f5e3d9574060e21]::metric::tests::default_metric_file_can_be_read::{closure#0} as core[a373ad73a504971]::ops::function::FnOnce<()>>::call_once
[INFO] [stdout]   13:     0x650840c6b839 - serial_test[6a9026842472f12c]::serial_code_lock::local_serial_core
[INFO] [stdout]   14:     0x650840a3043d - <secure_sum[4f5e3d9574060e21]::metric::tests::default_metric_file_can_be_read::{closure#0} as core[a373ad73a504971]::ops::function::FnOnce<()>>::call_once
[INFO] [stdout]   15:     0x650840a7973b - test[aada8e7e76ba119b]::__rust_begin_short_backtrace::<core[a373ad73a504971]::result::Result<(), alloc[2e1b2a31b91974c5]::string::String>, fn() -> core[a373ad73a504971]::result::Result<(), alloc[2e1b2a31b91974c5]::string::String>>
[INFO] [stdout]   16:     0x650840a86915 - test[aada8e7e76ba119b]::run_test::{closure#0}
[INFO] [stdout]   17:     0x650840a80204 - std[617be2ca0a6fd877]::sys::backtrace::__rust_begin_short_backtrace::<test[aada8e7e76ba119b]::run_test::{closure#1}, ()>
[INFO] [stdout]   18:     0x650840a899a2 - <std[617be2ca0a6fd877]::thread::lifecycle::spawn_unchecked<test[aada8e7e76ba119b]::run_test::{closure#1}, ()>::{closure#1} as core[a373ad73a504971]::ops::function::FnOnce<()>>::call_once::{shim:vtable#0}
[INFO] [stdout]   19:     0x650840cb7aef - <std[617be2ca0a6fd877]::sys::thread::unix::Thread>::new::thread_start
[INFO] [stdout]   20:     0x708f1c1f9dfa - <unknown>
[INFO] [stdout]   21:     0x708f1c28d3d4 - clone
[INFO] [stdout]   22:                0x0 - <unknown>
[INFO] [stdout] 
[INFO] [stdout] ---- scorecard::tests::evaluation_is_aborted_after_timeout stdout ----
[INFO] [stdout] 
[INFO] [stdout] thread 'scorecard::tests::evaluation_is_aborted_after_timeout' (1604) panicked at src/scorecard.rs:420:35:
[INFO] [stdout] called `Result::unwrap()` on an `Err` value: Ureq(Io(Custom { kind: Uncategorized, error: "failed to lookup address information: Temporary failure in name resolution" }))
[INFO] [stdout] stack backtrace:
[INFO] [stdout]    0:     0x650840cb8d21 - <<std[617be2ca0a6fd877]::sys::backtrace::BacktraceLock>::print::DisplayBacktrace as core[a373ad73a504971]::fmt::Display>::fmt
[INFO] [stdout]    1:     0x650840cd1c0a - core[a373ad73a504971]::fmt::write
[INFO] [stdout]    2:     0x650840cbd9dc - <alloc[2e1b2a31b91974c5]::vec::Vec<u8> as core[a373ad73a504971]::io::write::Write>::write_fmt
[INFO] [stdout]    3:     0x650840c912d6 - std[617be2ca0a6fd877]::panicking::default_hook::{closure#0}
[INFO] [stdout]    4:     0x650840cafd89 - std[617be2ca0a6fd877]::panicking::default_hook
[INFO] [stdout]    5:     0x650840a862f0 - test[aada8e7e76ba119b]::test_main_inner::{closure#0}
[INFO] [stdout]    6:     0x650840caff42 - std[617be2ca0a6fd877]::panicking::panic_with_hook
[INFO] [stdout]    7:     0x650840c91382 - std[617be2ca0a6fd877]::panicking::panic_handler::{closure#0}
[INFO] [stdout]    8:     0x650840c89a49 - std[617be2ca0a6fd877]::sys::backtrace::__rust_end_short_backtrace::<std[617be2ca0a6fd877]::panicking::panic_handler::{closure#0}, !>
[INFO] [stdout]    9:     0x650840c9272d - __rustc[ea4f61d10b84890b]::rust_begin_unwind
[INFO] [stdout]   10:     0x650840cd242c - core[a373ad73a504971]::panicking::panic_fmt
[INFO] [stdout]   11:     0x650840cd2202 - core[a373ad73a504971]::result::unwrap_failed
[INFO] [stdout]   12:     0x650840a09365 - <secure_sum[4f5e3d9574060e21]::scorecard::tests::evaluation_is_aborted_after_timeout::{closure#0} as core[a373ad73a504971]::ops::function::FnOnce<()>>::call_once
[INFO] [stdout]   13:     0x650840c6b839 - serial_test[6a9026842472f12c]::serial_code_lock::local_serial_core
[INFO] [stdout]   14:     0x650840a0835d - <secure_sum[4f5e3d9574060e21]::scorecard::tests::evaluation_is_aborted_after_timeout::{closure#0} as core[a373ad73a504971]::ops::function::FnOnce<()>>::call_once
[INFO] [stdout]   15:     0x650840a7973b - test[aada8e7e76ba119b]::__rust_begin_short_backtrace::<core[a373ad73a504971]::result::Result<(), alloc[2e1b2a31b91974c5]::string::String>, fn() -> core[a373ad73a504971]::result::Result<(), alloc[2e1b2a31b91974c5]::string::String>>
[INFO] [stdout]   16:     0x650840a86915 - test[aada8e7e76ba119b]::run_test::{closure#0}
[INFO] [stdout]   17:     0x650840a80204 - std[617be2ca0a6fd877]::sys::backtrace::__rust_begin_short_backtrace::<test[aada8e7e76ba119b]::run_test::{closure#1}, ()>
[INFO] [stdout]   18:     0x650840a899a2 - <std[617be2ca0a6fd877]::thread::lifecycle::spawn_unchecked<test[aada8e7e76ba119b]::run_test::{closure#1}, ()>::{closure#1} as core[a373ad73a504971]::ops::function::FnOnce<()>>::call_once::{shim:vtable#0}
[INFO] [stdout]   19:     0x650840cb7aef - <std[617be2ca0a6fd877]::sys::thread::unix::Thread>::new::thread_start
[INFO] [stdout]   20:     0x708f1c1f9dfa - <unknown>
[INFO] [stdout]   21:     0x708f1c28d3d4 - clone
[INFO] [stdout]   22:                0x0 - <unknown>
[INFO] [stdout] 
[INFO] [stdout] ---- scorecard::tests::scorecard_binary_can_be_executed_after_ensure_scorecard_binary_call stdout ----
[INFO] [stdout] 
[INFO] [stdout] thread 'scorecard::tests::scorecard_binary_can_be_executed_after_ensure_scorecard_binary_call' (1610) panicked at src/scorecard.rs:275:46:
[INFO] [stdout] called `Result::unwrap()` on an `Err` value: Ureq(Io(Custom { kind: Uncategorized, error: "failed to lookup address information: Temporary failure in name resolution" }))
[INFO] [stdout] stack backtrace:
[INFO] [stdout]    0:     0x650840cb8d21 - <<std[617be2ca0a6fd877]::sys::backtrace::BacktraceLock>::print::DisplayBacktrace as core[a373ad73a504971]::fmt::Display>::fmt
[INFO] [stdout]    1:     0x650840cd1c0a - core[a373ad73a504971]::fmt::write
[INFO] [stdout]    2:     0x650840cbd9dc - <alloc[2e1b2a31b91974c5]::vec::Vec<u8> as core[a373ad73a504971]::io::write::Write>::write_fmt
[INFO] [stdout]    3:     0x650840c912d6 - std[617be2ca0a6fd877]::panicking::default_hook::{closure#0}
[INFO] [stdout]    4:     0x650840cafd89 - std[617be2ca0a6fd877]::panicking::default_hook
[INFO] [stdout]    5:     0x650840a862f0 - test[aada8e7e76ba119b]::test_main_inner::{closure#0}
[INFO] [stdout]    6:     0x650840caff42 - std[617be2ca0a6fd877]::panicking::panic_with_hook
[INFO] [stdout]    7:     0x650840c91382 - std[617be2ca0a6fd877]::panicking::panic_handler::{closure#0}
[INFO] [stdout]    8:     0x650840c89a49 - std[617be2ca0a6fd877]::sys::backtrace::__rust_end_short_backtrace::<std[617be2ca0a6fd877]::panicking::panic_handler::{closure#0}, !>
[INFO] [stdout]    9:     0x650840c9272d - __rustc[ea4f61d10b84890b]::rust_begin_unwind
[INFO] [stdout]   10:     0x650840cd242c - core[a373ad73a504971]::panicking::panic_fmt
[INFO] [stdout]   11:     0x650840cd2202 - core[a373ad73a504971]::result::unwrap_failed
[INFO] [stdout]   12:     0x650840a0a444 - <secure_sum[4f5e3d9574060e21]::scorecard::tests::scorecard_binary_can_be_executed_after_ensure_scorecard_binary_call::{closure#0} as core[a373ad73a504971]::ops::function::FnOnce<()>>::call_once
[INFO] [stdout]   13:     0x650840c6b839 - serial_test[6a9026842472f12c]::serial_code_lock::local_serial_core
[INFO] [stdout]   14:     0x650840a088bd - <secure_sum[4f5e3d9574060e21]::scorecard::tests::scorecard_binary_can_be_executed_after_ensure_scorecard_binary_call::{closure#0} as core[a373ad73a504971]::ops::function::FnOnce<()>>::call_once
[INFO] [stdout]   15:     0x650840a7973b - test[aada8e7e76ba119b]::__rust_begin_short_backtrace::<core[a373ad73a504971]::result::Result<(), alloc[2e1b2a31b91974c5]::string::String>, fn() -> core[a373ad73a504971]::result::Result<(), alloc[2e1b2a31b91974c5]::string::String>>
[INFO] [stdout]   16:     0x650840a86915 - test[aada8e7e76ba119b]::run_test::{closure#0}
[INFO] [stdout]   17:     0x650840a80204 - std[617be2ca0a6fd877]::sys::backtrace::__rust_begin_short_backtrace::<test[aada8e7e76ba119b]::run_test::{closure#1}, ()>
[INFO] [stdout]   18:     0x650840a899a2 - <std[617be2ca0a6fd877]::thread::lifecycle::spawn_unchecked<test[aada8e7e76ba119b]::run_test::{closure#1}, ()>::{closure#1} as core[a373ad73a504971]::ops::function::FnOnce<()>>::call_once::{shim:vtable#0}
[INFO] [stdout]   19:     0x650840cb7aef - <std[617be2ca0a6fd877]::sys::thread::unix::Thread>::new::thread_start
[INFO] [stdout]   20:     0x708f1c1f9dfa - <unknown>
[INFO] [stdout]   21:     0x708f1c28d3d4 - clone
[INFO] [stdout]   22:                0x0 - <unknown>
[INFO] [stdout] 
[INFO] [stdout] ---- scorecard::tests::running_scorecard_stores_output stdout ----
[INFO] [stdout] 
[INFO] [stdout] thread 'scorecard::tests::running_scorecard_stores_output' (1605) panicked at src/scorecard.rs:349:35:
[INFO] [stdout] called `Result::unwrap()` on an `Err` value: Ureq(Io(Custom { kind: Uncategorized, error: "failed to lookup address information: Temporary failure in name resolution" }))
[INFO] [stdout] stack backtrace:
[INFO] [stdout]    0:     0x650840cb8d21 - <<std[617be2ca0a6fd877]::sys::backtrace::BacktraceLock>::print::DisplayBacktrace as core[a373ad73a504971]::fmt::Display>::fmt
[INFO] [stdout]    1:     0x650840cd1c0a - core[a373ad73a504971]::fmt::write
[INFO] [stdout]    2:     0x650840cbd9dc - <alloc[2e1b2a31b91974c5]::vec::Vec<u8> as core[a373ad73a504971]::io::write::Write>::write_fmt
[INFO] [stdout]    3:     0x650840c912d6 - std[617be2ca0a6fd877]::panicking::default_hook::{closure#0}
[INFO] [stdout]    4:     0x650840cafd89 - std[617be2ca0a6fd877]::panicking::default_hook
[INFO] [stdout]    5:     0x650840a862f0 - test[aada8e7e76ba119b]::test_main_inner::{closure#0}
[INFO] [stdout]    6:     0x650840caff42 - std[617be2ca0a6fd877]::panicking::panic_with_hook
[INFO] [stdout]    7:     0x650840c91382 - std[617be2ca0a6fd877]::panicking::panic_handler::{closure#0}
[INFO] [stdout]    8:     0x650840c89a49 - std[617be2ca0a6fd877]::sys::backtrace::__rust_end_short_backtrace::<std[617be2ca0a6fd877]::panicking::panic_handler::{closure#0}, !>
[INFO] [stdout]    9:     0x650840c9272d - __rustc[ea4f61d10b84890b]::rust_begin_unwind
[INFO] [stdout]   10:     0x650840cd242c - core[a373ad73a504971]::panicking::panic_fmt
[INFO] [stdout]   11:     0x650840cd2202 - core[a373ad73a504971]::result::unwrap_failed
[INFO] [stdout]   12:     0x650840a08d6b - <secure_sum[4f5e3d9574060e21]::scorecard::tests::running_scorecard_stores_output::{closure#0} as core[a373ad73a504971]::ops::function::FnOnce<()>>::call_once
[INFO] [stdout]   13:     0x650840c6b839 - serial_test[6a9026842472f12c]::serial_code_lock::local_serial_core
[INFO] [stdout]   14:     0x650840a080cd - <secure_sum[4f5e3d9574060e21]::scorecard::tests::running_scorecard_stores_output::{closure#0} as core[a373ad73a504971]::ops::function::FnOnce<()>>::call_once
[INFO] [stdout]   15:     0x650840a7973b - test[aada8e7e76ba119b]::__rust_begin_short_backtrace::<core[a373ad73a504971]::result::Result<(), alloc[2e1b2a31b91974c5]::string::String>, fn() -> core[a373ad73a504971]::result::Result<(), alloc[2e1b2a31b91974c5]::string::String>>
[INFO] [stdout]   16:     0x650840a86915 - test[aada8e7e76ba119b]::run_test::{closure#0}
[INFO] [stdout]   17:     0x650840a80204 - std[617be2ca0a6fd877]::sys::backtrace::__rust_begin_short_backtrace::<test[aada8e7e76ba119b]::run_test::{closure#1}, ()>
[INFO] [stdout]   18:     0x650840a899a2 - <std[617be2ca0a6fd877]::thread::lifecycle::spawn_unchecked<test[aada8e7e76ba119b]::run_test::{closure#1}, ()>::{closure#1} as core[a373ad73a504971]::ops::function::FnOnce<()>>::call_once::{shim:vtable#0}
[INFO] [stdout]   19:     0x650840cb7aef - <std[617be2ca0a6fd877]::sys::thread::unix::Thread>::new::thread_start
[INFO] [stdout]   20:     0x708f1c1f9dfa - <unknown>
[INFO] [stdout]   21:     0x708f1c28d3d4 - clone
[INFO] [stdout]   22:                0x0 - <unknown>
[INFO] [stdout] 
[INFO] [stdout] ---- scorecard::tests::running_scorecard_without_metric_produces_error stdout ----
[INFO] [stdout] 
[INFO] [stdout] thread 'scorecard::tests::running_scorecard_without_metric_produces_error' (1606) panicked at src/scorecard.rs:398:35:
[INFO] [stdout] called `Result::unwrap()` on an `Err` value: Ureq(Io(Custom { kind: Uncategorized, error: "failed to lookup address information: Temporary failure in name resolution" }))
[INFO] [stdout] stack backtrace:
[INFO] [stdout]    0:     0x650840cb8d21 - <<std[617be2ca0a6fd877]::sys::backtrace::BacktraceLock>::print::DisplayBacktrace as core[a373ad73a504971]::fmt::Display>::fmt
[INFO] [stdout]    1:     0x650840cd1c0a - core[a373ad73a504971]::fmt::write
[INFO] [stdout]    2:     0x650840cbd9dc - <alloc[2e1b2a31b91974c5]::vec::Vec<u8> as core[a373ad73a504971]::io::write::Write>::write_fmt
[INFO] [stdout]    3:     0x650840c912d6 - std[617be2ca0a6fd877]::panicking::default_hook::{closure#0}
[INFO] [stdout]    4:     0x650840cafd89 - std[617be2ca0a6fd877]::panicking::default_hook
[INFO] [stdout]    5:     0x650840a862f0 - test[aada8e7e76ba119b]::test_main_inner::{closure#0}
[INFO] [stdout]    6:     0x650840caff42 - std[617be2ca0a6fd877]::panicking::panic_with_hook
[INFO] [stdout]    7:     0x650840c91382 - std[617be2ca0a6fd877]::panicking::panic_handler::{closure#0}
[INFO] [stdout]    8:     0x650840c89a49 - std[617be2ca0a6fd877]::sys::backtrace::__rust_end_short_backtrace::<std[617be2ca0a6fd877]::panicking::panic_handler::{closure#0}, !>
[INFO] [stdout]    9:     0x650840c9272d - __rustc[ea4f61d10b84890b]::rust_begin_unwind
[INFO] [stdout]   10:     0x650840cd242c - core[a373ad73a504971]::panicking::panic_fmt
[INFO] [stdout]   11:     0x650840cd2202 - core[a373ad73a504971]::result::unwrap_failed
[INFO] [stdout]   12:     0x650840a09870 - <secure_sum[4f5e3d9574060e21]::scorecard::tests::running_scorecard_without_metric_produces_error::{closure#0} as core[a373ad73a504971]::ops::function::FnOnce<()>>::call_once
[INFO] [stdout]   13:     0x650840c6b839 - serial_test[6a9026842472f12c]::serial_code_lock::local_serial_core
[INFO] [stdout]   14:     0x650840a0873d - <secure_sum[4f5e3d9574060e21]::scorecard::tests::running_scorecard_without_metric_produces_error::{closure#0} as core[a373ad73a504971]::ops::function::FnOnce<()>>::call_once
[INFO] [stdout]   15:     0x650840a7973b - test[aada8e7e76ba119b]::__rust_begin_short_backtrace::<core[a373ad73a504971]::result::Result<(), alloc[2e1b2a31b91974c5]::string::String>, fn() -> core[a373ad73a504971]::result::Result<(), alloc[2e1b2a31b91974c5]::string::String>>
[INFO] [stdout]   16:     0x650840a86915 - test[aada8e7e76ba119b]::run_test::{closure#0}
[INFO] [stdout]   17:     0x650840a80204 - std[617be2ca0a6fd877]::sys::backtrace::__rust_begin_short_backtrace::<test[aada8e7e76ba119b]::run_test::{closure#1}, ()>
[INFO] [stdout]   18:     0x650840a899a2 - <std[617be2ca0a6fd877]::thread::lifecycle::spawn_unchecked<test[aada8e7e76ba119b]::run_test::{closure#1}, ()>::{closure#1} as core[a373ad73a504971]::ops::function::FnOnce<()>>::call_once::{shim:vtable#0}
[INFO] [stdout]   19:     0x650840cb7aef - <std[617be2ca0a6fd877]::sys::thread::unix::Thread>::new::thread_start
[INFO] [stdout]   20:     0x708f1c1f9dfa - <unknown>
[INFO] [stdout]   21:     0x708f1c28d3d4 - clone
[INFO] [stdout]   22:                0x0 - <unknown>
[INFO] [stdout] 
[INFO] [stdout] ---- scorecard::tests::scorecard_probe_on_unknown_repo_stores_error_in_result stdout ----
[INFO] [stdout] 
[INFO] [stdout] thread 'scorecard::tests::scorecard_probe_on_unknown_repo_stores_error_in_result' (1613) panicked at src/scorecard.rs:374:35:
[INFO] [stdout] called `Result::unwrap()` on an `Err` value: Ureq(Io(Custom { kind: Uncategorized, error: "failed to lookup address information: Temporary failure in name resolution" }))
[INFO] [stdout] stack backtrace:
[INFO] [stdout]    0:     0x650840cb8d21 - <<std[617be2ca0a6fd877]::sys::backtrace::BacktraceLock>::print::DisplayBacktrace as core[a373ad73a504971]::fmt::Display>::fmt
[INFO] [stdout]    1:     0x650840cd1c0a - core[a373ad73a504971]::fmt::write
[INFO] [stdout]    2:     0x650840cbd9dc - <alloc[2e1b2a31b91974c5]::vec::Vec<u8> as core[a373ad73a504971]::io::write::Write>::write_fmt
[INFO] [stdout]    3:     0x650840c912d6 - std[617be2ca0a6fd877]::panicking::default_hook::{closure#0}
[INFO] [stdout]    4:     0x650840cafd89 - std[617be2ca0a6fd877]::panicking::default_hook
[INFO] [stdout]    5:     0x650840a862f0 - test[aada8e7e76ba119b]::test_main_inner::{closure#0}
[INFO] [stdout]    6:     0x650840caff42 - std[617be2ca0a6fd877]::panicking::panic_with_hook
[INFO] [stdout]    7:     0x650840c91382 - std[617be2ca0a6fd877]::panicking::panic_handler::{closure#0}
[INFO] [stdout]    8:     0x650840c89a49 - std[617be2ca0a6fd877]::sys::backtrace::__rust_end_short_backtrace::<std[617be2ca0a6fd877]::panicking::panic_handler::{closure#0}, !>
[INFO] [stdout]    9:     0x650840c9272d - __rustc[ea4f61d10b84890b]::rust_begin_unwind
[INFO] [stdout]   10:     0x650840cd242c - core[a373ad73a504971]::panicking::panic_fmt
[INFO] [stdout]   11:     0x650840cd2202 - core[a373ad73a504971]::result::unwrap_failed
[INFO] [stdout]   12:     0x650840a09e04 - <secure_sum[4f5e3d9574060e21]::scorecard::tests::scorecard_probe_on_unknown_repo_stores_error_in_result::{closure#0} as core[a373ad73a504971]::ops::function::FnOnce<()>>::call_once
[INFO] [stdout]   13:     0x650840c6b839 - serial_test[6a9026842472f12c]::serial_code_lock::local_serial_core
[INFO] [stdout]   14:     0x650840a087bd - <secure_sum[4f5e3d9574060e21]::scorecard::tests::scorecard_probe_on_unknown_repo_stores_error_in_result::{closure#0} as core[a373ad73a504971]::ops::function::FnOnce<()>>::call_once
[INFO] [stdout]   15:     0x650840a7973b - test[aada8e7e76ba119b]::__rust_begin_short_backtrace::<core[a373ad73a504971]::result::Result<(), alloc[2e1b2a31b91974c5]::string::String>, fn() -> core[a373ad73a504971]::result::Result<(), alloc[2e1b2a31b91974c5]::string::String>>
[INFO] [stdout]   16:     0x650840a86915 - test[aada8e7e76ba119b]::run_test::{closure#0}
[INFO] [stdout]   17:     0x650840a80204 - std[617be2ca0a6fd877]::sys::backtrace::__rust_begin_short_backtrace::<test[aada8e7e76ba119b]::run_test::{closure#1}, ()>
[INFO] [stdout]   18:     0x650840a899a2 - <std[617be2ca0a6fd877]::thread::lifecycle::spawn_unchecked<test[aada8e7e76ba119b]::run_test::{closure#1}, ()>::{closure#1} as core[a373ad73a504971]::ops::function::FnOnce<()>>::call_once::{shim:vtable#0}
[INFO] [stdout]   19:     0x650840cb7aef - <std[617be2ca0a6fd877]::sys::thread::unix::Thread>::new::thread_start
[INFO] [stdout]   20:     0x708f1c1f9dfa - <unknown>
[INFO] [stdout]   21:     0x708f1c28d3d4 - clone
[INFO] [stdout]   22:                0x0 - <unknown>
[INFO] [stdout] 
[INFO] [stdout] 
[INFO] [stdout] failures:
[INFO] [stdout]     ecosystem::node_js::tests::npmjs_repo_url_can_be_obtained
[INFO] [stdout]     ecosystem::rust::tests::crate_repo_url_can_be_obtained
[INFO] [stdout]     github_token::tests::get_token_reads_dotenv_file
[INFO] [stdout]     github_token::tests::valid_token_is_valid
[INFO] [stdout]     metric::tests::default_metric_file_can_be_read
[INFO] [stdout]     metric::tests::ensure_metric_file_ensures_metric_file
[INFO] [stdout]     scorecard::tests::evaluation_is_aborted_after_timeout
[INFO] [stdout]     scorecard::tests::running_scorecard_stores_output
[INFO] [stdout]     scorecard::tests::running_scorecard_without_metric_produces_error
[INFO] [stdout]     scorecard::tests::scorecard_binary_can_be_executed_after_ensure_scorecard_binary_call
[INFO] [stdout]     scorecard::tests::scorecard_binary_exists_after_ensure_scorecard_binary_call
[INFO] [stdout]     scorecard::tests::scorecard_probe_on_unknown_repo_stores_error_in_result
[INFO] [stdout]     scorecard::tests::scorecard_url_exists
[INFO] [stdout] 
[INFO] [stdout] test result: FAILED. 65 passed; 13 failed; 0 ignored; 0 measured; 0 filtered out; finished in 0.03s
[INFO] [stdout] 
[INFO] running `Command { std: "docker" "inspect" "acf8f732f15399671743667e984456014a3288e9e1bb66d45682aa9f2c0f6444", kill_on_drop: false }`
[INFO] running `Command { std: "docker" "rm" "-f" "acf8f732f15399671743667e984456014a3288e9e1bb66d45682aa9f2c0f6444", kill_on_drop: false }`
[INFO] [stdout] acf8f732f15399671743667e984456014a3288e9e1bb66d45682aa9f2c0f6444
