[INFO] fetching crate secretspec-ipc 0.21.1...
[INFO] testing secretspec-ipc-0.21.1 against 1.99.0-beta.8+cargoflags=--release for beta-release-1.100-2
[INFO] extracting crate secretspec-ipc 0.21.1 into /workspace/builds/worker-1-tc1/source
[INFO] started tweaking crates.io crate secretspec-ipc 0.21.1
[INFO] removed 0 missing examples
[INFO] removed 0 missing tests
[INFO] finished tweaking crates.io crate secretspec-ipc 0.21.1
[INFO] tweaked toml for crates.io crate secretspec-ipc 0.21.1 written to /workspace/builds/worker-1-tc1/source/Cargo.toml
[INFO] validating manifest of crates.io crate secretspec-ipc 0.21.1 on toolchain 1.99.0-beta.8
[INFO] running `Command { std: CARGO_HOME="/workspace/cargo-home" RUSTUP_HOME="/workspace/rustup-home" "/workspace/cargo-home/bin/cargo" "+1.99.0-beta.8" "metadata" "--manifest-path" "Cargo.toml" "--no-deps", kill_on_drop: false }`
[INFO] crate crates.io crate secretspec-ipc 0.21.1 already has a lockfile, it will not be regenerated
[INFO] running `Command { std: CARGO_HOME="/workspace/cargo-home" RUSTUP_HOME="/workspace/rustup-home" "/workspace/cargo-home/bin/cargo" "+1.99.0-beta.8" "fetch" "--manifest-path" "Cargo.toml", kill_on_drop: false }`
[INFO] [stderr]     Updating crates.io index
[INFO] [stderr]  Downloading crates ...
[INFO] [stderr]   Downloaded jsonschema-regex v0.48.5
[INFO] [stderr]   Downloaded referencing v0.48.5
[INFO] [stderr]   Downloaded jsonschema-value v0.48.5
[INFO] [stderr]   Downloaded zerovec-derive v0.11.4
[INFO] [stderr]   Downloaded icu_provider v2.3.0
[INFO] [stderr]   Downloaded zerovec v0.11.7
[INFO] [stderr]   Downloaded jsonschema v0.48.5
[INFO] running `Command { std: "docker" "create" "-v" "/var/lib/crater-agent-workspace/builds/worker-1-tc1/source:/opt/rustwide/workdir:ro,Z" "-v" "/var/lib/crater-agent-workspace/builds/worker-1-tc1/target:/opt/rustwide/target:rw,Z" "-v" "/var/lib/crater-agent-workspace/cargo-home:/opt/rustwide/cargo-home:ro,Z" "-v" "/var/lib/crater-agent-workspace/rustup-home:/opt/rustwide/rustup-home:ro,Z" "-m" "1610612736" "--network" "none" "ghcr.io/rust-lang/crates-build-env/linux@sha256:77db811e55d90add9212f6832c23229e3de5f1c1f9905e8cb07319ea15df73ac" "sleep" "infinity", kill_on_drop: false }`
[INFO] [stdout] f7bb1d7e7f435c8e5d2e049900ac8c5726d972dd201f12a1c0aa5b45a57367b9
[INFO] running `Command { std: "docker" "start" "f7bb1d7e7f435c8e5d2e049900ac8c5726d972dd201f12a1c0aa5b45a57367b9", kill_on_drop: false }`
[INFO] running `Command { std: "docker" "inspect" "f7bb1d7e7f435c8e5d2e049900ac8c5726d972dd201f12a1c0aa5b45a57367b9", kill_on_drop: false }`
[INFO] running `Command { std: "docker" "exec" "-e" "SOURCE_DIR=/opt/rustwide/workdir" "-e" "CARGO_HOME=/opt/rustwide/cargo-home" "-e" "RUSTUP_HOME=/opt/rustwide/rustup-home" "-e" "CARGO_TARGET_DIR=/opt/rustwide/target" "-w" "/opt/rustwide/workdir" "--user" "0:0" "f7bb1d7e7f435c8e5d2e049900ac8c5726d972dd201f12a1c0aa5b45a57367b9" "/opt/rustwide/cargo-home/bin/cargo" "+1.99.0-beta.8" "metadata" "--no-deps" "--format-version=1", kill_on_drop: false }`
[INFO] running `Command { std: "docker" "inspect" "f7bb1d7e7f435c8e5d2e049900ac8c5726d972dd201f12a1c0aa5b45a57367b9", kill_on_drop: false }`
[INFO] running `Command { std: "docker" "exec" "-e" "SOURCE_DIR=/opt/rustwide/workdir" "-e" "CARGO_HOME=/opt/rustwide/cargo-home" "-e" "RUSTUP_HOME=/opt/rustwide/rustup-home" "-e" "CARGO_TARGET_DIR=/opt/rustwide/target" "-e" "CARGO_INCREMENTAL=0" "-e" "RUST_BACKTRACE=full" "-e" "RUSTFLAGS=--cap-lints=warn" "-e" "RUSTDOCFLAGS=--cap-lints=warn" "-w" "/opt/rustwide/workdir" "--user" "0:0" "f7bb1d7e7f435c8e5d2e049900ac8c5726d972dd201f12a1c0aa5b45a57367b9" "/opt/rustwide/cargo-home/bin/cargo" "+1.99.0-beta.8" "build" "--frozen" "--message-format=json" "--release", kill_on_drop: false }`
[INFO] [stderr]    Compiling syn v2.0.117
[INFO] [stderr]    Compiling futures-task v0.3.32
[INFO] [stderr]    Compiling futures-core v0.3.32
[INFO] [stderr]    Compiling slab v0.4.12
[INFO] [stderr]    Compiling errno v0.3.14
[INFO] [stderr]    Compiling mio v1.1.1
[INFO] [stderr]    Compiling serde_json v1.0.149
[INFO] [stderr]    Compiling futures-sink v0.3.32
[INFO] [stderr]    Compiling zeroize v1.8.2
[INFO] [stderr]    Compiling signal-hook-registry v1.4.8
[INFO] [stderr]    Compiling futures-macro v0.3.32
[INFO] [stderr]    Compiling tokio-macros v2.6.1
[INFO] [stderr]    Compiling serde_derive v1.0.228
[INFO] [stderr]    Compiling thiserror-impl v2.0.18
[INFO] [stderr]    Compiling async-trait v0.1.89
[INFO] [stderr]    Compiling tokio v1.50.0
[INFO] [stderr]    Compiling futures-util v0.3.32
[INFO] [stderr]    Compiling thiserror v2.0.18
[INFO] [stderr]    Compiling serde v1.0.228
[INFO] [stderr]    Compiling tokio-util v0.7.18
[INFO] [stderr]    Compiling secretspec-ipc v0.21.1 (/opt/rustwide/workdir)
[INFO] [stderr]     Finished `release` profile [optimized] target(s) in 39.48s
[INFO] running `Command { std: "docker" "inspect" "f7bb1d7e7f435c8e5d2e049900ac8c5726d972dd201f12a1c0aa5b45a57367b9", kill_on_drop: false }`
[INFO] running `Command { std: "docker" "exec" "-e" "SOURCE_DIR=/opt/rustwide/workdir" "-e" "CARGO_HOME=/opt/rustwide/cargo-home" "-e" "RUSTUP_HOME=/opt/rustwide/rustup-home" "-e" "CARGO_TARGET_DIR=/opt/rustwide/target" "-e" "CARGO_INCREMENTAL=0" "-e" "RUST_BACKTRACE=full" "-e" "RUSTFLAGS=--cap-lints=warn" "-e" "RUSTDOCFLAGS=--cap-lints=warn" "-w" "/opt/rustwide/workdir" "--user" "0:0" "f7bb1d7e7f435c8e5d2e049900ac8c5726d972dd201f12a1c0aa5b45a57367b9" "/opt/rustwide/cargo-home/bin/cargo" "+1.99.0-beta.8" "test" "--frozen" "--no-run" "--message-format=json" "--release", kill_on_drop: false }`
[INFO] [stderr]    Compiling syn v2.0.117
[INFO] [stderr]    Compiling syn v3.0.3
[INFO] [stderr]    Compiling num-traits v0.2.19
[INFO] [stderr]    Compiling zerocopy v0.8.47
[INFO] [stderr]    Compiling smallvec v1.15.1
[INFO] [stderr]    Compiling serde_json v1.0.149
[INFO] [stderr]    Compiling regex-syntax v0.8.10
[INFO] [stderr]    Compiling aho-corasick v1.1.4
[INFO] [stderr]    Compiling bitflags v2.11.0
[INFO] [stderr]    Compiling rustix v1.1.4
[INFO] [stderr]    Compiling num-integer v0.1.46
[INFO] [stderr]    Compiling num-bigint v0.4.8
[INFO] [stderr]    Compiling zerovec-derive v0.11.4
[INFO] [stderr]    Compiling synstructure v0.13.2
[INFO] [stderr]    Compiling num-rational v0.4.2
[INFO] [stderr]    Compiling num-iter v0.1.45
[INFO] [stderr]    Compiling num-complex v0.4.6
[INFO] [stderr]    Compiling regex-automata v0.4.14
[INFO] [stderr]    Compiling num v0.4.3
[INFO] [stderr]    Compiling parking_lot_core v0.9.12
[INFO] [stderr]    Compiling getrandom v0.4.2
[INFO] [stderr]    Compiling borrow-or-share v0.2.4
[INFO] [stderr]    Compiling unicode-general-category v1.1.0
[INFO] [stderr]    Compiling foldhash v0.2.0
[INFO] [stderr]    Compiling zerofrom-derive v0.1.6
[INFO] [stderr]    Compiling yoke-derive v0.8.2
[INFO] [stderr]    Compiling displaydoc v0.2.5
[INFO] [stderr]    Compiling serde_derive v1.0.228
[INFO] [stderr]    Compiling ref-cast-impl v1.0.25
[INFO] [stderr]    Compiling ref-cast v1.0.25
[INFO] [stderr]    Compiling futures-macro v0.3.32
[INFO] [stderr]    Compiling tokio-macros v2.6.1
[INFO] [stderr]    Compiling hashbrown v0.17.1
[INFO] [stderr]    Compiling zerofrom v0.1.6
[INFO] [stderr]    Compiling tempfile v3.27.0
[INFO] [stderr]    Compiling yoke v0.8.3
[INFO] [stderr]    Compiling zerovec v0.11.7
[INFO] [stderr]    Compiling zerotrie v0.2.5
[INFO] [stderr]    Compiling tokio v1.50.0
[INFO] [stderr]    Compiling futures-util v0.3.32
[INFO] [stderr]    Compiling strum_macros v0.28.0
[INFO] [stderr]    Compiling tinystr v0.8.4
[INFO] [stderr]    Compiling icu_locale_core v2.3.0
[INFO] [stderr]    Compiling potential_utf v0.1.4
[INFO] [stderr]    Compiling icu_collections v2.3.0
[INFO] [stderr]    Compiling thiserror-impl v2.0.18
[INFO] [stderr]    Compiling fraction v0.15.4
[INFO] [stderr]    Compiling serde v1.0.228
[INFO] [stderr]    Compiling icu_provider v2.3.0
[INFO] [stderr]    Compiling parking_lot v0.12.5
[INFO] [stderr]    Compiling ppv-lite86 v0.2.21
[INFO] [stderr]    Compiling icu_properties v2.3.0
[INFO] [stderr]    Compiling ahash v0.8.12
[INFO] [stderr]    Compiling icu_normalizer v2.3.0
[INFO] [stderr]    Compiling fluent-uri v0.4.1
[INFO] [stderr]    Compiling bytecount v0.6.9
[INFO] [stderr]    Compiling vsimd v0.8.0
[INFO] [stderr]    Compiling num-cmp v0.1.0
[INFO] [stderr]    Compiling outref v0.5.2
[INFO] [stderr]    Compiling micromap v0.3.0
[INFO] [stderr]    Compiling rusty-fork v0.3.1
[INFO] [stderr]    Compiling referencing v0.48.5
[INFO] [stderr]    Compiling idna_adapter v1.2.1
[INFO] [stderr]    Compiling idna v1.1.0
[INFO] [stderr]    Compiling uuid-simd v0.8.0
[INFO] [stderr]    Compiling jsonschema-value v0.48.5
[INFO] [stderr]    Compiling rand_chacha v0.9.0
[INFO] [stderr]    Compiling tokio-util v0.7.18
[INFO] [stderr]    Compiling email_address v0.2.9
[INFO] [stderr]    Compiling strum v0.28.0
[INFO] [stderr]    Compiling thiserror v2.0.18
[INFO] [stderr]    Compiling fancy-regex v0.18.0
[INFO] [stderr]    Compiling regex v1.12.3
[INFO] [stderr]    Compiling async-trait v0.1.89
[INFO] [stderr]    Compiling jsonschema-regex v0.48.5
[INFO] [stderr]    Compiling rand v0.9.2
[INFO] [stderr]    Compiling data-encoding v2.11.0
[INFO] [stderr]    Compiling secretspec-ipc v0.21.1 (/opt/rustwide/workdir)
[INFO] [stderr]    Compiling jsonschema v0.48.5
[INFO] [stderr]    Compiling proptest v1.11.0
[INFO] [stderr]     Finished `release` profile [optimized] target(s) in 5m 33s
[INFO] running `Command { std: "docker" "inspect" "f7bb1d7e7f435c8e5d2e049900ac8c5726d972dd201f12a1c0aa5b45a57367b9", kill_on_drop: false }`
[INFO] running `Command { std: "docker" "exec" "-e" "SOURCE_DIR=/opt/rustwide/workdir" "-e" "CARGO_HOME=/opt/rustwide/cargo-home" "-e" "RUSTUP_HOME=/opt/rustwide/rustup-home" "-e" "CARGO_TARGET_DIR=/opt/rustwide/target" "-e" "CARGO_INCREMENTAL=0" "-e" "RUST_BACKTRACE=full" "-e" "RUSTFLAGS=--cap-lints=warn" "-e" "RUSTDOCFLAGS=--cap-lints=warn" "-w" "/opt/rustwide/workdir" "--user" "0:0" "f7bb1d7e7f435c8e5d2e049900ac8c5726d972dd201f12a1c0aa5b45a57367b9" "/opt/rustwide/cargo-home/bin/cargo" "+1.99.0-beta.8" "test" "--frozen" "--release", kill_on_drop: false }`
[INFO] [stderr]     Finished `release` profile [optimized] target(s) in 0.24s
[INFO] [stderr]      Running unittests src/lib.rs (/opt/rustwide/target/release/deps/secretspec_ipc-6ca027744ad99213)
[INFO] [stdout] 
[INFO] [stdout] running 56 tests
[INFO] [stdout] test connection::tests::client_validates_paths_in_the_resolvers_namespace ... ok
[INFO] [stdout] test deadline::tests::clamping_a_wire_deadline_is_idempotent_and_bounded ... ok
[INFO] [stdout] test deadline::tests::deadlines_inside_the_horizon_are_preserved ... ok
[INFO] [stdout] test deadline::tests::far_future_deadlines_are_clamped_to_the_horizon ... ok
[INFO] [stdout] test deadline::tests::generated_deadline_is_not_in_the_past ... ok
[INFO] [stdout] test client::tests::a_start_dropped_under_backpressure_leaves_no_pending_request ... ok
[INFO] [stdout] test error::tests::later_interaction_kinds_decode_without_becoming_authority ... ok
[INFO] [stdout] test connection::tests::ssh_tolerates_clients_older_than_openssh_8_7 ... ok
[INFO] [stdout] test client::tests::abandoning_an_answered_request_leaves_no_marker ... ok
[INFO] [stdout] test connection::tests::ssh_rejects_option_injection_and_control_characters ... ok
[INFO] [stdout] test error::tests::rpc_kind_preserves_closed_remote_semantics ... ok
[INFO] [stdout] test error::tests::an_undefined_kind_decodes_instead_of_failing_the_frame ... ok
[INFO] [stdout] test error::tests::interaction_references_are_bounded_and_kind_specific ... ok
[INFO] [stdout] test description::tests::discovery_documents_are_self_contained_and_bounded ... ok
[INFO] [stdout] test frame::tests::decoder_debug_hides_the_buffered_payload ... ok
[INFO] [stdout] test frame::tests::decoder_grows_to_the_limit_without_exceeding_it ... ok
[INFO] [stdout] test frame::tests::rejects_a_missing_delimiter_at_the_bound ... ok
[INFO] [stdout] test jsonrpc::tests::error_response_requires_an_explicit_nullable_id ... ok
[INFO] [stdout] test jsonrpc::tests::notifications_are_closed_envelopes_with_open_methods ... ok
[INFO] [stdout] test jsonrpc::tests::rejection_reports_the_layer_that_refused_the_frame ... ok
[INFO] [stdout] test jsonrpc::tests::rejects_duplicate_keys_and_batches ... ok
[INFO] [stdout] test frame::tests::accepts_every_chunk_boundary_and_multiple_frames ... ok
[INFO] [stdout] test jsonrpc::tests::rejects_unknown_top_level_members ... ok
[INFO] [stdout] test frame::tests::async_reader_keeps_a_partial_frame_when_the_read_is_cancelled ... ok
[INFO] [stdout] test jsonrpc::tests::request_deadline_is_required_and_round_trips ... ok
[INFO] [stdout] test frame::tests::async_reader_reuses_one_buffered_chunk_across_frames ... ok
[INFO] [stdout] test jsonrpc::tests::request_ids_are_bounded_integers ... ok
[INFO] [stdout] test launch::tests::debug_shows_environment_names_but_not_values ... ok
[INFO] [stdout] test launch::tests::relative_executables_require_explicit_discovery ... ok
[INFO] [stdout] test launch::tests::stderr_capture_is_bounded ... ok
[INFO] [stdout] test protocol::tests::limit_selection_never_increases_an_offer ... ok
[INFO] [stdout] test protocol::tests::debug_never_prints_secret_values ... ok
[INFO] [stdout] test error::tests::retry_after_must_be_positive ... ok
[INFO] [stdout] test jsonrpc::tests::debug_hides_params_and_results ... ok
[INFO] [stdout] test protocol::tests::named_provider_batch_results_are_flattened_and_closed ... ok
[INFO] [stdout] test lifecycle::tests::process_exit_waits_for_a_buffered_shutdown_response ... ok
[INFO] [stdout] test deadline::tests::horizon_covers_the_documented_operation_timeout ... ok
[INFO] [stdout] test protocol::tests::provider_credential_results_distinguish_a_miss_from_an_empty_secret ... ok
[INFO] [stdout] test protocol::tests::provider_empty_results_ignore_future_members ... ok
[INFO] [stdout] test protocol::tests::provider_uri_scheme_must_match ... ok
[INFO] [stdout] test revision::tests::revisions_are_optional_on_old_single_batch_and_resolver_results ... ok
[INFO] [stdout] test server::tests::a_callback_cannot_start_after_its_parent_is_terminal ... ok
[INFO] [stdout] test server::tests::a_cancelled_callback_also_consumes_its_terminal_response ... ok
[INFO] [stdout] test protocol::tests::requested_authorization_duration_is_optional_but_must_be_positive ... ok
[INFO] [stdout] test server::tests::a_peer_does_not_keep_the_writer_channel_open ... ok
[INFO] [stdout] test revision::tests::malformed_revision_diagnostics_do_not_echo_input ... ok
[INFO] [stdout] test server::tests::callbacks_obey_the_pre_negotiation_outbound_limit ... ok
[INFO] [stdout] test server::tests::callbacks_switch_to_the_negotiated_outbound_limit ... ok
[INFO] [stdout] test server::tests::expired_deadline_is_not_started ... ok
[INFO] [stdout] test server::tests::an_abandoned_callback_keeps_its_slot_until_the_client_answers ... ok
[INFO] [stdout] test server::tests::pre_negotiation_callbacks_use_the_absolute_frame_limit ... ok
[INFO] [stdout] test protocol::tests::provider_credential_requests_use_bounded_semantic_names_and_scopes ... ok
[INFO] [stdout] test protocol::tests::schema_required_nullable_members_cannot_be_omitted ... ok
[INFO] [stdout] test lifecycle::tests::stderr_cleanup_is_bounded ... ok
[INFO] [stdout] test lifecycle::tests::a_dropped_launch_kills_its_child ... ok
[INFO] [stdout] test server::tests::an_expired_callback_consumes_its_terminal_response ... ok
[INFO] [stdout] 
[INFO] [stdout] test result: ok. 56 passed; 0 failed; 0 ignored; 0 measured; 0 filtered out; finished in 0.10s
[INFO] [stdout] 
[INFO] [stderr]      Running tests/fixtures.rs (/opt/rustwide/target/release/deps/fixtures-da469165dd9bb045)
[INFO] [stdout] 
[INFO] [stdout] running 4 tests
[INFO] [stdout] test embedded_discovery_documents_match_the_canonical_assets ... FAILED
[INFO] [stdout] test schemas_openrpc_and_fixtures_are_valid_json ... FAILED
[INFO] [stdout] test method_catalogs_match_openrpc ... FAILED
[INFO] [stdout] test every_chunking_round_trips ... ok
[INFO] [stdout] 
[INFO] [stdout] failures:
[INFO] [stdout] 
[INFO] [stdout] ---- embedded_discovery_documents_match_the_canonical_assets stdout ----
[INFO] [stdout] 
[INFO] [stdout] thread 'embedded_discovery_documents_match_the_canonical_assets' (2288) panicked at tests/fixtures.rs:91:44:
[INFO] [stdout] called `Result::unwrap()` on an `Err` value: Os { code: 2, kind: NotFound, message: "No such file or directory" }
[INFO] [stdout] stack backtrace:
[INFO] [stdout]    0:     0x635c87156711 - <<std[70759c8f55707aa4]::sys::backtrace::BacktraceLock>::print::DisplayBacktrace as core[df12db4294e9bfd3]::fmt::Display>::fmt
[INFO] [stdout]    1:     0x635c8716e53a - core[df12db4294e9bfd3]::fmt::write
[INFO] [stdout]    2:     0x635c8715b2dc - <alloc[2182bb758b4b3781]::vec::Vec<u8> as core[df12db4294e9bfd3]::io::write::Write>::write_fmt
[INFO] [stdout]    3:     0x635c87131096 - std[70759c8f55707aa4]::panicking::default_hook::{closure#0}
[INFO] [stdout]    4:     0x635c8714e759 - std[70759c8f55707aa4]::panicking::default_hook
[INFO] [stdout]    5:     0x635c870679d0 - test[9d35eded1c95d3be]::test_main_inner::<test[9d35eded1c95d3be]::test_main_static::{closure#0}>::{closure#0}
[INFO] [stdout]    6:     0x635c8714e912 - std[70759c8f55707aa4]::panicking::panic_with_hook
[INFO] [stdout]    7:     0x635c87131142 - std[70759c8f55707aa4]::panicking::panic_handler::{closure#0}
[INFO] [stdout]    8:     0x635c87129b49 - std[70759c8f55707aa4]::sys::backtrace::__rust_end_short_backtrace::<std[70759c8f55707aa4]::panicking::panic_handler::{closure#0}, !>
[INFO] [stdout]    9:     0x635c87131d3d - __rustc[8fa7c3cbc660c2b3]::rust_begin_unwind
[INFO] [stdout]   10:     0x635c8716ed1c - core[df12db4294e9bfd3]::panicking::panic_fmt
[INFO] [stdout]   11:     0x635c8716eaf2 - core[df12db4294e9bfd3]::result::unwrap_failed
[INFO] [stdout]   12:     0x635c86dfe59f - <fixtures[9af980db3abcfe2e]::embedded_discovery_documents_match_the_canonical_assets::{closure#0} as core[df12db4294e9bfd3]::ops::function::FnOnce<()>>::call_once
[INFO] [stdout]   13:     0x635c8705acbb - test[9d35eded1c95d3be]::__rust_begin_short_backtrace::<core[df12db4294e9bfd3]::result::Result<(), alloc[2182bb758b4b3781]::string::String>, fn() -> core[df12db4294e9bfd3]::result::Result<(), alloc[2182bb758b4b3781]::string::String>>
[INFO] [stdout]   14:     0x635c87068325 - test[9d35eded1c95d3be]::run_test::{closure#0}
[INFO] [stdout]   15:     0x635c87061be4 - std[70759c8f55707aa4]::sys::backtrace::__rust_begin_short_backtrace::<test[9d35eded1c95d3be]::run_test::{closure#1}, ()>
[INFO] [stdout]   16:     0x635c8706b482 - <std[70759c8f55707aa4]::thread::lifecycle::spawn_unchecked<test[9d35eded1c95d3be]::run_test::{closure#1}, ()>::{closure#1} as core[df12db4294e9bfd3]::ops::function::FnOnce<()>>::call_once::{shim:vtable#0}
[INFO] [stdout]   17:     0x635c87155cc9 - <std[70759c8f55707aa4]::sys::thread::unix::Thread>::new::thread_start
[INFO] [stdout]   18:     0x7cbed59cadfa - <unknown>
[INFO] [stdout]   19:     0x7cbed5a5e3d4 - clone
[INFO] [stdout]   20:                0x0 - <unknown>
[INFO] [stdout] 
[INFO] [stdout] ---- schemas_openrpc_and_fixtures_are_valid_json stdout ----
[INFO] [stdout] 
[INFO] [stdout] thread 'schemas_openrpc_and_fixtures_are_valid_json' (2291) panicked at tests/fixtures.rs:25:47:
[INFO] [stdout] called `Result::unwrap()` on an `Err` value: Os { code: 2, kind: NotFound, message: "No such file or directory" }
[INFO] [stdout] stack backtrace:
[INFO] [stdout]    0:     0x635c87156711 - <<std[70759c8f55707aa4]::sys::backtrace::BacktraceLock>::print::DisplayBacktrace as core[df12db4294e9bfd3]::fmt::Display>::fmt
[INFO] [stdout]    1:     0x635c8716e53a - core[df12db4294e9bfd3]::fmt::write
[INFO] [stdout]    2:     0x635c8715b2dc - <alloc[2182bb758b4b3781]::vec::Vec<u8> as core[df12db4294e9bfd3]::io::write::Write>::write_fmt
[INFO] [stdout]    3:     0x635c87131096 - std[70759c8f55707aa4]::panicking::default_hook::{closure#0}
[INFO] [stdout]    4:     0x635c8714e759 - std[70759c8f55707aa4]::panicking::default_hook
[INFO] [stdout]    5:     0x635c870679d0 - test[9d35eded1c95d3be]::test_main_inner::<test[9d35eded1c95d3be]::test_main_static::{closure#0}>::{closure#0}
[INFO] [stdout]    6:     0x635c8714e912 - std[70759c8f55707aa4]::panicking::panic_with_hook
[INFO] [stdout]    7:     0x635c87131142 - std[70759c8f55707aa4]::panicking::panic_handler::{closure#0}
[INFO] [stdout]    8:     0x635c87129b49 - std[70759c8f55707aa4]::sys::backtrace::__rust_end_short_backtrace::<std[70759c8f55707aa4]::panicking::panic_handler::{closure#0}, !>
[INFO] [stdout]    9:     0x635c87131d3d - __rustc[8fa7c3cbc660c2b3]::rust_begin_unwind
[INFO] [stdout]   10:     0x635c8716ed1c - core[df12db4294e9bfd3]::panicking::panic_fmt
[INFO] [stdout]   11:     0x635c8716eaf2 - core[df12db4294e9bfd3]::result::unwrap_failed
[INFO] [stdout]   12:     0x635c86e0c6de - <[&str; 3usize]>::try_map::<core[df12db4294e9bfd3]::ops::try_trait::NeverShortCircuit<(&str, serde_json[7c5248e63d8f2735]::value::Value)>, <core[df12db4294e9bfd3]::ops::try_trait::NeverShortCircuit<(&str, serde_json[7c5248e63d8f2735]::value::Value)>>::wrap_mut_1<&str, fixtures[9af980db3abcfe2e]::schemas_openrpc_and_fixtures_are_valid_json::{closure#0}>::{closure#0}>
[INFO] [stdout]   13:     0x635c86dfb3c7 - <fixtures[9af980db3abcfe2e]::schemas_openrpc_and_fixtures_are_valid_json::{closure#0} as core[df12db4294e9bfd3]::ops::function::FnOnce<()>>::call_once
[INFO] [stdout]   14:     0x635c8705acbb - test[9d35eded1c95d3be]::__rust_begin_short_backtrace::<core[df12db4294e9bfd3]::result::Result<(), alloc[2182bb758b4b3781]::string::String>, fn() -> core[df12db4294e9bfd3]::result::Result<(), alloc[2182bb758b4b3781]::string::String>>
[INFO] [stdout]   15:     0x635c87068325 - test[9d35eded1c95d3be]::run_test::{closure#0}
[INFO] [stdout]   16:     0x635c87061be4 - std[70759c8f55707aa4]::sys::backtrace::__rust_begin_short_backtrace::<test[9d35eded1c95d3be]::run_test::{closure#1}, ()>
[INFO] [stdout]   17:     0x635c8706b482 - <std[70759c8f55707aa4]::thread::lifecycle::spawn_unchecked<test[9d35eded1c95d3be]::run_test::{closure#1}, ()>::{closure#1} as core[df12db4294e9bfd3]::ops::function::FnOnce<()>>::call_once::{shim:vtable#0}
[INFO] [stdout]   18:     0x635c87155cc9 - <std[70759c8f55707aa4]::sys::thread::unix::Thread>::new::thread_start
[INFO] [stdout]   19:     0x7cbed59cadfa - <unknown>
[INFO] [stdout]   20:     0x7cbed5a5e3d4 - clone
[INFO] [stdout]   21:                0x0 - <unknown>
[INFO] [stdout] 
[INFO] [stdout] ---- method_catalogs_match_openrpc stdout ----
[INFO] [stdout] 
[INFO] [stdout] thread 'method_catalogs_match_openrpc' (2290) panicked at tests/fixtures.rs:139:82:
[INFO] [stdout] called `Result::unwrap()` on an `Err` value: Os { code: 2, kind: NotFound, message: "No such file or directory" }
[INFO] [stdout] stack backtrace:
[INFO] [stdout]    0:     0x635c87156711 - <<std[70759c8f55707aa4]::sys::backtrace::BacktraceLock>::print::DisplayBacktrace as core[df12db4294e9bfd3]::fmt::Display>::fmt
[INFO] [stdout]    1:     0x635c8716e53a - core[df12db4294e9bfd3]::fmt::write
[INFO] [stdout]    2:     0x635c8715b2dc - <alloc[2182bb758b4b3781]::vec::Vec<u8> as core[df12db4294e9bfd3]::io::write::Write>::write_fmt
[INFO] [stdout]    3:     0x635c87131096 - std[70759c8f55707aa4]::panicking::default_hook::{closure#0}
[INFO] [stdout]    4:     0x635c8714e759 - std[70759c8f55707aa4]::panicking::default_hook
[INFO] [stdout]    5:     0x635c870679d0 - test[9d35eded1c95d3be]::test_main_inner::<test[9d35eded1c95d3be]::test_main_static::{closure#0}>::{closure#0}
[INFO] [stdout]    6:     0x635c8714e912 - std[70759c8f55707aa4]::panicking::panic_with_hook
[INFO] [stdout]    7:     0x635c87131142 - std[70759c8f55707aa4]::panicking::panic_handler::{closure#0}
[INFO] [stdout]    8:     0x635c87129b49 - std[70759c8f55707aa4]::sys::backtrace::__rust_end_short_backtrace::<std[70759c8f55707aa4]::panicking::panic_handler::{closure#0}, !>
[INFO] [stdout]    9:     0x635c87131d3d - __rustc[8fa7c3cbc660c2b3]::rust_begin_unwind
[INFO] [stdout]   10:     0x635c8716ed1c - core[df12db4294e9bfd3]::panicking::panic_fmt
[INFO] [stdout]   11:     0x635c8716eaf2 - core[df12db4294e9bfd3]::result::unwrap_failed
[INFO] [stdout]   12:     0x635c86dfb1da - <fixtures[9af980db3abcfe2e]::method_catalogs_match_openrpc::{closure#0} as core[df12db4294e9bfd3]::ops::function::FnOnce<()>>::call_once
[INFO] [stdout]   13:     0x635c8705acbb - test[9d35eded1c95d3be]::__rust_begin_short_backtrace::<core[df12db4294e9bfd3]::result::Result<(), alloc[2182bb758b4b3781]::string::String>, fn() -> core[df12db4294e9bfd3]::result::Result<(), alloc[2182bb758b4b3781]::string::String>>
[INFO] [stdout]   14:     0x635c87068325 - test[9d35eded1c95d3be]::run_test::{closure#0}
[INFO] [stdout]   15:     0x635c87061be4 - std[70759c8f55707aa4]::sys::backtrace::__rust_begin_short_backtrace::<test[9d35eded1c95d3be]::run_test::{closure#1}, ()>
[INFO] [stdout]   16:     0x635c8706b482 - <std[70759c8f55707aa4]::thread::lifecycle::spawn_unchecked<test[9d35eded1c95d3be]::run_test::{closure#1}, ()>::{closure#1} as core[df12db4294e9bfd3]::ops::function::FnOnce<()>>::call_once::{shim:vtable#0}
[INFO] [stdout]   17:     0x635c87155cc9 - <std[70759c8f55707aa4]::sys::thread::unix::Thread>::new::thread_start
[INFO] [stdout]   18:     0x7cbed59cadfa - <unknown>
[INFO] [stdout]   19:     0x7cbed5a5e3d4 - clone
[INFO] [stdout]   20:                0x0 - <unknown>
[INFO] [stdout] 
[INFO] [stdout] 
[INFO] [stdout] failures:
[INFO] [stdout]     embedded_discovery_documents_match_the_canonical_assets
[INFO] [stdout]     method_catalogs_match_openrpc
[INFO] [stdout]     schemas_openrpc_and_fixtures_are_valid_json
[INFO] [stdout] 
[INFO] [stdout] test result: FAILED. 1 passed; 3 failed; 0 ignored; 0 measured; 0 filtered out; finished in 0.01s
[INFO] [stdout] 
[INFO] [stderr] error: test failed, to rerun pass `--test fixtures`
[INFO] running `Command { std: "docker" "inspect" "f7bb1d7e7f435c8e5d2e049900ac8c5726d972dd201f12a1c0aa5b45a57367b9", kill_on_drop: false }`
[INFO] running `Command { std: "docker" "rm" "-f" "f7bb1d7e7f435c8e5d2e049900ac8c5726d972dd201f12a1c0aa5b45a57367b9", kill_on_drop: false }`
[INFO] [stdout] f7bb1d7e7f435c8e5d2e049900ac8c5726d972dd201f12a1c0aa5b45a57367b9
