[INFO] fetching crate secretbro 0.6.0...
[INFO] testing secretbro-0.6.0 against 1.99.0-beta.8+cargoflags=--release for beta-release-1.100-2
[INFO] extracting crate secretbro 0.6.0 into /workspace/builds/worker-7-tc1/source
[INFO] removed /workspace/builds/worker-7-tc1/source/.cargo/config.toml
[INFO] started tweaking crates.io crate secretbro 0.6.0
[INFO] removed 0 missing tests
[INFO] finished tweaking crates.io crate secretbro 0.6.0
[INFO] tweaked toml for crates.io crate secretbro 0.6.0 written to /workspace/builds/worker-7-tc1/source/Cargo.toml
[INFO] validating manifest of crates.io crate secretbro 0.6.0 on toolchain 1.99.0-beta.8
[INFO] running `Command { std: CARGO_HOME="/workspace/cargo-home" RUSTUP_HOME="/workspace/rustup-home" "/workspace/cargo-home/bin/cargo" "+1.99.0-beta.8" "metadata" "--manifest-path" "Cargo.toml" "--no-deps", kill_on_drop: false }`
[INFO] crate crates.io crate secretbro 0.6.0 already has a lockfile, it will not be regenerated
[INFO] running `Command { std: CARGO_HOME="/workspace/cargo-home" RUSTUP_HOME="/workspace/rustup-home" "/workspace/cargo-home/bin/cargo" "+1.99.0-beta.8" "fetch" "--manifest-path" "Cargo.toml", kill_on_drop: false }`
[INFO] [stderr] warning: Cargo.toml: `lints.rust.future-incompatible` is deprecated in favor of `lints.rust.future_incompatible` and will not work in a future edition
[INFO] [stderr] warning: Cargo.toml: `lints.rust.rust-2018-idioms` is deprecated in favor of `lints.rust.rust_2018_idioms` and will not work in a future edition
[INFO] [stderr] warning: `secretbro` (manifest) generated 2 warnings
[INFO] running `Command { std: "docker" "create" "-v" "/var/lib/crater-agent-workspace/builds/worker-7-tc1/source:/opt/rustwide/workdir:ro,Z" "-v" "/var/lib/crater-agent-workspace/builds/worker-7-tc1/target:/opt/rustwide/target:rw,Z" "-v" "/var/lib/crater-agent-workspace/cargo-home:/opt/rustwide/cargo-home:ro,Z" "-v" "/var/lib/crater-agent-workspace/rustup-home:/opt/rustwide/rustup-home:ro,Z" "-m" "1610612736" "--network" "none" "ghcr.io/rust-lang/crates-build-env/linux@sha256:77db811e55d90add9212f6832c23229e3de5f1c1f9905e8cb07319ea15df73ac" "sleep" "infinity", kill_on_drop: false }`
[INFO] [stdout] 4d5be5581419abe53cdaea9dbf960f13102946b0bff2089a895c3e5a690955c7
[INFO] running `Command { std: "docker" "start" "4d5be5581419abe53cdaea9dbf960f13102946b0bff2089a895c3e5a690955c7", kill_on_drop: false }`
[INFO] running `Command { std: "docker" "inspect" "4d5be5581419abe53cdaea9dbf960f13102946b0bff2089a895c3e5a690955c7", kill_on_drop: false }`
[INFO] running `Command { std: "docker" "exec" "-e" "SOURCE_DIR=/opt/rustwide/workdir" "-e" "CARGO_HOME=/opt/rustwide/cargo-home" "-e" "RUSTUP_HOME=/opt/rustwide/rustup-home" "-e" "CARGO_TARGET_DIR=/opt/rustwide/target" "-w" "/opt/rustwide/workdir" "--user" "0:0" "4d5be5581419abe53cdaea9dbf960f13102946b0bff2089a895c3e5a690955c7" "/opt/rustwide/cargo-home/bin/cargo" "+1.99.0-beta.8" "metadata" "--no-deps" "--format-version=1", kill_on_drop: false }`
[INFO] running `Command { std: "docker" "inspect" "4d5be5581419abe53cdaea9dbf960f13102946b0bff2089a895c3e5a690955c7", kill_on_drop: false }`
[INFO] running `Command { std: "docker" "exec" "-e" "SOURCE_DIR=/opt/rustwide/workdir" "-e" "CARGO_HOME=/opt/rustwide/cargo-home" "-e" "RUSTUP_HOME=/opt/rustwide/rustup-home" "-e" "CARGO_TARGET_DIR=/opt/rustwide/target" "-e" "CARGO_INCREMENTAL=0" "-e" "RUST_BACKTRACE=full" "-e" "RUSTFLAGS=--cap-lints=warn" "-e" "RUSTDOCFLAGS=--cap-lints=warn" "-w" "/opt/rustwide/workdir" "--user" "0:0" "4d5be5581419abe53cdaea9dbf960f13102946b0bff2089a895c3e5a690955c7" "/opt/rustwide/cargo-home/bin/cargo" "+1.99.0-beta.8" "build" "--frozen" "--message-format=json" "--release", kill_on_drop: false }`
[INFO] [stderr] warning: Cargo.toml: `lints.rust.future-incompatible` is deprecated in favor of `lints.rust.future_incompatible` and will not work in a future edition
[INFO] [stderr] warning: Cargo.toml: `lints.rust.rust-2018-idioms` is deprecated in favor of `lints.rust.rust_2018_idioms` and will not work in a future edition
[INFO] [stderr] warning: `secretbro` (manifest) generated 2 warnings
[INFO] [stderr]    Compiling libc v0.2.186
[INFO] [stderr]    Compiling secretbro v0.6.0 (/opt/rustwide/workdir)
[INFO] [stderr]     Finished `release` profile [optimized] target(s) in 6.49s
[INFO] running `Command { std: "docker" "inspect" "4d5be5581419abe53cdaea9dbf960f13102946b0bff2089a895c3e5a690955c7", kill_on_drop: false }`
[INFO] running `Command { std: "docker" "exec" "-e" "SOURCE_DIR=/opt/rustwide/workdir" "-e" "CARGO_HOME=/opt/rustwide/cargo-home" "-e" "RUSTUP_HOME=/opt/rustwide/rustup-home" "-e" "CARGO_TARGET_DIR=/opt/rustwide/target" "-e" "CARGO_INCREMENTAL=0" "-e" "RUST_BACKTRACE=full" "-e" "RUSTFLAGS=--cap-lints=warn" "-e" "RUSTDOCFLAGS=--cap-lints=warn" "-w" "/opt/rustwide/workdir" "--user" "0:0" "4d5be5581419abe53cdaea9dbf960f13102946b0bff2089a895c3e5a690955c7" "/opt/rustwide/cargo-home/bin/cargo" "+1.99.0-beta.8" "test" "--frozen" "--no-run" "--message-format=json" "--release", kill_on_drop: false }`
[INFO] [stderr] warning: Cargo.toml: `lints.rust.future-incompatible` is deprecated in favor of `lints.rust.future_incompatible` and will not work in a future edition
[INFO] [stderr] warning: Cargo.toml: `lints.rust.rust-2018-idioms` is deprecated in favor of `lints.rust.rust_2018_idioms` and will not work in a future edition
[INFO] [stderr] warning: `secretbro` (manifest) generated 2 warnings
[INFO] [stderr]    Compiling libc v0.2.186
[INFO] [stderr]    Compiling secretbro v0.6.0 (/opt/rustwide/workdir)
[INFO] [stderr]     Finished `release` profile [optimized] target(s) in 19.43s
[INFO] running `Command { std: "docker" "inspect" "4d5be5581419abe53cdaea9dbf960f13102946b0bff2089a895c3e5a690955c7", kill_on_drop: false }`
[INFO] running `Command { std: "docker" "exec" "-e" "SOURCE_DIR=/opt/rustwide/workdir" "-e" "CARGO_HOME=/opt/rustwide/cargo-home" "-e" "RUSTUP_HOME=/opt/rustwide/rustup-home" "-e" "CARGO_TARGET_DIR=/opt/rustwide/target" "-e" "CARGO_INCREMENTAL=0" "-e" "RUST_BACKTRACE=full" "-e" "RUSTFLAGS=--cap-lints=warn" "-e" "RUSTDOCFLAGS=--cap-lints=warn" "-w" "/opt/rustwide/workdir" "--user" "0:0" "4d5be5581419abe53cdaea9dbf960f13102946b0bff2089a895c3e5a690955c7" "/opt/rustwide/cargo-home/bin/cargo" "+1.99.0-beta.8" "test" "--frozen" "--release", kill_on_drop: false }`
[INFO] [stderr] warning: Cargo.toml: `lints.rust.future-incompatible` is deprecated in favor of `lints.rust.future_incompatible` and will not work in a future edition
[INFO] [stderr] warning: Cargo.toml: `lints.rust.rust-2018-idioms` is deprecated in favor of `lints.rust.rust_2018_idioms` and will not work in a future edition
[INFO] [stderr] warning: `secretbro` (manifest) generated 2 warnings
[INFO] [stderr]     Finished `release` profile [optimized] target(s) in 0.01s
[INFO] [stderr]      Running unittests src/lib.rs (/opt/rustwide/target/release/deps/secretbro-dc4b2c08c4524157)
[INFO] [stdout] 
[INFO] [stdout] running 46 tests
[INFO] [stdout] test hook::tests::dlsym_next_resolves_known_libc_symbol ... ok
[INFO] [stderr] secretbro: dlsym(RTLD_NEXT, "secretbro_test_enosys_ssize_q1z9k") returned null; calls fall back to errno=ENOSYS
[INFO] [stdout] test hook::tests::write_missing_symbol_message_no_trailing_nul_passthrough ... ok
[INFO] [stdout] test hook::tests::write_missing_symbol_message_strips_trailing_nul ... ok
[INFO] [stdout] test hook::tests::hook_macro_enosys_returns_minus_one_for_ssize ... ok
[INFO] [stdout] test hook::tests::hook_sentinel_i32_is_minus_one ... ok
[INFO] [stderr] secretbro: dlsym(RTLD_NEXT, "secretbro_test_enosys_ptr_q1z9k") returned null; calls fall back to errno=ENOSYS
[INFO] [stdout] test hook::tests::write_missing_symbol_message_full_format ... ok
[INFO] [stderr] secretbro: dlsym(RTLD_NEXT, "secretbro_test_enosys_q1z9k") returned null; calls fall back to errno=ENOSYS
[INFO] [stdout] test tests::either_secret_with_both_inside_returns_true ... ok
[INFO] [stdout] test hook::tests::hook_macro_dispatches_wrapper_to_hook_body ... ok
[INFO] [stdout] test hook::tests::hook_macro_enosys_returns_null_for_pointer ... ok
[INFO] [stdout] test hook::tests::hook_sentinel_pointer_is_null ... ok
[INFO] [stdout] test tests::either_secret_with_first_secret_returns_true ... ok
[INFO] [stdout] test tests::either_secret_with_none_secrets_returns_false ... ok
[INFO] [stdout] test tests::either_secret_with_second_secret_returns_true ... ok
[INFO] [stdout] test tests::get_errno_round_trip ... ok
[INFO] [stdout] test tests::either_secret_with_both_null_returns_false ... ok
[INFO] [stdout] test hook::tests::hook_macro_falls_back_to_enosys_when_real_missing ... ok
[INFO] [stdout] test tests::is_secret_path_with_none_preserves_errno ... ok
[INFO] [stdout] test tests::either_secret_with_one_null_one_secret_returns_true ... ok
[INFO] [stdout] test hook::tests::dlsym_next_returns_null_for_unknown_symbol ... ok
[INFO] [stdout] test tests::is_secret_path_with_null_pointer_under_some_is_safe ... ok
[INFO] [stdout] test tests::under_secrets_exact_dir_match ... ok
[INFO] [stdout] test tests::under_secrets_double_slash_canonicalizes ... ok
[INFO] [stdout] test tests::under_secrets_empty_input ... ok
[INFO] [stdout] test tests::either_secret_with_both_outside_returns_false ... ok
[INFO] [stdout] test tests::is_secret_path_with_some_secrets_detects_inside_path ... ok
[INFO] [stdout] test tests::is_secret_path_null_pointer_is_safe ... ok
[INFO] [stdout] test tests::is_secret_path_sets_errno_eacces_on_match ... ok
[INFO] [stdout] test tests::is_secret_path_with_none_secrets_returns_false ... ok
[INFO] [stdout] test tests::k8s_secrets_path_has_no_trailing_slash ... ok
[INFO] [stdout] test hook::tests::hook_sentinel_isize_is_minus_one ... ok
[INFO] [stdout] test tests::is_secret_path_preserves_errno_on_miss ... ok
[INFO] [stdout] test tests::k8s_secrets_path_is_kubernetes_io_dir ... ok
[INFO] [stdout] test tests::is_secret_path_empty_cstring_is_safe ... ok
[INFO] [stdout] test tests::under_secrets_traversal_escapes_outward ... ok
[INFO] [stdout] test tests::under_secrets_non_utf8_path_bytes_do_not_panic ... ok
[INFO] [stdout] test tests::under_secrets_relative_path_is_indeterminate ... ok
[INFO] [stdout] test tests::under_secrets_existing_child ... ok
[INFO] [stdout] test tests::under_secrets_outside_nonexistent ... ok
[INFO] [stdout] test tests::under_secrets_outside_existing_path ... ok
[INFO] [stdout] test tests::under_secrets_parent_fallback_pushes_leaf_name ... ok
[INFO] [stdout] test tests::under_secrets_sibling_with_similar_name ... ok
[INFO] [stdout] test tests::under_secrets_nonexistent_child_via_parent_fallback ... ok
[INFO] [stdout] test tests::under_secrets_traversal_returns_inward ... ok
[INFO] [stdout] test tests::under_secrets_via_symlink_alias_is_detected ... ok
[INFO] [stdout] test tests::under_secrets_unresolvable_parent_returns_false ... ok
[INFO] [stdout] test tests::under_secrets_path_with_dotdot_leaf_returns_false ... ok
[INFO] [stdout] 
[INFO] [stdout] test result: ok. 46 passed; 0 failed; 0 ignored; 0 measured; 0 filtered out; finished in 0.02s
[INFO] [stdout] 
[INFO] [stderr]      Running tests/macos_interpose.rs (/opt/rustwide/target/release/deps/macos_interpose-d1122030d15ac60f)
[INFO] [stderr]      Running tests/preload.rs (/opt/rustwide/target/release/deps/preload-67ba07b4fd276c18)
[INFO] [stdout] 
[INFO] [stdout] running 0 tests
[INFO] [stdout] 
[INFO] [stdout] test result: ok. 0 passed; 0 failed; 0 ignored; 0 measured; 0 filtered out; finished in 0.00s
[INFO] [stdout] 
[INFO] [stdout] 
[INFO] [stdout] running 39 tests
[INFO] [stdout] test child_access_secret_passes_through ... ignored
[INFO] [stdout] test child_chmod_secret_denies ... ignored
[INFO] [stdout] test child_creat_new_in_secrets_denies ... ignored
[INFO] [stdout] test child_env_override_takes_effect ... ignored
[INFO] [stdout] test child_fopen_secret_returns_null ... ignored
[INFO] [stdout] test child_link_outside_to_secret_denies ... ignored
[INFO] [stdout] test child_mkdirat_secret_denies ... ignored
[INFO] [stdout] test child_open_non_secret_succeeds ... ignored
[INFO] [stdout] test child_open_secret_denies ... ignored
[INFO] [stdout] test child_open_via_symlink_to_secrets_denies ... ignored
[INFO] [stdout] test child_open_when_secrets_dir_missing ... ignored
[INFO] [stdout] test child_openat_secret_denies ... ignored
[INFO] [stdout] test child_opendir_secret_passes_through ... ignored
[INFO] [stdout] test child_rename_outside_to_outside_succeeds ... ignored
[INFO] [stdout] test child_rename_outside_to_secret_denies ... ignored
[INFO] [stdout] test child_rename_secret_to_outside_denies ... ignored
[INFO] [stdout] test child_renameat_outside_to_secret_denies ... ignored
[INFO] [stdout] test child_stat_secret_passes_through ... ignored
[INFO] [stdout] test child_unlink_secret_denies ... ignored
[INFO] [stderr] warning: Cargo.toml: `lints.rust.future-incompatible` is deprecated in favor of `lints.rust.future_incompatible` and will not work in a future edition
[INFO] [stderr] warning: Cargo.toml: `lints.rust.rust-2018-idioms` is deprecated in favor of `lints.rust.rust_2018_idioms` and will not work in a future edition
[INFO] [stderr] warning: `secretbro` (manifest) generated 2 warnings
[INFO] [stderr]    Compiling libc v0.2.186
[INFO] [stderr]    Compiling secretbro v0.6.0 (/opt/rustwide/workdir)
[INFO] [stderr] warning: Cargo.toml: `lints.rust.future-incompatible` is deprecated in favor of `lints.rust.future_incompatible` and will not work in a future edition
[INFO] [stderr] warning: Cargo.toml: `lints.rust.rust-2018-idioms` is deprecated in favor of `lints.rust.rust_2018_idioms` and will not work in a future edition
[INFO] [stderr] warning: `secretbro` (manifest) generated 2 warnings
[INFO] [stderr]     Blocking waiting for file lock on build directory
[INFO] [stderr] warning: Cargo.toml: `lints.rust.future-incompatible` is deprecated in favor of `lints.rust.future_incompatible` and will not work in a future edition
[INFO] [stderr] warning: Cargo.toml: `lints.rust.rust-2018-idioms` is deprecated in favor of `lints.rust.rust_2018_idioms` and will not work in a future edition
[INFO] [stderr] warning: `secretbro` (manifest) generated 2 warnings
[INFO] [stderr] warning: Cargo.toml: `lints.rust.future-incompatible` is deprecated in favor of `lints.rust.future_incompatible` and will not work in a future edition
[INFO] [stderr] warning: Cargo.toml: `lints.rust.rust-2018-idioms` is deprecated in favor of `lints.rust.rust_2018_idioms` and will not work in a future edition
[INFO] [stderr] warning: `secretbro` (manifest) generated 2 warnings
[INFO] [stderr]     Blocking waiting for file lock on build directory
[INFO] [stderr]     Blocking waiting for file lock on build directory
[INFO] [stderr] warning: Cargo.toml: `lints.rust.future-incompatible` is deprecated in favor of `lints.rust.future_incompatible` and will not work in a future edition
[INFO] [stderr] warning: Cargo.toml: `lints.rust.rust-2018-idioms` is deprecated in favor of `lints.rust.rust_2018_idioms` and will not work in a future edition
[INFO] [stderr] warning: `secretbro` (manifest) generated 2 warnings
[INFO] [stderr] warning: Cargo.toml: `lints.rust.future-incompatible` is deprecated in favor of `lints.rust.future_incompatible` and will not work in a future edition
[INFO] [stderr] warning: Cargo.toml: `lints.rust.rust-2018-idioms` is deprecated in favor of `lints.rust.rust_2018_idioms` and will not work in a future edition
[INFO] [stderr] warning: `secretbro` (manifest) generated 2 warnings
[INFO] [stderr] warning: Cargo.toml: `lints.rust.future-incompatible` is deprecated in favor of `lints.rust.future_incompatible` and will not work in a future edition
[INFO] [stderr] warning: Cargo.toml: `lints.rust.rust-2018-idioms` is deprecated in favor of `lints.rust.rust_2018_idioms` and will not work in a future edition
[INFO] [stderr] warning: `secretbro` (manifest) generated 2 warnings
[INFO] [stderr] warningwarning: Cargo.toml: `lints.rust.future-incompatible` is deprecated in favor of `lints.rust.future_incompatible` and will not work in a future edition
[INFO] [stderr] warning: Cargo.toml: `lints.rust.rust-2018-idioms` is deprecated in favor of `lints.rust.rust_2018_idioms` and will not work in a future edition
[INFO] [stderr] warning: `secretbro` (manifest) generated 2 warnings
[INFO] [stderr] : Cargo.toml: `lints.rust.future-incompatible` is deprecated in favor of `lints.rust.future_incompatible` and will not work in a future edition
[INFO] [stderr] warning: Cargo.toml: `lints.rust.rust-2018-idioms` is deprecated in favor of `lints.rust.rust_2018_idioms` and will not work in a future edition
[INFO] [stderr] warning: `secretbro` (manifest) generated 2 warnings
[INFO] [stderr]     Blocking waiting for file lock on build directory
[INFO] [stderr]     Blocking waiting for file lock on build directory
[INFO] [stderr]     Blocking waiting for file lock on build directory
[INFO] [stderr]     Blocking waiting for file lock on build directory
[INFO] [stderr]     Blocking waiting for file lock on build directory
[INFO] [stderr] warning: Cargo.toml: `lints.rust.future-incompatible` is deprecated in favor of `lints.rust.future_incompatible` and will not work in a future edition
[INFO] [stderr] warning: Cargo.toml: `lints.rust.rust-2018-idioms` is deprecated in favor of `lints.rust.rust_2018_idioms` and will not work in a future edition
[INFO] [stderr] warning: `secretbro` (manifest) generated 2 warnings
[INFO] [stderr]     Blocking waiting for file lock on build directory
[INFO] [stderr] warning: Cargo.toml: `lints.rust.future-incompatible` is deprecated in favor of `lints.rust.future_incompatible` and will not work in a future edition
[INFO] [stderr] warning: Cargo.toml: `lints.rust.rust-2018-idioms` is deprecated in favor of `lints.rust.rust_2018_idioms` and will not work in a future edition
[INFO] [stderr] warning: `secretbro` (manifest) generated 2 warnings
[INFO] [stderr] warning: Cargo.toml: `lints.rust.future-incompatible` is deprecated in favor of `lints.rust.future_incompatible` and will not work in a future edition
[INFO] [stderr] warning: Cargo.toml: `lints.rust.rust-2018-idioms` is deprecated in favor of `lints.rust.rust_2018_idioms` and will not work in a future edition
[INFO] [stderr] warning: `secretbro` (manifest) generated 2 warnings
[INFO] [stderr]     Blocking waiting for file lock on build directory
[INFO] [stderr] warning: Cargo.toml: `lints.rust.future-incompatible` is deprecated in favor of `lints.rust.future_incompatible` and will not work in a future edition
[INFO] [stderr] warning: Cargo.toml: `lints.rust.rust-2018-idioms` is deprecated in favor of `lints.rust.rust_2018_idioms` and will not work in a future edition
[INFO] [stderr] warning: `secretbro` (manifest) generated 2 warnings
[INFO] [stderr]     Blocking waiting for file lock on build directory
[INFO] [stderr] warning: Cargo.toml: `lints.rust.future-incompatible` is deprecated in favor of `lints.rust.future_incompatible` and will not work in a future edition
[INFO] [stderr] warning: Cargo.toml: `lints.rust.rust-2018-idioms` is deprecated in favor of `lints.rust.rust_2018_idioms` and will not work in a future edition
[INFO] [stderr] warning: `secretbro` (manifest) generated 2 warnings
[INFO] [stderr]     Blocking waiting for file lock on build directory
[INFO] [stderr]     Blocking waiting for file lock on build directory
[INFO] [stderr] warning: Cargo.toml: `lints.rust.future-incompatible` is deprecated in favor of `lints.rust.future_incompatible` and will not work in a future edition
[INFO] [stderr] warning: Cargo.toml: `lints.rust.rust-2018-idioms` is deprecated in favor of `lints.rust.rust_2018_idioms` and will not work in a future edition
[INFO] [stderr] warning: `secretbro` (manifest) generated 2 warnings
[INFO] [stderr]     Blocking waiting for file lock on build directory
[INFO] [stderr] warning: Cargo.toml: `lints.rust.future-incompatible` is deprecated in favor of `lints.rust.future_incompatible` and will not work in a future edition
[INFO] [stderr] warning: Cargo.toml: `lints.rust.rust-2018-idioms` is deprecated in favor of `lints.rust.rust_2018_idioms` and will not work in a future edition
[INFO] [stderr] warning: `secretbro` (manifest) generated 2 warnings
[INFO] [stderr]     Blocking waiting for file lock on build directory
[INFO] [stderr]     Finished `dev` profile [unoptimized + debuginfo] target(s) in 2.25s
[INFO] [stdout] test fopen_on_secret_returns_null_with_eacces ... FAILED
[INFO] [stderr]     Finished `dev` profile [unoptimized + debuginfo] target(s) in 2.21s
[INFO] [stdout] test creat_on_new_file_under_secrets_denies ... FAILED
[INFO] [stderr]     Finished `dev` profile [unoptimized + debuginfo] target(s) in 2.25s
[INFO] [stdout] test chmod_on_secret_denies ... FAILED
[INFO] [stderr]     Finished `dev` profile [unoptimized + debuginfo] target(s) in 2.24s
[INFO] [stderr] warning: Cargo.toml: `lints.rust.future-incompatible` is deprecated in favor of `lints.rust.future_incompatible` and will not work in a future edition
[INFO] [stderr] warning: Cargo.toml: `lints.rust.rust-2018-idioms` is deprecated in favor of `lints.rust.rust_2018_idioms` and will not work in a future edition
[INFO] [stderr] warning: `secretbro` (manifest) generated 2 warnings
[INFO] [stderr]     Finished `dev` profile [unoptimized + debuginfo] target(s) in 2.23s
[INFO] [stdout] test mkdirat_on_secret_denies ... FAILED
[INFO] [stderr]     Finished    Blocking `dev` profile [unoptimized + debuginfo] target(s) in 2.24s
[INFO] [stderr]  waiting for file lock on build directory
[INFO] [stdout] test open_on_secret_path_returns_eacces ... FAILED
[INFO] [stderr]     Finished `dev` profile [unoptimized + debuginfo] target(s) in 2.24s
[INFO] [stdout] test rename_outside_to_outside_passes_through ... FAILED
[INFO] [stderr] warning: Cargo.toml: `lints.rust.future-incompatible` is deprecated in favor of `lints.rust.future_incompatible` and will not work in a future edition
[INFO] [stderr] warning: Cargo.toml: `lints.rust.rust-2018-idioms` is deprecated in favor of `lints.rust.rust_2018_idioms` and will not work in a future edition
[INFO] [stderr] warning: `secretbro` (manifest) generated 2 warnings
[INFO] [stderr]     Finished `dev` profile [unoptimized + debuginfo] target(s) in 2.25s
[INFO] [stderr]     Blocking waiting for file lock on build directory
[INFO] [stdout] test link_outside_to_secret_denies ... FAILED
[INFO] [stdout] test rename_outside_to_secret_denies ... FAILED
[INFO] [stderr]     Finished `dev` profile [unoptimized + debuginfo] target(s) in 2.26s
[INFO] [stderr] warning: Cargo.toml: `lints.rust.future-incompatible` is deprecated in favor of `lints.rust.future_incompatible` and will not work in a future edition
[INFO] [stderr] warning: Cargo.toml: `lints.rust.rust-2018-idioms` is deprecated in favor of `lints.rust.rust_2018_idioms` and will not work in a future edition
[INFO] [stderr] warning: `secretbro` (manifest) generated 2 warnings
[INFO] [stdout] test open_on_non_secret_path_passes_through ... FAILED
[INFO] [stderr]     Finished `dev` profile [unoptimized + debuginfo] target(s) in 0.04s
[INFO] [stderr]     Finished `dev` profile [unoptimized + debuginfo] target(s) in 2.22s
[INFO] [stdout] test stat_on_secret_passes_through ... FAILED
[INFO] [stderr]     Finished `dev` profile [unoptimized + debuginfo] target(s) in 2.21s
[INFO] [stdout] test cdylib_exports_open_symbol ... FAILED
[INFO] [stderr]     Finished `dev` profile [unoptimized + debuginfo] target(s) in 2.25s
[INFO] [stderr]     Finished `dev` profile [unoptimized + debuginfo] target(s) in 2.25s
[INFO] [stdout] test open_via_symlink_into_secrets_denies ... FAILED
[INFO] [stdout] test access_on_secret_passes_through ... FAILED
[INFO] [stderr]     Finished `dev` profile [unoptimized + debuginfo] target(s) in 2.24s
[INFO] [stdout] test opendir_on_secret_passes_through ... FAILED
[INFO] [stderr]     Finished `dev` profile [unoptimized + debuginfo] target(s) in 2.30s
[INFO] [stderr] warning: Cargo.toml: `lints.rust.future-incompatible` is deprecated in favor of `lints.rust.future_incompatible` and will not work in a future edition
[INFO] [stderr] warning: Cargo.toml: `lints.rust.rust-2018-idioms` is deprecated in favor of `lints.rust.rust_2018_idioms` and will not work in a future edition
[INFO] [stderr] warning: `secretbro` (manifest) generated 2 warnings
[INFO] [stdout] test rename_secret_to_outside_denies ... FAILED
[INFO] [stderr]     Blocking waiting for file lock on build directory
[INFO] [stderr]     Finished `dev` profile [unoptimized + debuginfo] target(s) in 2.24s
[INFO] [stdout] test missing_secrets_dir_makes_lib_a_no_op ... FAILED
[INFO] [stdout] test openat_on_secret_denies ... FAILED
[INFO] [stderr]     Finished `dev` profile [unoptimized + debuginfo] target(s) in 0.10s
[INFO] [stderr]     Finished `dev` profile [unoptimized + debuginfo] target(s) in 0.08s
[INFO] [stdout] test secretbro_path_env_override_changes_protected_dir ... FAILED
[INFO] [stderr]     Finished `dev` profile [unoptimized + debuginfo] target(s) in 0.04s
[INFO] [stdout] test unlink_on_secret_denies ... FAILED
[INFO] [stdout] test renameat_outside_to_secret_denies ... FAILED
[INFO] [stdout] 
[INFO] [stdout] failures:
[INFO] [stdout] 
[INFO] [stdout] ---- fopen_on_secret_returns_null_with_eacces stdout ----
[INFO] [stdout] 
[INFO] [stdout] thread 'fopen_on_secret_returns_null_with_eacces' (341) panicked at tests/preload.rs:83:5:
[INFO] [stdout] cdylib still missing: /opt/rustwide/workdir/target/debug/libsecretbro.so
[INFO] [stdout] stack backtrace:
[INFO] [stdout]    0:     0x59fc2fed8c87 - <unknown>
[INFO] [stdout]    1:     0x59fc2fec0ada - <unknown>
[INFO] [stdout]    2:     0x59fc2fed823b - <unknown>
[INFO] [stdout]    3:     0x59fc2fed7d1f - <unknown>
[INFO] [stdout]    4:     0x59fc2fed794a - <unknown>
[INFO] [stdout]    5:     0x59fc2fed7482 - <unknown>
[INFO] [stdout]    6:     0x59fc2fefe2a1 - <unknown>
[INFO] [stdout]    7:     0x59fc2fefe259 - <unknown>
[INFO] [stdout]    8:     0x59fc2fefe76c - <unknown>
[INFO] [stdout]    9:     0x59fc2fec096b - <unknown>
[INFO] [stdout]   10:     0x59fc2feb6179 - <unknown>
[INFO] [stdout]   11:     0x59fc2feb68c7 - <unknown>
[INFO] [stdout]   12:     0x59fc2febebb2 - <unknown>
[INFO] [stdout]   13:     0x59fc2ff1870b - <unknown>
[INFO] [stdout]   14:     0x59fc2ff14881 - <unknown>
[INFO] [stdout]   15:     0x59fc2ff1406c - <unknown>
[INFO] [stdout]   16:     0x59fc2ff3095c - <unknown>
[INFO] [stdout]   17:     0x59fc2feffa42 - <unknown>
[INFO] [stdout]   18:     0x77d48f8ffdfa - <unknown>
[INFO] [stdout]   19:     0x77d48f9933d4 - clone
[INFO] [stdout]   20:                0x0 - <unknown>
[INFO] [stdout] 
[INFO] [stdout] ---- creat_on_new_file_under_secrets_denies stdout ----
[INFO] [stdout] 
[INFO] [stdout] thread 'creat_on_new_file_under_secrets_denies' (340) panicked at tests/preload.rs:83:5:
[INFO] [stdout] cdylib still missing: /opt/rustwide/workdir/target/debug/libsecretbro.so
[INFO] [stdout] stack backtrace:
[INFO] [stdout]    0:     0x59fc2fed8c87 - <unknown>
[INFO] [stdout]    1:     0x59fc2fec0ada - <unknown>
[INFO] [stdout]    2:     0x59fc2fed823b - <unknown>
[INFO] [stdout]    3:     0x59fc2fed7d1f - <unknown>
[INFO] [stdout]    4:     0x59fc2fed794a - <unknown>
[INFO] [stdout]    5:     0x59fc2fed7482 - <unknown>
[INFO] [stdout]    6:     0x59fc2fefe2a1 - <unknown>
[INFO] [stdout]    7:     0x59fc2fefe259 - <unknown>
[INFO] [stdout]    8:     0x59fc2fefe76c - <unknown>
[INFO] [stdout]    9:     0x59fc2fec096b - <unknown>
[INFO] [stdout]   10:     0x59fc2feb6179 - <unknown>
[INFO] [stdout]   11:     0x59fc2feb68c7 - <unknown>
[INFO] [stdout]   12:     0x59fc2febdb1d - <unknown>
[INFO] [stdout]   13:     0x59fc2ff1870b - <unknown>
[INFO] [stdout]   14:     0x59fc2ff14881 - <unknown>
[INFO] [stdout]   15:     0x59fc2ff1406c - <unknown>
[INFO] [stdout]   16:     0x59fc2ff3095c - <unknown>
[INFO] [stdout]   17:     0x59fc2feffa42 - <unknown>
[INFO] [stdout]   18:     0x77d48f8ffdfa - <unknown>
[INFO] [stdout]   19:     0x77d48f9933d4 - clone
[INFO] [stdout]   20:                0x0 - <unknown>
[INFO] [stdout] 
[INFO] [stdout] ---- chmod_on_secret_denies stdout ----
[INFO] [stdout] 
[INFO] [stdout] thread 'chmod_on_secret_denies' (339) panicked at tests/preload.rs:83:5:
[INFO] [stdout] cdylib still missing: /opt/rustwide/workdir/target/debug/libsecretbro.so
[INFO] [stdout] stack backtrace:
[INFO] [stdout]    0:     0x59fc2fed8c87 - <unknown>
[INFO] [stdout]    1:     0x59fc2fec0ada - <unknown>
[INFO] [stdout]    2:     0x59fc2fed823b - <unknown>
[INFO] [stdout]    3:     0x59fc2fed7d1f - <unknown>
[INFO] [stdout]    4:     0x59fc2fed794a - <unknown>
[INFO] [stdout]    5:     0x59fc2fed7482 - <unknown>
[INFO] [stdout]    6:     0x59fc2fefe2a1 - <unknown>
[INFO] [stdout]    7:     0x59fc2fefe259 - <unknown>
[INFO] [stdout]    8:     0x59fc2fefe76c - <unknown>
[INFO] [stdout]    9:     0x59fc2fec096b - <unknown>
[INFO] [stdout]   10:     0x59fc2feb6179 - <unknown>
[INFO] [stdout]   11:     0x59fc2feb68c7 - <unknown>
[INFO] [stdout]   12:     0x59fc2feb8072 - <unknown>
[INFO] [stdout]   13:     0x59fc2ff1870b - <unknown>
[INFO] [stdout]   14:     0x59fc2ff14881 - <unknown>
[INFO] [stdout]   15:     0x59fc2ff1406c - <unknown>
[INFO] [stdout]   16:     0x59fc2ff3095c - <unknown>
[INFO] [stdout]   17:     0x59fc2feffa42 - <unknown>
[INFO] [stdout]   18:     0x77d48f8ffdfa - <unknown>
[INFO] [stdout]   19:     0x77d48f9933d4 - clone
[INFO] [stdout]   20:                0x0 - <unknown>
[INFO] [stdout] 
[INFO] [stdout] ---- mkdirat_on_secret_denies stdout ----
[INFO] [stdout] 
[INFO] [stdout] thread 'mkdirat_on_secret_denies' (345) panicked at tests/preload.rs:83:5:
[INFO] [stdout] cdylib still missing: /opt/rustwide/workdir/target/debug/libsecretbro.so
[INFO] [stdout] stack backtrace:
[INFO] [stdout]    0:     0x59fc2fed8c87 - <unknown>
[INFO] [stdout]    1:     0x59fc2fec0ada - <unknown>
[INFO] [stdout]    2:     0x59fc2fed823b - <unknown>
[INFO] [stdout]    3:     0x59fc2fed7d1f - <unknown>
[INFO] [stdout]    4:     0x59fc2fed794a - <unknown>
[INFO] [stdout]    5:     0x59fc2fed7482 - <unknown>
[INFO] [stdout]    6:     0x59fc2fefe2a1 - <unknown>
[INFO] [stdout]    7:     0x59fc2fefe259 - <unknown>
[INFO] [stdout]    8:     0x59fc2fefe76c - <unknown>
[INFO] [stdout]    9:     0x59fc2fec096b - <unknown>
[INFO] [stdout]   10:     0x59fc2feb6179 - <unknown>
[INFO] [stdout]   11:     0x59fc2feb68c7 - <unknown>
[INFO] [stdout]   12:     0x59fc2feb8a1d - <unknown>
[INFO] [stdout]   13:     0x59fc2ff1870b - <unknown>
[INFO] [stdout]   14:     0x59fc2ff14881 - <unknown>
[INFO] [stdout]   15:     0x59fc2ff1406c - <unknown>
[INFO] [stdout]   16:     0x59fc2ff3095c - <unknown>
[INFO] [stdout]   17:     0x59fc2feffa42 - <unknown>
[INFO] [stdout]   18:     0x77d48f8ffdfa - <unknown>
[INFO] [stdout]   19:     0x77d48f9933d4 - clone
[INFO] [stdout]   20:                0x0 - <unknown>
[INFO] [stdout] 
[INFO] [stdout] ---- open_on_secret_path_returns_eacces stdout ----
[INFO] [stdout] 
[INFO] [stdout] thread 'open_on_secret_path_returns_eacces' (347) panicked at tests/preload.rs:83:5:
[INFO] [stdout] cdylib still missing: /opt/rustwide/workdir/target/debug/libsecretbro.so
[INFO] [stdout] stack backtrace:
[INFO] [stdout]    0:     0x59fc2fed8c87 - <unknown>
[INFO] [stdout]    1:     0x59fc2fec0ada - <unknown>
[INFO] [stdout]    2:     0x59fc2fed823b - <unknown>
[INFO] [stdout]    3:     0x59fc2fed7d1f - <unknown>
[INFO] [stdout]    4:     0x59fc2fed794a - <unknown>
[INFO] [stdout]    5:     0x59fc2fed7482 - <unknown>
[INFO] [stdout]    6:     0x59fc2fefe2a1 - <unknown>
[INFO] [stdout]    7:     0x59fc2fefe259 - <unknown>
[INFO] [stdout]    8:     0x59fc2fefe76c - <unknown>
[INFO] [stdout]    9:     0x59fc2fec096b - <unknown>
[INFO] [stdout]   10:     0x59fc2feb6179 - <unknown>
[INFO] [stdout]   11:     0x59fc2feb68c7 - <unknown>
[INFO] [stdout]   12:     0x59fc2febbc12 - <unknown>
[INFO] [stdout]   13:     0x59fc2ff1870b - <unknown>
[INFO] [stdout]   14:     0x59fc2ff14881 - <unknown>
[INFO] [stdout]   15:     0x59fc2ff1406c - <unknown>
[INFO] [stdout]   16:     0x59fc2ff3095c - <unknown>
[INFO] [stdout]   17:     0x59fc2feffa42 - <unknown>
[INFO] [stdout]   18:     0x77d48f8ffdfa - <unknown>
[INFO] [stdout]   19:     0x77d48f9933d4 - clone
[INFO] [stdout]   20:                0x0 - <unknown>
[INFO] [stdout] 
[INFO] [stdout] ---- rename_outside_to_outside_passes_through stdout ----
[INFO] [stdout] 
[INFO] [stdout] thread 'rename_outside_to_outside_passes_through' (351) panicked at tests/preload.rs:83:5:
[INFO] [stdout] cdylib still missing: /opt/rustwide/workdir/target/debug/libsecretbro.so
[INFO] [stdout] stack backtrace:
[INFO] [stdout]    0:     0x59fc2fed8c87 - <unknown>
[INFO] [stdout]    1:     0x59fc2fec0ada - <unknown>
[INFO] [stdout]    2:     0x59fc2fed823b - <unknown>
[INFO] [stdout]    3:     0x59fc2fed7d1f - <unknown>
[INFO] [stdout]    4:     0x59fc2fed794a - <unknown>
[INFO] [stdout]    5:     0x59fc2fed7482 - <unknown>
[INFO] [stdout]    6:     0x59fc2fefe2a1 - <unknown>
[INFO] [stdout]    7:     0x59fc2fefe259 - <unknown>
[INFO] [stdout]    8:     0x59fc2fefe76c - <unknown>
[INFO] [stdout]    9:     0x59fc2fec096b - <unknown>
[INFO] [stdout]   10:     0x59fc2feb6179 - <unknown>
[INFO] [stdout]   11:     0x59fc2feb68c7 - <unknown>
[INFO] [stdout]   12:     0x59fc2febee96 - <unknown>
[INFO] [stdout]   13:     0x59fc2ff1870b - <unknown>
[INFO] [stdout]   14:     0x59fc2ff14881 - <unknown>
[INFO] [stdout]   15:     0x59fc2ff1406c - <unknown>
[INFO] [stdout]   16:     0x59fc2ff3095c - <unknown>
[INFO] [stdout]   17:     0x59fc2feffa42 - <unknown>
[INFO] [stdout]   18:     0x77d48f8ffdfa - <unknown>
[INFO] [stdout]   19:     0x77d48f9933d4 - clone
[INFO] [stdout]   20:                0x0 - <unknown>
[INFO] [stdout] 
[INFO] [stdout] ---- link_outside_to_secret_denies stdout ----
[INFO] [stdout] 
[INFO] [stdout] thread 'link_outside_to_secret_denies' (343) panicked at tests/preload.rs:83:5:
[INFO] [stdout] cdylib still missing: /opt/rustwide/workdir/target/debug/libsecretbro.so
[INFO] [stdout] stack backtrace:
[INFO] [stdout]    0:     0x59fc2fed8c87 - <unknown>
[INFO] [stdout]    1:     0x59fc2fec0ada - <unknown>
[INFO] [stdout]    2:     0x59fc2fed823b - <unknown>
[INFO] [stdout]    3:     0x59fc2fed7d1f - <unknown>
[INFO] [stdout]    4:     0x59fc2fed794a - <unknown>
[INFO] [stdout]    5:     0x59fc2fed7482 - <unknown>
[INFO] [stdout]    6:     0x59fc2fefe2a1 - <unknown>
[INFO] [stdout]    7:     0x59fc2fefe259 - <unknown>
[INFO] [stdout]    8:     0x59fc2fefe76c - <unknown>
[INFO] [stdout]    9:     0x59fc2fec096b - <unknown>
[INFO] [stdout]   10:     0x59fc2feb6179 - <unknown>
[INFO] [stdout]   11:     0x59fc2feb68c7 - <unknown>
[INFO] [stdout]   12:     0x59fc2feb9c19 - <unknown>
[INFO] [stdout]   13:     0x59fc2ff1870b - <unknown>
[INFO] [stdout]   14:     0x59fc2ff14881 - <unknown>
[INFO] [stdout]   15:     0x59fc2ff1406c - <unknown>
[INFO] [stdout]   16:     0x59fc2ff3095c - <unknown>
[INFO] [stdout]   17:     0x59fc2feffa42 - <unknown>
[INFO] [stdout]   18:     0x77d48f8ffdfa - <unknown>
[INFO] [stdout]   19:     0x77d48f9933d4 - clone
[INFO] [stdout]   20:                0x0 - <unknown>
[INFO] [stdout] 
[INFO] [stdout] ---- rename_outside_to_secret_denies stdout ----
[INFO] [stdout] 
[INFO] [stdout] thread 'rename_outside_to_secret_denies' (352) panicked at tests/preload.rs:83:5:
[INFO] [stdout] cdylib still missing: /opt/rustwide/workdir/target/debug/libsecretbro.so
[INFO] [stdout] stack backtrace:
[INFO] [stdout]    0:     0x59fc2fed8c87 - <unknown>
[INFO] [stdout]    1:     0x59fc2fec0ada - <unknown>
[INFO] [stdout]    2:     0x59fc2fed823b - <unknown>
[INFO] [stdout]    3:     0x59fc2fed7d1f - <unknown>
[INFO] [stdout]    4:     0x59fc2fed794a - <unknown>
[INFO] [stdout]    5:     0x59fc2fed7482 - <unknown>
[INFO] [stdout]    6:     0x59fc2fefe2a1 - <unknown>
[INFO] [stdout]    7:     0x59fc2fefe259 - <unknown>
[INFO] [stdout]    8:     0x59fc2fefe76c - <unknown>
[INFO] [stdout]    9:     0x59fc2fec096b - <unknown>
[INFO] [stdout]   10:     0x59fc2feb6179 - <unknown>
[INFO] [stdout]   11:     0x59fc2feb68c7 - <unknown>
[INFO] [stdout]   12:     0x59fc2febab19 - <unknown>
[INFO] [stdout]   13:     0x59fc2ff1870b - <unknown>
[INFO] [stdout]   14:     0x59fc2ff14881 - <unknown>
[INFO] [stdout]   15:     0x59fc2ff1406c - <unknown>
[INFO] [stdout]   16:     0x59fc2ff3095c - <unknown>
[INFO] [stdout]   17:     0x59fc2feffa42 - <unknown>
[INFO] [stdout]   18:     0x77d48f8ffdfa - <unknown>
[INFO] [stdout]   19:     0x77d48f9933d4 - clone
[INFO] [stdout]   20:                0x0 - <unknown>
[INFO] [stdout] 
[INFO] [stdout] ---- open_on_non_secret_path_passes_through stdout ----
[INFO] [stdout] 
[INFO] [stdout] thread 'open_on_non_secret_path_passes_through' (346) panicked at tests/preload.rs:83:5:
[INFO] [stdout] cdylib still missing: /opt/rustwide/workdir/target/debug/libsecretbro.so
[INFO] [stdout] stack backtrace:
[INFO] [stdout]    0:     0x59fc2fed8c87 - <unknown>
[INFO] [stdout]    1:     0x59fc2fec0ada - <unknown>
[INFO] [stdout]    2:     0x59fc2fed823b - <unknown>
[INFO] [stdout]    3:     0x59fc2fed7d1f - <unknown>
[INFO] [stdout]    4:     0x59fc2fed794a - <unknown>
[INFO] [stdout]    5:     0x59fc2fed7482 - <unknown>
[INFO] [stdout]    6:     0x59fc2fefe2a1 - <unknown>
[INFO] [stdout]    7:     0x59fc2fefe259 - <unknown>
[INFO] [stdout]    8:     0x59fc2fefe76c - <unknown>
[INFO] [stdout]    9:     0x59fc2fec096b - <unknown>
[INFO] [stdout]   10:     0x59fc2feb6179 - <unknown>
[INFO] [stdout]   11:     0x59fc2feb68c7 - <unknown>
[INFO] [stdout]   12:     0x59fc2febdd41 - <unknown>
[INFO] [stdout]   13:     0x59fc2ff1870b - <unknown>
[INFO] [stdout]   14:     0x59fc2ff14881 - <unknown>
[INFO] [stdout]   15:     0x59fc2ff1406c - <unknown>
[INFO] [stdout]   16:     0x59fc2ff3095c - <unknown>
[INFO] [stdout]   17:     0x59fc2feffa42 - <unknown>
[INFO] [stdout]   18:     0x77d48f8ffdfa - <unknown>
[INFO] [stdout]   19:     0x77d48f9933d4 - clone
[INFO] [stdout]   20:                0x0 - <unknown>
[INFO] [stdout] 
[INFO] [stdout] ---- stat_on_secret_passes_through stdout ----
[INFO] [stdout] 
[INFO] [stdout] thread 'stat_on_secret_passes_through' (630) panicked at tests/preload.rs:83:5:
[INFO] [stdout] cdylib still missing: /opt/rustwide/workdir/target/debug/libsecretbro.so
[INFO] [stdout] stack backtrace:
[INFO] [stdout]    0:     0x59fc2fed8c87 - <unknown>
[INFO] [stdout]    1:     0x59fc2fec0ada - <unknown>
[INFO] [stdout]    2:     0x59fc2fed823b - <unknown>
[INFO] [stdout]    3:     0x59fc2fed7d1f - <unknown>
[INFO] [stdout]    4:     0x59fc2fed794a - <unknown>
[INFO] [stdout]    5:     0x59fc2fed7482 - <unknown>
[INFO] [stdout]    6:     0x59fc2fefe2a1 - <unknown>
[INFO] [stdout]    7:     0x59fc2fefe259 - <unknown>
[INFO] [stdout]    8:     0x59fc2fefe76c - <unknown>
[INFO] [stdout]    9:     0x59fc2fec096b - <unknown>
[INFO] [stdout]   10:     0x59fc2feb6179 - <unknown>
[INFO] [stdout]   11:     0x59fc2feb68c7 - <unknown>
[INFO] [stdout]   12:     0x59fc2feb9ed2 - <unknown>
[INFO] [stdout]   13:     0x59fc2ff1870b - <unknown>
[INFO] [stdout]   14:     0x59fc2ff14881 - <unknown>
[INFO] [stdout]   15:     0x59fc2ff1406c - <unknown>
[INFO] [stdout]   16:     0x59fc2ff3095c - <unknown>
[INFO] [stdout]   17:     0x59fc2feffa42 - <unknown>
[INFO] [stdout]   18:     0x77d48f8ffdfa - <unknown>
[INFO] [stdout]   19:     0x77d48f9933d4 - clone
[INFO] [stdout]   20:                0x0 - <unknown>
[INFO] [stdout] 
[INFO] [stdout] ---- cdylib_exports_open_symbol stdout ----
[INFO] [stdout] 
[INFO] [stdout] thread 'cdylib_exports_open_symbol' (337) panicked at tests/preload.rs:83:5:
[INFO] [stdout] cdylib still missing: /opt/rustwide/workdir/target/debug/libsecretbro.so
[INFO] [stdout] stack backtrace:
[INFO] [stdout]    0:     0x59fc2fed8c87 - <unknown>
[INFO] [stdout]    1:     0x59fc2fec0ada - <unknown>
[INFO] [stdout]    2:     0x59fc2fed823b - <unknown>
[INFO] [stdout]    3:     0x59fc2fed7d1f - <unknown>
[INFO] [stdout]    4:     0x59fc2fed794a - <unknown>
[INFO] [stdout]    5:     0x59fc2fed7482 - <unknown>
[INFO] [stdout]    6:     0x59fc2fefe2a1 - <unknown>
[INFO] [stdout]    7:     0x59fc2fefe259 - <unknown>
[INFO] [stdout]    8:     0x59fc2fefe76c - <unknown>
[INFO] [stdout]    9:     0x59fc2fec096b - <unknown>
[INFO] [stdout]   10:     0x59fc2feb6179 - <unknown>
[INFO] [stdout]   11:     0x59fc2feb8db1 - <unknown>
[INFO] [stdout]   12:     0x59fc2ff1870b - <unknown>
[INFO] [stdout]   13:     0x59fc2ff14881 - <unknown>
[INFO] [stdout]   14:     0x59fc2ff1406c - <unknown>
[INFO] [stdout]   15:     0x59fc2ff3095c - <unknown>
[INFO] [stdout]   16:     0x59fc2feffa42 - <unknown>
[INFO] [stdout]   17:     0x77d48f8ffdfa - <unknown>
[INFO] [stdout]   18:     0x77d48f9933d4 - clone
[INFO] [stdout]   19:                0x0 - <unknown>
[INFO] [stdout] 
[INFO] [stdout] ---- open_via_symlink_into_secrets_denies stdout ----
[INFO] [stdout] 
[INFO] [stdout] thread 'open_via_symlink_into_secrets_denies' (348) panicked at tests/preload.rs:83:5:
[INFO] [stdout] cdylib still missing: /opt/rustwide/workdir/target/debug/libsecretbro.so
[INFO] [stdout] stack backtrace:
[INFO] [stdout]    0:     0x59fc2fed8c87 - <unknown>
[INFO] [stdout]    1:     0x59fc2fec0ada - <unknown>
[INFO] [stdout]    2:     0x59fc2fed823b - <unknown>
[INFO] [stdout]    3:     0x59fc2fed7d1f - <unknown>
[INFO] [stdout]    4:     0x59fc2fed794a - <unknown>
[INFO] [stdout]    5:     0x59fc2fed7482 - <unknown>
[INFO] [stdout]    6:     0x59fc2fefe2a1 - <unknown>
[INFO] [stdout]    7:     0x59fc2fefe259 - <unknown>
[INFO] [stdout]    8:     0x59fc2fefe76c - <unknown>
[INFO] [stdout]    9:     0x59fc2fec096b - <unknown>
[INFO] [stdout]   10:     0x59fc2feb6179 - <unknown>
[INFO] [stdout]   11:     0x59fc2feb68c7 - <unknown>
[INFO] [stdout]   12:     0x59fc2febca94 - <unknown>
[INFO] [stdout]   13:     0x59fc2ff1870b - <unknown>
[INFO] [stdout]   14:     0x59fc2ff14881 - <unknown>
[INFO] [stdout]   15:     0x59fc2ff1406c - <unknown>
[INFO] [stdout]   16:     0x59fc2ff3095c - <unknown>
[INFO] [stdout]   17:     0x59fc2feffa42 - <unknown>
[INFO] [stdout]   18:     0x77d48f8ffdfa - <unknown>
[INFO] [stdout]   19:     0x77d48f9933d4 - clone
[INFO] [stdout]   20:                0x0 - <unknown>
[INFO] [stdout] 
[INFO] [stdout] ---- access_on_secret_passes_through stdout ----
[INFO] [stdout] 
[INFO] [stdout] thread 'access_on_secret_passes_through' (336) panicked at tests/preload.rs:83:5:
[INFO] [stdout] cdylib still missing: /opt/rustwide/workdir/target/debug/libsecretbro.so
[INFO] [stdout] stack backtrace:
[INFO] [stdout]    0:     0x59fc2fed8c87 - <unknown>
[INFO] [stdout]    1:     0x59fc2fec0ada - <unknown>
[INFO] [stdout]    2:     0x59fc2fed823b - <unknown>
[INFO] [stdout]    3:     0x59fc2fed7d1f - <unknown>
[INFO] [stdout]    4:     0x59fc2fed794a - <unknown>
[INFO] [stdout]    5:     0x59fc2fed7482 - <unknown>
[INFO] [stdout]    6:     0x59fc2fefe2a1 - <unknown>
[INFO] [stdout]    7:     0x59fc2fefe259 - <unknown>
[INFO] [stdout]    8:     0x59fc2fefe76c - <unknown>
[INFO] [stdout]    9:     0x59fc2fec096b - <unknown>
[INFO] [stdout]   10:     0x59fc2feb6179 - <unknown>
[INFO] [stdout]   11:     0x59fc2feb68c7 - <unknown>
[INFO] [stdout]   12:     0x59fc2feba332 - <unknown>
[INFO] [stdout]   13:     0x59fc2ff1870b - <unknown>
[INFO] [stdout]   14:     0x59fc2ff14881 - <unknown>
[INFO] [stdout]   15:     0x59fc2ff1406c - <unknown>
[INFO] [stdout]   16:     0x59fc2ff3095c - <unknown>
[INFO] [stdout]   17:     0x59fc2feffa42 - <unknown>
[INFO] [stdout]   18:     0x77d48f8ffdfa - <unknown>
[INFO] [stdout]   19:     0x77d48f9933d4 - clone
[INFO] [stdout]   20:                0x0 - <unknown>
[INFO] [stdout] 
[INFO] [stdout] ---- opendir_on_secret_passes_through stdout ----
[INFO] [stdout] 
[INFO] [stdout] thread 'opendir_on_secret_passes_through' (350) panicked at tests/preload.rs:83:5:
[INFO] [stdout] cdylib still missing: /opt/rustwide/workdir/target/debug/libsecretbro.so
[INFO] [stdout] stack backtrace:
[INFO] [stdout]    0:     0x59fc2fed8c87 - <unknown>
[INFO] [stdout]    1:     0x59fc2fec0ada - <unknown>
[INFO] [stdout]    2:     0x59fc2fed823b - <unknown>
[INFO] [stdout]    3:     0x59fc2fed7d1f - <unknown>
[INFO] [stdout]    4:     0x59fc2fed794a - <unknown>
[INFO] [stdout]    5:     0x59fc2fed7482 - <unknown>
[INFO] [stdout]    6:     0x59fc2fefe2a1 - <unknown>
[INFO] [stdout]    7:     0x59fc2fefe259 - <unknown>
[INFO] [stdout]    8:     0x59fc2fefe76c - <unknown>
[INFO] [stdout]    9:     0x59fc2fec096b - <unknown>
[INFO] [stdout]   10:     0x59fc2feb6179 - <unknown>
[INFO] [stdout]   11:     0x59fc2feb68c7 - <unknown>
[INFO] [stdout]   12:     0x59fc2febb2d8 - <unknown>
[INFO] [stdout]   13:     0x59fc2ff1870b - <unknown>
[INFO] [stdout]   14:     0x59fc2ff14881 - <unknown>
[INFO] [stdout]   15:     0x59fc2ff1406c - <unknown>
[INFO] [stdout]   16:     0x59fc2ff3095c - <unknown>
[INFO] [stdout]   17:     0x59fc2feffa42 - <unknown>
[INFO] [stdout]   18:     0x77d48f8ffdfa - <unknown>
[INFO] [stdout]   19:     0x77d48f9933d4 - clone
[INFO] [stdout]   20:                0x0 - <unknown>
[INFO] [stdout] 
[INFO] [stdout] ---- rename_secret_to_outside_denies stdout ----
[INFO] [stdout] 
[INFO] [stdout] thread 'rename_secret_to_outside_denies' (353) panicked at tests/preload.rs:83:5:
[INFO] [stdout] cdylib still missing: /opt/rustwide/workdir/target/debug/libsecretbro.so
[INFO] [stdout] stack backtrace:
[INFO] [stdout]    0:     0x59fc2fed8c87 - <unknown>
[INFO] [stdout]    1:     0x59fc2fec0ada - <unknown>
[INFO] [stdout]    2:     0x59fc2fed823b - <unknown>
[INFO] [stdout]    3:     0x59fc2fed7d1f - <unknown>
[INFO] [stdout]    4:     0x59fc2fed794a - <unknown>
[INFO] [stdout]    5:     0x59fc2fed7482 - <unknown>
[INFO] [stdout]    6:     0x59fc2fefe2a1 - <unknown>
[INFO] [stdout]    7:     0x59fc2fefe259 - <unknown>
[INFO] [stdout]    8:     0x59fc2fefe76c - <unknown>
[INFO] [stdout]    9:     0x59fc2fec096b - <unknown>
[INFO] [stdout]   10:     0x59fc2feb6179 - <unknown>
[INFO] [stdout]   11:     0x59fc2feb68c7 - <unknown>
[INFO] [stdout]   12:     0x59fc2febae3b - <unknown>
[INFO] [stdout]   13:     0x59fc2ff1870b - <unknown>
[INFO] [stdout]   14:     0x59fc2ff14881 - <unknown>
[INFO] [stdout]   15:     0x59fc2ff1406c - <unknown>
[INFO] [stdout]   16:     0x59fc2ff3095c - <unknown>
[INFO] [stdout]   17:     0x59fc2feffa42 - <unknown>
[INFO] [stdout]   18:     0x77d48f8ffdfa - <unknown>
[INFO] [stdout]   19:     0x77d48f9933d4 - clone
[INFO] [stdout]   20:                0x0 - <unknown>
[INFO] [stdout] 
[INFO] [stdout] ---- missing_secrets_dir_makes_lib_a_no_op stdout ----
[INFO] [stdout] 
[INFO] [stdout] thread 'missing_secrets_dir_makes_lib_a_no_op' (344) panicked at tests/preload.rs:83:5:
[INFO] [stdout] cdylib still missing: /opt/rustwide/workdir/target/debug/libsecretbro.so
[INFO] [stdout] stack backtrace:
[INFO] [stdout]    0:     0x59fc2fed8c87 - <unknown>
[INFO] [stdout]    1:     0x59fc2fec0ada - <unknown>
[INFO] [stdout]    2:     0x59fc2fed823b - <unknown>
[INFO] [stdout]    3:     0x59fc2fed7d1f - <unknown>
[INFO] [stdout]    4:     0x59fc2fed794a - <unknown>
[INFO] [stdout]    5:     0x59fc2fed7482 - <unknown>
[INFO] [stdout]    6:     0x59fc2fefe2a1 - <unknown>
[INFO] [stdout]    7:     0x59fc2fefe259 - <unknown>
[INFO] [stdout]    8:     0x59fc2fefe76c - <unknown>
[INFO] [stdout]    9:     0x59fc2fec096b - <unknown>
[INFO] [stdout]   10:     0x59fc2feb6179 - <unknown>
[INFO] [stdout]   11:     0x59fc2feb68c7 - <unknown>
[INFO] [stdout]   12:     0x59fc2febd8ae - <unknown>
[INFO] [stdout]   13:     0x59fc2ff1870b - <unknown>
[INFO] [stdout]   14:     0x59fc2ff14881 - <unknown>
[INFO] [stdout]   15:     0x59fc2ff1406c - <unknown>
[INFO] [stdout]   16:     0x59fc2ff3095c - <unknown>
[INFO] [stdout]   17:     0x59fc2feffa42 - <unknown>
[INFO] [stdout]   18:     0x77d48f8ffdfa - <unknown>
[INFO] [stdout]   19:     0x77d48f9933d4 - clone
[INFO] [stdout]   20:                0x0 - <unknown>
[INFO] [stdout] 
[INFO] [stdout] ---- openat_on_secret_denies stdout ----
[INFO] [stdout] 
[INFO] [stdout] thread 'openat_on_secret_denies' (349) panicked at tests/preload.rs:83:5:
[INFO] [stdout] cdylib still missing: /opt/rustwide/workdir/target/debug/libsecretbro.so
[INFO] [stdout] stack backtrace:
[INFO] [stdout]    0:     0x59fc2fed8c87 - <unknown>
[INFO] [stdout]    1:     0x59fc2fec0ada - <unknown>
[INFO] [stdout]    2:     0x59fc2fed823b - <unknown>
[INFO] [stdout]    3:     0x59fc2fed7d1f - <unknown>
[INFO] [stdout]    4:     0x59fc2fed794a - <unknown>
[INFO] [stdout]    5:     0x59fc2fed7482 - <unknown>
[INFO] [stdout]    6:     0x59fc2fefe2a1 - <unknown>
[INFO] [stdout]    7:     0x59fc2fefe259 - <unknown>
[INFO] [stdout]    8:     0x59fc2fefe76c - <unknown>
[INFO] [stdout]    9:     0x59fc2fec096b - <unknown>
[INFO] [stdout]   10:     0x59fc2feb6179 - <unknown>
[INFO] [stdout]   11:     0x59fc2feb68c7 - <unknown>
[INFO] [stdout]   12:     0x59fc2feb82f2 - <unknown>
[INFO] [stdout]   13:     0x59fc2ff1870b - <unknown>
[INFO] [stdout]   14:     0x59fc2ff14881 - <unknown>
[INFO] [stdout]   15:     0x59fc2ff1406c - <unknown>
[INFO] [stdout]   16:     0x59fc2ff3095c - <unknown>
[INFO] [stdout]   17:     0x59fc2feffa42 - <unknown>
[INFO] [stdout]   18:     0x77d48f8ffdfa - <unknown>
[INFO] [stdout]   19:     0x77d48f9933d4 - clone
[INFO] [stdout]   20:                0x0 - <unknown>
[INFO] [stdout] 
[INFO] [stdout] ---- secretbro_path_env_override_changes_protected_dir stdout ----
[INFO] [stdout] 
[INFO] [stdout] thread 'secretbro_path_env_override_changes_protected_dir' (609) panicked at tests/preload.rs:83:5:
[INFO] [stdout] cdylib still missing: /opt/rustwide/workdir/target/debug/libsecretbro.so
[INFO] [stdout] stack backtrace:
[INFO] [stdout]    0:     0x59fc2fed8c87 - <unknown>
[INFO] [stdout]    1:     0x59fc2fec0ada - <unknown>
[INFO] [stdout]    2:     0x59fc2fed823b - <unknown>
[INFO] [stdout]    3:     0x59fc2fed7d1f - <unknown>
[INFO] [stdout]    4:     0x59fc2fed794a - <unknown>
[INFO] [stdout]    5:     0x59fc2fed7482 - <unknown>
[INFO] [stdout]    6:     0x59fc2fefe2a1 - <unknown>
[INFO] [stdout]    7:     0x59fc2fefe259 - <unknown>
[INFO] [stdout]    8:     0x59fc2fefe76c - <unknown>
[INFO] [stdout]    9:     0x59fc2fec096b - <unknown>
[INFO] [stdout]   10:     0x59fc2feb6179 - <unknown>
[INFO] [stdout]   11:     0x59fc2feb68c7 - <unknown>
[INFO] [stdout]   12:     0x59fc2febf142 - <unknown>
[INFO] [stdout]   13:     0x59fc2ff1870b - <unknown>
[INFO] [stdout]   14:     0x59fc2ff14881 - <unknown>
[INFO] [stdout]   15:     0x59fc2ff1406c - <unknown>
[INFO] [stdout]   16:     0x59fc2ff3095c - <unknown>
[INFO] [stdout]   17:     0x59fc2feffa42 - <unknown>
[INFO] [stdout]   18:     0x77d48f8ffdfa - <unknown>
[INFO] [stdout]   19:     0x77d48f9933d4 - clone
[INFO] [stdout]   20:                0x0 - <unknown>
[INFO] [stdout] 
[INFO] [stdout] ---- unlink_on_secret_denies stdout ----
[INFO] [stdout] 
[INFO] [stdout] thread 'unlink_on_secret_denies' (643) panicked at tests/preload.rs:83:5:
[INFO] [stdout] cdylib still missing: /opt/rustwide/workdir/target/debug/libsecretbro.so
[INFO] [stdout] stack backtrace:
[INFO] [stdout]    0:     0x59fc2fed8c87 - <unknown>
[INFO] [stdout]    1:     0x59fc2fec0ada - <unknown>
[INFO] [stdout]    2:     0x59fc2fed823b - <unknown>
[INFO] [stdout]    3:     0x59fc2fed7d1f - <unknown>
[INFO] [stdout]    4:     0x59fc2fed794a - <unknown>
[INFO] [stdout]    5:     0x59fc2fed7482 - <unknown>
[INFO] [stdout]    6:     0x59fc2fefe2a1 - <unknown>
[INFO] [stdout]    7:     0x59fc2fefe259 - <unknown>
[INFO] [stdout]    8:     0x59fc2fefe76c - <unknown>
[INFO] [stdout]    9:     0x59fc2fec096b - <unknown>
[INFO] [stdout]   10:     0x59fc2feb6179 - <unknown>
[INFO] [stdout]   11:     0x59fc2feb68c7 - <unknown>
[INFO] [stdout]   12:     0x59fc2feb8572 - <unknown>
[INFO] [stdout]   13:     0x59fc2ff1870b - <unknown>
[INFO] [stdout]   14:     0x59fc2ff14881 - <unknown>
[INFO] [stdout]   15:     0x59fc2ff1406c - <unknown>
[INFO] [stdout]   16:     0x59fc2ff3095c - <unknown>
[INFO] [stdout]   17:     0x59fc2feffa42 - <unknown>
[INFO] [stdout]   18:     0x77d48f8ffdfa - <unknown>
[INFO] [stdout]   19:     0x77d48f9933d4 - clone
[INFO] [stdout]   20:                0x0 - <unknown>
[INFO] [stdout] 
[INFO] [stdout] ---- renameat_outside_to_secret_denies stdout ----
[INFO] [stdout] 
[INFO] [stdout] thread 'renameat_outside_to_secret_denies' (608) panicked at tests/preload.rs:83:5:
[INFO] [stdout] cdylib still missing: /opt/rustwide/workdir/target/debug/libsecretbro.so
[INFO] [stdout] stack backtrace:
[INFO] [stdout]    0:     0x59fc2fed8c87 - <unknown>
[INFO] [stdout]    1:     0x59fc2fec0ada - <unknown>
[INFO] [stdout]    2:     0x59fc2fed823b - <unknown>
[INFO] [stdout]    3:     0x59fc2fed7d1f - <unknown>
[INFO] [stdout]    4:     0x59fc2fed794a - <unknown>
[INFO] [stdout]    5:     0x59fc2fed7482 - <unknown>
[INFO] [stdout]    6:     0x59fc2fefe2a1 - <unknown>
[INFO] [stdout]    7:     0x59fc2fefe259 - <unknown>
[INFO] [stdout]    8:     0x59fc2fefe76c - <unknown>
[INFO] [stdout]    9:     0x59fc2fec096b - <unknown>
[INFO] [stdout]   10:     0x59fc2feb6179 - <unknown>
[INFO] [stdout]   11:     0x59fc2feb68c7 - <unknown>
[INFO] [stdout]   12:     0x59fc2febb779 - <unknown>
[INFO] [stdout]   13:     0x59fc2ff1870b - <unknown>
[INFO] [stdout]   14:     0x59fc2ff14881 - <unknown>
[INFO] [stdout]   15:     0x59fc2ff1406c - <unknown>
[INFO] [stdout]   16:     0x59fc2ff3095c - <unknown>
[INFO] [stdout]   17:     0x59fc2feffa42 - <unknown>
[INFO] [stdout]   18:     0x77d48f8ffdfa - <unknown>
[INFO] [stdout]   19:     0x77d48f9933d4 - clone
[INFO] [stdout]   20:                0x0 - <unknown>
[INFO] [stdout] 
[INFO] [stdout] 
[INFO] [stdout] failures:
[INFO] [stdout]     access_on_secret_passes_through
[INFO] [stdout]     cdylib_exports_open_symbol
[INFO] [stdout]     chmod_on_secret_denies
[INFO] [stdout]     creat_on_new_file_under_secrets_denies
[INFO] [stdout]     fopen_on_secret_returns_null_with_eacces
[INFO] [stdout]     link_outside_to_secret_denies
[INFO] [stdout]     missing_secrets_dir_makes_lib_a_no_op
[INFO] [stdout]     mkdirat_on_secret_denies
[INFO] [stdout]     open_on_non_secret_path_passes_through
[INFO] [stdout]     open_on_secret_path_returns_eacces
[INFO] [stdout]     open_via_symlink_into_secrets_denies
[INFO] [stdout]     openat_on_secret_denies
[INFO] [stdout]     opendir_on_secret_passes_through
[INFO] [stdout]     rename_outside_to_outside_passes_through
[INFO] [stdout]     rename_outside_to_secret_denies
[INFO] [stdout]     rename_secret_to_outside_denies
[INFO] [stdout]     renameat_outside_to_secret_denies
[INFO] [stdout]     secretbro_path_env_override_changes_protected_dir
[INFO] [stdout]     stat_on_secret_passes_through
[INFO] [stdout]     unlink_on_secret_denies
[INFO] [stdout] 
[INFO] [stdout] test result: FAILED. 0 passed; 20 failed; 19 ignored; 0 measured; 0 filtered out; finished in 2.43s
[INFO] [stdout] 
[INFO] [stderr] error: test failed, to rerun pass `--test preload`
[INFO] running `Command { std: "docker" "inspect" "4d5be5581419abe53cdaea9dbf960f13102946b0bff2089a895c3e5a690955c7", kill_on_drop: false }`
[INFO] running `Command { std: "docker" "rm" "-f" "4d5be5581419abe53cdaea9dbf960f13102946b0bff2089a895c3e5a690955c7", kill_on_drop: false }`
[INFO] [stdout] 4d5be5581419abe53cdaea9dbf960f13102946b0bff2089a895c3e5a690955c7
