[INFO] fetching crate seclave-ctl 0.1.2...
[INFO] testing seclave-ctl-0.1.2 against 1.99.0-beta.8+cargoflags=--release for beta-release-1.100-2
[INFO] extracting crate seclave-ctl 0.1.2 into /workspace/builds/worker-7-tc1/source
[INFO] started tweaking crates.io crate seclave-ctl 0.1.2
[INFO] removed 0 missing tests
[INFO] finished tweaking crates.io crate seclave-ctl 0.1.2
[INFO] tweaked toml for crates.io crate seclave-ctl 0.1.2 written to /workspace/builds/worker-7-tc1/source/Cargo.toml
[INFO] validating manifest of crates.io crate seclave-ctl 0.1.2 on toolchain 1.99.0-beta.8
[INFO] running `Command { std: CARGO_HOME="/workspace/cargo-home" RUSTUP_HOME="/workspace/rustup-home" "/workspace/cargo-home/bin/cargo" "+1.99.0-beta.8" "metadata" "--manifest-path" "Cargo.toml" "--no-deps", kill_on_drop: false }`
[INFO] crate crates.io crate seclave-ctl 0.1.2 already has a lockfile, it will not be regenerated
[INFO] running `Command { std: CARGO_HOME="/workspace/cargo-home" RUSTUP_HOME="/workspace/rustup-home" "/workspace/cargo-home/bin/cargo" "+1.99.0-beta.8" "fetch" "--manifest-path" "Cargo.toml", kill_on_drop: false }`
[INFO] [stderr]     Updating crates.io index
[INFO] [stderr]  Downloading crates ...
[INFO] [stderr]   Downloaded unescaper v0.1.10
[INFO] [stderr]   Downloaded serialport v4.9.0
[INFO] [stderr]   Downloaded seclave v0.1.2
[INFO] [stderr]   Downloaded io-kit-sys v0.4.1
[INFO] running `Command { std: "docker" "create" "-v" "/var/lib/crater-agent-workspace/builds/worker-7-tc1/source:/opt/rustwide/workdir:ro,Z" "-v" "/var/lib/crater-agent-workspace/builds/worker-7-tc1/target:/opt/rustwide/target:rw,Z" "-v" "/var/lib/crater-agent-workspace/cargo-home:/opt/rustwide/cargo-home:ro,Z" "-v" "/var/lib/crater-agent-workspace/rustup-home:/opt/rustwide/rustup-home:ro,Z" "-m" "1610612736" "--network" "none" "ghcr.io/rust-lang/crates-build-env/linux@sha256:77db811e55d90add9212f6832c23229e3de5f1c1f9905e8cb07319ea15df73ac" "sleep" "infinity", kill_on_drop: false }`
[INFO] [stdout] 101f1c7bc2094a059bf5116ebd3a7580a5b79ec08fb011a30d9b0bb8313acb44
[INFO] running `Command { std: "docker" "start" "101f1c7bc2094a059bf5116ebd3a7580a5b79ec08fb011a30d9b0bb8313acb44", kill_on_drop: false }`
[INFO] running `Command { std: "docker" "inspect" "101f1c7bc2094a059bf5116ebd3a7580a5b79ec08fb011a30d9b0bb8313acb44", kill_on_drop: false }`
[INFO] running `Command { std: "docker" "exec" "-e" "SOURCE_DIR=/opt/rustwide/workdir" "-e" "CARGO_HOME=/opt/rustwide/cargo-home" "-e" "RUSTUP_HOME=/opt/rustwide/rustup-home" "-e" "CARGO_TARGET_DIR=/opt/rustwide/target" "-w" "/opt/rustwide/workdir" "--user" "0:0" "101f1c7bc2094a059bf5116ebd3a7580a5b79ec08fb011a30d9b0bb8313acb44" "/opt/rustwide/cargo-home/bin/cargo" "+1.99.0-beta.8" "metadata" "--no-deps" "--format-version=1", kill_on_drop: false }`
[INFO] running `Command { std: "docker" "inspect" "101f1c7bc2094a059bf5116ebd3a7580a5b79ec08fb011a30d9b0bb8313acb44", kill_on_drop: false }`
[INFO] running `Command { std: "docker" "exec" "-e" "SOURCE_DIR=/opt/rustwide/workdir" "-e" "CARGO_HOME=/opt/rustwide/cargo-home" "-e" "RUSTUP_HOME=/opt/rustwide/rustup-home" "-e" "CARGO_TARGET_DIR=/opt/rustwide/target" "-e" "CARGO_INCREMENTAL=0" "-e" "RUST_BACKTRACE=full" "-e" "RUSTFLAGS=--cap-lints=warn" "-e" "RUSTDOCFLAGS=--cap-lints=warn" "-w" "/opt/rustwide/workdir" "--user" "0:0" "101f1c7bc2094a059bf5116ebd3a7580a5b79ec08fb011a30d9b0bb8313acb44" "/opt/rustwide/cargo-home/bin/cargo" "+1.99.0-beta.8" "build" "--frozen" "--message-format=json" "--release", kill_on_drop: false }`
[INFO] [stderr]    Compiling thiserror v2.0.19
[INFO] [stderr]    Compiling libc v0.2.189
[INFO] [stderr]    Compiling scopeguard v1.2.0
[INFO] [stderr]    Compiling zeroize v1.9.0
[INFO] [stderr]    Compiling seclave v0.1.2
[INFO] [stderr]    Compiling proc-macro2 v1.0.107
[INFO] [stderr]    Compiling quote v1.0.47
[INFO] [stderr]    Compiling syn v3.0.3
[INFO] [stderr]    Compiling nix v0.26.4
[INFO] [stderr]    Compiling thiserror-impl v2.0.19
[INFO] [stderr]    Compiling unescaper v0.1.10
[INFO] [stderr]    Compiling serialport v4.9.0
[INFO] [stderr]    Compiling seclave-ctl v0.1.2 (/opt/rustwide/workdir)
[INFO] [stderr]     Finished `release` profile [optimized] target(s) in 8.94s
[INFO] running `Command { std: "docker" "inspect" "101f1c7bc2094a059bf5116ebd3a7580a5b79ec08fb011a30d9b0bb8313acb44", kill_on_drop: false }`
[INFO] running `Command { std: "docker" "exec" "-e" "SOURCE_DIR=/opt/rustwide/workdir" "-e" "CARGO_HOME=/opt/rustwide/cargo-home" "-e" "RUSTUP_HOME=/opt/rustwide/rustup-home" "-e" "CARGO_TARGET_DIR=/opt/rustwide/target" "-e" "CARGO_INCREMENTAL=0" "-e" "RUST_BACKTRACE=full" "-e" "RUSTFLAGS=--cap-lints=warn" "-e" "RUSTDOCFLAGS=--cap-lints=warn" "-w" "/opt/rustwide/workdir" "--user" "0:0" "101f1c7bc2094a059bf5116ebd3a7580a5b79ec08fb011a30d9b0bb8313acb44" "/opt/rustwide/cargo-home/bin/cargo" "+1.99.0-beta.8" "test" "--frozen" "--no-run" "--message-format=json" "--release", kill_on_drop: false }`
[INFO] [stderr]    Compiling seclave-ctl v0.1.2 (/opt/rustwide/workdir)
[INFO] [stderr]     Finished `release` profile [optimized] target(s) in 0.99s
[INFO] running `Command { std: "docker" "inspect" "101f1c7bc2094a059bf5116ebd3a7580a5b79ec08fb011a30d9b0bb8313acb44", kill_on_drop: false }`
[INFO] running `Command { std: "docker" "exec" "-e" "SOURCE_DIR=/opt/rustwide/workdir" "-e" "CARGO_HOME=/opt/rustwide/cargo-home" "-e" "RUSTUP_HOME=/opt/rustwide/rustup-home" "-e" "CARGO_TARGET_DIR=/opt/rustwide/target" "-e" "CARGO_INCREMENTAL=0" "-e" "RUST_BACKTRACE=full" "-e" "RUSTFLAGS=--cap-lints=warn" "-e" "RUSTDOCFLAGS=--cap-lints=warn" "-w" "/opt/rustwide/workdir" "--user" "0:0" "101f1c7bc2094a059bf5116ebd3a7580a5b79ec08fb011a30d9b0bb8313acb44" "/opt/rustwide/cargo-home/bin/cargo" "+1.99.0-beta.8" "test" "--frozen" "--release", kill_on_drop: false }`
[INFO] [stderr]     Finished `release` profile [optimized] target(s) in 0.04s
[INFO] [stderr]      Running unittests src/main.rs (/opt/rustwide/target/release/deps/seclave_ctl-60f083b4add943a1)
[INFO] [stdout] 
[INFO] [stdout] running 0 tests
[INFO] [stdout] 
[INFO] [stdout] test result: ok. 0 passed; 0 failed; 0 ignored; 0 measured; 0 filtered out; finished in 0.00s
[INFO] [stdout] 
[INFO] [stderr]      Running tests/stub.rs (/opt/rustwide/target/release/deps/stub-69851598ebdbd88b)
[INFO] [stdout] 
[INFO] [stdout] running 12 tests
[INFO] [stdout] test version_and_usage ... ok
[INFO] [stderr] /usr/bin/python3: Error while finding module specification for 'seclave.testing' (ModuleNotFoundError: No module named 'seclave')
[INFO] [stderr] /usr/bin/python3: Error while finding module specification for 'seclave.testing' (ModuleNotFoundError: No module named 'seclave')
[INFO] [stderr] /usr/bin/python3: Error while finding module specification for 'seclave.testing' (ModuleNotFoundError: No module named 'seclave')
[INFO] [stderr] /usr/bin/python3: Error while finding module specification for 'seclave.testing' (ModuleNotFoundError: No module named 'seclave')
[INFO] [stderr] /usr/bin/python3: Error while finding module specification for 'seclave.testing' (ModuleNotFoundError: No module named 'seclave')
[INFO] [stderr] /usr/bin/python3: Error while finding module specification for 'seclave.testing' (ModuleNotFoundError: No module named 'seclave')
[INFO] [stderr] /usr/bin/python3: Error while finding module specification for 'seclave.testing' (ModuleNotFoundError: No module named 'seclave')
[INFO] [stderr] /usr/bin/python3: Error while finding module specification for 'seclave.testing' (ModuleNotFoundError: No module named 'seclave')
[INFO] [stderr] /usr/bin/python3: Error while finding module specification for 'seclave.testing' (ModuleNotFoundError: No module named 'seclave')
[INFO] [stdout] test put_rejects_bad_label_before_sending ... FAILED
[INFO] [stderr] /usr/bin/python3: Error while finding module specification for 'seclave.testing' (ModuleNotFoundError: No module named 'seclave')
[INFO] [stdout] test list_shows_seeded_entries ... FAILED
[INFO] [stdout] test get_www_first_and_all ... FAILED
[INFO] [stdout] test del_www ... FAILED
[INFO] [stdout] test del_removes_and_second_del_fails ... FAILED
[INFO] [stdout] test get_each_field ... FAILED
[INFO] [stdout] test put_then_get_roundtrip ... FAILED
[INFO] [stdout] test put_www_normalizes_refuses_duplicates_and_forces ... FAILED
[INFO] [stdout] test udev_show_needs_no_device ... ok
[INFO] [stdout] test get_missing_entry_fails_cleanly ... FAILED
[INFO] [stdout] test udev_install_writes_the_rule ... ok
[INFO] [stderr] error: test failed, to rerun pass `--test stub`
[INFO] [stdout] 
[INFO] [stdout] failures:
[INFO] [stdout] 
[INFO] [stdout] ---- put_rejects_bad_label_before_sending stdout ----
[INFO] [stdout] 
[INFO] [stdout] thread 'put_rejects_bad_label_before_sending' (431) panicked at tests/stub.rs:132:5:
[INFO] [stdout] seclave-ctl: the device went away (cannot open : No such file or directory)
[INFO] [stdout] 
[INFO] [stdout] stack backtrace:
[INFO] [stdout]    0:     0x594d152e1261 - <<std[70759c8f55707aa4]::sys::backtrace::BacktraceLock>::print::DisplayBacktrace as core[df12db4294e9bfd3]::fmt::Display>::fmt
[INFO] [stdout]    1:     0x594d152f59ba - core[df12db4294e9bfd3]::fmt::write
[INFO] [stdout]    2:     0x594d152e59cc - <alloc[2182bb758b4b3781]::vec::Vec<u8> as core[df12db4294e9bfd3]::io::write::Write>::write_fmt
[INFO] [stdout]    3:     0x594d152bbbb6 - std[70759c8f55707aa4]::panicking::default_hook::{closure#0}
[INFO] [stdout]    4:     0x594d152d8f89 - std[70759c8f55707aa4]::panicking::default_hook
[INFO] [stdout]    5:     0x594d15273a20 - test[9d35eded1c95d3be]::test_main_inner::<test[9d35eded1c95d3be]::test_main_static::{closure#0}>::{closure#0}
[INFO] [stdout]    6:     0x594d152d9142 - std[70759c8f55707aa4]::panicking::panic_with_hook
[INFO] [stdout]    7:     0x594d152bbc62 - std[70759c8f55707aa4]::panicking::panic_handler::{closure#0}
[INFO] [stdout]    8:     0x594d152b4739 - std[70759c8f55707aa4]::sys::backtrace::__rust_end_short_backtrace::<std[70759c8f55707aa4]::panicking::panic_handler::{closure#0}, !>
[INFO] [stdout]    9:     0x594d152bc85d - __rustc[8fa7c3cbc660c2b3]::rust_begin_unwind
[INFO] [stdout]   10:     0x594d152f60ec - core[df12db4294e9bfd3]::panicking::panic_fmt
[INFO] [stdout]   11:     0x594d15264fe5 - <stub[85d793e783062c0]::put_rejects_bad_label_before_sending::{closure#0} as core[df12db4294e9bfd3]::ops::function::FnOnce<()>>::call_once
[INFO] [stdout]   12:     0x594d15266d0b - test[9d35eded1c95d3be]::__rust_begin_short_backtrace::<core[df12db4294e9bfd3]::result::Result<(), alloc[2182bb758b4b3781]::string::String>, fn() -> core[df12db4294e9bfd3]::result::Result<(), alloc[2182bb758b4b3781]::string::String>>
[INFO] [stdout]   13:     0x594d15274375 - test[9d35eded1c95d3be]::run_test::{closure#0}
[INFO] [stdout]   14:     0x594d1526dc34 - std[70759c8f55707aa4]::sys::backtrace::__rust_begin_short_backtrace::<test[9d35eded1c95d3be]::run_test::{closure#1}, ()>
[INFO] [stdout]   15:     0x594d152774d2 - <std[70759c8f55707aa4]::thread::lifecycle::spawn_unchecked<test[9d35eded1c95d3be]::run_test::{closure#1}, ()>::{closure#1} as core[df12db4294e9bfd3]::ops::function::FnOnce<()>>::call_once::{shim:vtable#0}
[INFO] [stdout]   16:     0x594d152e07c9 - <std[70759c8f55707aa4]::sys::thread::unix::Thread>::new::thread_start
[INFO] [stdout]   17:     0x79f13ec62dfa - <unknown>
[INFO] [stdout]   18:     0x79f13ecf63d4 - clone
[INFO] [stdout]   19:                0x0 - <unknown>
[INFO] [stdout] 
[INFO] [stdout] ---- list_shows_seeded_entries stdout ----
[INFO] [stdout] 
[INFO] [stdout] thread 'list_shows_seeded_entries' (430) panicked at tests/stub.rs:78:5:
[INFO] [stdout] assertion `left == right` failed
[INFO] [stdout]   left: 1
[INFO] [stdout]  right: 0
[INFO] [stdout] stack backtrace:
[INFO] [stdout]    0:     0x594d152e1261 - <<std[70759c8f55707aa4]::sys::backtrace::BacktraceLock>::print::DisplayBacktrace as core[df12db4294e9bfd3]::fmt::Display>::fmt
[INFO] [stdout]    1:     0x594d152f59ba - core[df12db4294e9bfd3]::fmt::write
[INFO] [stdout]    2:     0x594d152e59cc - <alloc[2182bb758b4b3781]::vec::Vec<u8> as core[df12db4294e9bfd3]::io::write::Write>::write_fmt
[INFO] [stdout]    3:     0x594d152bbbb6 - std[70759c8f55707aa4]::panicking::default_hook::{closure#0}
[INFO] [stdout]    4:     0x594d152d8f89 - std[70759c8f55707aa4]::panicking::default_hook
[INFO] [stdout]    5:     0x594d15273a20 - test[9d35eded1c95d3be]::test_main_inner::<test[9d35eded1c95d3be]::test_main_static::{closure#0}>::{closure#0}
[INFO] [stdout]    6:     0x594d152d9142 - std[70759c8f55707aa4]::panicking::panic_with_hook
[INFO] [stdout]    7:     0x594d152bbc62 - std[70759c8f55707aa4]::panicking::panic_handler::{closure#0}
[INFO] [stdout]    8:     0x594d152b4739 - std[70759c8f55707aa4]::sys::backtrace::__rust_end_short_backtrace::<std[70759c8f55707aa4]::panicking::panic_handler::{closure#0}, !>
[INFO] [stdout]    9:     0x594d152bc85d - __rustc[8fa7c3cbc660c2b3]::rust_begin_unwind
[INFO] [stdout]   10:     0x594d152f60ec - core[df12db4294e9bfd3]::panicking::panic_fmt
[INFO] [stdout]   11:     0x594d152f6003 - core[df12db4294e9bfd3]::panicking::assert_failed_inner
[INFO] [stdout]   12:     0x594d152b3f15 - core[df12db4294e9bfd3]::panicking::assert_failed::<i32, i32>
[INFO] [stdout]   13:     0x594d1526422c - <stub[85d793e783062c0]::list_shows_seeded_entries::{closure#0} as core[df12db4294e9bfd3]::ops::function::FnOnce<()>>::call_once
[INFO] [stdout]   14:     0x594d15266d0b - test[9d35eded1c95d3be]::__rust_begin_short_backtrace::<core[df12db4294e9bfd3]::result::Result<(), alloc[2182bb758b4b3781]::string::String>, fn() -> core[df12db4294e9bfd3]::result::Result<(), alloc[2182bb758b4b3781]::string::String>>
[INFO] [stdout]   15:     0x594d15274375 - test[9d35eded1c95d3be]::run_test::{closure#0}
[INFO] [stdout]   16:     0x594d1526dc34 - std[70759c8f55707aa4]::sys::backtrace::__rust_begin_short_backtrace::<test[9d35eded1c95d3be]::run_test::{closure#1}, ()>
[INFO] [stdout]   17:     0x594d152774d2 - <std[70759c8f55707aa4]::thread::lifecycle::spawn_unchecked<test[9d35eded1c95d3be]::run_test::{closure#1}, ()>::{closure#1} as core[df12db4294e9bfd3]::ops::function::FnOnce<()>>::call_once::{shim:vtable#0}
[INFO] [stdout]   18:     0x594d152e07c9 - <std[70759c8f55707aa4]::sys::thread::unix::Thread>::new::thread_start
[INFO] [stdout]   19:     0x79f13ec62dfa - <unknown>
[INFO] [stdout]   20:     0x79f13ecf63d4 - clone
[INFO] [stdout]   21:                0x0 - <unknown>
[INFO] [stdout] 
[INFO] [stdout] ---- get_www_first_and_all stdout ----
[INFO] [stdout] 
[INFO] [stdout] thread 'get_www_first_and_all' (429) panicked at tests/stub.rs:148:5:
[INFO] [stdout] assertion `left == right` failed
[INFO] [stdout]   left: (1, "")
[INFO] [stdout]  right: (0, "alice\twebpass-a\n")
[INFO] [stdout] stack backtrace:
[INFO] [stdout]    0:     0x594d152e1261 - <<std[70759c8f55707aa4]::sys::backtrace::BacktraceLock>::print::DisplayBacktrace as core[df12db4294e9bfd3]::fmt::Display>::fmt
[INFO] [stdout]    1:     0x594d152f59ba - core[df12db4294e9bfd3]::fmt::write
[INFO] [stdout]    2:     0x594d152e59cc - <alloc[2182bb758b4b3781]::vec::Vec<u8> as core[df12db4294e9bfd3]::io::write::Write>::write_fmt
[INFO] [stdout]    3:     0x594d152bbbb6 - std[70759c8f55707aa4]::panicking::default_hook::{closure#0}
[INFO] [stdout]    4:     0x594d152d8f89 - std[70759c8f55707aa4]::panicking::default_hook
[INFO] [stdout]    5:     0x594d15273a20 - test[9d35eded1c95d3be]::test_main_inner::<test[9d35eded1c95d3be]::test_main_static::{closure#0}>::{closure#0}
[INFO] [stdout]    6:     0x594d152d9142 - std[70759c8f55707aa4]::panicking::panic_with_hook
[INFO] [stdout]    7:     0x594d152bbc62 - std[70759c8f55707aa4]::panicking::panic_handler::{closure#0}
[INFO] [stdout]    8:     0x594d152b4739 - std[70759c8f55707aa4]::sys::backtrace::__rust_end_short_backtrace::<std[70759c8f55707aa4]::panicking::panic_handler::{closure#0}, !>
[INFO] [stdout]    9:     0x594d152bc85d - __rustc[8fa7c3cbc660c2b3]::rust_begin_unwind
[INFO] [stdout]   10:     0x594d152f60ec - core[df12db4294e9bfd3]::panicking::panic_fmt
[INFO] [stdout]   11:     0x594d152f6003 - core[df12db4294e9bfd3]::panicking::assert_failed_inner
[INFO] [stdout]   12:     0x594d15265c56 - core[df12db4294e9bfd3]::panicking::assert_failed::<(i32, &str), (i32, &str)>
[INFO] [stdout]   13:     0x594d15263d01 - <stub[85d793e783062c0]::get_www_first_and_all::{closure#0} as core[df12db4294e9bfd3]::ops::function::FnOnce<()>>::call_once
[INFO] [stdout]   14:     0x594d15266d0b - test[9d35eded1c95d3be]::__rust_begin_short_backtrace::<core[df12db4294e9bfd3]::result::Result<(), alloc[2182bb758b4b3781]::string::String>, fn() -> core[df12db4294e9bfd3]::result::Result<(), alloc[2182bb758b4b3781]::string::String>>
[INFO] [stdout]   15:     0x594d15274375 - test[9d35eded1c95d3be]::run_test::{closure#0}
[INFO] [stdout]   16:     0x594d1526dc34 - std[70759c8f55707aa4]::sys::backtrace::__rust_begin_short_backtrace::<test[9d35eded1c95d3be]::run_test::{closure#1}, ()>
[INFO] [stdout]   17:     0x594d152774d2 - <std[70759c8f55707aa4]::thread::lifecycle::spawn_unchecked<test[9d35eded1c95d3be]::run_test::{closure#1}, ()>::{closure#1} as core[df12db4294e9bfd3]::ops::function::FnOnce<()>>::call_once::{shim:vtable#0}
[INFO] [stdout]   18:     0x594d152e07c9 - <std[70759c8f55707aa4]::sys::thread::unix::Thread>::new::thread_start
[INFO] [stdout]   19:     0x79f13ec62dfa - <unknown>
[INFO] [stdout]   20:     0x79f13ecf63d4 - clone
[INFO] [stdout]   21:                0x0 - <unknown>
[INFO] [stdout] 
[INFO] [stdout] ---- del_www stdout ----
[INFO] [stdout] 
[INFO] [stdout] thread 'del_www' (426) panicked at tests/stub.rs:200:5:
[INFO] [stdout] assertion `left == right` failed
[INFO] [stdout]   left: 1
[INFO] [stdout]  right: 0
[INFO] [stdout] stack backtrace:
[INFO] [stdout]    0:     0x594d152e1261 - <<std[70759c8f55707aa4]::sys::backtrace::BacktraceLock>::print::DisplayBacktrace as core[df12db4294e9bfd3]::fmt::Display>::fmt
[INFO] [stdout]    1:     0x594d152f59ba - core[df12db4294e9bfd3]::fmt::write
[INFO] [stdout]    2:     0x594d152e59cc - <alloc[2182bb758b4b3781]::vec::Vec<u8> as core[df12db4294e9bfd3]::io::write::Write>::write_fmt
[INFO] [stdout]    3:     0x594d152bbbb6 - std[70759c8f55707aa4]::panicking::default_hook::{closure#0}
[INFO] [stdout]    4:     0x594d152d8f89 - std[70759c8f55707aa4]::panicking::default_hook
[INFO] [stdout]    5:     0x594d15273a20 - test[9d35eded1c95d3be]::test_main_inner::<test[9d35eded1c95d3be]::test_main_static::{closure#0}>::{closure#0}
[INFO] [stdout]    6:     0x594d152d9142 - std[70759c8f55707aa4]::panicking::panic_with_hook
[INFO] [stdout]    7:     0x594d152bbc62 - std[70759c8f55707aa4]::panicking::panic_handler::{closure#0}
[INFO] [stdout]    8:     0x594d152b4739 - std[70759c8f55707aa4]::sys::backtrace::__rust_end_short_backtrace::<std[70759c8f55707aa4]::panicking::panic_handler::{closure#0}, !>
[INFO] [stdout]    9:     0x594d152bc85d - __rustc[8fa7c3cbc660c2b3]::rust_begin_unwind
[INFO] [stdout]   10:     0x594d152f60ec - core[df12db4294e9bfd3]::panicking::panic_fmt
[INFO] [stdout]   11:     0x594d152f6003 - core[df12db4294e9bfd3]::panicking::assert_failed_inner
[INFO] [stdout]   12:     0x594d152b3f15 - core[df12db4294e9bfd3]::panicking::assert_failed::<i32, i32>
[INFO] [stdout]   13:     0x594d15265725 - <stub[85d793e783062c0]::del_www::{closure#0} as core[df12db4294e9bfd3]::ops::function::FnOnce<()>>::call_once
[INFO] [stdout]   14:     0x594d15266d0b - test[9d35eded1c95d3be]::__rust_begin_short_backtrace::<core[df12db4294e9bfd3]::result::Result<(), alloc[2182bb758b4b3781]::string::String>, fn() -> core[df12db4294e9bfd3]::result::Result<(), alloc[2182bb758b4b3781]::string::String>>
[INFO] [stdout]   15:     0x594d15274375 - test[9d35eded1c95d3be]::run_test::{closure#0}
[INFO] [stdout]   16:     0x594d1526dc34 - std[70759c8f55707aa4]::sys::backtrace::__rust_begin_short_backtrace::<test[9d35eded1c95d3be]::run_test::{closure#1}, ()>
[INFO] [stdout]   17:     0x594d152774d2 - <std[70759c8f55707aa4]::thread::lifecycle::spawn_unchecked<test[9d35eded1c95d3be]::run_test::{closure#1}, ()>::{closure#1} as core[df12db4294e9bfd3]::ops::function::FnOnce<()>>::call_once::{shim:vtable#0}
[INFO] [stdout]   18:     0x594d152e07c9 - <std[70759c8f55707aa4]::sys::thread::unix::Thread>::new::thread_start
[INFO] [stdout]   19:     0x79f13ec62dfa - <unknown>
[INFO] [stdout]   20:     0x79f13ecf63d4 - clone
[INFO] [stdout]   21:                0x0 - <unknown>
[INFO] [stdout] 
[INFO] [stdout] ---- del_removes_and_second_del_fails stdout ----
[INFO] [stdout] 
[INFO] [stdout] thread 'del_removes_and_second_del_fails' (425) panicked at tests/stub.rs:140:5:
[INFO] [stdout] assertion `left == right` failed
[INFO] [stdout]   left: 1
[INFO] [stdout]  right: 0
[INFO] [stdout] stack backtrace:
[INFO] [stdout]    0:     0x594d152e1261 - <<std[70759c8f55707aa4]::sys::backtrace::BacktraceLock>::print::DisplayBacktrace as core[df12db4294e9bfd3]::fmt::Display>::fmt
[INFO] [stdout]    1:     0x594d152f59ba - core[df12db4294e9bfd3]::fmt::write
[INFO] [stdout]    2:     0x594d152e59cc - <alloc[2182bb758b4b3781]::vec::Vec<u8> as core[df12db4294e9bfd3]::io::write::Write>::write_fmt
[INFO] [stdout]    3:     0x594d152bbbb6 - std[70759c8f55707aa4]::panicking::default_hook::{closure#0}
[INFO] [stdout]    4:     0x594d152d8f89 - std[70759c8f55707aa4]::panicking::default_hook
[INFO] [stdout]    5:     0x594d15273a20 - test[9d35eded1c95d3be]::test_main_inner::<test[9d35eded1c95d3be]::test_main_static::{closure#0}>::{closure#0}
[INFO] [stdout]    6:     0x594d152d9142 - std[70759c8f55707aa4]::panicking::panic_with_hook
[INFO] [stdout]    7:     0x594d152bbc62 - std[70759c8f55707aa4]::panicking::panic_handler::{closure#0}
[INFO] [stdout]    8:     0x594d152b4739 - std[70759c8f55707aa4]::sys::backtrace::__rust_end_short_backtrace::<std[70759c8f55707aa4]::panicking::panic_handler::{closure#0}, !>
[INFO] [stdout]    9:     0x594d152bc85d - __rustc[8fa7c3cbc660c2b3]::rust_begin_unwind
[INFO] [stdout]   10:     0x594d152f60ec - core[df12db4294e9bfd3]::panicking::panic_fmt
[INFO] [stdout]   11:     0x594d152f6003 - core[df12db4294e9bfd3]::panicking::assert_failed_inner
[INFO] [stdout]   12:     0x594d152b3f15 - core[df12db4294e9bfd3]::panicking::assert_failed::<i32, i32>
[INFO] [stdout]   13:     0x594d15264ddf - <stub[85d793e783062c0]::del_removes_and_second_del_fails::{closure#0} as core[df12db4294e9bfd3]::ops::function::FnOnce<()>>::call_once
[INFO] [stdout]   14:     0x594d15266d0b - test[9d35eded1c95d3be]::__rust_begin_short_backtrace::<core[df12db4294e9bfd3]::result::Result<(), alloc[2182bb758b4b3781]::string::String>, fn() -> core[df12db4294e9bfd3]::result::Result<(), alloc[2182bb758b4b3781]::string::String>>
[INFO] [stdout]   15:     0x594d15274375 - test[9d35eded1c95d3be]::run_test::{closure#0}
[INFO] [stdout]   16:     0x594d1526dc34 - std[70759c8f55707aa4]::sys::backtrace::__rust_begin_short_backtrace::<test[9d35eded1c95d3be]::run_test::{closure#1}, ()>
[INFO] [stdout]   17:     0x594d152774d2 - <std[70759c8f55707aa4]::thread::lifecycle::spawn_unchecked<test[9d35eded1c95d3be]::run_test::{closure#1}, ()>::{closure#1} as core[df12db4294e9bfd3]::ops::function::FnOnce<()>>::call_once::{shim:vtable#0}
[INFO] [stdout]   18:     0x594d152e07c9 - <std[70759c8f55707aa4]::sys::thread::unix::Thread>::new::thread_start
[INFO] [stdout]   19:     0x79f13ec62dfa - <unknown>
[INFO] [stdout]   20:     0x79f13ecf63d4 - clone
[INFO] [stdout]   21:                0x0 - <unknown>
[INFO] [stdout] 
[INFO] [stdout] ---- get_each_field stdout ----
[INFO] [stdout] 
[INFO] [stdout] thread 'get_each_field' (427) panicked at tests/stub.rs:95:9:
[INFO] [stdout] assertion `left == right` failed: group
[INFO] [stdout]   left: (1, "")
[INFO] [stdout]  right: (0, "personal")
[INFO] [stdout] stack backtrace:
[INFO] [stdout]    0:     0x594d152e1261 - <<std[70759c8f55707aa4]::sys::backtrace::BacktraceLock>::print::DisplayBacktrace as core[df12db4294e9bfd3]::fmt::Display>::fmt
[INFO] [stdout]    1:     0x594d152f59ba - core[df12db4294e9bfd3]::fmt::write
[INFO] [stdout]    2:     0x594d152e59cc - <alloc[2182bb758b4b3781]::vec::Vec<u8> as core[df12db4294e9bfd3]::io::write::Write>::write_fmt
[INFO] [stdout]    3:     0x594d152bbbb6 - std[70759c8f55707aa4]::panicking::default_hook::{closure#0}
[INFO] [stdout]    4:     0x594d152d8f89 - std[70759c8f55707aa4]::panicking::default_hook
[INFO] [stdout]    5:     0x594d15273a20 - test[9d35eded1c95d3be]::test_main_inner::<test[9d35eded1c95d3be]::test_main_static::{closure#0}>::{closure#0}
[INFO] [stdout]    6:     0x594d152d9142 - std[70759c8f55707aa4]::panicking::panic_with_hook
[INFO] [stdout]    7:     0x594d152bbc62 - std[70759c8f55707aa4]::panicking::panic_handler::{closure#0}
[INFO] [stdout]    8:     0x594d152b4739 - std[70759c8f55707aa4]::sys::backtrace::__rust_end_short_backtrace::<std[70759c8f55707aa4]::panicking::panic_handler::{closure#0}, !>
[INFO] [stdout]    9:     0x594d152bc85d - __rustc[8fa7c3cbc660c2b3]::rust_begin_unwind
[INFO] [stdout]   10:     0x594d152f60ec - core[df12db4294e9bfd3]::panicking::panic_fmt
[INFO] [stdout]   11:     0x594d152f6063 - core[df12db4294e9bfd3]::panicking::assert_failed_inner
[INFO] [stdout]   12:     0x594d15265c56 - core[df12db4294e9bfd3]::panicking::assert_failed::<(i32, &str), (i32, &str)>
[INFO] [stdout]   13:     0x594d15263656 - <stub[85d793e783062c0]::get_each_field::{closure#0} as core[df12db4294e9bfd3]::ops::function::FnOnce<()>>::call_once
[INFO] [stdout]   14:     0x594d15266d0b - test[9d35eded1c95d3be]::__rust_begin_short_backtrace::<core[df12db4294e9bfd3]::result::Result<(), alloc[2182bb758b4b3781]::string::String>, fn() -> core[df12db4294e9bfd3]::result::Result<(), alloc[2182bb758b4b3781]::string::String>>
[INFO] [stdout]   15:     0x594d15274375 - test[9d35eded1c95d3be]::run_test::{closure#0}
[INFO] [stdout]   16:     0x594d1526dc34 - std[70759c8f55707aa4]::sys::backtrace::__rust_begin_short_backtrace::<test[9d35eded1c95d3be]::run_test::{closure#1}, ()>
[INFO] [stdout]   17:     0x594d152774d2 - <std[70759c8f55707aa4]::thread::lifecycle::spawn_unchecked<test[9d35eded1c95d3be]::run_test::{closure#1}, ()>::{closure#1} as core[df12db4294e9bfd3]::ops::function::FnOnce<()>>::call_once::{shim:vtable#0}
[INFO] [stdout]   18:     0x594d152e07c9 - <std[70759c8f55707aa4]::sys::thread::unix::Thread>::new::thread_start
[INFO] [stdout]   19:     0x79f13ec62dfa - <unknown>
[INFO] [stdout]   20:     0x79f13ecf63d4 - clone
[INFO] [stdout]   21:                0x0 - <unknown>
[INFO] [stdout] 
[INFO] [stdout] ---- put_then_get_roundtrip stdout ----
[INFO] [stdout] 
[INFO] [stdout] thread 'put_then_get_roundtrip' (432) panicked at tests/stub.rs:122:5:
[INFO] [stdout] assertion `left == right` failed: seclave-ctl: the device went away (cannot open : No such file or directory)
[INFO] [stdout] 
[INFO] [stdout]   left: 1
[INFO] [stdout]  right: 0
[INFO] [stdout] stack backtrace:
[INFO] [stdout]    0:     0x594d152e1261 - <<std[70759c8f55707aa4]::sys::backtrace::BacktraceLock>::print::DisplayBacktrace as core[df12db4294e9bfd3]::fmt::Display>::fmt
[INFO] [stdout]    1:     0x594d152f59ba - core[df12db4294e9bfd3]::fmt::write
[INFO] [stdout]    2:     0x594d152e59cc - <alloc[2182bb758b4b3781]::vec::Vec<u8> as core[df12db4294e9bfd3]::io::write::Write>::write_fmt
[INFO] [stdout]    3:     0x594d152bbbb6 - std[70759c8f55707aa4]::panicking::default_hook::{closure#0}
[INFO] [stdout]    4:     0x594d152d8f89 - std[70759c8f55707aa4]::panicking::default_hook
[INFO] [stdout]    5:     0x594d15273a20 - test[9d35eded1c95d3be]::test_main_inner::<test[9d35eded1c95d3be]::test_main_static::{closure#0}>::{closure#0}
[INFO] [stdout]    6:     0x594d152d9142 - std[70759c8f55707aa4]::panicking::panic_with_hook
[INFO] [stdout]    7:     0x594d152bbc62 - std[70759c8f55707aa4]::panicking::panic_handler::{closure#0}
[INFO] [stdout]    8:     0x594d152b4739 - std[70759c8f55707aa4]::sys::backtrace::__rust_end_short_backtrace::<std[70759c8f55707aa4]::panicking::panic_handler::{closure#0}, !>
[INFO] [stdout]    9:     0x594d152bc85d - __rustc[8fa7c3cbc660c2b3]::rust_begin_unwind
[INFO] [stdout]   10:     0x594d152f60ec - core[df12db4294e9bfd3]::panicking::panic_fmt
[INFO] [stdout]   11:     0x594d152f6063 - core[df12db4294e9bfd3]::panicking::assert_failed_inner
[INFO] [stdout]   12:     0x594d152b3f15 - core[df12db4294e9bfd3]::panicking::assert_failed::<i32, i32>
[INFO] [stdout]   13:     0x594d15263f94 - <stub[85d793e783062c0]::put_then_get_roundtrip::{closure#0} as core[df12db4294e9bfd3]::ops::function::FnOnce<()>>::call_once
[INFO] [stdout]   14:     0x594d15266d0b - test[9d35eded1c95d3be]::__rust_begin_short_backtrace::<core[df12db4294e9bfd3]::result::Result<(), alloc[2182bb758b4b3781]::string::String>, fn() -> core[df12db4294e9bfd3]::result::Result<(), alloc[2182bb758b4b3781]::string::String>>
[INFO] [stdout]   15:     0x594d15274375 - test[9d35eded1c95d3be]::run_test::{closure#0}
[INFO] [stdout]   16:     0x594d1526dc34 - std[70759c8f55707aa4]::sys::backtrace::__rust_begin_short_backtrace::<test[9d35eded1c95d3be]::run_test::{closure#1}, ()>
[INFO] [stdout]   17:     0x594d152774d2 - <std[70759c8f55707aa4]::thread::lifecycle::spawn_unchecked<test[9d35eded1c95d3be]::run_test::{closure#1}, ()>::{closure#1} as core[df12db4294e9bfd3]::ops::function::FnOnce<()>>::call_once::{shim:vtable#0}
[INFO] [stdout]   18:     0x594d152e07c9 - <std[70759c8f55707aa4]::sys::thread::unix::Thread>::new::thread_start
[INFO] [stdout]   19:     0x79f13ec62dfa - <unknown>
[INFO] [stdout]   20:     0x79f13ecf63d4 - clone
[INFO] [stdout]   21:                0x0 - <unknown>
[INFO] [stdout] 
[INFO] [stdout] ---- put_www_normalizes_refuses_duplicates_and_forces stdout ----
[INFO] [stdout] 
[INFO] [stdout] thread 'put_www_normalizes_refuses_duplicates_and_forces' (436) panicked at tests/stub.rs:171:5:
[INFO] [stdout] assertion `left == right` failed: seclave-ctl: the device went away (cannot open : No such file or directory)
[INFO] [stdout] 
[INFO] [stdout]   left: 1
[INFO] [stdout]  right: 0
[INFO] [stdout] stack backtrace:
[INFO] [stdout]    0:     0x594d152e1261 - <<std[70759c8f55707aa4]::sys::backtrace::BacktraceLock>::print::DisplayBacktrace as core[df12db4294e9bfd3]::fmt::Display>::fmt
[INFO] [stdout]    1:     0x594d152f59ba - core[df12db4294e9bfd3]::fmt::write
[INFO] [stdout]    2:     0x594d152e59cc - <alloc[2182bb758b4b3781]::vec::Vec<u8> as core[df12db4294e9bfd3]::io::write::Write>::write_fmt
[INFO] [stdout]    3:     0x594d152bbbb6 - std[70759c8f55707aa4]::panicking::default_hook::{closure#0}
[INFO] [stdout]    4:     0x594d152d8f89 - std[70759c8f55707aa4]::panicking::default_hook
[INFO] [stdout]    5:     0x594d15273a20 - test[9d35eded1c95d3be]::test_main_inner::<test[9d35eded1c95d3be]::test_main_static::{closure#0}>::{closure#0}
[INFO] [stdout]    6:     0x594d152d9142 - std[70759c8f55707aa4]::panicking::panic_with_hook
[INFO] [stdout]    7:     0x594d152bbc62 - std[70759c8f55707aa4]::panicking::panic_handler::{closure#0}
[INFO] [stdout]    8:     0x594d152b4739 - std[70759c8f55707aa4]::sys::backtrace::__rust_end_short_backtrace::<std[70759c8f55707aa4]::panicking::panic_handler::{closure#0}, !>
[INFO] [stdout]    9:     0x594d152bc85d - __rustc[8fa7c3cbc660c2b3]::rust_begin_unwind
[INFO] [stdout]   10:     0x594d152f60ec - core[df12db4294e9bfd3]::panicking::panic_fmt
[INFO] [stdout]   11:     0x594d152f6063 - core[df12db4294e9bfd3]::panicking::assert_failed_inner
[INFO] [stdout]   12:     0x594d152b3f15 - core[df12db4294e9bfd3]::panicking::assert_failed::<i32, i32>
[INFO] [stdout]   13:     0x594d152653f3 - <stub[85d793e783062c0]::put_www_normalizes_refuses_duplicates_and_forces::{closure#0} as core[df12db4294e9bfd3]::ops::function::FnOnce<()>>::call_once
[INFO] [stdout]   14:     0x594d15266d0b - test[9d35eded1c95d3be]::__rust_begin_short_backtrace::<core[df12db4294e9bfd3]::result::Result<(), alloc[2182bb758b4b3781]::string::String>, fn() -> core[df12db4294e9bfd3]::result::Result<(), alloc[2182bb758b4b3781]::string::String>>
[INFO] [stdout]   15:     0x594d15274375 - test[9d35eded1c95d3be]::run_test::{closure#0}
[INFO] [stdout]   16:     0x594d1526dc34 - std[70759c8f55707aa4]::sys::backtrace::__rust_begin_short_backtrace::<test[9d35eded1c95d3be]::run_test::{closure#1}, ()>
[INFO] [stdout]   17:     0x594d152774d2 - <std[70759c8f55707aa4]::thread::lifecycle::spawn_unchecked<test[9d35eded1c95d3be]::run_test::{closure#1}, ()>::{closure#1} as core[df12db4294e9bfd3]::ops::function::FnOnce<()>>::call_once::{shim:vtable#0}
[INFO] [stdout]   18:     0x594d152e07c9 - <std[70759c8f55707aa4]::sys::thread::unix::Thread>::new::thread_start
[INFO] [stdout]   19:     0x79f13ec62dfa - <unknown>
[INFO] [stdout]   20:     0x79f13ecf63d4 - clone
[INFO] [stdout]   21:                0x0 - <unknown>
[INFO] [stdout] 
[INFO] [stdout] ---- get_missing_entry_fails_cleanly stdout ----
[INFO] [stdout] 
[INFO] [stdout] thread 'get_missing_entry_fails_cleanly' (428) panicked at tests/stub.rs:104:5:
[INFO] [stdout] seclave-ctl: the device went away (cannot open : No such file or directory)
[INFO] [stdout] 
[INFO] [stdout] stack backtrace:
[INFO] [stdout]    0:     0x594d152e1261 - <<std[70759c8f55707aa4]::sys::backtrace::BacktraceLock>::print::DisplayBacktrace as core[df12db4294e9bfd3]::fmt::Display>::fmt
[INFO] [stdout]    1:     0x594d152f59ba - core[df12db4294e9bfd3]::fmt::write
[INFO] [stdout]    2:     0x594d152e59cc - <alloc[2182bb758b4b3781]::vec::Vec<u8> as core[df12db4294e9bfd3]::io::write::Write>::write_fmt
[INFO] [stdout]    3:     0x594d152bbbb6 - std[70759c8f55707aa4]::panicking::default_hook::{closure#0}
[INFO] [stdout]    4:     0x594d152d8f89 - std[70759c8f55707aa4]::panicking::default_hook
[INFO] [stdout]    5:     0x594d15273a20 - test[9d35eded1c95d3be]::test_main_inner::<test[9d35eded1c95d3be]::test_main_static::{closure#0}>::{closure#0}
[INFO] [stdout]    6:     0x594d152d9142 - std[70759c8f55707aa4]::panicking::panic_with_hook
[INFO] [stdout]    7:     0x594d152bbc62 - std[70759c8f55707aa4]::panicking::panic_handler::{closure#0}
[INFO] [stdout]    8:     0x594d152b4739 - std[70759c8f55707aa4]::sys::backtrace::__rust_end_short_backtrace::<std[70759c8f55707aa4]::panicking::panic_handler::{closure#0}, !>
[INFO] [stdout]    9:     0x594d152bc85d - __rustc[8fa7c3cbc660c2b3]::rust_begin_unwind
[INFO] [stdout]   10:     0x594d152f60ec - core[df12db4294e9bfd3]::panicking::panic_fmt
[INFO] [stdout]   11:     0x594d15264c8f - <stub[85d793e783062c0]::get_missing_entry_fails_cleanly::{closure#0} as core[df12db4294e9bfd3]::ops::function::FnOnce<()>>::call_once
[INFO] [stdout]   12:     0x594d15266d0b - test[9d35eded1c95d3be]::__rust_begin_short_backtrace::<core[df12db4294e9bfd3]::result::Result<(), alloc[2182bb758b4b3781]::string::String>, fn() -> core[df12db4294e9bfd3]::result::Result<(), alloc[2182bb758b4b3781]::string::String>>
[INFO] [stdout]   13:     0x594d15274375 - test[9d35eded1c95d3be]::run_test::{closure#0}
[INFO] [stdout]   14:     0x594d1526dc34 - std[70759c8f55707aa4]::sys::backtrace::__rust_begin_short_backtrace::<test[9d35eded1c95d3be]::run_test::{closure#1}, ()>
[INFO] [stdout]   15:     0x594d152774d2 - <std[70759c8f55707aa4]::thread::lifecycle::spawn_unchecked<test[9d35eded1c95d3be]::run_test::{closure#1}, ()>::{closure#1} as core[df12db4294e9bfd3]::ops::function::FnOnce<()>>::call_once::{shim:vtable#0}
[INFO] [stdout]   16:     0x594d152e07c9 - <std[70759c8f55707aa4]::sys::thread::unix::Thread>::new::thread_start
[INFO] [stdout]   17:     0x79f13ec62dfa - <unknown>
[INFO] [stdout]   18:     0x79f13ecf63d4 - clone
[INFO] [stdout]   19:                0x0 - <unknown>
[INFO] [stdout] 
[INFO] [stdout] 
[INFO] [stdout] failures:
[INFO] [stdout]     del_removes_and_second_del_fails
[INFO] [stdout]     del_www
[INFO] [stdout]     get_each_field
[INFO] [stdout]     get_missing_entry_fails_cleanly
[INFO] [stdout]     get_www_first_and_all
[INFO] [stdout]     list_shows_seeded_entries
[INFO] [stdout]     put_rejects_bad_label_before_sending
[INFO] [stdout]     put_then_get_roundtrip
[INFO] [stdout]     put_www_normalizes_refuses_duplicates_and_forces
[INFO] [stdout] 
[INFO] [stdout] test result: FAILED. 3 passed; 9 failed; 0 ignored; 0 measured; 0 filtered out; finished in 0.35s
[INFO] [stdout] 
[INFO] running `Command { std: "docker" "inspect" "101f1c7bc2094a059bf5116ebd3a7580a5b79ec08fb011a30d9b0bb8313acb44", kill_on_drop: false }`
[INFO] running `Command { std: "docker" "rm" "-f" "101f1c7bc2094a059bf5116ebd3a7580a5b79ec08fb011a30d9b0bb8313acb44", kill_on_drop: false }`
[INFO] [stdout] 101f1c7bc2094a059bf5116ebd3a7580a5b79ec08fb011a30d9b0bb8313acb44
