[INFO] fetching crate seccompiler 0.5.0...
[INFO] testing seccompiler-0.5.0 against 1.100.0-beta.1+cargoflags=--release for beta-release-1.100-2
[INFO] extracting crate seccompiler 0.5.0 into /workspace/builds/worker-2-tc2/source
[INFO] removed /workspace/builds/worker-2-tc2/source/.cargo/config
[INFO] started tweaking crates.io crate seccompiler 0.5.0
[INFO] removed 0 missing tests
[INFO] finished tweaking crates.io crate seccompiler 0.5.0
[INFO] tweaked toml for crates.io crate seccompiler 0.5.0 written to /workspace/builds/worker-2-tc2/source/Cargo.toml
[INFO] validating manifest of crates.io crate seccompiler 0.5.0 on toolchain 1.100.0-beta.1
[INFO] running `Command { std: CARGO_HOME="/workspace/cargo-home" RUSTUP_HOME="/workspace/rustup-home" "/workspace/cargo-home/bin/cargo" "+1.100.0-beta.1" "metadata" "--manifest-path" "Cargo.toml" "--no-deps", kill_on_drop: false }`
[INFO] running `Command { std: CARGO_HOME="/workspace/cargo-home" RUSTUP_HOME="/workspace/rustup-home" "/workspace/cargo-home/bin/cargo" "+1.100.0-beta.1" "generate-lockfile" "--manifest-path" "Cargo.toml", kill_on_drop: false }`
[INFO] [stderr]     Updating crates.io index
[INFO] [stderr]      Locking 12 packages to highest compatible versions
[INFO] running `Command { std: CARGO_HOME="/workspace/cargo-home" RUSTUP_HOME="/workspace/rustup-home" "/workspace/cargo-home/bin/cargo" "+1.100.0-beta.1" "fetch" "--manifest-path" "Cargo.toml", kill_on_drop: false }`
[INFO] running `Command { std: "docker" "create" "-v" "/var/lib/crater-agent-workspace/builds/worker-2-tc2/source:/opt/rustwide/workdir:ro,Z" "-v" "/var/lib/crater-agent-workspace/builds/worker-2-tc2/target:/opt/rustwide/target:rw,Z" "-v" "/var/lib/crater-agent-workspace/cargo-home:/opt/rustwide/cargo-home:ro,Z" "-v" "/var/lib/crater-agent-workspace/rustup-home:/opt/rustwide/rustup-home:ro,Z" "-m" "1610612736" "--network" "none" "ghcr.io/rust-lang/crates-build-env/linux@sha256:77db811e55d90add9212f6832c23229e3de5f1c1f9905e8cb07319ea15df73ac" "sleep" "infinity", kill_on_drop: false }`
[INFO] [stdout] 1b0afab2e3660746b038c722d944bc411b0d58fab4714d4e93154762aa66ea2f
[INFO] running `Command { std: "docker" "start" "1b0afab2e3660746b038c722d944bc411b0d58fab4714d4e93154762aa66ea2f", kill_on_drop: false }`
[INFO] running `Command { std: "docker" "inspect" "1b0afab2e3660746b038c722d944bc411b0d58fab4714d4e93154762aa66ea2f", kill_on_drop: false }`
[INFO] running `Command { std: "docker" "exec" "-e" "SOURCE_DIR=/opt/rustwide/workdir" "-e" "CARGO_HOME=/opt/rustwide/cargo-home" "-e" "RUSTUP_HOME=/opt/rustwide/rustup-home" "-e" "CARGO_TARGET_DIR=/opt/rustwide/target" "-w" "/opt/rustwide/workdir" "--user" "0:0" "1b0afab2e3660746b038c722d944bc411b0d58fab4714d4e93154762aa66ea2f" "/opt/rustwide/cargo-home/bin/cargo" "+1.100.0-beta.1" "metadata" "--no-deps" "--format-version=1", kill_on_drop: false }`
[INFO] running `Command { std: "docker" "inspect" "1b0afab2e3660746b038c722d944bc411b0d58fab4714d4e93154762aa66ea2f", kill_on_drop: false }`
[INFO] running `Command { std: "docker" "exec" "-e" "SOURCE_DIR=/opt/rustwide/workdir" "-e" "CARGO_HOME=/opt/rustwide/cargo-home" "-e" "RUSTUP_HOME=/opt/rustwide/rustup-home" "-e" "CARGO_TARGET_DIR=/opt/rustwide/target" "-e" "CARGO_INCREMENTAL=0" "-e" "RUST_BACKTRACE=full" "-e" "RUSTFLAGS=--cap-lints=warn" "-e" "RUSTDOCFLAGS=--cap-lints=warn" "-w" "/opt/rustwide/workdir" "--user" "0:0" "1b0afab2e3660746b038c722d944bc411b0d58fab4714d4e93154762aa66ea2f" "/opt/rustwide/cargo-home/bin/cargo" "+1.100.0-beta.1" "build" "--frozen" "--message-format=json" "--release", kill_on_drop: false }`
[INFO] [stderr]    Compiling seccompiler v0.5.0 (/opt/rustwide/workdir)
[INFO] [stderr]     Finished `release` profile [optimized] target(s) in 0.83s
[INFO] running `Command { std: "docker" "inspect" "1b0afab2e3660746b038c722d944bc411b0d58fab4714d4e93154762aa66ea2f", kill_on_drop: false }`
[INFO] running `Command { std: "docker" "exec" "-e" "SOURCE_DIR=/opt/rustwide/workdir" "-e" "CARGO_HOME=/opt/rustwide/cargo-home" "-e" "RUSTUP_HOME=/opt/rustwide/rustup-home" "-e" "CARGO_TARGET_DIR=/opt/rustwide/target" "-e" "CARGO_INCREMENTAL=0" "-e" "RUST_BACKTRACE=full" "-e" "RUSTFLAGS=--cap-lints=warn" "-e" "RUSTDOCFLAGS=--cap-lints=warn" "-w" "/opt/rustwide/workdir" "--user" "0:0" "1b0afab2e3660746b038c722d944bc411b0d58fab4714d4e93154762aa66ea2f" "/opt/rustwide/cargo-home/bin/cargo" "+1.100.0-beta.1" "test" "--frozen" "--no-run" "--message-format=json" "--release", kill_on_drop: false }`
[INFO] [stderr]    Compiling seccompiler v0.5.0 (/opt/rustwide/workdir)
[INFO] [stderr]     Finished `release` profile [optimized] target(s) in 2.87s
[INFO] running `Command { std: "docker" "inspect" "1b0afab2e3660746b038c722d944bc411b0d58fab4714d4e93154762aa66ea2f", kill_on_drop: false }`
[INFO] running `Command { std: "docker" "exec" "-e" "SOURCE_DIR=/opt/rustwide/workdir" "-e" "CARGO_HOME=/opt/rustwide/cargo-home" "-e" "RUSTUP_HOME=/opt/rustwide/rustup-home" "-e" "CARGO_TARGET_DIR=/opt/rustwide/target" "-e" "CARGO_INCREMENTAL=0" "-e" "RUST_BACKTRACE=full" "-e" "RUSTFLAGS=--cap-lints=warn" "-e" "RUSTDOCFLAGS=--cap-lints=warn" "-w" "/opt/rustwide/workdir" "--user" "0:0" "1b0afab2e3660746b038c722d944bc411b0d58fab4714d4e93154762aa66ea2f" "/opt/rustwide/cargo-home/bin/cargo" "+1.100.0-beta.1" "test" "--frozen" "--release", kill_on_drop: false }`
[INFO] [stderr]     Finished `release` profile [optimized] target(s) in 0.03s
[INFO] [stderr]      Running unittests src/lib.rs (/opt/rustwide/target/release/build/seccompiler/7b21ae28b8e679ee/out/seccompiler-7b21ae28b8e679ee)
[INFO] [stdout] 
[INFO] [stdout] running 13 tests
[INFO] [stdout] test backend::filter::tests::test_empty_filter_output ... ok
[INFO] [stdout] test backend::rule::tests::test_validate_rule ... ok
[INFO] [stdout] test backend::filter::tests::test_seccomp_filter_validate ... ok
[INFO] [stdout] test backend::tests::test_target_arch ... ok
[INFO] [stdout] test backend::bpf::tests::test_bpf_functions ... ok
[INFO] [stdout] test backend::filter::tests::test_filter_bpf_output_dword ... ok
[INFO] [stdout] test backend::condition::tests::test_get_data_offsets ... ok
[INFO] [stdout] test backend::rule::tests::test_rule_bpf_output ... ok
[INFO] [stdout] test backend::filter::tests::test_filter_bpf_output_qword ... ok
[INFO] [stdout] test backend::rule::tests::test_rule_many_conditions_bpf_output ... ok
[INFO] [stdout] test backend::condition::tests::test_new_condition ... ok
[INFO] [stdout] test backend::condition::tests::test_split_value ... ok
[INFO] [stdout] test backend::filter::tests::test_seccomp_filter_too_large ... ok
[INFO] [stdout] 
[INFO] [stdout] test result: ok. 13 passed; 0 failed; 0 ignored; 0 measured; 0 filtered out; finished in 0.01s
[INFO] [stdout] 
[INFO] [stderr]      Running tests/integration_tests.rs (/opt/rustwide/target/release/build/seccompiler/b4742c50be308f1a/out/integration_tests-b4742c50be308f1a)
[INFO] [stdout] 
[INFO] [stdout] running 11 tests
[INFO] [stdout] test test_filter_apply ... FAILED
[INFO] [stdout] test test_empty_filter ... FAILED
[INFO] [stdout] test test_eq_operator ... ok
[INFO] [stdout] test test_ge_operator ... ok
[INFO] [stdout] test test_ne_operator ... ok
[INFO] [stdout] test test_masked_eq_operator ... ok
[INFO] [stdout] test test_gt_operator ... ok
[INFO] [stdout] test test_le_operator ... ok
[INFO] [stdout] test test_lt_operator ... ok
[INFO] [stdout] test test_complex_filter ... ok
[INFO] [stdout] test test_invalid_architecture ... ok
[INFO] [stdout] 
[INFO] [stdout] failures:
[INFO] [stdout] 
[INFO] [stdout] ---- test_filter_apply stdout ----
[INFO] [stdout] 
[INFO] [stdout] thread '<unnamed>' (289) panicked at tests/integration_tests.rs:730:9:
[INFO] [stdout] assertion `left == right` failed
[INFO] [stdout]   left: 2
[INFO] [stdout]  right: 0
[INFO] [stdout] stack backtrace:
[INFO] [stdout]    0:     0x5e4f4740fdd1 - <<std[617be2ca0a6fd877]::sys::backtrace::BacktraceLock>::print::DisplayBacktrace as core[a373ad73a504971]::fmt::Display>::fmt
[INFO] [stdout]    1:     0x5e4f474248ba - core[a373ad73a504971]::fmt::write
[INFO] [stdout]    2:     0x5e4f47413fec - <alloc[2e1b2a31b91974c5]::vec::Vec<u8> as core[a373ad73a504971]::io::write::Write>::write_fmt
[INFO] [stdout]    3:     0x5e4f473ec236 - std[617be2ca0a6fd877]::panicking::default_hook::{closure#0}
[INFO] [stdout]    4:     0x5e4f47408469 - std[617be2ca0a6fd877]::panicking::default_hook
[INFO] [stdout]    5:     0x5e4f473a1d50 - test[aada8e7e76ba119b]::test_main_inner::{closure#0}
[INFO] [stdout]    6:     0x5e4f47408622 - std[617be2ca0a6fd877]::panicking::panic_with_hook
[INFO] [stdout]    7:     0x5e4f473ec2e2 - std[617be2ca0a6fd877]::panicking::panic_handler::{closure#0}
[INFO] [stdout]    8:     0x5e4f473e4ff9 - std[617be2ca0a6fd877]::sys::backtrace::__rust_end_short_backtrace::<std[617be2ca0a6fd877]::panicking::panic_handler::{closure#0}, !>
[INFO] [stdout]    9:     0x5e4f473eceed - __rustc[ea4f61d10b84890b]::rust_begin_unwind
[INFO] [stdout]   10:     0x5e4f47424fec - core[a373ad73a504971]::panicking::panic_fmt
[INFO] [stdout]   11:     0x5e4f47424f03 - core[a373ad73a504971]::panicking::assert_failed_inner
[INFO] [stdout]   12:     0x5e4f473e4b95 - core[a373ad73a504971]::panicking::assert_failed::<i32, i32>
[INFO] [stdout]   13:     0x5e4f4738e6d6 - std[617be2ca0a6fd877]::sys::backtrace::__rust_begin_short_backtrace::<integration_tests[6207ceab0af27b25]::test_filter_apply::{closure#1}, ()>
[INFO] [stdout]   14:     0x5e4f4738d841 - <std[617be2ca0a6fd877]::thread::lifecycle::spawn_unchecked<integration_tests[6207ceab0af27b25]::test_filter_apply::{closure#1}, ()>::{closure#1} as core[a373ad73a504971]::ops::function::FnOnce<()>>::call_once::{shim:vtable#0}
[INFO] [stdout]   15:     0x5e4f4740f62f - <std[617be2ca0a6fd877]::sys::thread::unix::Thread>::new::thread_start
[INFO] [stdout]   16:     0x7574a6ea8dfa - <unknown>
[INFO] [stdout]   17:     0x7574a6f3c3d4 - clone
[INFO] [stdout]   18:                0x0 - <unknown>
[INFO] [stdout] 
[INFO] [stdout] thread 'test_filter_apply' (274) panicked at tests/integration_tests.rs:742:6:
[INFO] [stdout] called `Result::unwrap()` on an `Err` value: Any { .. }
[INFO] [stdout] stack backtrace:
[INFO] [stdout]    0:     0x5e4f4740fdd1 - <<std[617be2ca0a6fd877]::sys::backtrace::BacktraceLock>::print::DisplayBacktrace as core[a373ad73a504971]::fmt::Display>::fmt
[INFO] [stdout]    1:     0x5e4f474248ba - core[a373ad73a504971]::fmt::write
[INFO] [stdout]    2:     0x5e4f47413fec - <alloc[2e1b2a31b91974c5]::vec::Vec<u8> as core[a373ad73a504971]::io::write::Write>::write_fmt
[INFO] [stdout]    3:     0x5e4f473ec236 - std[617be2ca0a6fd877]::panicking::default_hook::{closure#0}
[INFO] [stdout]    4:     0x5e4f47408469 - std[617be2ca0a6fd877]::panicking::default_hook
[INFO] [stdout]    5:     0x5e4f473a1d50 - test[aada8e7e76ba119b]::test_main_inner::{closure#0}
[INFO] [stdout]    6:     0x5e4f47408622 - std[617be2ca0a6fd877]::panicking::panic_with_hook
[INFO] [stdout]    7:     0x5e4f473ec2e2 - std[617be2ca0a6fd877]::panicking::panic_handler::{closure#0}
[INFO] [stdout]    8:     0x5e4f473e4ff9 - std[617be2ca0a6fd877]::sys::backtrace::__rust_end_short_backtrace::<std[617be2ca0a6fd877]::panicking::panic_handler::{closure#0}, !>
[INFO] [stdout]    9:     0x5e4f473eceed - __rustc[ea4f61d10b84890b]::rust_begin_unwind
[INFO] [stdout]   10:     0x5e4f47424fec - core[a373ad73a504971]::panicking::panic_fmt
[INFO] [stdout]   11:     0x5e4f47424dc2 - core[a373ad73a504971]::result::unwrap_failed
[INFO] [stdout]   12:     0x5e4f47391de5 - <integration_tests[6207ceab0af27b25]::test_filter_apply::{closure#0} as core[a373ad73a504971]::ops::function::FnOnce<()>>::call_once
[INFO] [stdout]   13:     0x5e4f4739519b - test[aada8e7e76ba119b]::__rust_begin_short_backtrace::<core[a373ad73a504971]::result::Result<(), alloc[2e1b2a31b91974c5]::string::String>, fn() -> core[a373ad73a504971]::result::Result<(), alloc[2e1b2a31b91974c5]::string::String>>
[INFO] [stdout]   14:     0x5e4f473a2375 - test[aada8e7e76ba119b]::run_test::{closure#0}
[INFO] [stdout]   15:     0x5e4f4739bc64 - std[617be2ca0a6fd877]::sys::backtrace::__rust_begin_short_backtrace::<test[aada8e7e76ba119b]::run_test::{closure#1}, ()>
[INFO] [stdout]   16:     0x5e4f473a5402 - <std[617be2ca0a6fd877]::thread::lifecycle::spawn_unchecked<test[aada8e7e76ba119b]::run_test::{closure#1}, ()>::{closure#1} as core[a373ad73a504971]::ops::function::FnOnce<()>>::call_once::{shim:vtable#0}
[INFO] [stdout]   17:     0x5e4f4740f62f - <std[617be2ca0a6fd877]::sys::thread::unix::Thread>::new::thread_start
[INFO] [stdout]   18:     0x7574a6ea8dfa - <unknown>
[INFO] [stdout]   19:     0x7574a6f3c3d4 - clone
[INFO] [stdout]   20:                0x0 - <unknown>
[INFO] [stdout] 
[INFO] [stdout] ---- test_empty_filter stdout ----
[INFO] [stdout] 
[INFO] [stdout] thread '<unnamed>' (277) panicked at tests/integration_tests.rs:107:9:
[INFO] [stdout] assertion `left == right` failed
[INFO] [stdout]   left: 2
[INFO] [stdout]  right: 0
[INFO] [stdout] stack backtrace:
[INFO] [stdout]    0:     0x5e4f4740fdd1 - <<std[617be2ca0a6fd877]::sys::backtrace::BacktraceLock>::print::DisplayBacktrace as core[a373ad73a504971]::fmt::Display>::fmt
[INFO] [stdout]    1:     0x5e4f474248ba - core[a373ad73a504971]::fmt::write
[INFO] [stdout]    2:     0x5e4f47413fec - <alloc[2e1b2a31b91974c5]::vec::Vec<u8> as core[a373ad73a504971]::io::write::Write>::write_fmt
[INFO] [stdout]    3:     0x5e4f473ec236 - std[617be2ca0a6fd877]::panicking::default_hook::{closure#0}
[INFO] [stdout]    4:     0x5e4f47408469 - std[617be2ca0a6fd877]::panicking::default_hook
[INFO] [stdout]    5:     0x5e4f473a1d50 - test[aada8e7e76ba119b]::test_main_inner::{closure#0}
[INFO] [stdout]    6:     0x5e4f47408622 - std[617be2ca0a6fd877]::panicking::panic_with_hook
[INFO] [stdout]    7:     0x5e4f473ec2e2 - std[617be2ca0a6fd877]::panicking::panic_handler::{closure#0}
[INFO] [stdout]    8:     0x5e4f473e4ff9 - std[617be2ca0a6fd877]::sys::backtrace::__rust_end_short_backtrace::<std[617be2ca0a6fd877]::panicking::panic_handler::{closure#0}, !>
[INFO] [stdout]    9:     0x5e4f473eceed - __rustc[ea4f61d10b84890b]::rust_begin_unwind
[INFO] [stdout]   10:     0x5e4f47424fec - core[a373ad73a504971]::panicking::panic_fmt
[INFO] [stdout]   11:     0x5e4f47424f03 - core[a373ad73a504971]::panicking::assert_failed_inner
[INFO] [stdout]   12:     0x5e4f473e4b95 - core[a373ad73a504971]::panicking::assert_failed::<i32, i32>
[INFO] [stdout]   13:     0x5e4f4738dfac - std[617be2ca0a6fd877]::sys::backtrace::__rust_begin_short_backtrace::<integration_tests[6207ceab0af27b25]::test_empty_filter::{closure#0}, i32>
[INFO] [stdout]   14:     0x5e4f4738d39f - <std[617be2ca0a6fd877]::thread::lifecycle::spawn_unchecked<integration_tests[6207ceab0af27b25]::test_empty_filter::{closure#0}, i32>::{closure#1} as core[a373ad73a504971]::ops::function::FnOnce<()>>::call_once::{shim:vtable#0}
[INFO] [stdout]   15:     0x5e4f4740f62f - <std[617be2ca0a6fd877]::sys::thread::unix::Thread>::new::thread_start
[INFO] [stdout]   16:     0x7574a6ea8dfa - <unknown>
[INFO] [stdout]   17:     0x7574a6f3c3d4 - clone
[INFO] [stdout]   18:                0x0 - <unknown>
[INFO] [stdout] 
[INFO] [stdout] thread 'test_empty_filter' (272) panicked at tests/integration_tests.rs:117:6:
[INFO] [stdout] called `Result::unwrap()` on an `Err` value: Any { .. }
[INFO] [stdout] stack backtrace:
[INFO] [stdout]    0:     0x5e4f4740fdd1 - <<std[617be2ca0a6fd877]::sys::backtrace::BacktraceLock>::print::DisplayBacktrace as core[a373ad73a504971]::fmt::Display>::fmt
[INFO] [stdout]    1:     0x5e4f474248ba - core[a373ad73a504971]::fmt::write
[INFO] [stdout]    2:     0x5e4f47413fec - <alloc[2e1b2a31b91974c5]::vec::Vec<u8> as core[a373ad73a504971]::io::write::Write>::write_fmt
[INFO] [stdout]    3:     0x5e4f473ec236 - std[617be2ca0a6fd877]::panicking::default_hook::{closure#0}
[INFO] [stdout]    4:     0x5e4f47408469 - std[617be2ca0a6fd877]::panicking::default_hook
[INFO] [stdout]    5:     0x5e4f473a1d50 - test[aada8e7e76ba119b]::test_main_inner::{closure#0}
[INFO] [stdout]    6:     0x5e4f47408622 - std[617be2ca0a6fd877]::panicking::panic_with_hook
[INFO] [stdout]    7:     0x5e4f473ec2e2 - std[617be2ca0a6fd877]::panicking::panic_handler::{closure#0}
[INFO] [stdout]    8:     0x5e4f473e4ff9 - std[617be2ca0a6fd877]::sys::backtrace::__rust_end_short_backtrace::<std[617be2ca0a6fd877]::panicking::panic_handler::{closure#0}, !>
[INFO] [stdout]    9:     0x5e4f473eceed - __rustc[ea4f61d10b84890b]::rust_begin_unwind
[INFO] [stdout]   10:     0x5e4f47424fec - core[a373ad73a504971]::panicking::panic_fmt
[INFO] [stdout]   11:     0x5e4f47424dc2 - core[a373ad73a504971]::result::unwrap_failed
[INFO] [stdout]   12:     0x5e4f47391b27 - <integration_tests[6207ceab0af27b25]::test_empty_filter::{closure#0} as core[a373ad73a504971]::ops::function::FnOnce<()>>::call_once
[INFO] [stdout]   13:     0x5e4f4739519b - test[aada8e7e76ba119b]::__rust_begin_short_backtrace::<core[a373ad73a504971]::result::Result<(), alloc[2e1b2a31b91974c5]::string::String>, fn() -> core[a373ad73a504971]::result::Result<(), alloc[2e1b2a31b91974c5]::string::String>>
[INFO] [stdout]   14:     0x5e4f473a2375 - test[aada8e7e76ba119b]::run_test::{closure#0}
[INFO] [stdout]   15:     0x5e4f4739bc64 - std[617be2ca0a6fd877]::sys::backtrace::__rust_begin_short_backtrace::<test[aada8e7e76ba119b]::run_test::{closure#1}, ()>
[INFO] [stdout]   16:     0x5e4f473a5402 - <std[617be2ca0a6fd877]::thread::lifecycle::spawn_unchecked<test[aada8e7e76ba119b]::run_test::{closure#1}, ()>::{closure#1} as core[a373ad73a504971]::ops::function::FnOnce<()>>::call_once::{shim:vtable#0}
[INFO] [stdout]   17:     0x5e4f4740f62f - <std[617be2ca0a6fd877]::sys::thread::unix::Thread>::new::thread_start
[INFO] [stdout]   18:     0x7574a6ea8dfa - <unknown>
[INFO] [stdout]   19:     0x7574a6f3c3d4 - clone
[INFO] [stdout]   20:                0x0 - <unknown>
[INFO] [stdout] 
[INFO] [stdout] 
[INFO] [stdout] failures:
[INFO] [stdout]     test_empty_filter
[INFO] [stdout]     test_filter_apply
[INFO] [stdout] 
[INFO] [stdout] test result: FAILED. 9 passed; 2 failed; 0 ignored; 0 measured; 0 filtered out; finished in 0.23s
[INFO] [stdout] 
[INFO] [stderr] error: test failed, to rerun pass `--test integration_tests`
[INFO] running `Command { std: "docker" "inspect" "1b0afab2e3660746b038c722d944bc411b0d58fab4714d4e93154762aa66ea2f", kill_on_drop: false }`
[INFO] running `Command { std: "docker" "rm" "-f" "1b0afab2e3660746b038c722d944bc411b0d58fab4714d4e93154762aa66ea2f", kill_on_drop: false }`
[INFO] [stdout] 1b0afab2e3660746b038c722d944bc411b0d58fab4714d4e93154762aa66ea2f
