[INFO] fetching crate seattrellis-schema 2.1.0...
[INFO] testing seattrellis-schema-2.1.0 against 1.100.0-beta.1+cargoflags=--release for beta-release-1.100-2
[INFO] extracting crate seattrellis-schema 2.1.0 into /workspace/builds/worker-6-tc2/source
[INFO] started tweaking crates.io crate seattrellis-schema 2.1.0
[INFO] removed 0 missing tests
[INFO] finished tweaking crates.io crate seattrellis-schema 2.1.0
[INFO] tweaked toml for crates.io crate seattrellis-schema 2.1.0 written to /workspace/builds/worker-6-tc2/source/Cargo.toml
[INFO] validating manifest of crates.io crate seattrellis-schema 2.1.0 on toolchain 1.100.0-beta.1
[INFO] running `Command { std: CARGO_HOME="/workspace/cargo-home" RUSTUP_HOME="/workspace/rustup-home" "/workspace/cargo-home/bin/cargo" "+1.100.0-beta.1" "metadata" "--manifest-path" "Cargo.toml" "--no-deps", kill_on_drop: false }`
[INFO] crate crates.io crate seattrellis-schema 2.1.0 already has a lockfile, it will not be regenerated
[INFO] running `Command { std: CARGO_HOME="/workspace/cargo-home" RUSTUP_HOME="/workspace/rustup-home" "/workspace/cargo-home/bin/cargo" "+1.100.0-beta.1" "fetch" "--manifest-path" "Cargo.toml", kill_on_drop: false }`
[INFO] [stderr] warning: `package.homepage` is redundant with `package.repository`
[INFO] [stderr]   --> Cargo.toml:36:12
[INFO] [stderr]    |
[INFO] [stderr] 36 | homepage = "https://github.com/FrankFu916/seattrellis"
[INFO] [stderr]    |            ^^^^^^^^^^^^^^^^^^^^^^^^^^^^^^^^^^^^^^^^^^^
[INFO] [stderr] ...
[INFO] [stderr] 41 | repository = "https://github.com/FrankFu916/seattrellis"
[INFO] [stderr]    |              -------------------------------------------
[INFO] [stderr]    |
[INFO] [stderr]    = note: `cargo::redundant_homepage` is set to `warn` by default
[INFO] [stderr] help: consider removing `package.homepage`
[INFO] [stderr] warning: `seattrellis-schema` (manifest) generated 1 warning
[INFO] running `Command { std: "docker" "create" "-v" "/var/lib/crater-agent-workspace/builds/worker-6-tc2/source:/opt/rustwide/workdir:ro,Z" "-v" "/var/lib/crater-agent-workspace/builds/worker-6-tc2/target:/opt/rustwide/target:rw,Z" "-v" "/var/lib/crater-agent-workspace/cargo-home:/opt/rustwide/cargo-home:ro,Z" "-v" "/var/lib/crater-agent-workspace/rustup-home:/opt/rustwide/rustup-home:ro,Z" "-m" "1610612736" "--network" "none" "ghcr.io/rust-lang/crates-build-env/linux@sha256:77db811e55d90add9212f6832c23229e3de5f1c1f9905e8cb07319ea15df73ac" "sleep" "infinity", kill_on_drop: false }`
[INFO] [stdout] 5d70cbd62c708d0e5f123f73fbdc46ba9147f6294d6e8dead61ac62df0e5ea0b
[INFO] running `Command { std: "docker" "start" "5d70cbd62c708d0e5f123f73fbdc46ba9147f6294d6e8dead61ac62df0e5ea0b", kill_on_drop: false }`
[INFO] running `Command { std: "docker" "inspect" "5d70cbd62c708d0e5f123f73fbdc46ba9147f6294d6e8dead61ac62df0e5ea0b", kill_on_drop: false }`
[INFO] running `Command { std: "docker" "exec" "-e" "SOURCE_DIR=/opt/rustwide/workdir" "-e" "CARGO_HOME=/opt/rustwide/cargo-home" "-e" "RUSTUP_HOME=/opt/rustwide/rustup-home" "-e" "CARGO_TARGET_DIR=/opt/rustwide/target" "-w" "/opt/rustwide/workdir" "--user" "0:0" "5d70cbd62c708d0e5f123f73fbdc46ba9147f6294d6e8dead61ac62df0e5ea0b" "/opt/rustwide/cargo-home/bin/cargo" "+1.100.0-beta.1" "metadata" "--no-deps" "--format-version=1", kill_on_drop: false }`
[INFO] running `Command { std: "docker" "inspect" "5d70cbd62c708d0e5f123f73fbdc46ba9147f6294d6e8dead61ac62df0e5ea0b", kill_on_drop: false }`
[INFO] running `Command { std: "docker" "exec" "-e" "SOURCE_DIR=/opt/rustwide/workdir" "-e" "CARGO_HOME=/opt/rustwide/cargo-home" "-e" "RUSTUP_HOME=/opt/rustwide/rustup-home" "-e" "CARGO_TARGET_DIR=/opt/rustwide/target" "-e" "CARGO_INCREMENTAL=0" "-e" "RUST_BACKTRACE=full" "-e" "RUSTFLAGS=--cap-lints=warn" "-e" "RUSTDOCFLAGS=--cap-lints=warn" "-w" "/opt/rustwide/workdir" "--user" "0:0" "5d70cbd62c708d0e5f123f73fbdc46ba9147f6294d6e8dead61ac62df0e5ea0b" "/opt/rustwide/cargo-home/bin/cargo" "+1.100.0-beta.1" "build" "--frozen" "--message-format=json" "--release", kill_on_drop: false }`
[INFO] [stderr] warning: `package.homepage` is redundant with `package.repository`
[INFO] [stderr]   --> Cargo.toml:36:12
[INFO] [stderr]    |
[INFO] [stderr] 36 | homepage = "https://github.com/FrankFu916/seattrellis"
[INFO] [stderr]    |            ^^^^^^^^^^^^^^^^^^^^^^^^^^^^^^^^^^^^^^^^^^^
[INFO] [stderr] ...
[INFO] [stderr] 41 | repository = "https://github.com/FrankFu916/seattrellis"
[INFO] [stderr]    |              -------------------------------------------
[INFO] [stderr]    |
[INFO] [stderr]    = note: `cargo::redundant_homepage` is set to `warn` by default
[INFO] [stderr] help: consider removing `package.homepage`
[INFO] [stderr] warning: `seattrellis-schema` (manifest) generated 1 warning
[INFO] [stderr]    Compiling ref-cast v1.0.26
[INFO] [stderr]    Compiling serde_json v1.0.151
[INFO] [stderr]    Compiling digest v0.11.3
[INFO] [stderr]    Compiling ref-cast-impl v1.0.26
[INFO] [stderr]    Compiling serde_derive_internals v0.30.0
[INFO] [stderr]    Compiling serde v1.0.229
[INFO] [stderr]    Compiling sha2 v0.11.0
[INFO] [stderr]    Compiling schemars_derive v1.2.2
[INFO] [stderr]    Compiling schemars v1.2.2
[INFO] [stderr]    Compiling seattrellis-schema v2.1.0 (/opt/rustwide/workdir)
[INFO] [stderr]     Finished `release` profile [optimized] target(s) in 13.01s
[INFO] running `Command { std: "docker" "inspect" "5d70cbd62c708d0e5f123f73fbdc46ba9147f6294d6e8dead61ac62df0e5ea0b", kill_on_drop: false }`
[INFO] running `Command { std: "docker" "exec" "-e" "SOURCE_DIR=/opt/rustwide/workdir" "-e" "CARGO_HOME=/opt/rustwide/cargo-home" "-e" "RUSTUP_HOME=/opt/rustwide/rustup-home" "-e" "CARGO_TARGET_DIR=/opt/rustwide/target" "-e" "CARGO_INCREMENTAL=0" "-e" "RUST_BACKTRACE=full" "-e" "RUSTFLAGS=--cap-lints=warn" "-e" "RUSTDOCFLAGS=--cap-lints=warn" "-w" "/opt/rustwide/workdir" "--user" "0:0" "5d70cbd62c708d0e5f123f73fbdc46ba9147f6294d6e8dead61ac62df0e5ea0b" "/opt/rustwide/cargo-home/bin/cargo" "+1.100.0-beta.1" "test" "--frozen" "--no-run" "--message-format=json" "--release", kill_on_drop: false }`
[INFO] [stderr] warning: `package.homepage` is redundant with `package.repository`
[INFO] [stderr]   --> Cargo.toml:36:12
[INFO] [stderr]    |
[INFO] [stderr] 36 | homepage = "https://github.com/FrankFu916/seattrellis"
[INFO] [stderr]    |            ^^^^^^^^^^^^^^^^^^^^^^^^^^^^^^^^^^^^^^^^^^^
[INFO] [stderr] ...
[INFO] [stderr] 41 | repository = "https://github.com/FrankFu916/seattrellis"
[INFO] [stderr]    |              -------------------------------------------
[INFO] [stderr]    |
[INFO] [stderr]    = note: `cargo::redundant_homepage` is set to `warn` by default
[INFO] [stderr] help: consider removing `package.homepage`
[INFO] [stderr] warning: `seattrellis-schema` (manifest) generated 1 warning
[INFO] [stderr]    Compiling zerocopy v0.8.56
[INFO] [stderr]    Compiling serde_json v1.0.151
[INFO] [stderr]    Compiling ahash v0.8.12
[INFO] [stderr]    Compiling aho-corasick v1.1.5
[INFO] [stderr]    Compiling bit-vec v0.8.0
[INFO] [stderr]    Compiling getrandom v0.3.4
[INFO] [stderr]    Compiling num-integer v0.1.46
[INFO] [stderr]    Compiling num-complex v0.4.6
[INFO] [stderr]    Compiling smallvec v1.15.2
[INFO] [stderr]    Compiling getrandom v0.4.3
[INFO] [stderr]    Compiling borrow-or-share v0.2.4
[INFO] [stderr]    Compiling unicode-general-category v1.1.0
[INFO] [stderr]    Compiling strum_macros v0.28.0
[INFO] [stderr]    Compiling hashbrown v0.17.1
[INFO] [stderr]    Compiling wait-timeout v0.2.1
[INFO] [stderr]    Compiling outref v0.5.2
[INFO] [stderr]    Compiling fluent-uri v0.4.1
[INFO] [stderr]    Compiling tempfile v3.27.0
[INFO] [stderr]    Compiling rand_core v0.9.5
[INFO] [stderr]    Compiling parking_lot_core v0.9.12
[INFO] [stderr]    Compiling vsimd v0.8.0
[INFO] [stderr]    Compiling bytecount v0.6.9
[INFO] [stderr]    Compiling quick-error v1.2.3
[INFO] [stderr]    Compiling num-bigint v0.4.8
[INFO] [stderr]    Compiling num-iter v0.1.46
[INFO] [stderr]    Compiling bit-set v0.8.0
[INFO] [stderr]    Compiling parking_lot v0.12.5
[INFO] [stderr]    Compiling num-cmp v0.1.0
[INFO] [stderr]    Compiling micromap v0.3.0
[INFO] [stderr]    Compiling rand_xorshift v0.4.0
[INFO] [stderr]    Compiling rand v0.9.5
[INFO] [stderr]    Compiling rusty-fork v0.3.1
[INFO] [stderr]    Compiling email_address v0.2.9
[INFO] [stderr]    Compiling uuid-simd v0.8.0
[INFO] [stderr]    Compiling jsonschema-regex v0.52.1
[INFO] [stderr]    Compiling data-encoding v2.11.1
[INFO] [stderr]    Compiling unarray v0.1.4
[INFO] [stderr]    Compiling regex-automata v0.4.18
[INFO] [stderr]    Compiling strum v0.28.0
[INFO] [stderr]    Compiling schemars v1.2.2
[INFO] [stderr]    Compiling num-rational v0.4.2
[INFO] [stderr]    Compiling num v0.4.3
[INFO] [stderr]    Compiling fraction v0.17.0
[INFO] [stderr]    Compiling seattrellis-schema v2.1.0 (/opt/rustwide/workdir)
[INFO] [stderr]    Compiling ppv-lite86 v0.2.21
[INFO] [stderr]    Compiling jsonschema-value v0.52.1
[INFO] [stderr]    Compiling referencing v0.52.1
[INFO] [stderr]    Compiling rand_chacha v0.9.0
[INFO] [stderr]    Compiling proptest v1.11.0
[INFO] [stderr]    Compiling regex v1.13.1
[INFO] [stderr]    Compiling fancy-regex v0.19.0
[INFO] [stderr]    Compiling jsonschema v0.52.1
[INFO] [stderr]     Finished `release` profile [optimized] target(s) in 1m 39s
[INFO] running `Command { std: "docker" "inspect" "5d70cbd62c708d0e5f123f73fbdc46ba9147f6294d6e8dead61ac62df0e5ea0b", kill_on_drop: false }`
[INFO] running `Command { std: "docker" "exec" "-e" "SOURCE_DIR=/opt/rustwide/workdir" "-e" "CARGO_HOME=/opt/rustwide/cargo-home" "-e" "RUSTUP_HOME=/opt/rustwide/rustup-home" "-e" "CARGO_TARGET_DIR=/opt/rustwide/target" "-e" "CARGO_INCREMENTAL=0" "-e" "RUST_BACKTRACE=full" "-e" "RUSTFLAGS=--cap-lints=warn" "-e" "RUSTDOCFLAGS=--cap-lints=warn" "-w" "/opt/rustwide/workdir" "--user" "0:0" "5d70cbd62c708d0e5f123f73fbdc46ba9147f6294d6e8dead61ac62df0e5ea0b" "/opt/rustwide/cargo-home/bin/cargo" "+1.100.0-beta.1" "test" "--frozen" "--release", kill_on_drop: false }`
[INFO] [stderr] warning: `package.homepage` is redundant with `package.repository`
[INFO] [stderr]   --> Cargo.toml:36:12
[INFO] [stderr]    |
[INFO] [stderr] 36 | homepage = "https://github.com/FrankFu916/seattrellis"
[INFO] [stderr]    |            ^^^^^^^^^^^^^^^^^^^^^^^^^^^^^^^^^^^^^^^^^^^
[INFO] [stderr] ...
[INFO] [stderr] 41 | repository = "https://github.com/FrankFu916/seattrellis"
[INFO] [stderr]    |              -------------------------------------------
[INFO] [stderr]    |
[INFO] [stderr]    = note: `cargo::redundant_homepage` is set to `warn` by default
[INFO] [stderr] help: consider removing `package.homepage`
[INFO] [stderr] warning: `seattrellis-schema` (manifest) generated 1 warning
[INFO] [stderr]     Finished `release` profile [optimized] target(s) in 0.15s
[INFO] [stderr]      Running unittests src/lib.rs (/opt/rustwide/target/release/build/seattrellis-schema/17905f90fe6c1b1a/out/seattrellis_schema-17905f90fe6c1b1a)
[INFO] [stdout] 
[INFO] [stdout] running 72 tests
[INFO] [stdout] test dto::bundle_manifest::tests::round_trips ... ok
[INFO] [stdout] test dto::candidate_set::tests::candidate_set_rejects_unknown_fields ... ok
[INFO] [stdout] test dto::candidate_set::tests::hard_constraint_summary_uses_oracle_field_name_satisfied ... ok
[INFO] [stdout] test dto::bundle_manifest::tests::detects_tampering_missing_files_and_size_mismatch ... ok
[INFO] [stdout] test dto::classroom_layout::tests::defaults_apply_for_missing_optional_fields ... ok
[INFO] [stdout] test dto::bundle_manifest::tests::verifies_intact_bundles ... ok
[INFO] [stdout] test dto::candidate_set::tests::candidate_set_round_trip_preserves_all_fields ... ok
[INFO] [stdout] test dto::bundle_manifest::tests::unknown_manifest_fields_are_rejected ... ok
[INFO] [stdout] test dto::classroom_layout::tests::unknown_seat_fields_are_rejected ... ok
[INFO] [stdout] test dto::editor_protocol::tests::action_policy_requires_apply_operations_and_empty_undo_redo ... ok
[INFO] [stdout] test dto::editing_operation_log::tests::editing_operation_log_envelope_round_trips ... ok
[INFO] [stdout] test dto::editing_operation_log::tests::editing_operation_log_rejects_revision_regression ... ok
[INFO] [stdout] test dto::editing_operation_log::tests::editing_operation_log_rejects_unknown_payload_fields ... ok
[INFO] [stdout] test dto::editor_protocol::tests::command_round_trip_covers_all_nine_operation_shapes ... ok
[INFO] [stdout] test dto::editor_protocol::tests::state_round_trip_preserves_all_formal_fields ... ok
[INFO] [stdout] test dto::plan_comparison::tests::plan_comparison_cross_field_invariants ... ok
[INFO] [stdout] test dto::classroom_layout::tests::round_trips_with_zone_and_custom_edges ... ok
[INFO] [stdout] test dto::bundle_manifest::tests::unsafe_entry_paths_are_rejected ... ok
[INFO] [stdout] test dto::history_archive::tests::history_archive_rejects_duplicate_snapshot_ids ... ok
[INFO] [stdout] test dto::editor_protocol::tests::unknown_fields_are_rejected_at_every_protocol_layer ... ok
[INFO] [stdout] test dto::history_archive::tests::history_archive_rejects_unknown_fields ... ok
[INFO] [stdout] test dto::plan_comparison::tests::plan_comparison_rejects_unknown_fields ... ok
[INFO] [stdout] test dto::project::tests::project_defaults_match_python ... ok
[INFO] [stdout] test dto::project::tests::project_rejects_unknown_fields ... ok
[INFO] [stdout] test dto::editor_protocol::tests::batch_moves_enforce_uniqueness_and_expanded_command_budget ... ok
[INFO] [stdout] test dto::export_preset::tests::export_preset_envelope_round_trips ... ok
[INFO] [stdout] test dto::export_preset::tests::export_preset_validates_layout_ranges ... ok
[INFO] [stdout] test dto::project::tests::project_roundtrips_with_defaults ... ok
[INFO] [stdout] test dto::rotation_plan::tests::rotation_plan_accepts_the_current_compact_rust_snapshot_shape ... ok
[INFO] [stdout] test dto::rotation_plan::tests::rotation_plan_envelope_round_trips ... ok
[INFO] [stdout] test dto::history_archive::tests::history_archive_envelope_round_trips ... ok
[INFO] [stdout] test dto::rotation_plan::tests::rotation_plan_rejects_unknown_nested_fields ... ok
[INFO] [stdout] test dto::plan_comparison::tests::plan_comparison_round_trip_preserves_all_fields ... ok
[INFO] [stdout] test dto::editor_protocol::tests::state_rejects_hard_constraints_field_removed_from_the_wire_contract ... ok
[INFO] [stdout] test dto::rotation_plan::tests::rotation_plan_validates_period_count ... ok
[INFO] [stdout] test dto::export_preset::tests::export_preset_rejects_unknown_privacy_fields ... ok
[INFO] [stdout] test dto::rule_set::tests::ruleset_rejects_unknown_fields ... ok
[INFO] [stdout] test dto::rule_set::tests::ruleset_rejects_unknown_nested_fields ... ok
[INFO] [stdout] test dto::rule_set::tests::ruleset_roundtrips_with_defaults ... ok
[INFO] [stdout] test dto::snapshot::tests::snapshot_rejects_unknown_fields ... ok
[INFO] [stdout] test dto::snapshot::tests::snapshot_roundtrips ... ok
[INFO] [stdout] test dto::student_roster::tests::round_trips_with_chinese_names_and_missing_fields ... ok
[INFO] [stdout] test dto::student_roster::tests::unknown_student_fields_are_rejected ... ok
[INFO] [stdout] test envelope::tests::envelope_round_trips ... ok
[INFO] [stdout] test envelope::tests::extensions_round_trip_under_the_namespace ... ok
[INFO] [stdout] test envelope::tests::unknown_data_fields_are_rejected ... ok
[INFO] [stdout] test envelope::tests::unknown_top_level_fields_are_rejected ... ok
[INFO] [stdout] test migration::tests::migrated_target_round_trips_through_strict_parse ... ok
[INFO] [stdout] test migration::tests::migration_hashes_are_deterministic ... ok
[INFO] [stdout] test migration::tests::project_migration_target_round_trips_through_strict_parse ... ok
[INFO] [stdout] test migration::tests::classroom_layout_v1_migrates_losslessly ... ok
[INFO] [stdout] test migration::tests::project_v1_candidate_count_range_is_validated ... ok
[INFO] [stdout] test migration::tests::project_v1_migrates_losslessly_with_defaults_preserved ... ok
[INFO] [stdout] test migration::tests::project_v1_missing_required_fields_block_the_migration ... ok
[INFO] [stdout] test migration::tests::project_v1_omitted_defaults_fall_back_to_oracle_values ... ok
[INFO] [stdout] test privacy::tests::classification_is_three_state ... ok
[INFO] [stdout] test privacy::tests::key_normalization_is_shared_by_json_and_tabular_scanners ... ok
[INFO] [stdout] test privacy::tests::name_suffix_rule_is_sensitive ... ok
[INFO] [stdout] test migration::tests::unregistered_kinds_are_explicit_errors ... ok
[INFO] [stdout] test registry::tests::future_versions_are_rejected ... ok
[INFO] [stdout] test privacy::tests::aggregate_verdict_is_fail_closed ... ok
[INFO] [stdout] test privacy::tests::scan_finds_nested_sensitive_fields_with_paths ... ok
[INFO] [stdout] test registry::tests::every_kind_has_a_registry_entry ... ok
[INFO] [stdout] test migration::tests::project_v1_unknown_fields_block_the_migration ... ok
[INFO] [stdout] test migration::tests::project_v1_wrong_kind_or_schema_version_blocks_the_migration ... ok
[INFO] [stdout] test migration::tests::student_roster_v1_migrates_losslessly ... ok
[INFO] [stdout] test migration::tests::unknown_v1_fields_block_the_migration ... ok
[INFO] [stdout] test registry::tests::current_version_is_accepted ... ok
[INFO] [stdout] test privacy::tests::sensitive_key_list_covers_the_oracle_and_v2_roster ... ok
[INFO] [stdout] test migration::tests::project_v1_unknown_export_format_blocks_the_migration ... ok
[INFO] [stdout] test registry::tests::kind_wire_spelling_is_frozen ... ok
[INFO] [stdout] test privacy::tests::verdict_wire_spelling_is_frozen ... ok
[INFO] [stdout] 
[INFO] [stdout] test result: ok. 72 passed; 0 failed; 0 ignored; 0 measured; 0 filtered out; finished in 0.01s
[INFO] [stdout] 
[INFO] [stderr]      Running tests/candidate_dto_fixtures.rs (/opt/rustwide/target/release/build/seattrellis-schema/c0ada704ffa0ee7a/out/candidate_dto_fixtures-c0ada704ffa0ee7a)
[INFO] [stdout] 
[INFO] [stdout] running 2 tests
[INFO] [stdout] test plan_comparison_oracle_schema_shape_is_supported ... FAILED
[INFO] [stdout] test every_oracle_candidate_golden_parses_into_typed_dto ... FAILED
[INFO] [stdout] 
[INFO] [stdout] failures:
[INFO] [stdout] 
[INFO] [stdout] ---- plan_comparison_oracle_schema_shape_is_supported stdout ----
[INFO] [stdout] 
[INFO] [stdout] thread 'plan_comparison_oracle_schema_shape_is_supported' (1597) panicked at tests/candidate_dto_fixtures.rs:125:29:
[INFO] [stdout] cannot read /opt/rustwide/workdir/../../schemas/plan-comparison-report.schema.json: No such file or directory (os error 2)
[INFO] [stdout] stack backtrace:
[INFO] [stdout]    0:     0x57a801726051 - <<std[617be2ca0a6fd877]::sys::backtrace::BacktraceLock>::print::DisplayBacktrace as core[a373ad73a504971]::fmt::Display>::fmt
[INFO] [stdout]    1:     0x57a80173a9aa - core[a373ad73a504971]::fmt::write
[INFO] [stdout]    2:     0x57a80172a55c - <alloc[2e1b2a31b91974c5]::vec::Vec<u8> as core[a373ad73a504971]::io::write::Write>::write_fmt
[INFO] [stdout]    3:     0x57a8017018a6 - std[617be2ca0a6fd877]::panicking::default_hook::{closure#0}
[INFO] [stdout]    4:     0x57a80171e179 - std[617be2ca0a6fd877]::panicking::default_hook
[INFO] [stdout]    5:     0x57a8016ac660 - test[aada8e7e76ba119b]::test_main_inner::{closure#0}
[INFO] [stdout]    6:     0x57a80171e332 - std[617be2ca0a6fd877]::panicking::panic_with_hook
[INFO] [stdout]    7:     0x57a801701952 - std[617be2ca0a6fd877]::panicking::panic_handler::{closure#0}
[INFO] [stdout]    8:     0x57a8016fa439 - std[617be2ca0a6fd877]::sys::backtrace::__rust_end_short_backtrace::<std[617be2ca0a6fd877]::panicking::panic_handler::{closure#0}, !>
[INFO] [stdout]    9:     0x57a80170255d - __rustc[ea4f61d10b84890b]::rust_begin_unwind
[INFO] [stdout]   10:     0x57a80173b0dc - core[a373ad73a504971]::panicking::panic_fmt
[INFO] [stdout]   11:     0x57a801692409 - candidate_dto_fixtures[cf5154e20ca3b9b]::plan_comparison_oracle_schema_shape_is_supported::{closure#0}
[INFO] [stdout]   12:     0x57a801692b1b - <candidate_dto_fixtures[cf5154e20ca3b9b]::plan_comparison_oracle_schema_shape_is_supported::{closure#0} as core[a373ad73a504971]::ops::function::FnOnce<()>>::call_once
[INFO] [stdout]   13:     0x57a80169faab - test[aada8e7e76ba119b]::__rust_begin_short_backtrace::<core[a373ad73a504971]::result::Result<(), alloc[2e1b2a31b91974c5]::string::String>, fn() -> core[a373ad73a504971]::result::Result<(), alloc[2e1b2a31b91974c5]::string::String>>
[INFO] [stdout]   14:     0x57a8016acc85 - test[aada8e7e76ba119b]::run_test::{closure#0}
[INFO] [stdout]   15:     0x57a8016a6574 - std[617be2ca0a6fd877]::sys::backtrace::__rust_begin_short_backtrace::<test[aada8e7e76ba119b]::run_test::{closure#1}, ()>
[INFO] [stdout]   16:     0x57a8016afd12 - <std[617be2ca0a6fd877]::thread::lifecycle::spawn_unchecked<test[aada8e7e76ba119b]::run_test::{closure#1}, ()>::{closure#1} as core[a373ad73a504971]::ops::function::FnOnce<()>>::call_once::{shim:vtable#0}
[INFO] [stdout]   17:     0x57a80172554f - <std[617be2ca0a6fd877]::sys::thread::unix::Thread>::new::thread_start
[INFO] [stdout]   18:     0x7ae80da89dfa - <unknown>
[INFO] [stdout]   19:     0x7ae80db1d3d4 - clone
[INFO] [stdout]   20:                0x0 - <unknown>
[INFO] [stdout] 
[INFO] [stdout] ---- every_oracle_candidate_golden_parses_into_typed_dto stdout ----
[INFO] [stdout] 
[INFO] [stdout] thread 'every_oracle_candidate_golden_parses_into_typed_dto' (1596) panicked at tests/candidate_dto_fixtures.rs:35:5:
[INFO] [stdout] no golden candidates.json found under fixtures/parity/goldens
[INFO] [stdout] stack backtrace:
[INFO] [stdout]    0:     0x57a801726051 - <<std[617be2ca0a6fd877]::sys::backtrace::BacktraceLock>::print::DisplayBacktrace as core[a373ad73a504971]::fmt::Display>::fmt
[INFO] [stdout]    1:     0x57a80173a9aa - core[a373ad73a504971]::fmt::write
[INFO] [stdout]    2:     0x57a80172a55c - <alloc[2e1b2a31b91974c5]::vec::Vec<u8> as core[a373ad73a504971]::io::write::Write>::write_fmt
[INFO] [stdout]    3:     0x57a8017018a6 - std[617be2ca0a6fd877]::panicking::default_hook::{closure#0}
[INFO] [stdout]    4:     0x57a80171e179 - std[617be2ca0a6fd877]::panicking::default_hook
[INFO] [stdout]    5:     0x57a8016ac660 - test[aada8e7e76ba119b]::test_main_inner::{closure#0}
[INFO] [stdout]    6:     0x57a80171e332 - std[617be2ca0a6fd877]::panicking::panic_with_hook
[INFO] [stdout]    7:     0x57a801701984 - std[617be2ca0a6fd877]::panicking::panic_handler::{closure#0}
[INFO] [stdout]    8:     0x57a8016fa439 - std[617be2ca0a6fd877]::sys::backtrace::__rust_end_short_backtrace::<std[617be2ca0a6fd877]::panicking::panic_handler::{closure#0}, !>
[INFO] [stdout]    9:     0x57a80170255d - __rustc[ea4f61d10b84890b]::rust_begin_unwind
[INFO] [stdout]   10:     0x57a80173b0dc - core[a373ad73a504971]::panicking::panic_fmt
[INFO] [stdout]   11:     0x57a8016935aa - <candidate_dto_fixtures[cf5154e20ca3b9b]::every_oracle_candidate_golden_parses_into_typed_dto::{closure#0} as core[a373ad73a504971]::ops::function::FnOnce<()>>::call_once
[INFO] [stdout]   12:     0x57a80169faab - test[aada8e7e76ba119b]::__rust_begin_short_backtrace::<core[a373ad73a504971]::result::Result<(), alloc[2e1b2a31b91974c5]::string::String>, fn() -> core[a373ad73a504971]::result::Result<(), alloc[2e1b2a31b91974c5]::string::String>>
[INFO] [stdout]   13:     0x57a8016acc85 - test[aada8e7e76ba119b]::run_test::{closure#0}
[INFO] [stdout]   14:     0x57a8016a6574 - std[617be2ca0a6fd877]::sys::backtrace::__rust_begin_short_backtrace::<test[aada8e7e76ba119b]::run_test::{closure#1}, ()>
[INFO] [stdout]   15:     0x57a8016afd12 - <std[617be2ca0a6fd877]::thread::lifecycle::spawn_unchecked<test[aada8e7e76ba119b]::run_test::{closure#1}, ()>::{closure#1} as core[a373ad73a504971]::ops::function::FnOnce<()>>::call_once::{shim:vtable#0}
[INFO] [stdout]   16:     0x57a80172554f - <std[617be2ca0a6fd877]::sys::thread::unix::Thread>::new::thread_start
[INFO] [stdout]   17:     0x7ae80da89dfa - <unknown>
[INFO] [stdout]   18:     0x7ae80db1d3d4 - clone
[INFO] [stdout]   19:                0x0 - <unknown>
[INFO] [stdout] 
[INFO] [stdout] 
[INFO] [stdout] failures:
[INFO] [stdout]     every_oracle_candidate_golden_parses_into_typed_dto
[INFO] [stdout]     plan_comparison_oracle_schema_shape_is_supported
[INFO] [stdout] 
[INFO] [stdout] test result: FAILED. 0 passed; 2 failed; 0 ignored; 0 measured; 0 filtered out; finished in 0.00s
[INFO] [stdout] 
[INFO] [stderr] error: test failed, to rerun pass `--test candidate_dto_fixtures`
[INFO] running `Command { std: "docker" "inspect" "5d70cbd62c708d0e5f123f73fbdc46ba9147f6294d6e8dead61ac62df0e5ea0b", kill_on_drop: false }`
[INFO] running `Command { std: "docker" "rm" "-f" "5d70cbd62c708d0e5f123f73fbdc46ba9147f6294d6e8dead61ac62df0e5ea0b", kill_on_drop: false }`
[INFO] [stdout] 5d70cbd62c708d0e5f123f73fbdc46ba9147f6294d6e8dead61ac62df0e5ea0b
