[INFO] fetching crate seasoning 0.2.4...
[INFO] testing seasoning-0.2.4 against 1.99.0-beta.8+cargoflags=--release for beta-release-1.100-2
[INFO] extracting crate seasoning 0.2.4 into /workspace/builds/worker-2-tc1/source
[INFO] started tweaking crates.io crate seasoning 0.2.4
[INFO] finished tweaking crates.io crate seasoning 0.2.4
[INFO] tweaked toml for crates.io crate seasoning 0.2.4 written to /workspace/builds/worker-2-tc1/source/Cargo.toml
[INFO] validating manifest of crates.io crate seasoning 0.2.4 on toolchain 1.99.0-beta.8
[INFO] running `Command { std: CARGO_HOME="/workspace/cargo-home" RUSTUP_HOME="/workspace/rustup-home" "/workspace/cargo-home/bin/cargo" "+1.99.0-beta.8" "metadata" "--manifest-path" "Cargo.toml" "--no-deps", kill_on_drop: false }`
[INFO] crate crates.io crate seasoning 0.2.4 already has a lockfile, it will not be regenerated
[INFO] running `Command { std: CARGO_HOME="/workspace/cargo-home" RUSTUP_HOME="/workspace/rustup-home" "/workspace/cargo-home/bin/cargo" "+1.99.0-beta.8" "fetch" "--manifest-path" "Cargo.toml", kill_on_drop: false }`
[INFO] [stderr]     Updating crates.io index
[INFO] [stderr]  Downloading crates ...
[INFO] [stderr]   Downloaded onig v6.5.3
[INFO] [stderr]   Downloaded futures-macro v0.3.33
[INFO] [stderr]   Downloaded macro_rules_attribute v0.2.3
[INFO] [stderr]   Downloaded socks v0.3.4
[INFO] [stderr]   Downloaded macro_rules_attribute-proc_macro v0.2.3
[INFO] [stderr]   Downloaded futures-executor v0.3.33
[INFO] [stderr]   Downloaded dary_heap v0.3.9
[INFO] [stderr]   Downloaded find_cuda_helper v0.2.0
[INFO] [stderr]   Downloaded tokio-retry v0.3.2
[INFO] [stderr]   Downloaded hf-hub v0.4.3
[INFO] [stderr]   Downloaded daachorse v1.0.1
[INFO] [stderr]   Downloaded tokio_with_wasm_proc v0.8.8
[INFO] [stderr]   Downloaded symlink v0.1.0
[INFO] [stderr]   Downloaded more-asserts v0.3.1
[INFO] [stderr]   Downloaded git-version v0.3.9
[INFO] [stderr]   Downloaded git-version-macro v0.3.9
[INFO] [stderr]   Downloaded heapify v0.2.0
[INFO] [stderr]   Downloaded countio v0.3.0
[INFO] [stderr]   Downloaded konst_proc_macros v0.4.1
[INFO] [stderr]   Downloaded tracing-appender v0.2.5
[INFO] [stderr]   Downloaded gearhash v0.1.3
[INFO] [stderr]   Downloaded tokio_with_wasm v0.8.8
[INFO] [stderr]   Downloaded linktime-proc-macro v0.2.2
[INFO] [stderr]   Downloaded safe-transmute v0.11.3
[INFO] [stderr]   Downloaded globset v0.4.19
[INFO] [stderr]   Downloaded reqwest-middleware v0.5.2
[INFO] [stderr]   Downloaded humantime v2.4.0
[INFO] [stderr]   Downloaded oneshot v0.1.13
[INFO] [stderr]   Downloaded twox-hash v2.1.3
[INFO] [stderr]   Downloaded lz4_flex v0.13.1
[INFO] [stderr]   Downloaded const-str v1.1.0
[INFO] [stderr]   Downloaded const_panic v0.2.15
[INFO] [stderr]   Downloaded ctor v1.0.12
[INFO] [stderr]   Downloaded quinn v0.11.11
[INFO] [stderr]   Downloaded link-section v0.19.2
[INFO] [stderr]   Downloaded bon v3.9.3
[INFO] [stderr]   Downloaded hf-xet v1.5.4
[INFO] [stderr]   Downloaded xet-runtime v1.5.4
[INFO] [stderr]   Downloaded bon-macros v3.9.3
[INFO] [stderr]   Downloaded tokenizers v0.23.1
[INFO] [stderr]   Downloaded hf-hub v1.0.0
[INFO] [stderr]   Downloaded portable-atomic v1.14.0
[INFO] [stderr]   Downloaded konst v0.4.3
[INFO] [stderr]   Downloaded ntapi v0.4.3
[INFO] [stderr]   Downloaded xet-core-structures v1.5.4
[INFO] [stderr]   Downloaded redb v3.1.3
[INFO] [stderr]   Downloaded aws-lc-rs v1.17.3
[INFO] [stderr]   Downloaded llama-cpp-2 v0.1.153
[INFO] [stderr]   Downloaded quinn-proto v0.11.16
[INFO] [stderr]   Downloaded sysinfo v0.38.4
[INFO] [stderr]   Downloaded objc2-io-kit v0.3.2
[INFO] [stderr]   Downloaded xet-client v1.5.4
[INFO] [stderr]   Downloaded bstr v1.13.0
[INFO] [stderr]   Downloaded xet-data v1.5.4
[INFO] [stderr]   Downloaded onig_sys v69.9.3
[INFO] [stderr]   Downloaded llama-cpp-sys-2 v0.1.153
[INFO] [stderr]   Downloaded tiktoken-rs v0.12.0
[INFO] [stderr]   Downloaded aws-lc-sys v0.43.0
[INFO] running `Command { std: "docker" "create" "-v" "/var/lib/crater-agent-workspace/builds/worker-2-tc1/source:/opt/rustwide/workdir:ro,Z" "-v" "/var/lib/crater-agent-workspace/builds/worker-2-tc1/target:/opt/rustwide/target:rw,Z" "-v" "/var/lib/crater-agent-workspace/cargo-home:/opt/rustwide/cargo-home:ro,Z" "-v" "/var/lib/crater-agent-workspace/rustup-home:/opt/rustwide/rustup-home:ro,Z" "-m" "1610612736" "--network" "none" "ghcr.io/rust-lang/crates-build-env/linux@sha256:77db811e55d90add9212f6832c23229e3de5f1c1f9905e8cb07319ea15df73ac" "sleep" "infinity", kill_on_drop: false }`
[INFO] [stdout] 20cd7350c3aa5f61375e4937caff6b4d210d31adc3beb556202810d6b1c38af6
[INFO] running `Command { std: "docker" "start" "20cd7350c3aa5f61375e4937caff6b4d210d31adc3beb556202810d6b1c38af6", kill_on_drop: false }`
[INFO] running `Command { std: "docker" "inspect" "20cd7350c3aa5f61375e4937caff6b4d210d31adc3beb556202810d6b1c38af6", kill_on_drop: false }`
[INFO] running `Command { std: "docker" "exec" "-e" "SOURCE_DIR=/opt/rustwide/workdir" "-e" "CARGO_HOME=/opt/rustwide/cargo-home" "-e" "RUSTUP_HOME=/opt/rustwide/rustup-home" "-e" "CARGO_TARGET_DIR=/opt/rustwide/target" "-w" "/opt/rustwide/workdir" "--user" "0:0" "20cd7350c3aa5f61375e4937caff6b4d210d31adc3beb556202810d6b1c38af6" "/opt/rustwide/cargo-home/bin/cargo" "+1.99.0-beta.8" "metadata" "--no-deps" "--format-version=1", kill_on_drop: false }`
[INFO] running `Command { std: "docker" "inspect" "20cd7350c3aa5f61375e4937caff6b4d210d31adc3beb556202810d6b1c38af6", kill_on_drop: false }`
[INFO] running `Command { std: "docker" "exec" "-e" "SOURCE_DIR=/opt/rustwide/workdir" "-e" "CARGO_HOME=/opt/rustwide/cargo-home" "-e" "RUSTUP_HOME=/opt/rustwide/rustup-home" "-e" "CARGO_TARGET_DIR=/opt/rustwide/target" "-e" "CARGO_INCREMENTAL=0" "-e" "RUST_BACKTRACE=full" "-e" "RUSTFLAGS=--cap-lints=warn" "-e" "RUSTDOCFLAGS=--cap-lints=warn" "-w" "/opt/rustwide/workdir" "--user" "0:0" "20cd7350c3aa5f61375e4937caff6b4d210d31adc3beb556202810d6b1c38af6" "/opt/rustwide/cargo-home/bin/cargo" "+1.99.0-beta.8" "build" "--frozen" "--message-format=json" "--release", kill_on_drop: false }`
[INFO] [stderr]    Compiling fs_extra v1.3.0
[INFO] [stderr]    Compiling dunce v1.0.5
[INFO] [stderr]    Compiling futures-core v0.3.33
[INFO] [stderr]    Compiling aws-lc-rs v1.17.3
[INFO] [stderr]    Compiling futures-sink v0.3.33
[INFO] [stderr]    Compiling syn v2.0.119
[INFO] [stderr]    Compiling syn v3.0.3
[INFO] [stderr]    Compiling cc v1.4.0
[INFO] [stderr]    Compiling rustls v0.23.43
[INFO] [stderr]    Compiling futures-io v0.3.33
[INFO] [stderr]    Compiling log v0.4.33
[INFO] [stderr]    Compiling crossbeam-utils v0.8.22
[INFO] [stderr]    Compiling futures-task v0.3.33
[INFO] [stderr]    Compiling strsim v0.11.1
[INFO] [stderr]    Compiling crossbeam-epoch v0.9.20
[INFO] [stderr]    Compiling aho-corasick v1.1.4
[INFO] [stderr]    Compiling crossbeam-deque v0.8.7
[INFO] [stderr]    Compiling simd-adler32 v0.3.10
[INFO] [stderr]    Compiling futures-channel v0.3.33
[INFO] [stderr]    Compiling portable-atomic v1.14.0
[INFO] [stderr]    Compiling serde_json v1.0.151
[INFO] [stderr]    Compiling ppv-lite86 v0.2.21
[INFO] [stderr]    Compiling bitflags v2.13.1
[INFO] [stderr]    Compiling either v1.17.0
[INFO] [stderr]    Compiling socks v0.3.4
[INFO] [stderr]    Compiling ahash v0.8.12
[INFO] [stderr]    Compiling miniz_oxide v0.8.9
[INFO] [stderr]    Compiling console v0.15.11
[INFO] [stderr]    Compiling webpki-roots v0.26.11
[INFO] [stderr]    Compiling sync_wrapper v1.0.2
[INFO] [stderr]    Compiling number_prefix v0.4.0
[INFO] [stderr]    Compiling ipnet v2.12.1
[INFO] [stderr]    Compiling bit-vec v0.8.0
[INFO] [stderr]    Compiling nom v7.1.3
[INFO] [stderr]    Compiling castaway v0.2.4
[INFO] [stderr]    Compiling itertools v0.14.0
[INFO] [stderr]    Compiling rand_chacha v0.9.0
[INFO] [stderr]    Compiling dirs v6.0.0
[INFO] [stderr]    Compiling rand v0.9.5
[INFO] [stderr]    Compiling flate2 v1.1.9
[INFO] [stderr]    Compiling bit-set v0.8.0
[INFO] [stderr]    Compiling cmake v0.1.58
[INFO] [stderr]    Compiling macro_rules_attribute-proc_macro v0.2.3
[INFO] [stderr]    Compiling regex-automata v0.4.16
[INFO] [stderr]    Compiling rayon-core v1.13.0
[INFO] [stderr]    Compiling indicatif v0.17.11
[INFO] [stderr]    Compiling pastey v0.2.3
[INFO] [stderr]    Compiling base64 v0.13.1
[INFO] [stderr]    Compiling http-body-util v0.1.4
[INFO] [stderr]    Compiling aws-lc-sys v0.43.0
[INFO] [stderr]    Compiling ring v0.17.14
[INFO] [stderr]    Compiling onig_sys v69.9.3
[INFO] [stderr]    Compiling esaxx-rs v0.1.10
[INFO] [stderr]    Compiling rayon v1.12.0
[INFO] [stderr]    Compiling macro_rules_attribute v0.2.3
[INFO] [stderr]    Compiling unicode-normalization-alignments v0.1.12
[INFO] [stderr]    Compiling daachorse v1.0.1
[INFO] [stderr]    Compiling mime v0.3.17
[INFO] [stderr]    Compiling unicode_categories v0.1.1
[INFO] [stderr]    Compiling displaydoc v0.2.7
[INFO] [stderr]    Compiling tokio-macros v2.7.2
[INFO] [stderr]    Compiling serde_derive v1.0.229
[INFO] [stderr]    Compiling thiserror-impl v2.0.19
[INFO] [stderr]    Compiling async-trait v0.1.91
[INFO] [stderr]    Compiling synstructure v0.13.2
[INFO] [stderr]    Compiling tokio v1.53.1
[INFO] [stderr]    Compiling darling_core v0.20.11
[INFO] [stderr]    Compiling thiserror v2.0.19
[INFO] [stderr]    Compiling zerovec-derive v0.11.3
[INFO] [stderr]    Compiling futures-macro v0.3.33
[INFO] [stderr]    Compiling tracing-attributes v0.1.31
[INFO] [stderr]    Compiling zerofrom-derive v0.1.7
[INFO] [stderr]    Compiling yoke-derive v0.8.2
[INFO] [stderr]    Compiling futures-util v0.3.33
[INFO] [stderr]    Compiling zerofrom v0.1.8
[INFO] [stderr]    Compiling monostate-impl v0.1.18
[INFO] [stderr]    Compiling rayon-cond v0.4.0
[INFO] [stderr]    Compiling monostate v0.1.18
[INFO] [stderr]    Compiling regex v1.13.1
[INFO] [stderr]    Compiling bstr v1.13.0
[INFO] [stderr]    Compiling tracing v0.1.44
[INFO] [stderr]    Compiling serde v1.0.229
[INFO] [stderr]    Compiling yoke v0.8.3
[INFO] [stderr]    Compiling fancy-regex v0.17.0
[INFO] [stderr]    Compiling zerovec v0.11.6
[INFO] [stderr]    Compiling zerotrie v0.2.4
[INFO] [stderr]    Compiling tinystr v0.8.3
[INFO] [stderr]    Compiling potential_utf v0.1.5
[INFO] [stderr]    Compiling icu_locale_core v2.2.0
[INFO] [stderr]    Compiling icu_collections v2.2.0
[INFO] [stderr]    Compiling darling_macro v0.20.11
[INFO] [stderr]    Compiling compact_str v0.9.1
[INFO] [stderr]    Compiling darling v0.20.11
[INFO] [stderr]    Compiling derive_builder_core v0.20.2
[INFO] [stderr]    Compiling dary_heap v0.3.9
[INFO] [stderr]    Compiling spm_precompiled v0.1.4
[INFO] [stderr]    Compiling tiktoken-rs v0.12.0
[INFO] [stderr]    Compiling onig v6.5.3
[INFO] [stderr]    Compiling secrecy v0.10.3
[INFO] [stderr]    Compiling derive_builder_macro v0.20.2
[INFO] [stderr]    Compiling icu_provider v2.2.0
[INFO] [stderr]    Compiling derive_builder v0.20.2
[INFO] [stderr]    Compiling icu_normalizer v2.2.0
[INFO] [stderr]    Compiling icu_properties v2.2.0
[INFO] [stderr]    Compiling tokio-util v0.7.19
[INFO] [stderr]    Compiling tower v0.5.3
[INFO] [stderr]    Compiling h2 v0.4.15
[INFO] [stderr]    Compiling futures-executor v0.3.33
[INFO] [stderr]    Compiling idna_adapter v1.2.2
[INFO] [stderr]    Compiling idna v1.1.0
[INFO] [stderr]    Compiling futures v0.3.33
[INFO] [stderr]    Compiling url v2.5.8
[INFO] [stderr]    Compiling tower-http v0.6.11
[INFO] [stderr]    Compiling hyper v1.11.0
[INFO] [stderr]    Compiling hyper-util v0.1.20
[INFO] [stderr]    Compiling rustls-webpki v0.103.13
[INFO] [stderr]    Compiling ureq v2.12.1
[INFO] [stderr]    Compiling tokio-rustls v0.26.4
[INFO] [stderr]    Compiling rustls-platform-verifier v0.7.0
[INFO] [stderr]    Compiling hyper-rustls v0.27.9
[INFO] [stderr]    Compiling hf-hub v0.4.3
[INFO] [stderr]    Compiling reqwest v0.13.4
[INFO] [stderr]    Compiling tokenizers v0.23.1
[INFO] [stderr]    Compiling seasoning v0.2.4 (/opt/rustwide/workdir)
[INFO] [stderr]     Finished `release` profile [optimized] target(s) in 3m 09s
[INFO] running `Command { std: "docker" "inspect" "20cd7350c3aa5f61375e4937caff6b4d210d31adc3beb556202810d6b1c38af6", kill_on_drop: false }`
[INFO] running `Command { std: "docker" "exec" "-e" "SOURCE_DIR=/opt/rustwide/workdir" "-e" "CARGO_HOME=/opt/rustwide/cargo-home" "-e" "RUSTUP_HOME=/opt/rustwide/rustup-home" "-e" "CARGO_TARGET_DIR=/opt/rustwide/target" "-e" "CARGO_INCREMENTAL=0" "-e" "RUST_BACKTRACE=full" "-e" "RUSTFLAGS=--cap-lints=warn" "-e" "RUSTDOCFLAGS=--cap-lints=warn" "-w" "/opt/rustwide/workdir" "--user" "0:0" "20cd7350c3aa5f61375e4937caff6b4d210d31adc3beb556202810d6b1c38af6" "/opt/rustwide/cargo-home/bin/cargo" "+1.99.0-beta.8" "test" "--frozen" "--no-run" "--message-format=json" "--release", kill_on_drop: false }`
[INFO] [stderr]    Compiling httpdate v1.0.3
[INFO] [stderr]    Compiling num_cpus v1.17.0
[INFO] [stderr]    Compiling deadpool-runtime v0.1.4
[INFO] [stderr]    Compiling assert-json-diff v2.0.2
[INFO] [stderr]    Compiling hyper v1.11.0
[INFO] [stderr]    Compiling deadpool v0.12.3
[INFO] [stderr]    Compiling hyper-util v0.1.20
[INFO] [stderr]    Compiling hyper-rustls v0.27.9
[INFO] [stderr]    Compiling wiremock v0.6.5
[INFO] [stderr]    Compiling reqwest v0.13.4
[INFO] [stderr]    Compiling seasoning v0.2.4 (/opt/rustwide/workdir)
[INFO] [stderr]     Finished `release` profile [optimized] target(s) in 36.04s
[INFO] running `Command { std: "docker" "inspect" "20cd7350c3aa5f61375e4937caff6b4d210d31adc3beb556202810d6b1c38af6", kill_on_drop: false }`
[INFO] running `Command { std: "docker" "exec" "-e" "SOURCE_DIR=/opt/rustwide/workdir" "-e" "CARGO_HOME=/opt/rustwide/cargo-home" "-e" "RUSTUP_HOME=/opt/rustwide/rustup-home" "-e" "CARGO_TARGET_DIR=/opt/rustwide/target" "-e" "CARGO_INCREMENTAL=0" "-e" "RUST_BACKTRACE=full" "-e" "RUSTFLAGS=--cap-lints=warn" "-e" "RUSTDOCFLAGS=--cap-lints=warn" "-w" "/opt/rustwide/workdir" "--user" "0:0" "20cd7350c3aa5f61375e4937caff6b4d210d31adc3beb556202810d6b1c38af6" "/opt/rustwide/cargo-home/bin/cargo" "+1.99.0-beta.8" "test" "--frozen" "--release", kill_on_drop: false }`
[INFO] [stderr]     Finished `release` profile [optimized] target(s) in 0.36s
[INFO] [stderr]      Running unittests src/lib.rs (/opt/rustwide/target/release/deps/seasoning-56fd4feabebfdfae)
[INFO] [stdout] 
[INFO] [stdout] running 47 tests
[INFO] [stdout] test api::tests::qwen3_document_formatting_ignores_query_instruction ... ok
[INFO] [stdout] test api::tests::prepared_embedding_input_reports_token_count ... ok
[INFO] [stdout] test api::tests::qwen3_query_formatting_trims_custom_instruction ... ok
[INFO] [stdout] test api::tests::prepared_embedding_input_rejects_empty_tokens ... ok
[INFO] [stdout] test api::tests::gemma_document_formatting_uses_title_or_none ... ok
[INFO] [stdout] test batching::tests::token_aware_batcher_splits_on_item_limit ... ok
[INFO] [stdout] test batching::tests::token_aware_batcher_rejects_oversized_single_item ... ok
[INFO] [stdout] test api::tests::qwen3_query_formatting_uses_default_and_override ... ok
[INFO] [stdout] test api::tests::qwen3_reranker_formatting_uses_default_and_override ... ok
[INFO] [stdout] test config::tests::reranker_config_preserves_fields ... ok
[INFO] [stdout] test batching::tests::batching_strategy_is_object_safe_for_a_fixed_meta_type ... ok
[INFO] [stdout] test api::tests::gemma_query_formatting_uses_default_task_for_missing_or_blank_instruction ... ok
[INFO] [stdout] test embedding::tests::order_embeddings_rejects_out_of_range_index ... ok
[INFO] [stdout] test api::tests::gemma_query_formatting_uses_custom_task ... ok
[INFO] [stdout] test embedding::tests::order_embeddings_rejects_duplicate_index ... ok
[INFO] [stdout] test batching::tests::token_aware_batcher_splits_on_token_limit ... ok
[INFO] [stdout] test config::tests::config_conversion_rejects_zero_limits ... ok
[INFO] [stdout] test config::tests::embedder_config_preserves_tokenizer_and_fields ... ok
[INFO] [stdout] test embedding::tests::order_embeddings_rejects_count_mismatch ... ok
[INFO] [stdout] test reranker::tests::llama_cpp_requires_local_feature ... ok
[INFO] [stdout] test reranker::tests::local_qwen3_instruction_uses_default_and_override ... ok
[INFO] [stdout] test reqwestx::tests::test_api_key_header ... ok
[INFO] [stdout] test reqwestx::tests::test_user_agent_header ... ok
[INFO] [stdout] test reranker::tests::rerank_deepinfra_sets_authorization_header ... ok
[INFO] [stdout] test reqwestx::tests::test_retry_on_server_error ... ok
[INFO] [stdout] test reranker::tests::rerank_deepinfra_rejects_score_count_mismatch ... ok
[INFO] [stdout] test reranker::tests::rerank_deepinfra_success ... ok
[INFO] [stdout] test service::tests::enqueue_rejects_items_after_flush ... ok
[INFO] [stdout] test service::tests::enqueue_rejects_oversized_items ... ok
[INFO] [stdout] test reranker::tests::rerank_deepinfra_requires_query ... ok
[INFO] [stdout] test reqwestx::tests::test_successful_request ... ok
[INFO] [stdout] test service::tests::service_preserves_batch_item_semantics ... ok
[INFO] [stdout] test service::tests::service_requires_tokio_runtime ... ok
[INFO] [stdout] test reranker::tests::reranker_accepts_gemma_family ... ok
[INFO] [stdout] test reranker::tests::rerank_openai_rejects_invalid_index_mapping ... ok
[INFO] [stdout] test reranker::tests::rerank_openai_success ... ok
[INFO] [stdout] test service::tests::intake_can_progress_when_one_batch_is_in_flight ... ok
[INFO] [stdout] test reqwestx::tests::rejects_zero_limits ... ok
[INFO] [stdout] test reqwestx::tests::test_rate_limiting ... ok
[INFO] [stdout] test embedding::tests::live_deepinfra_embed_batch ... FAILED
[INFO] [stdout] test embedding::tests::prepare_inputs_uses_client_query_instruction ... ok
[INFO] [stdout] test embedding::tests::live_deepinfra_embed_single_text ... FAILED
[INFO] [stdout] test reqwestx::tests::test_token_bucket_rate_limiting ... ok
[INFO] [stdout] test embedding::tests::embed_openai_success_reorders_embeddings_from_semantic_input ... ok
[INFO] [stdout] test embedding::tests::llama_cpp_requires_local_feature ... ok
[INFO] [stdout] test embedding::tests::embed_deepinfra_success_sets_authorization_header ... ok
[INFO] [stdout] test embedding::tests::embedder_new_should_not_panic_on_invalid_api_key ... ok
[INFO] [stdout] 
[INFO] [stdout] failures:
[INFO] [stdout] 
[INFO] [stdout] ---- embedding::tests::live_deepinfra_embed_batch stdout ----
[INFO] [stdout] 
[INFO] [stdout] thread 'embedding::tests::live_deepinfra_embed_batch' (4192) panicked at src/embedding.rs:820:14:
[INFO] [stdout] DEEPINFRA_API_KEY must be set for live API tests: NotPresent
[INFO] [stdout] stack backtrace:
[INFO] [stdout]    0:     0x61be54369961 - <<std[70759c8f55707aa4]::sys::backtrace::BacktraceLock>::print::DisplayBacktrace as core[df12db4294e9bfd3]::fmt::Display>::fmt
[INFO] [stdout]    1:     0x61be5438201a - core[df12db4294e9bfd3]::fmt::write
[INFO] [stdout]    2:     0x61be5436f1ec - <alloc[2182bb758b4b3781]::vec::Vec<u8> as core[df12db4294e9bfd3]::io::write::Write>::write_fmt
[INFO] [stdout]    3:     0x61be543432f6 - std[70759c8f55707aa4]::panicking::default_hook::{closure#0}
[INFO] [stdout]    4:     0x61be54360e89 - std[70759c8f55707aa4]::panicking::default_hook
[INFO] [stdout]    5:     0x61be53dfdb40 - test[9d35eded1c95d3be]::test_main_inner::<test[9d35eded1c95d3be]::test_main_static::{closure#0}>::{closure#0}
[INFO] [stdout]    6:     0x61be543611b2 - std[70759c8f55707aa4]::panicking::panic_with_hook
[INFO] [stdout]    7:     0x61be543433a2 - std[70759c8f55707aa4]::panicking::panic_handler::{closure#0}
[INFO] [stdout]    8:     0x61be5433ba19 - std[70759c8f55707aa4]::sys::backtrace::__rust_end_short_backtrace::<std[70759c8f55707aa4]::panicking::panic_handler::{closure#0}, !>
[INFO] [stdout]    9:     0x61be5434429d - __rustc[8fa7c3cbc660c2b3]::rust_begin_unwind
[INFO] [stdout]   10:     0x61be543827fc - core[df12db4294e9bfd3]::panicking::panic_fmt
[INFO] [stdout]   11:     0x61be543825d2 - core[df12db4294e9bfd3]::result::unwrap_failed
[INFO] [stdout]   12:     0x61be53d12616 - seasoning[81365f2e65be338]::embedding::tests::live_remote_config
[INFO] [stdout]   13:     0x61be53d11c52 - seasoning[81365f2e65be338]::embedding::tests::live_client
[INFO] [stdout]   14:     0x61be53d0cb13 - seasoning[81365f2e65be338]::embedding::tests::live_deepinfra_embed_batch::{closure#0}
[INFO] [stdout]   15:     0x61be53d153ca - <tokio[554617a80343016c]::runtime::context::scoped::Scoped<tokio[554617a80343016c]::runtime::scheduler::Context>>::set::<<tokio[554617a80343016c]::runtime::scheduler::current_thread::CoreGuard>::enter<<tokio[554617a80343016c]::runtime::scheduler::current_thread::CoreGuard>::block_on<core[df12db4294e9bfd3]::pin::Pin<&mut core[df12db4294e9bfd3]::pin::Pin<&mut dyn core[df12db4294e9bfd3]::future::future::Future<Output = ()>>>>::{closure#0}, core[df12db4294e9bfd3]::option::Option<()>>::{closure#0}, (alloc[2182bb758b4b3781]::boxed::Box<tokio[554617a80343016c]::runtime::scheduler::current_thread::Core>, core[df12db4294e9bfd3]::option::Option<()>)>
[INFO] [stdout]   16:     0x61be53d16266 - <tokio[554617a80343016c]::runtime::scheduler::current_thread::CurrentThread>::block_on::<core[df12db4294e9bfd3]::pin::Pin<&mut dyn core[df12db4294e9bfd3]::future::future::Future<Output = ()>>>
[INFO] [stdout]   17:     0x61be53ccaddd - <tokio[554617a80343016c]::runtime::runtime::Runtime>::block_on::<core[df12db4294e9bfd3]::pin::Pin<&mut dyn core[df12db4294e9bfd3]::future::future::Future<Output = ()>>>
[INFO] [stdout]   18:     0x61be53d12848 - seasoning[81365f2e65be338]::embedding::tests::live_deepinfra_embed_batch
[INFO] [stdout]   19:     0x61be53cd9519 - <seasoning[81365f2e65be338]::embedding::tests::live_deepinfra_embed_batch::{closure#0} as core[df12db4294e9bfd3]::ops::function::FnOnce<()>>::call_once
[INFO] [stdout]   20:     0x61be53df0e2b - test[9d35eded1c95d3be]::__rust_begin_short_backtrace::<core[df12db4294e9bfd3]::result::Result<(), alloc[2182bb758b4b3781]::string::String>, fn() -> core[df12db4294e9bfd3]::result::Result<(), alloc[2182bb758b4b3781]::string::String>>
[INFO] [stdout]   21:     0x61be53dfe495 - test[9d35eded1c95d3be]::run_test::{closure#0}
[INFO] [stdout]   22:     0x61be53df7d54 - std[70759c8f55707aa4]::sys::backtrace::__rust_begin_short_backtrace::<test[9d35eded1c95d3be]::run_test::{closure#1}, ()>
[INFO] [stdout]   23:     0x61be53e015f2 - <std[70759c8f55707aa4]::thread::lifecycle::spawn_unchecked<test[9d35eded1c95d3be]::run_test::{closure#1}, ()>::{closure#1} as core[df12db4294e9bfd3]::ops::function::FnOnce<()>>::call_once::{shim:vtable#0}
[INFO] [stdout]   24:     0x61be54368c39 - <std[70759c8f55707aa4]::sys::thread::unix::Thread>::new::thread_start
[INFO] [stdout]   25:     0x7ec932684dfa - <unknown>
[INFO] [stdout]   26:     0x7ec9327183d4 - clone
[INFO] [stdout]   27:                0x0 - <unknown>
[INFO] [stdout] 
[INFO] [stdout] ---- embedding::tests::live_deepinfra_embed_single_text stdout ----
[INFO] [stdout] 
[INFO] [stdout] thread 'embedding::tests::live_deepinfra_embed_single_text' (4193) panicked at src/embedding.rs:820:14:
[INFO] [stdout] DEEPINFRA_API_KEY must be set for live API tests: NotPresent
[INFO] [stdout] stack backtrace:
[INFO] [stdout]    0:     0x61be54369961 - <<std[70759c8f55707aa4]::sys::backtrace::BacktraceLock>::print::DisplayBacktrace as core[df12db4294e9bfd3]::fmt::Display>::fmt
[INFO] [stdout]    1:     0x61be5438201a - core[df12db4294e9bfd3]::fmt::write
[INFO] [stdout]    2:     0x61be5436f1ec - <alloc[2182bb758b4b3781]::vec::Vec<u8> as core[df12db4294e9bfd3]::io::write::Write>::write_fmt
[INFO] [stdout]    3:     0x61be543432f6 - std[70759c8f55707aa4]::panicking::default_hook::{closure#0}
[INFO] [stdout]    4:     0x61be54360e89 - std[70759c8f55707aa4]::panicking::default_hook
[INFO] [stdout]    5:     0x61be53dfdb40 - test[9d35eded1c95d3be]::test_main_inner::<test[9d35eded1c95d3be]::test_main_static::{closure#0}>::{closure#0}
[INFO] [stdout]    6:     0x61be543611b2 - std[70759c8f55707aa4]::panicking::panic_with_hook
[INFO] [stdout]    7:     0x61be543433a2 - std[70759c8f55707aa4]::panicking::panic_handler::{closure#0}
[INFO] [stdout]    8:     0x61be5433ba19 - std[70759c8f55707aa4]::sys::backtrace::__rust_end_short_backtrace::<std[70759c8f55707aa4]::panicking::panic_handler::{closure#0}, !>
[INFO] [stdout]    9:     0x61be5434429d - __rustc[8fa7c3cbc660c2b3]::rust_begin_unwind
[INFO] [stdout]   10:     0x61be543827fc - core[df12db4294e9bfd3]::panicking::panic_fmt
[INFO] [stdout]   11:     0x61be543825d2 - core[df12db4294e9bfd3]::result::unwrap_failed
[INFO] [stdout]   12:     0x61be53d12616 - seasoning[81365f2e65be338]::embedding::tests::live_remote_config
[INFO] [stdout]   13:     0x61be53d11c52 - seasoning[81365f2e65be338]::embedding::tests::live_client
[INFO] [stdout]   14:     0x61be53d0d0a6 - seasoning[81365f2e65be338]::embedding::tests::live_deepinfra_embed_single_text::{closure#0}
[INFO] [stdout]   15:     0x61be53d153ca - <tokio[554617a80343016c]::runtime::context::scoped::Scoped<tokio[554617a80343016c]::runtime::scheduler::Context>>::set::<<tokio[554617a80343016c]::runtime::scheduler::current_thread::CoreGuard>::enter<<tokio[554617a80343016c]::runtime::scheduler::current_thread::CoreGuard>::block_on<core[df12db4294e9bfd3]::pin::Pin<&mut core[df12db4294e9bfd3]::pin::Pin<&mut dyn core[df12db4294e9bfd3]::future::future::Future<Output = ()>>>>::{closure#0}, core[df12db4294e9bfd3]::option::Option<()>>::{closure#0}, (alloc[2182bb758b4b3781]::boxed::Box<tokio[554617a80343016c]::runtime::scheduler::current_thread::Core>, core[df12db4294e9bfd3]::option::Option<()>)>
[INFO] [stdout]   16:     0x61be53d16266 - <tokio[554617a80343016c]::runtime::scheduler::current_thread::CurrentThread>::block_on::<core[df12db4294e9bfd3]::pin::Pin<&mut dyn core[df12db4294e9bfd3]::future::future::Future<Output = ()>>>
[INFO] [stdout]   17:     0x61be53ccaddd - <tokio[554617a80343016c]::runtime::runtime::Runtime>::block_on::<core[df12db4294e9bfd3]::pin::Pin<&mut dyn core[df12db4294e9bfd3]::future::future::Future<Output = ()>>>
[INFO] [stdout]   18:     0x61be53d12988 - seasoning[81365f2e65be338]::embedding::tests::live_deepinfra_embed_single_text
[INFO] [stdout]   19:     0x61be53cd9539 - <seasoning[81365f2e65be338]::embedding::tests::live_deepinfra_embed_single_text::{closure#0} as core[df12db4294e9bfd3]::ops::function::FnOnce<()>>::call_once
[INFO] [stdout]   20:     0x61be53df0e2b - test[9d35eded1c95d3be]::__rust_begin_short_backtrace::<core[df12db4294e9bfd3]::result::Result<(), alloc[2182bb758b4b3781]::string::String>, fn() -> core[df12db4294e9bfd3]::result::Result<(), alloc[2182bb758b4b3781]::string::String>>
[INFO] [stdout]   21:     0x61be53dfe495 - test[9d35eded1c95d3be]::run_test::{closure#0}
[INFO] [stdout]   22:     0x61be53df7d54 - std[70759c8f55707aa4]::sys::backtrace::__rust_begin_short_backtrace::<test[9d35eded1c95d3be]::run_test::{closure#1}, ()>
[INFO] [stdout]   23:     0x61be53e015f2 - <std[70759c8f55707aa4]::thread::lifecycle::spawn_unchecked<test[9d35eded1c95d3be]::run_test::{closure#1}, ()>::{closure#1} as core[df12db4294e9bfd3]::ops::function::FnOnce<()>>::call_once::{shim:vtable#0}
[INFO] [stdout]   24:     0x61be54368c39 - <std[70759c8f55707aa4]::sys::thread::unix::Thread>::new::thread_start
[INFO] [stdout]   25:     0x7ec932684dfa - <unknown>
[INFO] [stdout]   26:     0x7ec9327183d4 - clone
[INFO] [stdout]   27:                0x0 - <unknown>
[INFO] [stdout] 
[INFO] [stdout] 
[INFO] [stdout] failures:
[INFO] [stdout]     embedding::tests::live_deepinfra_embed_batch
[INFO] [stdout]     embedding::tests::live_deepinfra_embed_single_text
[INFO] [stdout] 
[INFO] [stdout] test result: FAILED. 45 passed; 2 failed; 0 ignored; 0 measured; 0 filtered out; finished in 0.87s
[INFO] [stdout] 
[INFO] [stderr] error: test failed, to rerun pass `--lib`
[INFO] running `Command { std: "docker" "inspect" "20cd7350c3aa5f61375e4937caff6b4d210d31adc3beb556202810d6b1c38af6", kill_on_drop: false }`
[INFO] running `Command { std: "docker" "rm" "-f" "20cd7350c3aa5f61375e4937caff6b4d210d31adc3beb556202810d6b1c38af6", kill_on_drop: false }`
[INFO] [stdout] 20cd7350c3aa5f61375e4937caff6b4d210d31adc3beb556202810d6b1c38af6
