[INFO] fetching crate sealtask-client-auth 0.4.0...
[INFO] testing sealtask-client-auth-0.4.0 against 1.99.0-beta.8+cargoflags=--release for beta-release-1.100-2
[INFO] extracting crate sealtask-client-auth 0.4.0 into /workspace/builds/worker-5-tc1/source
[INFO] started tweaking crates.io crate sealtask-client-auth 0.4.0
[INFO] finished tweaking crates.io crate sealtask-client-auth 0.4.0
[INFO] tweaked toml for crates.io crate sealtask-client-auth 0.4.0 written to /workspace/builds/worker-5-tc1/source/Cargo.toml
[INFO] validating manifest of crates.io crate sealtask-client-auth 0.4.0 on toolchain 1.99.0-beta.8
[INFO] running `Command { std: CARGO_HOME="/workspace/cargo-home" RUSTUP_HOME="/workspace/rustup-home" "/workspace/cargo-home/bin/cargo" "+1.99.0-beta.8" "metadata" "--manifest-path" "Cargo.toml" "--no-deps", kill_on_drop: false }`
[INFO] crate crates.io crate sealtask-client-auth 0.4.0 already has a lockfile, it will not be regenerated
[INFO] running `Command { std: CARGO_HOME="/workspace/cargo-home" RUSTUP_HOME="/workspace/rustup-home" "/workspace/cargo-home/bin/cargo" "+1.99.0-beta.8" "fetch" "--manifest-path" "Cargo.toml", kill_on_drop: false }`
[INFO] [stderr]     Updating crates.io index
[INFO] [stderr]  Downloading crates ...
[INFO] [stderr]   Downloaded sealtask-client-core v0.4.0
[INFO] [stderr]   Downloaded opaque-ke v4.0.1
[INFO] [stderr]   Downloaded voprf v0.5.0
[INFO] [stderr]   Downloaded derive-where v1.6.1
[INFO] [stderr]   Downloaded secret-service v4.0.0
[INFO] [stderr]   Downloaded dbus v0.9.10
[INFO] [stderr]   Downloaded dbus-secret-service v4.1.0
[INFO] [stderr]   Downloaded libdbus-sys v0.2.7
[INFO] [stderr]   Downloaded cap-std v4.0.2
[INFO] [stderr]   Downloaded cap-fs-ext v4.0.2
[INFO] [stderr]   Downloaded cap-primitives v4.0.2
[INFO] running `Command { std: "docker" "create" "-v" "/var/lib/crater-agent-workspace/builds/worker-5-tc1/source:/opt/rustwide/workdir:ro,Z" "-v" "/var/lib/crater-agent-workspace/builds/worker-5-tc1/target:/opt/rustwide/target:rw,Z" "-v" "/var/lib/crater-agent-workspace/cargo-home:/opt/rustwide/cargo-home:ro,Z" "-v" "/var/lib/crater-agent-workspace/rustup-home:/opt/rustwide/rustup-home:ro,Z" "-m" "1610612736" "--network" "none" "ghcr.io/rust-lang/crates-build-env/linux@sha256:77db811e55d90add9212f6832c23229e3de5f1c1f9905e8cb07319ea15df73ac" "sleep" "infinity", kill_on_drop: false }`
[INFO] [stdout] d214bef6acbd0b3a2a2ec9304395da0cab677e0b3293c9f1bd12800886c2f804
[INFO] running `Command { std: "docker" "start" "d214bef6acbd0b3a2a2ec9304395da0cab677e0b3293c9f1bd12800886c2f804", kill_on_drop: false }`
[INFO] running `Command { std: "docker" "inspect" "d214bef6acbd0b3a2a2ec9304395da0cab677e0b3293c9f1bd12800886c2f804", kill_on_drop: false }`
[INFO] running `Command { std: "docker" "exec" "-e" "SOURCE_DIR=/opt/rustwide/workdir" "-e" "CARGO_HOME=/opt/rustwide/cargo-home" "-e" "RUSTUP_HOME=/opt/rustwide/rustup-home" "-e" "CARGO_TARGET_DIR=/opt/rustwide/target" "-w" "/opt/rustwide/workdir" "--user" "0:0" "d214bef6acbd0b3a2a2ec9304395da0cab677e0b3293c9f1bd12800886c2f804" "/opt/rustwide/cargo-home/bin/cargo" "+1.99.0-beta.8" "metadata" "--no-deps" "--format-version=1", kill_on_drop: false }`
[INFO] running `Command { std: "docker" "inspect" "d214bef6acbd0b3a2a2ec9304395da0cab677e0b3293c9f1bd12800886c2f804", kill_on_drop: false }`
[INFO] running `Command { std: "docker" "exec" "-e" "SOURCE_DIR=/opt/rustwide/workdir" "-e" "CARGO_HOME=/opt/rustwide/cargo-home" "-e" "RUSTUP_HOME=/opt/rustwide/rustup-home" "-e" "CARGO_TARGET_DIR=/opt/rustwide/target" "-e" "CARGO_INCREMENTAL=0" "-e" "RUST_BACKTRACE=full" "-e" "RUSTFLAGS=--cap-lints=warn" "-e" "RUSTDOCFLAGS=--cap-lints=warn" "-w" "/opt/rustwide/workdir" "--user" "0:0" "d214bef6acbd0b3a2a2ec9304395da0cab677e0b3293c9f1bd12800886c2f804" "/opt/rustwide/cargo-home/bin/cargo" "+1.99.0-beta.8" "build" "--frozen" "--message-format=json" "--release", kill_on_drop: false }`
[INFO] [stderr]    Compiling syn v2.0.117
[INFO] [stderr]    Compiling generic-array v0.14.7
[INFO] [stderr]    Compiling num-traits v0.2.19
[INFO] [stderr]    Compiling io-lifetimes v2.0.4
[INFO] [stderr]    Compiling getrandom v0.2.17
[INFO] [stderr]    Compiling alloc-stdlib v0.2.4
[INFO] [stderr]    Compiling io-lifetimes v3.0.1
[INFO] [stderr]    Compiling libdbus-sys v0.2.7
[INFO] [stderr]    Compiling miniz_oxide v0.8.9
[INFO] [stderr]    Compiling io-extras v0.19.0
[INFO] [stderr]    Compiling curve25519-dalek v4.1.3
[INFO] [stderr]    Compiling cap-primitives v4.0.2
[INFO] [stderr]    Compiling compression-core v0.4.32
[INFO] [stderr]    Compiling rustix-linux-procfs v0.1.1
[INFO] [stderr]    Compiling maybe-owned v0.3.4
[INFO] [stderr]    Compiling cap-std v4.0.2
[INFO] [stderr]    Compiling ambient-authority v0.0.2
[INFO] [stderr]    Compiling cap-fs-ext v4.0.2
[INFO] [stderr]    Compiling brotli-decompressor v5.0.3
[INFO] [stderr]    Compiling dirs-sys v0.4.1
[INFO] [stderr]    Compiling serde_json v1.0.149
[INFO] [stderr]    Compiling uuid v1.23.1
[INFO] [stderr]    Compiling fs2 v0.4.3
[INFO] [stderr]    Compiling dirs v5.0.1
[INFO] [stderr]    Compiling dbus v0.9.10
[INFO] [stderr]    Compiling rand_core v0.6.4
[INFO] [stderr]    Compiling ring v0.17.14
[INFO] [stderr]    Compiling fs-set-times v0.20.3
[INFO] [stderr]    Compiling ff v0.13.1
[INFO] [stderr]    Compiling password-hash v0.5.0
[INFO] [stderr]    Compiling rand v0.8.6
[INFO] [stderr]    Compiling group v0.13.0
[INFO] [stderr]    Compiling num-integer v0.1.46
[INFO] [stderr]    Compiling num-complex v0.4.6
[INFO] [stderr]    Compiling flate2 v1.1.9
[INFO] [stderr]    Compiling num-bigint v0.4.6
[INFO] [stderr]    Compiling num-iter v0.1.45
[INFO] [stderr]    Compiling brotli v8.0.2
[INFO] [stderr]    Compiling num-rational v0.4.2
[INFO] [stderr]    Compiling num v0.4.3
[INFO] [stderr]    Compiling synstructure v0.13.2
[INFO] [stderr]    Compiling serde_derive v1.0.228
[INFO] [stderr]    Compiling zeroize_derive v1.4.3
[INFO] [stderr]    Compiling zerofrom-derive v0.1.7
[INFO] [stderr]    Compiling yoke-derive v0.8.2
[INFO] [stderr]    Compiling displaydoc v0.2.5
[INFO] [stderr]    Compiling zerovec-derive v0.11.3
[INFO] [stderr]    Compiling tokio-macros v2.7.0
[INFO] [stderr]    Compiling curve25519-dalek-derive v0.1.1
[INFO] [stderr]    Compiling derive-where v1.6.1
[INFO] [stderr]    Compiling thiserror-impl v2.0.18
[INFO] [stderr]    Compiling tokio v1.52.1
[INFO] [stderr]    Compiling thiserror v2.0.18
[INFO] [stderr]    Compiling sealtask-client-core v0.4.0
[INFO] [stderr]    Compiling zerofrom v0.1.7
[INFO] [stderr]    Compiling yoke v0.8.2
[INFO] [stderr]    Compiling compression-codecs v0.4.38
[INFO] [stderr]    Compiling zerovec v0.11.6
[INFO] [stderr]    Compiling zerotrie v0.2.4
[INFO] [stderr]    Compiling tinystr v0.8.3
[INFO] [stderr]    Compiling potential_utf v0.1.5
[INFO] [stderr]    Compiling icu_collections v2.2.0
[INFO] [stderr]    Compiling icu_locale_core v2.2.0
[INFO] [stderr]    Compiling serde v1.0.228
[INFO] [stderr]    Compiling icu_provider v2.2.0
[INFO] [stderr]    Compiling zeroize v1.8.2
[INFO] [stderr]    Compiling serdect v0.2.0
[INFO] [stderr]    Compiling serde_urlencoded v0.7.1
[INFO] [stderr]    Compiling chrono v0.4.44
[INFO] [stderr]    Compiling rustls-pki-types v1.14.0
[INFO] [stderr]    Compiling der v0.7.10
[INFO] [stderr]    Compiling icu_normalizer v2.2.0
[INFO] [stderr]    Compiling icu_properties v2.2.0
[INFO] [stderr]    Compiling rustls-webpki v0.103.13
[INFO] [stderr]    Compiling webpki-roots v1.0.7
[INFO] [stderr]    Compiling crypto-common v0.1.7
[INFO] [stderr]    Compiling block-buffer v0.10.4
[INFO] [stderr]    Compiling block-padding v0.3.3
[INFO] [stderr]    Compiling crypto-bigint v0.5.5
[INFO] [stderr]    Compiling inout v0.1.4
[INFO] [stderr]    Compiling cipher v0.4.4
[INFO] [stderr]    Compiling digest v0.10.7
[INFO] [stderr]    Compiling rustls v0.23.38
[INFO] [stderr]    Compiling sha2 v0.10.9
[INFO] [stderr]    Compiling hmac v0.12.1
[INFO] [stderr]    Compiling spki v0.7.3
[INFO] [stderr]    Compiling sec1 v0.7.3
[INFO] [stderr]    Compiling cbc v0.1.2
[INFO] [stderr]    Compiling hkdf v0.12.4
[INFO] [stderr]    Compiling idna_adapter v1.2.1
[INFO] [stderr]    Compiling pkcs8 v0.10.2
[INFO] [stderr]    Compiling idna v1.1.0
[INFO] [stderr]    Compiling aes v0.8.4
[INFO] [stderr]    Compiling blake2 v0.10.6
[INFO] [stderr]    Compiling elliptic-curve v0.13.8
[INFO] [stderr]    Compiling argon2 v0.5.3
[INFO] [stderr]    Compiling url v2.5.8
[INFO] [stderr]    Compiling voprf v0.5.0
[INFO] [stderr]    Compiling dbus-secret-service v4.1.0
[INFO] [stderr]    Compiling keyring v3.6.3
[INFO] [stderr]    Compiling opaque-ke v4.0.1
[INFO] [stderr]    Compiling hyper v1.9.0
[INFO] [stderr]    Compiling tokio-util v0.7.19
[INFO] [stderr]    Compiling async-compression v0.4.42
[INFO] [stderr]    Compiling tower v0.5.3
[INFO] [stderr]    Compiling tower-http v0.6.8
[INFO] [stderr]    Compiling hyper-util v0.1.20
[INFO] [stderr]    Compiling tokio-rustls v0.26.4
[INFO] [stderr]    Compiling hyper-rustls v0.27.9
[INFO] [stderr]    Compiling reqwest v0.12.28
[INFO] [stderr]    Compiling sealtask-client-auth v0.4.0 (/opt/rustwide/workdir)
[INFO] [stderr]     Finished `release` profile [optimized] target(s) in 1m 29s
[INFO] running `Command { std: "docker" "inspect" "d214bef6acbd0b3a2a2ec9304395da0cab677e0b3293c9f1bd12800886c2f804", kill_on_drop: false }`
[INFO] running `Command { std: "docker" "exec" "-e" "SOURCE_DIR=/opt/rustwide/workdir" "-e" "CARGO_HOME=/opt/rustwide/cargo-home" "-e" "RUSTUP_HOME=/opt/rustwide/rustup-home" "-e" "CARGO_TARGET_DIR=/opt/rustwide/target" "-e" "CARGO_INCREMENTAL=0" "-e" "RUST_BACKTRACE=full" "-e" "RUSTFLAGS=--cap-lints=warn" "-e" "RUSTDOCFLAGS=--cap-lints=warn" "-w" "/opt/rustwide/workdir" "--user" "0:0" "d214bef6acbd0b3a2a2ec9304395da0cab677e0b3293c9f1bd12800886c2f804" "/opt/rustwide/cargo-home/bin/cargo" "+1.99.0-beta.8" "test" "--frozen" "--no-run" "--message-format=json" "--release", kill_on_drop: false }`
[INFO] [stderr]    Compiling tracing v0.1.44
[INFO] [stderr]    Compiling serde v1.0.228
[INFO] [stderr]    Compiling hyper v1.9.0
[INFO] [stderr]    Compiling serde_json v1.0.149
[INFO] [stderr]    Compiling uuid v1.23.1
[INFO] [stderr]    Compiling tempfile v3.27.0
[INFO] [stderr]    Compiling tower v0.5.3
[INFO] [stderr]    Compiling axum-core v0.5.6
[INFO] [stderr]    Compiling zeroize v1.8.2
[INFO] [stderr]    Compiling serdect v0.2.0
[INFO] [stderr]    Compiling serde_urlencoded v0.7.1
[INFO] [stderr]    Compiling chrono v0.4.44
[INFO] [stderr]    Compiling generic-array v0.14.7
[INFO] [stderr]    Compiling rustls-pki-types v1.14.0
[INFO] [stderr]    Compiling der v0.7.10
[INFO] [stderr]    Compiling curve25519-dalek v4.1.3
[INFO] [stderr]    Compiling tower-http v0.6.8
[INFO] [stderr]    Compiling rustls-webpki v0.103.13
[INFO] [stderr]    Compiling webpki-roots v1.0.7
[INFO] [stderr]    Compiling crypto-common v0.1.7
[INFO] [stderr]    Compiling block-buffer v0.10.4
[INFO] [stderr]    Compiling block-padding v0.3.3
[INFO] [stderr]    Compiling hyper-util v0.1.20
[INFO] [stderr]    Compiling inout v0.1.4
[INFO] [stderr]    Compiling digest v0.10.7
[INFO] [stderr]    Compiling crypto-bigint v0.5.5
[INFO] [stderr]    Compiling cipher v0.4.4
[INFO] [stderr]    Compiling sha2 v0.10.9
[INFO] [stderr]    Compiling hmac v0.12.1
[INFO] [stderr]    Compiling cbc v0.1.2
[INFO] [stderr]    Compiling aes v0.8.4
[INFO] [stderr]    Compiling hkdf v0.12.4
[INFO] [stderr]    Compiling blake2 v0.10.6
[INFO] [stderr]    Compiling spki v0.7.3
[INFO] [stderr]    Compiling rustls v0.23.38
[INFO] [stderr]    Compiling pkcs8 v0.10.2
[INFO] [stderr]    Compiling sec1 v0.7.3
[INFO] [stderr]    Compiling dbus-secret-service v4.1.0
[INFO] [stderr]    Compiling argon2 v0.5.3
[INFO] [stderr]    Compiling elliptic-curve v0.13.8
[INFO] [stderr]    Compiling keyring v3.6.3
[INFO] [stderr]    Compiling axum v0.8.9
[INFO] [stderr]    Compiling voprf v0.5.0
[INFO] [stderr]    Compiling opaque-ke v4.0.1
[INFO] [stderr]    Compiling tokio-rustls v0.26.4
[INFO] [stderr]    Compiling hyper-rustls v0.27.9
[INFO] [stderr]    Compiling reqwest v0.12.28
[INFO] [stderr]    Compiling sealtask-client-auth v0.4.0 (/opt/rustwide/workdir)
[INFO] [stderr]     Finished `release` profile [optimized] target(s) in 1m 00s
[INFO] running `Command { std: "docker" "inspect" "d214bef6acbd0b3a2a2ec9304395da0cab677e0b3293c9f1bd12800886c2f804", kill_on_drop: false }`
[INFO] running `Command { std: "docker" "exec" "-e" "SOURCE_DIR=/opt/rustwide/workdir" "-e" "CARGO_HOME=/opt/rustwide/cargo-home" "-e" "RUSTUP_HOME=/opt/rustwide/rustup-home" "-e" "CARGO_TARGET_DIR=/opt/rustwide/target" "-e" "CARGO_INCREMENTAL=0" "-e" "RUST_BACKTRACE=full" "-e" "RUSTFLAGS=--cap-lints=warn" "-e" "RUSTDOCFLAGS=--cap-lints=warn" "-w" "/opt/rustwide/workdir" "--user" "0:0" "d214bef6acbd0b3a2a2ec9304395da0cab677e0b3293c9f1bd12800886c2f804" "/opt/rustwide/cargo-home/bin/cargo" "+1.99.0-beta.8" "test" "--frozen" "--release", kill_on_drop: false }`
[INFO] [stderr]     Finished `release` profile [optimized] target(s) in 0.30s
[INFO] [stderr]      Running unittests src/lib.rs (/opt/rustwide/target/release/deps/sealtask_client_auth-54b1e3f1c67c67b6)
[INFO] [stdout] 
[INFO] [stdout] running 41 tests
[INFO] [stdout] test tests::no_mfa_login_finish_remains_authenticated ... ok
[INFO] [stdout] test tests::credentials_file_rejects_a_foreign_owner_identity ... ok
[INFO] [stdout] test tests::profile_names_are_path_safe_and_stable ... ok
[INFO] [stdout] test tests::credentials_file_size_bound_accepts_exact_limit_and_rejects_one_more ... FAILED
[INFO] [stdout] test tests::credential_identity_guard_allows_token_refresh_but_returns_current_credentials ... FAILED
[INFO] [stdout] test tests::rate_limit_returns_original_redacted_pending_continuation ... ok
[INFO] [stdout] test tests::credentials_lock_wait_is_bounded ... FAILED
[INFO] [stdout] test tests::credentials_debug_redacts_every_secret_and_identity_string ... ok
[INFO] [stdout] test tests::credentials_replacement_is_durable_and_leaves_no_temporary_file ... FAILED
[INFO] [stdout] test tests::refresh_should_classify_closed_listener_failure_without_exposing_request_context ... ok
[INFO] [stdout] test tests::credential_identity_guard_rejects_api_account_or_data_key_switches ... FAILED
[INFO] [stdout] test tests::credentials_file_rejects_symlinks_hardlinks_fifos_and_broad_modes ... FAILED
[INFO] [stdout] test tests::refresh_should_reject_oversized_response_bodies_without_exposing_them ... ok
[INFO] [stdout] test tests::login_wrapper_returns_mfa_required_use_begin_login ... ok
[INFO] [stdout] test tests::shortened_deadline_cannot_be_extended_and_expires_locally ... ok
[INFO] [stdout] test tests::response_error_code_matching_is_exact_and_top_level ... ok
[INFO] [stdout] test tests::second_factor_required_response_decodes_public_challenge_fields ... ok
[INFO] [stdout] test tests::exact_client_upgrade_error_is_terminal_with_fixed_message ... ok
[INFO] [stdout] test tests::refresh_should_preserve_structured_rate_limit_metadata_without_backend_prose ... ok
[INFO] [stdout] test tests::server_echoes_of_mfa_secrets_are_redacted_from_errors ... ok
[INFO] [stdout] test tests::credentials_directory_security_operations_use_an_operable_capability_handle ... ok
[INFO] [stdout] test tests::test_credentials_store_should_clean_up_the_latest_snapshot_before_replace ... FAILED
[INFO] [stdout] test tests::login_finish_classifies_only_exact_upgrade_error_code ... ok
[INFO] [stdout] test tests::shortened_deadline_survives_transport_failure_and_stops_later_request ... ok
[INFO] [stdout] test tests::test_credentials_store_should_atomically_compare_and_swap ... FAILED
[INFO] [stdout] test tests::test_credentials_store_refresh_worker ... ok
[INFO] [stdout] test tests::test_credentials_store_should_serialize_concurrent_replacements ... FAILED
[INFO] [stdout] test tests::test_credentials_store_should_serialize_refresh_redemption_across_processes ... FAILED
[INFO] [stdout] test tests::test_persisted_data_key_round_trips_through_test_backend ... FAILED
[INFO] [stdout] test tests::test_credentials_store_should_reject_a_changed_crypto_context_before_refresh ... FAILED
[INFO] [stdout] test tests::totp_and_backup_codes_complete_to_final_auth_responses ... ok
[INFO] [stdout] test tests::test_credentials_store_should_not_run_guarded_writes_for_a_stale_snapshot ... FAILED
[INFO] [stdout] test tests::mfa_verify_request_preserves_factor_code_byte_for_byte ... ok
[INFO] [stdout] test tests::totp_lock_retains_continuation_but_expiry_is_terminal ... ok
[INFO] [stdout] test tests::test_credentials_store_should_bound_refresh_and_release_the_lock_on_timeout ... FAILED
[INFO] [stdout] test tests::caller_http_timeout_remains_effective ... ok
[INFO] [stdout] test tests::verifier_outage_preserves_backup_capable_continuation ... ok
[INFO] [stdout] test tests::shortened_deadline_survives_service_outage_and_totp_lock ... ok
[INFO] [stdout] test tests::wrong_totp_retains_continuation_for_backup_completion ... ok
[INFO] [stdout] test tests::opaque_login_finish_matches_browser_registered_account_export_key ... ok
[INFO] [stdout] test tests::opaque_login_finish_returns_the_registration_export_key_and_redacts_debug ... ok
[INFO] [stdout] 
[INFO] [stdout] failures:
[INFO] [stdout] 
[INFO] [stdout] ---- tests::credentials_file_size_bound_accepts_exact_limit_and_rejects_one_more stdout ----
[INFO] [stdout] 
[INFO] [stdout] thread 'tests::credentials_file_size_bound_accepts_exact_limit_and_rejects_one_more' (2928) panicked at src/lib.rs:3336:14:
[INFO] [stdout] private test directory: Custom { kind: ReadOnlyFilesystem, error: PathError { path: "/opt/rustwide/workdir/./.sealtask-client-auth-test-oE3KeV", err: Os { code: 30, kind: ReadOnlyFilesystem, message: "Read-only file system" } } }
[INFO] [stdout] stack backtrace:
[INFO] [stdout]    0:     0x582c8b677301 - <<std[70759c8f55707aa4]::sys::backtrace::BacktraceLock>::print::DisplayBacktrace as core[df12db4294e9bfd3]::fmt::Display>::fmt
[INFO] [stdout]    1:     0x582c8b68f36a - core[df12db4294e9bfd3]::fmt::write
[INFO] [stdout]    2:     0x582c8b67c51c - <alloc[2182bb758b4b3781]::vec::Vec<u8> as core[df12db4294e9bfd3]::io::write::Write>::write_fmt
[INFO] [stdout]    3:     0x582c8b64ed16 - std[70759c8f55707aa4]::panicking::default_hook::{closure#0}
[INFO] [stdout]    4:     0x582c8b66d759 - std[70759c8f55707aa4]::panicking::default_hook
[INFO] [stdout]    5:     0x582c8b560600 - test[9d35eded1c95d3be]::test_main_inner::<test[9d35eded1c95d3be]::test_main_static::{closure#0}>::{closure#0}
[INFO] [stdout]    6:     0x582c8b66da82 - std[70759c8f55707aa4]::panicking::panic_with_hook
[INFO] [stdout]    7:     0x582c8b64edc2 - std[70759c8f55707aa4]::panicking::panic_handler::{closure#0}
[INFO] [stdout]    8:     0x582c8b6474b9 - std[70759c8f55707aa4]::sys::backtrace::__rust_end_short_backtrace::<std[70759c8f55707aa4]::panicking::panic_handler::{closure#0}, !>
[INFO] [stdout]    9:     0x582c8b65006d - __rustc[8fa7c3cbc660c2b3]::rust_begin_unwind
[INFO] [stdout]   10:     0x582c8b68facc - core[df12db4294e9bfd3]::panicking::panic_fmt
[INFO] [stdout]   11:     0x582c8b68f8a2 - core[df12db4294e9bfd3]::result::unwrap_failed
[INFO] [stdout]   12:     0x582c8b286fd0 - sealtask_client_auth[4acc10a64273969e]::tests::private_temp_dir
[INFO] [stdout]   13:     0x582c8b29248b - sealtask_client_auth[4acc10a64273969e]::tests::credentials_file_size_bound_accepts_exact_limit_and_rejects_one_more
[INFO] [stdout]   14:     0x582c8b2a7609 - <sealtask_client_auth[4acc10a64273969e]::tests::credentials_file_size_bound_accepts_exact_limit_and_rejects_one_more::{closure#0} as core[df12db4294e9bfd3]::ops::function::FnOnce<()>>::call_once
[INFO] [stdout]   15:     0x582c8b5538eb - test[9d35eded1c95d3be]::__rust_begin_short_backtrace::<core[df12db4294e9bfd3]::result::Result<(), alloc[2182bb758b4b3781]::string::String>, fn() -> core[df12db4294e9bfd3]::result::Result<(), alloc[2182bb758b4b3781]::string::String>>
[INFO] [stdout]   16:     0x582c8b560f55 - test[9d35eded1c95d3be]::run_test::{closure#0}
[INFO] [stdout]   17:     0x582c8b55a814 - std[70759c8f55707aa4]::sys::backtrace::__rust_begin_short_backtrace::<test[9d35eded1c95d3be]::run_test::{closure#1}, ()>
[INFO] [stdout]   18:     0x582c8b5640b2 - <std[70759c8f55707aa4]::thread::lifecycle::spawn_unchecked<test[9d35eded1c95d3be]::run_test::{closure#1}, ()>::{closure#1} as core[df12db4294e9bfd3]::ops::function::FnOnce<()>>::call_once::{shim:vtable#0}
[INFO] [stdout]   19:     0x582c8b676319 - <std[70759c8f55707aa4]::sys::thread::unix::Thread>::new::thread_start
[INFO] [stdout]   20:     0x717c6668edfa - <unknown>
[INFO] [stdout]   21:     0x717c667223d4 - clone
[INFO] [stdout]   22:                0x0 - <unknown>
[INFO] [stdout] 
[INFO] [stdout] ---- tests::credential_identity_guard_allows_token_refresh_but_returns_current_credentials stdout ----
[INFO] [stdout] 
[INFO] [stdout] thread 'tests::credential_identity_guard_allows_token_refresh_but_returns_current_credentials' (2922) panicked at src/lib.rs:3336:14:
[INFO] [stdout] private test directory: Custom { kind: ReadOnlyFilesystem, error: PathError { path: "/opt/rustwide/workdir/./.sealtask-client-auth-test-Xpcu8T", err: Os { code: 30, kind: ReadOnlyFilesystem, message: "Read-only file system" } } }
[INFO] [stdout] stack backtrace:
[INFO] [stdout]    0:     0x582c8b677301 - <<std[70759c8f55707aa4]::sys::backtrace::BacktraceLock>::print::DisplayBacktrace as core[df12db4294e9bfd3]::fmt::Display>::fmt
[INFO] [stdout]    1:     0x582c8b68f36a - core[df12db4294e9bfd3]::fmt::write
[INFO] [stdout]    2:     0x582c8b67c51c - <alloc[2182bb758b4b3781]::vec::Vec<u8> as core[df12db4294e9bfd3]::io::write::Write>::write_fmt
[INFO] [stdout]    3:     0x582c8b64ed16 - std[70759c8f55707aa4]::panicking::default_hook::{closure#0}
[INFO] [stdout]    4:     0x582c8b66d759 - std[70759c8f55707aa4]::panicking::default_hook
[INFO] [stdout]    5:     0x582c8b560600 - test[9d35eded1c95d3be]::test_main_inner::<test[9d35eded1c95d3be]::test_main_static::{closure#0}>::{closure#0}
[INFO] [stdout]    6:     0x582c8b66da82 - std[70759c8f55707aa4]::panicking::panic_with_hook
[INFO] [stdout]    7:     0x582c8b64edc2 - std[70759c8f55707aa4]::panicking::panic_handler::{closure#0}
[INFO] [stdout]    8:     0x582c8b6474b9 - std[70759c8f55707aa4]::sys::backtrace::__rust_end_short_backtrace::<std[70759c8f55707aa4]::panicking::panic_handler::{closure#0}, !>
[INFO] [stdout]    9:     0x582c8b65006d - __rustc[8fa7c3cbc660c2b3]::rust_begin_unwind
[INFO] [stdout]   10:     0x582c8b68facc - core[df12db4294e9bfd3]::panicking::panic_fmt
[INFO] [stdout]   11:     0x582c8b68f8a2 - core[df12db4294e9bfd3]::result::unwrap_failed
[INFO] [stdout]   12:     0x582c8b286fd0 - sealtask_client_auth[4acc10a64273969e]::tests::private_temp_dir
[INFO] [stdout]   13:     0x582c8b29647b - sealtask_client_auth[4acc10a64273969e]::tests::credential_identity_guard_allows_token_refresh_but_returns_current_credentials
[INFO] [stdout]   14:     0x582c8b2a7769 - <sealtask_client_auth[4acc10a64273969e]::tests::credential_identity_guard_allows_token_refresh_but_returns_current_credentials::{closure#0} as core[df12db4294e9bfd3]::ops::function::FnOnce<()>>::call_once
[INFO] [stdout]   15:     0x582c8b5538eb - test[9d35eded1c95d3be]::__rust_begin_short_backtrace::<core[df12db4294e9bfd3]::result::Result<(), alloc[2182bb758b4b3781]::string::String>, fn() -> core[df12db4294e9bfd3]::result::Result<(), alloc[2182bb758b4b3781]::string::String>>
[INFO] [stdout]   16:     0x582c8b560f55 - test[9d35eded1c95d3be]::run_test::{closure#0}
[INFO] [stdout]   17:     0x582c8b55a814 - std[70759c8f55707aa4]::sys::backtrace::__rust_begin_short_backtrace::<test[9d35eded1c95d3be]::run_test::{closure#1}, ()>
[INFO] [stdout]   18:     0x582c8b5640b2 - <std[70759c8f55707aa4]::thread::lifecycle::spawn_unchecked<test[9d35eded1c95d3be]::run_test::{closure#1}, ()>::{closure#1} as core[df12db4294e9bfd3]::ops::function::FnOnce<()>>::call_once::{shim:vtable#0}
[INFO] [stdout]   19:     0x582c8b676319 - <std[70759c8f55707aa4]::sys::thread::unix::Thread>::new::thread_start
[INFO] [stdout]   20:     0x717c6668edfa - <unknown>
[INFO] [stdout]   21:     0x717c667223d4 - clone
[INFO] [stdout]   22:                0x0 - <unknown>
[INFO] [stdout] 
[INFO] [stdout] ---- tests::credentials_lock_wait_is_bounded stdout ----
[INFO] [stdout] 
[INFO] [stdout] thread 'tests::credentials_lock_wait_is_bounded' (2929) panicked at src/lib.rs:3336:14:
[INFO] [stdout] private test directory: Custom { kind: ReadOnlyFilesystem, error: PathError { path: "/opt/rustwide/workdir/./.sealtask-client-auth-test-BqgB0b", err: Os { code: 30, kind: ReadOnlyFilesystem, message: "Read-only file system" } } }
[INFO] [stdout] stack backtrace:
[INFO] [stdout]    0:     0x582c8b677301 - <<std[70759c8f55707aa4]::sys::backtrace::BacktraceLock>::print::DisplayBacktrace as core[df12db4294e9bfd3]::fmt::Display>::fmt
[INFO] [stdout]    1:     0x582c8b68f36a - core[df12db4294e9bfd3]::fmt::write
[INFO] [stdout]    2:     0x582c8b67c51c - <alloc[2182bb758b4b3781]::vec::Vec<u8> as core[df12db4294e9bfd3]::io::write::Write>::write_fmt
[INFO] [stdout]    3:     0x582c8b64ed16 - std[70759c8f55707aa4]::panicking::default_hook::{closure#0}
[INFO] [stdout]    4:     0x582c8b66d759 - std[70759c8f55707aa4]::panicking::default_hook
[INFO] [stdout]    5:     0x582c8b560600 - test[9d35eded1c95d3be]::test_main_inner::<test[9d35eded1c95d3be]::test_main_static::{closure#0}>::{closure#0}
[INFO] [stdout]    6:     0x582c8b66da82 - std[70759c8f55707aa4]::panicking::panic_with_hook
[INFO] [stdout]    7:     0x582c8b64edc2 - std[70759c8f55707aa4]::panicking::panic_handler::{closure#0}
[INFO] [stdout]    8:     0x582c8b6474b9 - std[70759c8f55707aa4]::sys::backtrace::__rust_end_short_backtrace::<std[70759c8f55707aa4]::panicking::panic_handler::{closure#0}, !>
[INFO] [stdout]    9:     0x582c8b65006d - __rustc[8fa7c3cbc660c2b3]::rust_begin_unwind
[INFO] [stdout]   10:     0x582c8b68facc - core[df12db4294e9bfd3]::panicking::panic_fmt
[INFO] [stdout]   11:     0x582c8b68f8a2 - core[df12db4294e9bfd3]::result::unwrap_failed
[INFO] [stdout]   12:     0x582c8b286fd0 - sealtask_client_auth[4acc10a64273969e]::tests::private_temp_dir
[INFO] [stdout]   13:     0x582c8b288ad7 - sealtask_client_auth[4acc10a64273969e]::tests::credentials_lock_wait_is_bounded
[INFO] [stdout]   14:     0x582c8b2a7209 - <sealtask_client_auth[4acc10a64273969e]::tests::credentials_lock_wait_is_bounded::{closure#0} as core[df12db4294e9bfd3]::ops::function::FnOnce<()>>::call_once
[INFO] [stdout]   15:     0x582c8b5538eb - test[9d35eded1c95d3be]::__rust_begin_short_backtrace::<core[df12db4294e9bfd3]::result::Result<(), alloc[2182bb758b4b3781]::string::String>, fn() -> core[df12db4294e9bfd3]::result::Result<(), alloc[2182bb758b4b3781]::string::String>>
[INFO] [stdout]   16:     0x582c8b560f55 - test[9d35eded1c95d3be]::run_test::{closure#0}
[INFO] [stdout]   17:     0x582c8b55a814 - std[70759c8f55707aa4]::sys::backtrace::__rust_begin_short_backtrace::<test[9d35eded1c95d3be]::run_test::{closure#1}, ()>
[INFO] [stdout]   18:     0x582c8b5640b2 - <std[70759c8f55707aa4]::thread::lifecycle::spawn_unchecked<test[9d35eded1c95d3be]::run_test::{closure#1}, ()>::{closure#1} as core[df12db4294e9bfd3]::ops::function::FnOnce<()>>::call_once::{shim:vtable#0}
[INFO] [stdout]   19:     0x582c8b676319 - <std[70759c8f55707aa4]::sys::thread::unix::Thread>::new::thread_start
[INFO] [stdout]   20:     0x717c6668edfa - <unknown>
[INFO] [stdout]   21:     0x717c667223d4 - clone
[INFO] [stdout]   22:                0x0 - <unknown>
[INFO] [stdout] 
[INFO] [stdout] ---- tests::credentials_replacement_is_durable_and_leaves_no_temporary_file stdout ----
[INFO] [stdout] 
[INFO] [stdout] thread 'tests::credentials_replacement_is_durable_and_leaves_no_temporary_file' (2930) panicked at src/lib.rs:3336:14:
[INFO] [stdout] private test directory: Custom { kind: ReadOnlyFilesystem, error: PathError { path: "/opt/rustwide/workdir/./.sealtask-client-auth-test-KjpEUl", err: Os { code: 30, kind: ReadOnlyFilesystem, message: "Read-only file system" } } }
[INFO] [stdout] stack backtrace:
[INFO] [stdout]    0:     0x582c8b677301 - <<std[70759c8f55707aa4]::sys::backtrace::BacktraceLock>::print::DisplayBacktrace as core[df12db4294e9bfd3]::fmt::Display>::fmt
[INFO] [stdout]    1:     0x582c8b68f36a - core[df12db4294e9bfd3]::fmt::write
[INFO] [stdout]    2:     0x582c8b67c51c - <alloc[2182bb758b4b3781]::vec::Vec<u8> as core[df12db4294e9bfd3]::io::write::Write>::write_fmt
[INFO] [stdout]    3:     0x582c8b64ed16 - std[70759c8f55707aa4]::panicking::default_hook::{closure#0}
[INFO] [stdout]    4:     0x582c8b66d759 - std[70759c8f55707aa4]::panicking::default_hook
[INFO] [stdout]    5:     0x582c8b560600 - test[9d35eded1c95d3be]::test_main_inner::<test[9d35eded1c95d3be]::test_main_static::{closure#0}>::{closure#0}
[INFO] [stdout]    6:     0x582c8b66da82 - std[70759c8f55707aa4]::panicking::panic_with_hook
[INFO] [stdout]    7:     0x582c8b64edc2 - std[70759c8f55707aa4]::panicking::panic_handler::{closure#0}
[INFO] [stdout]    8:     0x582c8b6474b9 - std[70759c8f55707aa4]::sys::backtrace::__rust_end_short_backtrace::<std[70759c8f55707aa4]::panicking::panic_handler::{closure#0}, !>
[INFO] [stdout]    9:     0x582c8b65006d - __rustc[8fa7c3cbc660c2b3]::rust_begin_unwind
[INFO] [stdout]   10:     0x582c8b68facc - core[df12db4294e9bfd3]::panicking::panic_fmt
[INFO] [stdout]   11:     0x582c8b68f8a2 - core[df12db4294e9bfd3]::result::unwrap_failed
[INFO] [stdout]   12:     0x582c8b286fd0 - sealtask_client_auth[4acc10a64273969e]::tests::private_temp_dir
[INFO] [stdout]   13:     0x582c8b28c44b - sealtask_client_auth[4acc10a64273969e]::tests::credentials_replacement_is_durable_and_leaves_no_temporary_file
[INFO] [stdout]   14:     0x582c8b2a7549 - <sealtask_client_auth[4acc10a64273969e]::tests::credentials_replacement_is_durable_and_leaves_no_temporary_file::{closure#0} as core[df12db4294e9bfd3]::ops::function::FnOnce<()>>::call_once
[INFO] [stdout]   15:     0x582c8b5538eb - test[9d35eded1c95d3be]::__rust_begin_short_backtrace::<core[df12db4294e9bfd3]::result::Result<(), alloc[2182bb758b4b3781]::string::String>, fn() -> core[df12db4294e9bfd3]::result::Result<(), alloc[2182bb758b4b3781]::string::String>>
[INFO] [stdout]   16:     0x582c8b560f55 - test[9d35eded1c95d3be]::run_test::{closure#0}
[INFO] [stdout]   17:     0x582c8b55a814 - std[70759c8f55707aa4]::sys::backtrace::__rust_begin_short_backtrace::<test[9d35eded1c95d3be]::run_test::{closure#1}, ()>
[INFO] [stdout]   18:     0x582c8b5640b2 - <std[70759c8f55707aa4]::thread::lifecycle::spawn_unchecked<test[9d35eded1c95d3be]::run_test::{closure#1}, ()>::{closure#1} as core[df12db4294e9bfd3]::ops::function::FnOnce<()>>::call_once::{shim:vtable#0}
[INFO] [stdout]   19:     0x582c8b676319 - <std[70759c8f55707aa4]::sys::thread::unix::Thread>::new::thread_start
[INFO] [stdout]   20:     0x717c6668edfa - <unknown>
[INFO] [stdout]   21:     0x717c667223d4 - clone
[INFO] [stdout]   22:                0x0 - <unknown>
[INFO] [stdout] 
[INFO] [stdout] ---- tests::credential_identity_guard_rejects_api_account_or_data_key_switches stdout ----
[INFO] [stdout] 
[INFO] [stdout] thread 'tests::credential_identity_guard_rejects_api_account_or_data_key_switches' (2923) panicked at src/lib.rs:3336:14:
[INFO] [stdout] private test directory: Custom { kind: ReadOnlyFilesystem, error: PathError { path: "/opt/rustwide/workdir/./.sealtask-client-auth-test-zUlZBs", err: Os { code: 30, kind: ReadOnlyFilesystem, message: "Read-only file system" } } }
[INFO] [stdout] stack backtrace:
[INFO] [stdout]    0:     0x582c8b677301 - <<std[70759c8f55707aa4]::sys::backtrace::BacktraceLock>::print::DisplayBacktrace as core[df12db4294e9bfd3]::fmt::Display>::fmt
[INFO] [stdout]    1:     0x582c8b68f36a - core[df12db4294e9bfd3]::fmt::write
[INFO] [stdout]    2:     0x582c8b67c51c - <alloc[2182bb758b4b3781]::vec::Vec<u8> as core[df12db4294e9bfd3]::io::write::Write>::write_fmt
[INFO] [stdout]    3:     0x582c8b64ed16 - std[70759c8f55707aa4]::panicking::default_hook::{closure#0}
[INFO] [stdout]    4:     0x582c8b66d759 - std[70759c8f55707aa4]::panicking::default_hook
[INFO] [stdout]    5:     0x582c8b560600 - test[9d35eded1c95d3be]::test_main_inner::<test[9d35eded1c95d3be]::test_main_static::{closure#0}>::{closure#0}
[INFO] [stdout]    6:     0x582c8b66da82 - std[70759c8f55707aa4]::panicking::panic_with_hook
[INFO] [stdout]    7:     0x582c8b64edc2 - std[70759c8f55707aa4]::panicking::panic_handler::{closure#0}
[INFO] [stdout]    8:     0x582c8b6474b9 - std[70759c8f55707aa4]::sys::backtrace::__rust_end_short_backtrace::<std[70759c8f55707aa4]::panicking::panic_handler::{closure#0}, !>
[INFO] [stdout]    9:     0x582c8b65006d - __rustc[8fa7c3cbc660c2b3]::rust_begin_unwind
[INFO] [stdout]   10:     0x582c8b68facc - core[df12db4294e9bfd3]::panicking::panic_fmt
[INFO] [stdout]   11:     0x582c8b68f8a2 - core[df12db4294e9bfd3]::result::unwrap_failed
[INFO] [stdout]   12:     0x582c8b286fd0 - sealtask_client_auth[4acc10a64273969e]::tests::private_temp_dir
[INFO] [stdout]   13:     0x582c8b291b07 - sealtask_client_auth[4acc10a64273969e]::tests::credential_identity_guard_rejects_api_account_or_data_key_switches
[INFO] [stdout]   14:     0x582c8b2a75e9 - <sealtask_client_auth[4acc10a64273969e]::tests::credential_identity_guard_rejects_api_account_or_data_key_switches::{closure#0} as core[df12db4294e9bfd3]::ops::function::FnOnce<()>>::call_once
[INFO] [stdout]   15:     0x582c8b5538eb - test[9d35eded1c95d3be]::__rust_begin_short_backtrace::<core[df12db4294e9bfd3]::result::Result<(), alloc[2182bb758b4b3781]::string::String>, fn() -> core[df12db4294e9bfd3]::result::Result<(), alloc[2182bb758b4b3781]::string::String>>
[INFO] [stdout]   16:     0x582c8b560f55 - test[9d35eded1c95d3be]::run_test::{closure#0}
[INFO] [stdout]   17:     0x582c8b55a814 - std[70759c8f55707aa4]::sys::backtrace::__rust_begin_short_backtrace::<test[9d35eded1c95d3be]::run_test::{closure#1}, ()>
[INFO] [stdout]   18:     0x582c8b5640b2 - <std[70759c8f55707aa4]::thread::lifecycle::spawn_unchecked<test[9d35eded1c95d3be]::run_test::{closure#1}, ()>::{closure#1} as core[df12db4294e9bfd3]::ops::function::FnOnce<()>>::call_once::{shim:vtable#0}
[INFO] [stdout]   19:     0x582c8b676319 - <std[70759c8f55707aa4]::sys::thread::unix::Thread>::new::thread_start
[INFO] [stdout]   20:     0x717c6668edfa - <unknown>
[INFO] [stdout]   21:     0x717c667223d4 - clone
[INFO] [stdout]   22:                0x0 - <unknown>
[INFO] [stdout] 
[INFO] [stdout] ---- tests::credentials_file_rejects_symlinks_hardlinks_fifos_and_broad_modes stdout ----
[INFO] [stdout] 
[INFO] [stdout] thread 'tests::credentials_file_rejects_symlinks_hardlinks_fifos_and_broad_modes' (2927) panicked at src/lib.rs:3336:14:
[INFO] [stdout] private test directory: Custom { kind: ReadOnlyFilesystem, error: PathError { path: "/opt/rustwide/workdir/./.sealtask-client-auth-test-03zKxw", err: Os { code: 30, kind: ReadOnlyFilesystem, message: "Read-only file system" } } }
[INFO] [stdout] stack backtrace:
[INFO] [stdout]    0:     0x582c8b677301 - <<std[70759c8f55707aa4]::sys::backtrace::BacktraceLock>::print::DisplayBacktrace as core[df12db4294e9bfd3]::fmt::Display>::fmt
[INFO] [stdout]    1:     0x582c8b68f36a - core[df12db4294e9bfd3]::fmt::write
[INFO] [stdout]    2:     0x582c8b67c51c - <alloc[2182bb758b4b3781]::vec::Vec<u8> as core[df12db4294e9bfd3]::io::write::Write>::write_fmt
[INFO] [stdout]    3:     0x582c8b64ed16 - std[70759c8f55707aa4]::panicking::default_hook::{closure#0}
[INFO] [stdout]    4:     0x582c8b66d759 - std[70759c8f55707aa4]::panicking::default_hook
[INFO] [stdout]    5:     0x582c8b560600 - test[9d35eded1c95d3be]::test_main_inner::<test[9d35eded1c95d3be]::test_main_static::{closure#0}>::{closure#0}
[INFO] [stdout]    6:     0x582c8b66da82 - std[70759c8f55707aa4]::panicking::panic_with_hook
[INFO] [stdout]    7:     0x582c8b64edc2 - std[70759c8f55707aa4]::panicking::panic_handler::{closure#0}
[INFO] [stdout]    8:     0x582c8b6474b9 - std[70759c8f55707aa4]::sys::backtrace::__rust_end_short_backtrace::<std[70759c8f55707aa4]::panicking::panic_handler::{closure#0}, !>
[INFO] [stdout]    9:     0x582c8b65006d - __rustc[8fa7c3cbc660c2b3]::rust_begin_unwind
[INFO] [stdout]   10:     0x582c8b68facc - core[df12db4294e9bfd3]::panicking::panic_fmt
[INFO] [stdout]   11:     0x582c8b68f8a2 - core[df12db4294e9bfd3]::result::unwrap_failed
[INFO] [stdout]   12:     0x582c8b286fd0 - sealtask_client_auth[4acc10a64273969e]::tests::private_temp_dir
[INFO] [stdout]   13:     0x582c8b28e91e - sealtask_client_auth[4acc10a64273969e]::tests::credentials_file_rejects_symlinks_hardlinks_fifos_and_broad_modes
[INFO] [stdout]   14:     0x582c8b2a75a9 - <sealtask_client_auth[4acc10a64273969e]::tests::credentials_file_rejects_symlinks_hardlinks_fifos_and_broad_modes::{closure#0} as core[df12db4294e9bfd3]::ops::function::FnOnce<()>>::call_once
[INFO] [stdout]   15:     0x582c8b5538eb - test[9d35eded1c95d3be]::__rust_begin_short_backtrace::<core[df12db4294e9bfd3]::result::Result<(), alloc[2182bb758b4b3781]::string::String>, fn() -> core[df12db4294e9bfd3]::result::Result<(), alloc[2182bb758b4b3781]::string::String>>
[INFO] [stdout]   16:     0x582c8b560f55 - test[9d35eded1c95d3be]::run_test::{closure#0}
[INFO] [stdout]   17:     0x582c8b55a814 - std[70759c8f55707aa4]::sys::backtrace::__rust_begin_short_backtrace::<test[9d35eded1c95d3be]::run_test::{closure#1}, ()>
[INFO] [stdout]   18:     0x582c8b5640b2 - <std[70759c8f55707aa4]::thread::lifecycle::spawn_unchecked<test[9d35eded1c95d3be]::run_test::{closure#1}, ()>::{closure#1} as core[df12db4294e9bfd3]::ops::function::FnOnce<()>>::call_once::{shim:vtable#0}
[INFO] [stdout]   19:     0x582c8b676319 - <std[70759c8f55707aa4]::sys::thread::unix::Thread>::new::thread_start
[INFO] [stdout]   20:     0x717c6668edfa - <unknown>
[INFO] [stdout]   21:     0x717c667223d4 - clone
[INFO] [stdout]   22:                0x0 - <unknown>
[INFO] [stdout] 
[INFO] [stdout] ---- tests::test_credentials_store_should_clean_up_the_latest_snapshot_before_replace stdout ----
[INFO] [stdout] 
[INFO] [stdout] thread 'tests::test_credentials_store_should_clean_up_the_latest_snapshot_before_replace' (2952) panicked at src/lib.rs:3336:14:
[INFO] [stdout] private test directory: Custom { kind: ReadOnlyFilesystem, error: PathError { path: "/opt/rustwide/workdir/./.sealtask-client-auth-test-NtLhjY", err: Os { code: 30, kind: ReadOnlyFilesystem, message: "Read-only file system" } } }
[INFO] [stdout] stack backtrace:
[INFO] [stdout]    0:     0x582c8b677301 - <<std[70759c8f55707aa4]::sys::backtrace::BacktraceLock>::print::DisplayBacktrace as core[df12db4294e9bfd3]::fmt::Display>::fmt
[INFO] [stdout]    1:     0x582c8b68f36a - core[df12db4294e9bfd3]::fmt::write
[INFO] [stdout]    2:     0x582c8b67c51c - <alloc[2182bb758b4b3781]::vec::Vec<u8> as core[df12db4294e9bfd3]::io::write::Write>::write_fmt
[INFO] [stdout]    3:     0x582c8b64ed16 - std[70759c8f55707aa4]::panicking::default_hook::{closure#0}
[INFO] [stdout]    4:     0x582c8b66d759 - std[70759c8f55707aa4]::panicking::default_hook
[INFO] [stdout]    5:     0x582c8b560600 - test[9d35eded1c95d3be]::test_main_inner::<test[9d35eded1c95d3be]::test_main_static::{closure#0}>::{closure#0}
[INFO] [stdout]    6:     0x582c8b66da82 - std[70759c8f55707aa4]::panicking::panic_with_hook
[INFO] [stdout]    7:     0x582c8b64edc2 - std[70759c8f55707aa4]::panicking::panic_handler::{closure#0}
[INFO] [stdout]    8:     0x582c8b6474b9 - std[70759c8f55707aa4]::sys::backtrace::__rust_end_short_backtrace::<std[70759c8f55707aa4]::panicking::panic_handler::{closure#0}, !>
[INFO] [stdout]    9:     0x582c8b65006d - __rustc[8fa7c3cbc660c2b3]::rust_begin_unwind
[INFO] [stdout]   10:     0x582c8b68facc - core[df12db4294e9bfd3]::panicking::panic_fmt
[INFO] [stdout]   11:     0x582c8b68f8a2 - core[df12db4294e9bfd3]::result::unwrap_failed
[INFO] [stdout]   12:     0x582c8b286fd0 - sealtask_client_auth[4acc10a64273969e]::tests::private_temp_dir
[INFO] [stdout]   13:     0x582c8b2945cb - sealtask_client_auth[4acc10a64273969e]::tests::test_credentials_store_should_clean_up_the_latest_snapshot_before_replace
[INFO] [stdout]   14:     0x582c8b2a7689 - <sealtask_client_auth[4acc10a64273969e]::tests::test_credentials_store_should_clean_up_the_latest_snapshot_before_replace::{closure#0} as core[df12db4294e9bfd3]::ops::function::FnOnce<()>>::call_once
[INFO] [stdout]   15:     0x582c8b5538eb - test[9d35eded1c95d3be]::__rust_begin_short_backtrace::<core[df12db4294e9bfd3]::result::Result<(), alloc[2182bb758b4b3781]::string::String>, fn() -> core[df12db4294e9bfd3]::result::Result<(), alloc[2182bb758b4b3781]::string::String>>
[INFO] [stdout]   16:     0x582c8b560f55 - test[9d35eded1c95d3be]::run_test::{closure#0}
[INFO] [stdout]   17:     0x582c8b55a814 - std[70759c8f55707aa4]::sys::backtrace::__rust_begin_short_backtrace::<test[9d35eded1c95d3be]::run_test::{closure#1}, ()>
[INFO] [stdout]   18:     0x582c8b5640b2 - <std[70759c8f55707aa4]::thread::lifecycle::spawn_unchecked<test[9d35eded1c95d3be]::run_test::{closure#1}, ()>::{closure#1} as core[df12db4294e9bfd3]::ops::function::FnOnce<()>>::call_once::{shim:vtable#0}
[INFO] [stdout]   19:     0x582c8b676319 - <std[70759c8f55707aa4]::sys::thread::unix::Thread>::new::thread_start
[INFO] [stdout]   20:     0x717c6668edfa - <unknown>
[INFO] [stdout]   21:     0x717c667223d4 - clone
[INFO] [stdout]   22:                0x0 - <unknown>
[INFO] [stdout] 
[INFO] [stdout] ---- tests::test_credentials_store_should_atomically_compare_and_swap stdout ----
[INFO] [stdout] 
[INFO] [stdout] thread 'tests::test_credentials_store_should_atomically_compare_and_swap' (2950) panicked at src/lib.rs:3336:14:
[INFO] [stdout] private test directory: Custom { kind: ReadOnlyFilesystem, error: PathError { path: "/opt/rustwide/workdir/./.sealtask-client-auth-test-gBERkh", err: Os { code: 30, kind: ReadOnlyFilesystem, message: "Read-only file system" } } }
[INFO] [stdout] stack backtrace:
[INFO] [stdout]    0:     0x582c8b677301 - <<std[70759c8f55707aa4]::sys::backtrace::BacktraceLock>::print::DisplayBacktrace as core[df12db4294e9bfd3]::fmt::Display>::fmt
[INFO] [stdout]    1:     0x582c8b68f36a - core[df12db4294e9bfd3]::fmt::write
[INFO] [stdout]    2:     0x582c8b67c51c - <alloc[2182bb758b4b3781]::vec::Vec<u8> as core[df12db4294e9bfd3]::io::write::Write>::write_fmt
[INFO] [stdout]    3:     0x582c8b64ed16 - std[70759c8f55707aa4]::panicking::default_hook::{closure#0}
[INFO] [stdout]    4:     0x582c8b66d759 - std[70759c8f55707aa4]::panicking::default_hook
[INFO] [stdout]    5:     0x582c8b560600 - test[9d35eded1c95d3be]::test_main_inner::<test[9d35eded1c95d3be]::test_main_static::{closure#0}>::{closure#0}
[INFO] [stdout]    6:     0x582c8b66da82 - std[70759c8f55707aa4]::panicking::panic_with_hook
[INFO] [stdout]    7:     0x582c8b64edc2 - std[70759c8f55707aa4]::panicking::panic_handler::{closure#0}
[INFO] [stdout]    8:     0x582c8b6474b9 - std[70759c8f55707aa4]::sys::backtrace::__rust_end_short_backtrace::<std[70759c8f55707aa4]::panicking::panic_handler::{closure#0}, !>
[INFO] [stdout]    9:     0x582c8b65006d - __rustc[8fa7c3cbc660c2b3]::rust_begin_unwind
[INFO] [stdout]   10:     0x582c8b68facc - core[df12db4294e9bfd3]::panicking::panic_fmt
[INFO] [stdout]   11:     0x582c8b68f8a2 - core[df12db4294e9bfd3]::result::unwrap_failed
[INFO] [stdout]   12:     0x582c8b286fd0 - sealtask_client_auth[4acc10a64273969e]::tests::private_temp_dir
[INFO] [stdout]   13:     0x582c8b28b4fb - sealtask_client_auth[4acc10a64273969e]::tests::test_credentials_store_should_atomically_compare_and_swap
[INFO] [stdout]   14:     0x582c8b2a7509 - <sealtask_client_auth[4acc10a64273969e]::tests::test_credentials_store_should_atomically_compare_and_swap::{closure#0} as core[df12db4294e9bfd3]::ops::function::FnOnce<()>>::call_once
[INFO] [stdout]   15:     0x582c8b5538eb - test[9d35eded1c95d3be]::__rust_begin_short_backtrace::<core[df12db4294e9bfd3]::result::Result<(), alloc[2182bb758b4b3781]::string::String>, fn() -> core[df12db4294e9bfd3]::result::Result<(), alloc[2182bb758b4b3781]::string::String>>
[INFO] [stdout]   16:     0x582c8b560f55 - test[9d35eded1c95d3be]::run_test::{closure#0}
[INFO] [stdout]   17:     0x582c8b55a814 - std[70759c8f55707aa4]::sys::backtrace::__rust_begin_short_backtrace::<test[9d35eded1c95d3be]::run_test::{closure#1}, ()>
[INFO] [stdout]   18:     0x582c8b5640b2 - <std[70759c8f55707aa4]::thread::lifecycle::spawn_unchecked<test[9d35eded1c95d3be]::run_test::{closure#1}, ()>::{closure#1} as core[df12db4294e9bfd3]::ops::function::FnOnce<()>>::call_once::{shim:vtable#0}
[INFO] [stdout]   19:     0x582c8b676319 - <std[70759c8f55707aa4]::sys::thread::unix::Thread>::new::thread_start
[INFO] [stdout]   20:     0x717c6668edfa - <unknown>
[INFO] [stdout]   21:     0x717c667223d4 - clone
[INFO] [stdout]   22:                0x0 - <unknown>
[INFO] [stdout] 
[INFO] [stdout] ---- tests::test_credentials_store_should_serialize_concurrent_replacements stdout ----
[INFO] [stdout] 
[INFO] [stdout] thread 'tests::test_credentials_store_should_serialize_concurrent_replacements' (2955) panicked at src/lib.rs:3336:14:
[INFO] [stdout] private test directory: Custom { kind: ReadOnlyFilesystem, error: PathError { path: "/opt/rustwide/workdir/./.sealtask-client-auth-test-HNqTps", err: Os { code: 30, kind: ReadOnlyFilesystem, message: "Read-only file system" } } }
[INFO] [stdout] stack backtrace:
[INFO] [stdout]    0:     0x582c8b677301 - <<std[70759c8f55707aa4]::sys::backtrace::BacktraceLock>::print::DisplayBacktrace as core[df12db4294e9bfd3]::fmt::Display>::fmt
[INFO] [stdout]    1:     0x582c8b68f36a - core[df12db4294e9bfd3]::fmt::write
[INFO] [stdout]    2:     0x582c8b67c51c - <alloc[2182bb758b4b3781]::vec::Vec<u8> as core[df12db4294e9bfd3]::io::write::Write>::write_fmt
[INFO] [stdout]    3:     0x582c8b64ed16 - std[70759c8f55707aa4]::panicking::default_hook::{closure#0}
[INFO] [stdout]    4:     0x582c8b66d759 - std[70759c8f55707aa4]::panicking::default_hook
[INFO] [stdout]    5:     0x582c8b560600 - test[9d35eded1c95d3be]::test_main_inner::<test[9d35eded1c95d3be]::test_main_static::{closure#0}>::{closure#0}
[INFO] [stdout]    6:     0x582c8b66da82 - std[70759c8f55707aa4]::panicking::panic_with_hook
[INFO] [stdout]    7:     0x582c8b64edc2 - std[70759c8f55707aa4]::panicking::panic_handler::{closure#0}
[INFO] [stdout]    8:     0x582c8b6474b9 - std[70759c8f55707aa4]::sys::backtrace::__rust_end_short_backtrace::<std[70759c8f55707aa4]::panicking::panic_handler::{closure#0}, !>
[INFO] [stdout]    9:     0x582c8b65006d - __rustc[8fa7c3cbc660c2b3]::rust_begin_unwind
[INFO] [stdout]   10:     0x582c8b68facc - core[df12db4294e9bfd3]::panicking::panic_fmt
[INFO] [stdout]   11:     0x582c8b68f8a2 - core[df12db4294e9bfd3]::result::unwrap_failed
[INFO] [stdout]   12:     0x582c8b286fd0 - sealtask_client_auth[4acc10a64273969e]::tests::private_temp_dir
[INFO] [stdout]   13:     0x582c8b28d3f5 - sealtask_client_auth[4acc10a64273969e]::tests::test_credentials_store_should_serialize_concurrent_replacements
[INFO] [stdout]   14:     0x582c8b2a7589 - <sealtask_client_auth[4acc10a64273969e]::tests::test_credentials_store_should_serialize_concurrent_replacements::{closure#0} as core[df12db4294e9bfd3]::ops::function::FnOnce<()>>::call_once
[INFO] [stdout]   15:     0x582c8b5538eb - test[9d35eded1c95d3be]::__rust_begin_short_backtrace::<core[df12db4294e9bfd3]::result::Result<(), alloc[2182bb758b4b3781]::string::String>, fn() -> core[df12db4294e9bfd3]::result::Result<(), alloc[2182bb758b4b3781]::string::String>>
[INFO] [stdout]   16:     0x582c8b560f55 - test[9d35eded1c95d3be]::run_test::{closure#0}
[INFO] [stdout]   17:     0x582c8b55a814 - std[70759c8f55707aa4]::sys::backtrace::__rust_begin_short_backtrace::<test[9d35eded1c95d3be]::run_test::{closure#1}, ()>
[INFO] [stdout]   18:     0x582c8b5640b2 - <std[70759c8f55707aa4]::thread::lifecycle::spawn_unchecked<test[9d35eded1c95d3be]::run_test::{closure#1}, ()>::{closure#1} as core[df12db4294e9bfd3]::ops::function::FnOnce<()>>::call_once::{shim:vtable#0}
[INFO] [stdout]   19:     0x582c8b676319 - <std[70759c8f55707aa4]::sys::thread::unix::Thread>::new::thread_start
[INFO] [stdout]   20:     0x717c6668edfa - <unknown>
[INFO] [stdout]   21:     0x717c667223d4 - clone
[INFO] [stdout]   22:                0x0 - <unknown>
[INFO] [stdout] 
[INFO] [stdout] ---- tests::test_credentials_store_should_serialize_refresh_redemption_across_processes stdout ----
[INFO] [stdout] 
[INFO] [stdout] thread 'tests::test_credentials_store_should_serialize_refresh_redemption_across_processes' (2957) panicked at src/lib.rs:3336:14:
[INFO] [stdout] private test directory: Custom { kind: ReadOnlyFilesystem, error: PathError { path: "/opt/rustwide/workdir/./.sealtask-client-auth-test-C6tJN8", err: Os { code: 30, kind: ReadOnlyFilesystem, message: "Read-only file system" } } }
[INFO] [stdout] stack backtrace:
[INFO] [stdout]    0:     0x582c8b677301 - <<std[70759c8f55707aa4]::sys::backtrace::BacktraceLock>::print::DisplayBacktrace as core[df12db4294e9bfd3]::fmt::Display>::fmt
[INFO] [stdout]    1:     0x582c8b68f36a - core[df12db4294e9bfd3]::fmt::write
[INFO] [stdout]    2:     0x582c8b67c51c - <alloc[2182bb758b4b3781]::vec::Vec<u8> as core[df12db4294e9bfd3]::io::write::Write>::write_fmt
[INFO] [stdout]    3:     0x582c8b64ed16 - std[70759c8f55707aa4]::panicking::default_hook::{closure#0}
[INFO] [stdout]    4:     0x582c8b66d759 - std[70759c8f55707aa4]::panicking::default_hook
[INFO] [stdout]    5:     0x582c8b560600 - test[9d35eded1c95d3be]::test_main_inner::<test[9d35eded1c95d3be]::test_main_static::{closure#0}>::{closure#0}
[INFO] [stdout]    6:     0x582c8b66da82 - std[70759c8f55707aa4]::panicking::panic_with_hook
[INFO] [stdout]    7:     0x582c8b64edc2 - std[70759c8f55707aa4]::panicking::panic_handler::{closure#0}
[INFO] [stdout]    8:     0x582c8b6474b9 - std[70759c8f55707aa4]::sys::backtrace::__rust_end_short_backtrace::<std[70759c8f55707aa4]::panicking::panic_handler::{closure#0}, !>
[INFO] [stdout]    9:     0x582c8b65006d - __rustc[8fa7c3cbc660c2b3]::rust_begin_unwind
[INFO] [stdout]   10:     0x582c8b68facc - core[df12db4294e9bfd3]::panicking::panic_fmt
[INFO] [stdout]   11:     0x582c8b68f8a2 - core[df12db4294e9bfd3]::result::unwrap_failed
[INFO] [stdout]   12:     0x582c8b286fd0 - sealtask_client_auth[4acc10a64273969e]::tests::private_temp_dir
[INFO] [stdout]   13:     0x582c8b27fefa - sealtask_client_auth[4acc10a64273969e]::tests::test_credentials_store_should_serialize_refresh_redemption_across_processes::{closure#0}
[INFO] [stdout]   14:     0x582c8b3271eb - <tokio[2e18f11023fdbd36]::runtime::runtime::Runtime>::block_on::<core[df12db4294e9bfd3]::pin::Pin<&mut dyn core[df12db4294e9bfd3]::future::future::Future<Output = ()>>>
[INFO] [stdout]   15:     0x582c8b29610f - sealtask_client_auth[4acc10a64273969e]::tests::test_credentials_store_should_serialize_refresh_redemption_across_processes
[INFO] [stdout]   16:     0x582c8b2a7709 - <sealtask_client_auth[4acc10a64273969e]::tests::test_credentials_store_should_serialize_refresh_redemption_across_processes::{closure#0} as core[df12db4294e9bfd3]::ops::function::FnOnce<()>>::call_once
[INFO] [stdout]   17:     0x582c8b5538eb - test[9d35eded1c95d3be]::__rust_begin_short_backtrace::<core[df12db4294e9bfd3]::result::Result<(), alloc[2182bb758b4b3781]::string::String>, fn() -> core[df12db4294e9bfd3]::result::Result<(), alloc[2182bb758b4b3781]::string::String>>
[INFO] [stdout]   18:     0x582c8b560f55 - test[9d35eded1c95d3be]::run_test::{closure#0}
[INFO] [stdout]   19:     0x582c8b55a814 - std[70759c8f55707aa4]::sys::backtrace::__rust_begin_short_backtrace::<test[9d35eded1c95d3be]::run_test::{closure#1}, ()>
[INFO] [stdout]   20:     0x582c8b5640b2 - <std[70759c8f55707aa4]::thread::lifecycle::spawn_unchecked<test[9d35eded1c95d3be]::run_test::{closure#1}, ()>::{closure#1} as core[df12db4294e9bfd3]::ops::function::FnOnce<()>>::call_once::{shim:vtable#0}
[INFO] [stdout]   21:     0x582c8b676319 - <std[70759c8f55707aa4]::sys::thread::unix::Thread>::new::thread_start
[INFO] [stdout]   22:     0x717c6668edfa - <unknown>
[INFO] [stdout]   23:     0x717c667223d4 - clone
[INFO] [stdout]   24:                0x0 - <unknown>
[INFO] [stdout] 
[INFO] [stdout] ---- tests::test_persisted_data_key_round_trips_through_test_backend stdout ----
[INFO] [stdout] 
[INFO] [stdout] thread 'tests::test_persisted_data_key_round_trips_through_test_backend' (2959) panicked at src/lib.rs:3336:14:
[INFO] [stdout] private test directory: Custom { kind: ReadOnlyFilesystem, error: PathError { path: "/opt/rustwide/workdir/./.sealtask-client-auth-test-rw4BHp", err: Os { code: 30, kind: ReadOnlyFilesystem, message: "Read-only file system" } } }
[INFO] [stdout] stack backtrace:
[INFO] [stdout]    0:     0x582c8b677301 - <<std[70759c8f55707aa4]::sys::backtrace::BacktraceLock>::print::DisplayBacktrace as core[df12db4294e9bfd3]::fmt::Display>::fmt
[INFO] [stdout]    1:     0x582c8b68f36a - core[df12db4294e9bfd3]::fmt::write
[INFO] [stdout]    2:     0x582c8b67c51c - <alloc[2182bb758b4b3781]::vec::Vec<u8> as core[df12db4294e9bfd3]::io::write::Write>::write_fmt
[INFO] [stdout]    3:     0x582c8b64ed16 - std[70759c8f55707aa4]::panicking::default_hook::{closure#0}
[INFO] [stdout]    4:     0x582c8b66d759 - std[70759c8f55707aa4]::panicking::default_hook
[INFO] [stdout]    5:     0x582c8b560600 - test[9d35eded1c95d3be]::test_main_inner::<test[9d35eded1c95d3be]::test_main_static::{closure#0}>::{closure#0}
[INFO] [stdout]    6:     0x582c8b66da82 - std[70759c8f55707aa4]::panicking::panic_with_hook
[INFO] [stdout]    7:     0x582c8b64edc2 - std[70759c8f55707aa4]::panicking::panic_handler::{closure#0}
[INFO] [stdout]    8:     0x582c8b6474b9 - std[70759c8f55707aa4]::sys::backtrace::__rust_end_short_backtrace::<std[70759c8f55707aa4]::panicking::panic_handler::{closure#0}, !>
[INFO] [stdout]    9:     0x582c8b65006d - __rustc[8fa7c3cbc660c2b3]::rust_begin_unwind
[INFO] [stdout]   10:     0x582c8b68facc - core[df12db4294e9bfd3]::panicking::panic_fmt
[INFO] [stdout]   11:     0x582c8b68f8a2 - core[df12db4294e9bfd3]::result::unwrap_failed
[INFO] [stdout]   12:     0x582c8b286fd0 - sealtask_client_auth[4acc10a64273969e]::tests::private_temp_dir
[INFO] [stdout]   13:     0x582c8b28ab4b - sealtask_client_auth[4acc10a64273969e]::tests::test_persisted_data_key_round_trips_through_test_backend
[INFO] [stdout]   14:     0x582c8b2a7489 - <sealtask_client_auth[4acc10a64273969e]::tests::test_persisted_data_key_round_trips_through_test_backend::{closure#0} as core[df12db4294e9bfd3]::ops::function::FnOnce<()>>::call_once
[INFO] [stdout]   15:     0x582c8b5538eb - test[9d35eded1c95d3be]::__rust_begin_short_backtrace::<core[df12db4294e9bfd3]::result::Result<(), alloc[2182bb758b4b3781]::string::String>, fn() -> core[df12db4294e9bfd3]::result::Result<(), alloc[2182bb758b4b3781]::string::String>>
[INFO] [stdout]   16:     0x582c8b560f55 - test[9d35eded1c95d3be]::run_test::{closure#0}
[INFO] [stdout]   17:     0x582c8b55a814 - std[70759c8f55707aa4]::sys::backtrace::__rust_begin_short_backtrace::<test[9d35eded1c95d3be]::run_test::{closure#1}, ()>
[INFO] [stdout]   18:     0x582c8b5640b2 - <std[70759c8f55707aa4]::thread::lifecycle::spawn_unchecked<test[9d35eded1c95d3be]::run_test::{closure#1}, ()>::{closure#1} as core[df12db4294e9bfd3]::ops::function::FnOnce<()>>::call_once::{shim:vtable#0}
[INFO] [stdout]   19:     0x582c8b676319 - <std[70759c8f55707aa4]::sys::thread::unix::Thread>::new::thread_start
[INFO] [stdout]   20:     0x717c6668edfa - <unknown>
[INFO] [stdout]   21:     0x717c667223d4 - clone
[INFO] [stdout]   22:                0x0 - <unknown>
[INFO] [stdout] 
[INFO] [stdout] ---- tests::test_credentials_store_should_reject_a_changed_crypto_context_before_refresh stdout ----
[INFO] [stdout] 
[INFO] [stdout] thread 'tests::test_credentials_store_should_reject_a_changed_crypto_context_before_refresh' (2954) panicked at src/lib.rs:3336:14:
[INFO] [stdout] private test directory: Custom { kind: ReadOnlyFilesystem, error: PathError { path: "/opt/rustwide/workdir/./.sealtask-client-auth-test-yfU6t0", err: Os { code: 30, kind: ReadOnlyFilesystem, message: "Read-only file system" } } }
[INFO] [stdout] stack backtrace:
[INFO] [stdout]    0:     0x582c8b677301 - <<std[70759c8f55707aa4]::sys::backtrace::BacktraceLock>::print::DisplayBacktrace as core[df12db4294e9bfd3]::fmt::Display>::fmt
[INFO] [stdout]    1:     0x582c8b68f36a - core[df12db4294e9bfd3]::fmt::write
[INFO] [stdout]    2:     0x582c8b67c51c - <alloc[2182bb758b4b3781]::vec::Vec<u8> as core[df12db4294e9bfd3]::io::write::Write>::write_fmt
[INFO] [stdout]    3:     0x582c8b64ed16 - std[70759c8f55707aa4]::panicking::default_hook::{closure#0}
[INFO] [stdout]    4:     0x582c8b66d759 - std[70759c8f55707aa4]::panicking::default_hook
[INFO] [stdout]    5:     0x582c8b560600 - test[9d35eded1c95d3be]::test_main_inner::<test[9d35eded1c95d3be]::test_main_static::{closure#0}>::{closure#0}
[INFO] [stdout]    6:     0x582c8b66da82 - std[70759c8f55707aa4]::panicking::panic_with_hook
[INFO] [stdout]    7:     0x582c8b64edc2 - std[70759c8f55707aa4]::panicking::panic_handler::{closure#0}
[INFO] [stdout]    8:     0x582c8b6474b9 - std[70759c8f55707aa4]::sys::backtrace::__rust_end_short_backtrace::<std[70759c8f55707aa4]::panicking::panic_handler::{closure#0}, !>
[INFO] [stdout]    9:     0x582c8b65006d - __rustc[8fa7c3cbc660c2b3]::rust_begin_unwind
[INFO] [stdout]   10:     0x582c8b68facc - core[df12db4294e9bfd3]::panicking::panic_fmt
[INFO] [stdout]   11:     0x582c8b68f8a2 - core[df12db4294e9bfd3]::result::unwrap_failed
[INFO] [stdout]   12:     0x582c8b286fd0 - sealtask_client_auth[4acc10a64273969e]::tests::private_temp_dir
[INFO] [stdout]   13:     0x582c8b281da6 - sealtask_client_auth[4acc10a64273969e]::tests::test_credentials_store_should_reject_a_changed_crypto_context_before_refresh::{closure#0}
[INFO] [stdout]   14:     0x582c8b2fed93 - <tokio[2e18f11023fdbd36]::runtime::scheduler::current_thread::Context>::enter::<core[df12db4294e9bfd3]::task::poll::Poll<()>, <tokio[2e18f11023fdbd36]::runtime::scheduler::current_thread::CoreGuard>::block_on<core[df12db4294e9bfd3]::pin::Pin<&mut core[df12db4294e9bfd3]::pin::Pin<&mut dyn core[df12db4294e9bfd3]::future::future::Future<Output = ()>>>>::{closure#0}::{closure#0}>
[INFO] [stdout]   15:     0x582c8b32742c - <tokio[2e18f11023fdbd36]::runtime::context::scoped::Scoped<tokio[2e18f11023fdbd36]::runtime::scheduler::Context>>::set::<<tokio[2e18f11023fdbd36]::runtime::scheduler::current_thread::CoreGuard>::enter<<tokio[2e18f11023fdbd36]::runtime::scheduler::current_thread::CoreGuard>::block_on<core[df12db4294e9bfd3]::pin::Pin<&mut core[df12db4294e9bfd3]::pin::Pin<&mut dyn core[df12db4294e9bfd3]::future::future::Future<Output = ()>>>>::{closure#0}, core[df12db4294e9bfd3]::option::Option<()>>::{closure#0}, (alloc[2182bb758b4b3781]::boxed::Box<tokio[2e18f11023fdbd36]::runtime::scheduler::current_thread::Core>, core[df12db4294e9bfd3]::option::Option<()>)>
[INFO] [stdout]   16:     0x582c8b2ffbe7 - <tokio[2e18f11023fdbd36]::runtime::scheduler::current_thread::CoreGuard>::block_on::<core[df12db4294e9bfd3]::pin::Pin<&mut core[df12db4294e9bfd3]::pin::Pin<&mut dyn core[df12db4294e9bfd3]::future::future::Future<Output = ()>>>>
[INFO] [stdout]   17:     0x582c8b32aacd - tokio[2e18f11023fdbd36]::runtime::context::runtime::enter_runtime::<<tokio[2e18f11023fdbd36]::runtime::scheduler::current_thread::CurrentThread>::block_on<core[df12db4294e9bfd3]::pin::Pin<&mut dyn core[df12db4294e9bfd3]::future::future::Future<Output = ()>>>::{closure#0}, ()>
[INFO] [stdout]   18:     0x582c8b3270ce - <tokio[2e18f11023fdbd36]::runtime::runtime::Runtime>::block_on::<core[df12db4294e9bfd3]::pin::Pin<&mut dyn core[df12db4294e9bfd3]::future::future::Future<Output = ()>>>
[INFO] [stdout]   19:     0x582c8b2963ab - sealtask_client_auth[4acc10a64273969e]::tests::test_credentials_store_should_reject_a_changed_crypto_context_before_refresh
[INFO] [stdout]   20:     0x582c8b2a7749 - <sealtask_client_auth[4acc10a64273969e]::tests::test_credentials_store_should_reject_a_changed_crypto_context_before_refresh::{closure#0} as core[df12db4294e9bfd3]::ops::function::FnOnce<()>>::call_once
[INFO] [stdout]   21:     0x582c8b5538eb - test[9d35eded1c95d3be]::__rust_begin_short_backtrace::<core[df12db4294e9bfd3]::result::Result<(), alloc[2182bb758b4b3781]::string::String>, fn() -> core[df12db4294e9bfd3]::result::Result<(), alloc[2182bb758b4b3781]::string::String>>
[INFO] [stdout]   22:     0x582c8b560f55 - test[9d35eded1c95d3be]::run_test::{closure#0}
[INFO] [stdout]   23:     0x582c8b55a814 - std[70759c8f55707aa4]::sys::backtrace::__rust_begin_short_backtrace::<test[9d35eded1c95d3be]::run_test::{closure#1}, ()>
[INFO] [stdout]   24:     0x582c8b5640b2 - <std[70759c8f55707aa4]::thread::lifecycle::spawn_unchecked<test[9d35eded1c95d3be]::run_test::{closure#1}, ()>::{closure#1} as core[df12db4294e9bfd3]::ops::function::FnOnce<()>>::call_once::{shim:vtable#0}
[INFO] [stdout]   25:     0x582c8b676319 - <std[70759c8f55707aa4]::sys::thread::unix::Thread>::new::thread_start
[INFO] [stdout]   26:     0x717c6668edfa - <unknown>
[INFO] [stdout]   27:     0x717c667223d4 - clone
[INFO] [stdout]   28:                0x0 - <unknown>
[INFO] [stdout] 
[INFO] [stdout] ---- tests::test_credentials_store_should_not_run_guarded_writes_for_a_stale_snapshot stdout ----
[INFO] [stdout] 
[INFO] [stdout] thread 'tests::test_credentials_store_should_not_run_guarded_writes_for_a_stale_snapshot' (2953) panicked at src/lib.rs:3336:14:
[INFO] [stdout] private test directory: Custom { kind: ReadOnlyFilesystem, error: PathError { path: "/opt/rustwide/workdir/./.sealtask-client-auth-test-ywHto6", err: Os { code: 30, kind: ReadOnlyFilesystem, message: "Read-only file system" } } }
[INFO] [stdout] stack backtrace:
[INFO] [stdout]    0:     0x582c8b677301 - <<std[70759c8f55707aa4]::sys::backtrace::BacktraceLock>::print::DisplayBacktrace as core[df12db4294e9bfd3]::fmt::Display>::fmt
[INFO] [stdout]    1:     0x582c8b68f36a - core[df12db4294e9bfd3]::fmt::write
[INFO] [stdout]    2:     0x582c8b67c51c - <alloc[2182bb758b4b3781]::vec::Vec<u8> as core[df12db4294e9bfd3]::io::write::Write>::write_fmt
[INFO] [stdout]    3:     0x582c8b64ed16 - std[70759c8f55707aa4]::panicking::default_hook::{closure#0}
[INFO] [stdout]    4:     0x582c8b66d759 - std[70759c8f55707aa4]::panicking::default_hook
[INFO] [stdout]    5:     0x582c8b560600 - test[9d35eded1c95d3be]::test_main_inner::<test[9d35eded1c95d3be]::test_main_static::{closure#0}>::{closure#0}
[INFO] [stdout]    6:     0x582c8b66da82 - std[70759c8f55707aa4]::panicking::panic_with_hook
[INFO] [stdout]    7:     0x582c8b64edc2 - std[70759c8f55707aa4]::panicking::panic_handler::{closure#0}
[INFO] [stdout]    8:     0x582c8b6474b9 - std[70759c8f55707aa4]::sys::backtrace::__rust_end_short_backtrace::<std[70759c8f55707aa4]::panicking::panic_handler::{closure#0}, !>
[INFO] [stdout]    9:     0x582c8b65006d - __rustc[8fa7c3cbc660c2b3]::rust_begin_unwind
[INFO] [stdout]   10:     0x582c8b68facc - core[df12db4294e9bfd3]::panicking::panic_fmt
[INFO] [stdout]   11:     0x582c8b68f8a2 - core[df12db4294e9bfd3]::result::unwrap_failed
[INFO] [stdout]   12:     0x582c8b286fd0 - sealtask_client_auth[4acc10a64273969e]::tests::private_temp_dir
[INFO] [stdout]   13:     0x582c8b29537b - sealtask_client_auth[4acc10a64273969e]::tests::test_credentials_store_should_not_run_guarded_writes_for_a_stale_snapshot
[INFO] [stdout]   14:     0x582c8b2a76a9 - <sealtask_client_auth[4acc10a64273969e]::tests::test_credentials_store_should_not_run_guarded_writes_for_a_stale_snapshot::{closure#0} as core[df12db4294e9bfd3]::ops::function::FnOnce<()>>::call_once
[INFO] [stdout]   15:     0x582c8b5538eb - test[9d35eded1c95d3be]::__rust_begin_short_backtrace::<core[df12db4294e9bfd3]::result::Result<(), alloc[2182bb758b4b3781]::string::String>, fn() -> core[df12db4294e9bfd3]::result::Result<(), alloc[2182bb758b4b3781]::string::String>>
[INFO] [stdout]   16:     0x582c8b560f55 - test[9d35eded1c95d3be]::run_test::{closure#0}
[INFO] [stdout]   17:     0x582c8b55a814 - std[70759c8f55707aa4]::sys::backtrace::__rust_begin_short_backtrace::<test[9d35eded1c95d3be]::run_test::{closure#1}, ()>
[INFO] [stdout]   18:     0x582c8b5640b2 - <std[70759c8f55707aa4]::thread::lifecycle::spawn_unchecked<test[9d35eded1c95d3be]::run_test::{closure#1}, ()>::{closure#1} as core[df12db4294e9bfd3]::ops::function::FnOnce<()>>::call_once::{shim:vtable#0}
[INFO] [stdout]   19:     0x582c8b676319 - <std[70759c8f55707aa4]::sys::thread::unix::Thread>::new::thread_start
[INFO] [stdout]   20:     0x717c6668edfa - <unknown>
[INFO] [stdout]   21:     0x717c667223d4 - clone
[INFO] [stdout]   22:                0x0 - <unknown>
[INFO] [stdout] 
[INFO] [stdout] ---- tests::test_credentials_store_should_bound_refresh_and_release_the_lock_on_timeout stdout ----
[INFO] [stdout] 
[INFO] [stdout] thread 'tests::test_credentials_store_should_bound_refresh_and_release_the_lock_on_timeout' (2951) panicked at src/lib.rs:3336:14:
[INFO] [stdout] private test directory: Custom { kind: ReadOnlyFilesystem, error: PathError { path: "/opt/rustwide/workdir/./.sealtask-client-auth-test-lInRmx", err: Os { code: 30, kind: ReadOnlyFilesystem, message: "Read-only file system" } } }
[INFO] [stdout] stack backtrace:
[INFO] [stdout]    0:     0x582c8b677301 - <<std[70759c8f55707aa4]::sys::backtrace::BacktraceLock>::print::DisplayBacktrace as core[df12db4294e9bfd3]::fmt::Display>::fmt
[INFO] [stdout]    1:     0x582c8b68f36a - core[df12db4294e9bfd3]::fmt::write
[INFO] [stdout]    2:     0x582c8b67c51c - <alloc[2182bb758b4b3781]::vec::Vec<u8> as core[df12db4294e9bfd3]::io::write::Write>::write_fmt
[INFO] [stdout]    3:     0x582c8b64ed16 - std[70759c8f55707aa4]::panicking::default_hook::{closure#0}
[INFO] [stdout]    4:     0x582c8b66d759 - std[70759c8f55707aa4]::panicking::default_hook
[INFO] [stdout]    5:     0x582c8b560600 - test[9d35eded1c95d3be]::test_main_inner::<test[9d35eded1c95d3be]::test_main_static::{closure#0}>::{closure#0}
[INFO] [stdout]    6:     0x582c8b66da82 - std[70759c8f55707aa4]::panicking::panic_with_hook
[INFO] [stdout]    7:     0x582c8b64edc2 - std[70759c8f55707aa4]::panicking::panic_handler::{closure#0}
[INFO] [stdout]    8:     0x582c8b6474b9 - std[70759c8f55707aa4]::sys::backtrace::__rust_end_short_backtrace::<std[70759c8f55707aa4]::panicking::panic_handler::{closure#0}, !>
[INFO] [stdout]    9:     0x582c8b65006d - __rustc[8fa7c3cbc660c2b3]::rust_begin_unwind
[INFO] [stdout]   10:     0x582c8b68facc - core[df12db4294e9bfd3]::panicking::panic_fmt
[INFO] [stdout]   11:     0x582c8b68f8a2 - core[df12db4294e9bfd3]::result::unwrap_failed
[INFO] [stdout]   12:     0x582c8b286fd0 - sealtask_client_auth[4acc10a64273969e]::tests::private_temp_dir
[INFO] [stdout]   13:     0x582c8b27ed47 - sealtask_client_auth[4acc10a64273969e]::tests::test_credentials_store_should_bound_refresh_and_release_the_lock_on_timeout::{closure#0}
[INFO] [stdout]   14:     0x582c8b3271eb - <tokio[2e18f11023fdbd36]::runtime::runtime::Runtime>::block_on::<core[df12db4294e9bfd3]::pin::Pin<&mut dyn core[df12db4294e9bfd3]::future::future::Future<Output = ()>>>
[INFO] [stdout]   15:     0x582c8b295faf - sealtask_client_auth[4acc10a64273969e]::tests::test_credentials_store_should_bound_refresh_and_release_the_lock_on_timeout
[INFO] [stdout]   16:     0x582c8b2a76e9 - <sealtask_client_auth[4acc10a64273969e]::tests::test_credentials_store_should_bound_refresh_and_release_the_lock_on_timeout::{closure#0} as core[df12db4294e9bfd3]::ops::function::FnOnce<()>>::call_once
[INFO] [stdout]   17:     0x582c8b5538eb - test[9d35eded1c95d3be]::__rust_begin_short_backtrace::<core[df12db4294e9bfd3]::result::Result<(), alloc[2182bb758b4b3781]::string::String>, fn() -> core[df12db4294e9bfd3]::result::Result<(), alloc[2182bb758b4b3781]::string::String>>
[INFO] [stdout]   18:     0x582c8b560f55 - test[9d35eded1c95d3be]::run_test::{closure#0}
[INFO] [stdout]   19:     0x582c8b55a814 - std[70759c8f55707aa4]::sys::backtrace::__rust_begin_short_backtrace::<test[9d35eded1c95d3be]::run_test::{closure#1}, ()>
[INFO] [stdout]   20:     0x582c8b5640b2 - <std[70759c8f55707aa4]::thread::lifecycle::spawn_unchecked<test[9d35eded1c95d3be]::run_test::{closure#1}, ()>::{closure#1} as core[df12db4294e9bfd3]::ops::function::FnOnce<()>>::call_once::{shim:vtable#0}
[INFO] [stdout]   21:     0x582c8b676319 - <std[70759c8f55707aa4]::sys::thread::unix::Thread>::new::thread_start
[INFO] [stdout]   22:     0x717c6668edfa - <unknown>
[INFO] [stdout]   23:     0x717c667223d4 - clone
[INFO] [stdout]   24:                0x0 - <unknown>
[INFO] [stdout] 
[INFO] [stdout] 
[INFO] [stdout] failures:
[INFO] [stdout]     tests::credential_identity_guard_allows_token_refresh_but_returns_current_credentials
[INFO] [stdout]     tests::credential_identity_guard_rejects_api_account_or_data_key_switches
[INFO] [stdout]     tests::credentials_file_rejects_symlinks_hardlinks_fifos_and_broad_modes
[INFO] [stdout]     tests::credentials_file_size_bound_accepts_exact_limit_and_rejects_one_more
[INFO] [stdout]     tests::credentials_lock_wait_is_bounded
[INFO] [stdout]     tests::credentials_replacement_is_durable_and_leaves_no_temporary_file
[INFO] [stdout]     tests::test_credentials_store_should_atomically_compare_and_swap
[INFO] [stdout]     tests::test_credentials_store_should_bound_refresh_and_release_the_lock_on_timeout
[INFO] [stdout]     tests::test_credentials_store_should_clean_up_the_latest_snapshot_before_replace
[INFO] [stdout]     tests::test_credentials_store_should_not_run_guarded_writes_for_a_stale_snapshot
[INFO] [stdout]     tests::test_credentials_store_should_reject_a_changed_crypto_context_before_refresh
[INFO] [stdout]     tests::test_credentials_store_should_serialize_concurrent_replacements
[INFO] [stdout]     tests::test_credentials_store_should_serialize_refresh_redemption_across_processes
[INFO] [stdout]     tests::test_persisted_data_key_round_trips_through_test_backend
[INFO] [stdout] 
[INFO] [stdout] test result: FAILED. 27 passed; 14 failed; 0 ignored; 0 measured; 0 filtered out; finished in 0.48s
[INFO] [stdout] 
[INFO] [stderr] error: test failed, to rerun pass `--lib`
[INFO] running `Command { std: "docker" "inspect" "d214bef6acbd0b3a2a2ec9304395da0cab677e0b3293c9f1bd12800886c2f804", kill_on_drop: false }`
[INFO] running `Command { std: "docker" "rm" "-f" "d214bef6acbd0b3a2a2ec9304395da0cab677e0b3293c9f1bd12800886c2f804", kill_on_drop: false }`
[INFO] [stdout] d214bef6acbd0b3a2a2ec9304395da0cab677e0b3293c9f1bd12800886c2f804
