[INFO] fetching crate sealenv 0.1.0...
[INFO] testing sealenv-0.1.0 against 1.99.0-beta.8+cargoflags=--release for beta-release-1.100-2
[INFO] extracting crate sealenv 0.1.0 into /workspace/builds/worker-0-tc1/source
[INFO] started tweaking crates.io crate sealenv 0.1.0
[INFO] removed 0 missing tests
[INFO] finished tweaking crates.io crate sealenv 0.1.0
[INFO] tweaked toml for crates.io crate sealenv 0.1.0 written to /workspace/builds/worker-0-tc1/source/Cargo.toml
[INFO] validating manifest of crates.io crate sealenv 0.1.0 on toolchain 1.99.0-beta.8
[INFO] running `Command { std: CARGO_HOME="/workspace/cargo-home" RUSTUP_HOME="/workspace/rustup-home" "/workspace/cargo-home/bin/cargo" "+1.99.0-beta.8" "metadata" "--manifest-path" "Cargo.toml" "--no-deps", kill_on_drop: false }`
[INFO] crate crates.io crate sealenv 0.1.0 already has a lockfile, it will not be regenerated
[INFO] running `Command { std: CARGO_HOME="/workspace/cargo-home" RUSTUP_HOME="/workspace/rustup-home" "/workspace/cargo-home/bin/cargo" "+1.99.0-beta.8" "fetch" "--manifest-path" "Cargo.toml", kill_on_drop: false }`
[INFO] [stderr]  Downloading crates ...
[INFO] [stderr]   Downloaded cc v1.2.60
[INFO] running `Command { std: "docker" "create" "-v" "/var/lib/crater-agent-workspace/builds/worker-0-tc1/source:/opt/rustwide/workdir:ro,Z" "-v" "/var/lib/crater-agent-workspace/builds/worker-0-tc1/target:/opt/rustwide/target:rw,Z" "-v" "/var/lib/crater-agent-workspace/cargo-home:/opt/rustwide/cargo-home:ro,Z" "-v" "/var/lib/crater-agent-workspace/rustup-home:/opt/rustwide/rustup-home:ro,Z" "-m" "1610612736" "--network" "none" "ghcr.io/rust-lang/crates-build-env/linux@sha256:77db811e55d90add9212f6832c23229e3de5f1c1f9905e8cb07319ea15df73ac" "sleep" "infinity", kill_on_drop: false }`
[INFO] [stdout] 097e3d68b2cf83cf63714a58d26ca19afccaf56321e01bf456c483fcca88ee4a
[INFO] running `Command { std: "docker" "start" "097e3d68b2cf83cf63714a58d26ca19afccaf56321e01bf456c483fcca88ee4a", kill_on_drop: false }`
[INFO] running `Command { std: "docker" "inspect" "097e3d68b2cf83cf63714a58d26ca19afccaf56321e01bf456c483fcca88ee4a", kill_on_drop: false }`
[INFO] running `Command { std: "docker" "exec" "-e" "SOURCE_DIR=/opt/rustwide/workdir" "-e" "CARGO_HOME=/opt/rustwide/cargo-home" "-e" "RUSTUP_HOME=/opt/rustwide/rustup-home" "-e" "CARGO_TARGET_DIR=/opt/rustwide/target" "-w" "/opt/rustwide/workdir" "--user" "0:0" "097e3d68b2cf83cf63714a58d26ca19afccaf56321e01bf456c483fcca88ee4a" "/opt/rustwide/cargo-home/bin/cargo" "+1.99.0-beta.8" "metadata" "--no-deps" "--format-version=1", kill_on_drop: false }`
[INFO] running `Command { std: "docker" "inspect" "097e3d68b2cf83cf63714a58d26ca19afccaf56321e01bf456c483fcca88ee4a", kill_on_drop: false }`
[INFO] running `Command { std: "docker" "exec" "-e" "SOURCE_DIR=/opt/rustwide/workdir" "-e" "CARGO_HOME=/opt/rustwide/cargo-home" "-e" "RUSTUP_HOME=/opt/rustwide/rustup-home" "-e" "CARGO_TARGET_DIR=/opt/rustwide/target" "-e" "CARGO_INCREMENTAL=0" "-e" "RUST_BACKTRACE=full" "-e" "RUSTFLAGS=--cap-lints=warn" "-e" "RUSTDOCFLAGS=--cap-lints=warn" "-w" "/opt/rustwide/workdir" "--user" "0:0" "097e3d68b2cf83cf63714a58d26ca19afccaf56321e01bf456c483fcca88ee4a" "/opt/rustwide/cargo-home/bin/cargo" "+1.99.0-beta.8" "build" "--frozen" "--message-format=json" "--release", kill_on_drop: false }`
[INFO] [stderr]    Compiling quote v1.0.45
[INFO] [stderr]    Compiling libc v0.2.185
[INFO] [stderr]    Compiling zerocopy v0.8.48
[INFO] [stderr]    Compiling utf8parse v0.2.2
[INFO] [stderr]    Compiling hashbrown v0.17.0
[INFO] [stderr]    Compiling cc v1.2.60
[INFO] [stderr]    Compiling is_terminal_polyfill v1.70.2
[INFO] [stderr]    Compiling colorchoice v1.0.5
[INFO] [stderr]    Compiling anstyle-query v1.1.5
[INFO] [stderr]    Compiling anstyle v1.0.14
[INFO] [stderr]    Compiling winnow v0.7.15
[INFO] [stderr]    Compiling heck v0.5.0
[INFO] [stderr]    Compiling strsim v0.11.1
[INFO] [stderr]    Compiling clap_lex v1.1.0
[INFO] [stderr]    Compiling option-ext v0.2.0
[INFO] [stderr]    Compiling colored v2.2.0
[INFO] [stderr]    Compiling anyhow v1.0.102
[INFO] [stderr]    Compiling anstyle-parse v1.0.0
[INFO] [stderr]    Compiling anstream v1.0.0
[INFO] [stderr]    Compiling syn v2.0.117
[INFO] [stderr]    Compiling clap_builder v4.6.0
[INFO] [stderr]    Compiling indexmap v2.14.0
[INFO] [stderr]    Compiling ring v0.17.14
[INFO] [stderr]    Compiling getrandom v0.2.17
[INFO] [stderr]    Compiling dirs-sys v0.4.1
[INFO] [stderr]    Compiling dirs v5.0.1
[INFO] [stderr]    Compiling rand_core v0.6.4
[INFO] [stderr]    Compiling serde_derive v1.0.228
[INFO] [stderr]    Compiling clap_derive v4.6.1
[INFO] [stderr]    Compiling clap v4.6.1
[INFO] [stderr]    Compiling serde v1.0.228
[INFO] [stderr]    Compiling ppv-lite86 v0.2.21
[INFO] [stderr]    Compiling serde_spanned v0.6.9
[INFO] [stderr]    Compiling toml_datetime v0.6.11
[INFO] [stderr]    Compiling toml_edit v0.22.27
[INFO] [stderr]    Compiling rand_chacha v0.3.1
[INFO] [stderr]    Compiling rand v0.8.6
[INFO] [stderr]    Compiling toml v0.8.23
[INFO] [stderr]    Compiling sealenv v0.1.0 (/opt/rustwide/workdir)
[INFO] [stderr]     Finished `release` profile [optimized] target(s) in 49.54s
[INFO] running `Command { std: "docker" "inspect" "097e3d68b2cf83cf63714a58d26ca19afccaf56321e01bf456c483fcca88ee4a", kill_on_drop: false }`
[INFO] running `Command { std: "docker" "exec" "-e" "SOURCE_DIR=/opt/rustwide/workdir" "-e" "CARGO_HOME=/opt/rustwide/cargo-home" "-e" "RUSTUP_HOME=/opt/rustwide/rustup-home" "-e" "CARGO_TARGET_DIR=/opt/rustwide/target" "-e" "CARGO_INCREMENTAL=0" "-e" "RUST_BACKTRACE=full" "-e" "RUSTFLAGS=--cap-lints=warn" "-e" "RUSTDOCFLAGS=--cap-lints=warn" "-w" "/opt/rustwide/workdir" "--user" "0:0" "097e3d68b2cf83cf63714a58d26ca19afccaf56321e01bf456c483fcca88ee4a" "/opt/rustwide/cargo-home/bin/cargo" "+1.99.0-beta.8" "test" "--frozen" "--no-run" "--message-format=json" "--release", kill_on_drop: false }`
[INFO] [stderr]    Compiling sealenv v0.1.0 (/opt/rustwide/workdir)
[INFO] [stderr]     Finished `release` profile [optimized] target(s) in 12.09s
[INFO] running `Command { std: "docker" "inspect" "097e3d68b2cf83cf63714a58d26ca19afccaf56321e01bf456c483fcca88ee4a", kill_on_drop: false }`
[INFO] running `Command { std: "docker" "exec" "-e" "SOURCE_DIR=/opt/rustwide/workdir" "-e" "CARGO_HOME=/opt/rustwide/cargo-home" "-e" "RUSTUP_HOME=/opt/rustwide/rustup-home" "-e" "CARGO_TARGET_DIR=/opt/rustwide/target" "-e" "CARGO_INCREMENTAL=0" "-e" "RUST_BACKTRACE=full" "-e" "RUSTFLAGS=--cap-lints=warn" "-e" "RUSTDOCFLAGS=--cap-lints=warn" "-w" "/opt/rustwide/workdir" "--user" "0:0" "097e3d68b2cf83cf63714a58d26ca19afccaf56321e01bf456c483fcca88ee4a" "/opt/rustwide/cargo-home/bin/cargo" "+1.99.0-beta.8" "test" "--frozen" "--release", kill_on_drop: false }`
[INFO] [stderr]     Finished `release` profile [optimized] target(s) in 0.09s
[INFO] [stderr]      Running unittests src/main.rs (/opt/rustwide/target/release/deps/sealenv-a62bb7de884f74a2)
[INFO] [stderr]      Running tests/integration_test.rs (/opt/rustwide/target/release/deps/integration_test-5f0a68fb4d792f37)
[INFO] [stdout] 
[INFO] [stdout] running 0 tests
[INFO] [stdout] 
[INFO] [stdout] test result: ok. 0 passed; 0 failed; 0 ignored; 0 measured; 0 filtered out; finished in 0.00s
[INFO] [stdout] 
[INFO] [stdout] 
[INFO] [stdout] running 4 tests
[INFO] [stdout] test test_decrypt_fails_with_wrong_key_home ... FAILED
[INFO] [stdout] test test_help_runs ... ok
[INFO] [stdout] test test_encrypt_decrypt_roundtrip ... ok
[INFO] [stderr] error: test failed, to rerun pass `--test integration_test`
[INFO] [stdout] test test_profile_create_and_switch ... ok
[INFO] [stdout] 
[INFO] [stdout] failures:
[INFO] [stdout] 
[INFO] [stdout] ---- test_decrypt_fails_with_wrong_key_home stdout ----
[INFO] [stdout] 
[INFO] [stdout] thread 'test_decrypt_fails_with_wrong_key_home' (759) panicked at tests/integration_test.rs:118:37:
[INFO] [stdout] failed to overwrite key: Os { code: 2, kind: NotFound, message: "No such file or directory" }
[INFO] [stdout] stack backtrace:
[INFO] [stdout]    0:     0x5776e9957077 - <unknown>
[INFO] [stdout]    1:     0x5776e993f61a - <unknown>
[INFO] [stdout]    2:     0x5776e995662b - <unknown>
[INFO] [stdout]    3:     0x5776e995610f - <unknown>
[INFO] [stdout]    4:     0x5776e9955d3a - <unknown>
[INFO] [stdout]    5:     0x5776e9955872 - <unknown>
[INFO] [stdout]    6:     0x5776e997cce1 - <unknown>
[INFO] [stdout]    7:     0x5776e997cc99 - <unknown>
[INFO] [stdout]    8:     0x5776e997d1ac - <unknown>
[INFO] [stdout]    9:     0x5776e993f4ab - <unknown>
[INFO] [stdout]   10:     0x5776e99426b1 - <unknown>
[INFO] [stdout]   11:     0x5776e993daa8 - <unknown>
[INFO] [stdout]   12:     0x5776e9996e6b - <unknown>
[INFO] [stdout]   13:     0x5776e9992fe1 - <unknown>
[INFO] [stdout]   14:     0x5776e99927cc - <unknown>
[INFO] [stdout]   15:     0x5776e99af0bc - <unknown>
[INFO] [stdout]   16:     0x5776e997e602 - <unknown>
[INFO] [stdout]   17:     0x7aa2d46cedfa - <unknown>
[INFO] [stdout]   18:     0x7aa2d47623d4 - clone
[INFO] [stdout]   19:                0x0 - <unknown>
[INFO] [stdout] 
[INFO] [stdout] 
[INFO] [stdout] failures:
[INFO] [stdout]     test_decrypt_fails_with_wrong_key_home
[INFO] [stdout] 
[INFO] [stdout] test result: FAILED. 3 passed; 1 failed; 0 ignored; 0 measured; 0 filtered out; finished in 0.02s
[INFO] [stdout] 
[INFO] running `Command { std: "docker" "inspect" "097e3d68b2cf83cf63714a58d26ca19afccaf56321e01bf456c483fcca88ee4a", kill_on_drop: false }`
[INFO] running `Command { std: "docker" "rm" "-f" "097e3d68b2cf83cf63714a58d26ca19afccaf56321e01bf456c483fcca88ee4a", kill_on_drop: false }`
[INFO] [stdout] 097e3d68b2cf83cf63714a58d26ca19afccaf56321e01bf456c483fcca88ee4a
