[INFO] fetching crate sealed-generic 0.1.1...
[INFO] testing sealed-generic-0.1.1 against 1.100.0-beta.1+cargoflags=--release for beta-release-1.100-2
[INFO] extracting crate sealed-generic 0.1.1 into /workspace/builds/worker-5-tc2/source
[INFO] started tweaking crates.io crate sealed-generic 0.1.1
[INFO] removed 0 missing tests
[INFO] finished tweaking crates.io crate sealed-generic 0.1.1
[INFO] tweaked toml for crates.io crate sealed-generic 0.1.1 written to /workspace/builds/worker-5-tc2/source/Cargo.toml
[INFO] validating manifest of crates.io crate sealed-generic 0.1.1 on toolchain 1.100.0-beta.1
[INFO] running `Command { std: CARGO_HOME="/workspace/cargo-home" RUSTUP_HOME="/workspace/rustup-home" "/workspace/cargo-home/bin/cargo" "+1.100.0-beta.1" "metadata" "--manifest-path" "Cargo.toml" "--no-deps", kill_on_drop: false }`
[INFO] crate crates.io crate sealed-generic 0.1.1 already has a lockfile, it will not be regenerated
[INFO] running `Command { std: CARGO_HOME="/workspace/cargo-home" RUSTUP_HOME="/workspace/rustup-home" "/workspace/cargo-home/bin/cargo" "+1.100.0-beta.1" "fetch" "--manifest-path" "Cargo.toml", kill_on_drop: false }`
[INFO] running `Command { std: "docker" "create" "-v" "/var/lib/crater-agent-workspace/builds/worker-5-tc2/source:/opt/rustwide/workdir:ro,Z" "-v" "/var/lib/crater-agent-workspace/builds/worker-5-tc2/target:/opt/rustwide/target:rw,Z" "-v" "/var/lib/crater-agent-workspace/cargo-home:/opt/rustwide/cargo-home:ro,Z" "-v" "/var/lib/crater-agent-workspace/rustup-home:/opt/rustwide/rustup-home:ro,Z" "-m" "1610612736" "--network" "none" "ghcr.io/rust-lang/crates-build-env/linux@sha256:77db811e55d90add9212f6832c23229e3de5f1c1f9905e8cb07319ea15df73ac" "sleep" "infinity", kill_on_drop: false }`
[INFO] [stdout] aa17bffd7658f4b5aad40302194d35776815466db1789b45f4eb9de1f83b53c9
[INFO] running `Command { std: "docker" "start" "aa17bffd7658f4b5aad40302194d35776815466db1789b45f4eb9de1f83b53c9", kill_on_drop: false }`
[INFO] running `Command { std: "docker" "inspect" "aa17bffd7658f4b5aad40302194d35776815466db1789b45f4eb9de1f83b53c9", kill_on_drop: false }`
[INFO] running `Command { std: "docker" "exec" "-e" "SOURCE_DIR=/opt/rustwide/workdir" "-e" "CARGO_HOME=/opt/rustwide/cargo-home" "-e" "RUSTUP_HOME=/opt/rustwide/rustup-home" "-e" "CARGO_TARGET_DIR=/opt/rustwide/target" "-w" "/opt/rustwide/workdir" "--user" "0:0" "aa17bffd7658f4b5aad40302194d35776815466db1789b45f4eb9de1f83b53c9" "/opt/rustwide/cargo-home/bin/cargo" "+1.100.0-beta.1" "metadata" "--no-deps" "--format-version=1", kill_on_drop: false }`
[INFO] running `Command { std: "docker" "inspect" "aa17bffd7658f4b5aad40302194d35776815466db1789b45f4eb9de1f83b53c9", kill_on_drop: false }`
[INFO] running `Command { std: "docker" "exec" "-e" "SOURCE_DIR=/opt/rustwide/workdir" "-e" "CARGO_HOME=/opt/rustwide/cargo-home" "-e" "RUSTUP_HOME=/opt/rustwide/rustup-home" "-e" "CARGO_TARGET_DIR=/opt/rustwide/target" "-e" "CARGO_INCREMENTAL=0" "-e" "RUST_BACKTRACE=full" "-e" "RUSTFLAGS=--cap-lints=warn" "-e" "RUSTDOCFLAGS=--cap-lints=warn" "-w" "/opt/rustwide/workdir" "--user" "0:0" "aa17bffd7658f4b5aad40302194d35776815466db1789b45f4eb9de1f83b53c9" "/opt/rustwide/cargo-home/bin/cargo" "+1.100.0-beta.1" "build" "--frozen" "--message-format=json" "--release", kill_on_drop: false }`
[INFO] [stderr]    Compiling proc-macro2 v1.0.101
[INFO] [stderr]    Compiling unicode-ident v1.0.19
[INFO] [stderr]    Compiling unicode-segmentation v1.12.0
[INFO] [stderr]    Compiling convert_case v0.8.0
[INFO] [stderr]    Compiling quote v1.0.40
[INFO] [stderr]    Compiling syn v2.0.106
[INFO] [stderr]    Compiling darling_core v0.21.3
[INFO] [stderr]    Compiling darling_macro v0.21.3
[INFO] [stderr]    Compiling darling v0.21.3
[INFO] [stderr]    Compiling sealed-generic v0.1.1 (/opt/rustwide/workdir)
[INFO] [stderr]     Finished `release` profile [optimized] target(s) in 12.98s
[INFO] running `Command { std: "docker" "inspect" "aa17bffd7658f4b5aad40302194d35776815466db1789b45f4eb9de1f83b53c9", kill_on_drop: false }`
[INFO] running `Command { std: "docker" "exec" "-e" "SOURCE_DIR=/opt/rustwide/workdir" "-e" "CARGO_HOME=/opt/rustwide/cargo-home" "-e" "RUSTUP_HOME=/opt/rustwide/rustup-home" "-e" "CARGO_TARGET_DIR=/opt/rustwide/target" "-e" "CARGO_INCREMENTAL=0" "-e" "RUST_BACKTRACE=full" "-e" "RUSTFLAGS=--cap-lints=warn" "-e" "RUSTDOCFLAGS=--cap-lints=warn" "-w" "/opt/rustwide/workdir" "--user" "0:0" "aa17bffd7658f4b5aad40302194d35776815466db1789b45f4eb9de1f83b53c9" "/opt/rustwide/cargo-home/bin/cargo" "+1.100.0-beta.1" "test" "--frozen" "--no-run" "--message-format=json" "--release", kill_on_drop: false }`
[INFO] [stderr]    Compiling serde_json v1.0.143
[INFO] [stderr]    Compiling target-triple v0.1.4
[INFO] [stderr]    Compiling proc-macro2 v1.0.101
[INFO] [stderr]    Compiling unicode-ident v1.0.19
[INFO] [stderr]    Compiling winnow v0.7.13
[INFO] [stderr]    Compiling memchr v2.7.5
[INFO] [stderr]    Compiling toml_writer v1.0.2
[INFO] [stderr]    Compiling serde v1.0.219
[INFO] [stderr]    Compiling ident_case v1.0.1
[INFO] [stderr]    Compiling glob v0.3.3
[INFO] [stderr]    Compiling unicode-segmentation v1.12.0
[INFO] [stderr]    Compiling termcolor v1.4.1
[INFO] [stderr]    Compiling serde_derive v1.0.219
[INFO] [stderr]    Compiling sealed-generic v0.1.1 (/opt/rustwide/workdir)
[INFO] [stderr]    Compiling convert_case v0.8.0
[INFO] [stderr]    Compiling quote v1.0.40
[INFO] [stderr]    Compiling syn v2.0.106
[INFO] [stderr]    Compiling toml_parser v1.0.2
[INFO] [stderr]    Compiling darling_core v0.21.3
[INFO] [stderr]    Compiling toml_datetime v0.7.0
[INFO] [stderr]    Compiling serde_spanned v1.0.0
[INFO] [stderr]    Compiling toml v0.9.5
[INFO] [stderr]    Compiling trybuild v1.0.110
[INFO] [stderr]    Compiling darling v0.21.3
[INFO] [stderr]     Finished `release` profile [optimized] target(s) in 1m 02s
[INFO] running `Command { std: "docker" "inspect" "aa17bffd7658f4b5aad40302194d35776815466db1789b45f4eb9de1f83b53c9", kill_on_drop: false }`
[INFO] running `Command { std: "docker" "exec" "-e" "SOURCE_DIR=/opt/rustwide/workdir" "-e" "CARGO_HOME=/opt/rustwide/cargo-home" "-e" "RUSTUP_HOME=/opt/rustwide/rustup-home" "-e" "CARGO_TARGET_DIR=/opt/rustwide/target" "-e" "CARGO_INCREMENTAL=0" "-e" "RUST_BACKTRACE=full" "-e" "RUSTFLAGS=--cap-lints=warn" "-e" "RUSTDOCFLAGS=--cap-lints=warn" "-w" "/opt/rustwide/workdir" "--user" "0:0" "aa17bffd7658f4b5aad40302194d35776815466db1789b45f4eb9de1f83b53c9" "/opt/rustwide/cargo-home/bin/cargo" "+1.100.0-beta.1" "test" "--frozen" "--release", kill_on_drop: false }`
[INFO] [stderr]     Finished `release` profile [optimized] target(s) in 0.11s
[INFO] [stderr]      Running unittests src/lib.rs (/opt/rustwide/target/release/build/sealed-generic/662d8f61922096a5/out/sealed_generic-662d8f61922096a5)
[INFO] [stderr]      Running tests/basic.rs (/opt/rustwide/target/release/build/sealed-generic/91ca5d8caea5d813/out/basic-91ca5d8caea5d813)
[INFO] [stdout] 
[INFO] [stdout] running 0 tests
[INFO] [stdout] 
[INFO] [stdout] test result: ok. 0 passed; 0 failed; 0 ignored; 0 measured; 0 filtered out; finished in 0.00s
[INFO] [stdout] 
[INFO] [stdout] 
[INFO] [stdout] running 1 test
[INFO] [stdout] test test::smoke ... ok
[INFO] [stdout] 
[INFO] [stdout] test result: ok. 1 passed; 0 failed; 0 ignored; 0 measured; 0 filtered out; finished in 0.00s
[INFO] [stdout] 
[INFO] [stderr]      Running tests/fail.rs (/opt/rustwide/target/release/build/sealed-generic/795c3b3b51bb6cc8/out/fail-795c3b3b51bb6cc8)
[INFO] [stdout] 
[INFO] [stdout] running 1 test
[INFO] [stderr]    Compiling proc-macro2 v1.0.101
[INFO] [stderr]    Compiling unicode-ident v1.0.19
[INFO] [stderr]    Compiling strsim v0.11.1
[INFO] [stderr]    Compiling fnv v1.0.7
[INFO] [stderr]    Compiling ident_case v1.0.1
[INFO] [stderr]    Compiling serde v1.0.219
[INFO] [stderr]    Compiling serde_json v1.0.143
[INFO] [stderr]    Compiling unicode-segmentation v1.12.0
[INFO] [stderr]     Checking ryu v1.0.20
[INFO] [stderr]     Checking memchr v2.7.5
[INFO] [stderr]     Checking itoa v1.0.15
[INFO] [stderr]    Compiling convert_case v0.8.0
[INFO] [stderr]    Compiling quote v1.0.40
[INFO] [stderr]    Compiling syn v2.0.106
[INFO] [stderr]     Checking darling_core v0.21.3
[INFO] [stderr]    Compiling serde_derive v1.0.219
[INFO] [stderr]    Compiling darling_macro v0.21.3
[INFO] [stderr]    Compiling darling v0.21.3
[INFO] [stderr]    Compiling sealed-generic v0.1.1 (/opt/rustwide/workdir)
[INFO] [stderr]     Checking sealed-generic-tests v0.0.0 (/opt/rustwide/target/tests/trybuild/sealed-generic)
[INFO] [stderr]     Finished `dev` profile [unoptimized + debuginfo] target(s) in 18.37s
[INFO] [stderr] 
[INFO] [stderr] 
[INFO] [stderr] test tests/fail/seal.rs ... mismatch
[INFO] [stdout] test defined_failures ... FAILED
[INFO] [stderr] 
[INFO] [stdout] 
[INFO] [stderr] EXPECTED:
[INFO] [stdout] failures:
[INFO] [stderr] ┈┈┈┈┈┈┈┈┈┈┈┈┈┈┈┈┈┈┈┈┈┈┈┈┈┈┈┈┈┈┈┈┈┈┈┈┈┈┈┈┈┈┈┈┈┈┈┈┈┈┈┈┈┈┈┈┈┈┈┈
[INFO] [stdout] 
[INFO] [stderr] error[E0277]: the trait bound `String: SealedSomeGeneric` is not satisfied
[INFO] [stdout] ---- defined_failures stdout ----
[INFO] [stderr]   --> tests/fail/seal.rs:19:16
[INFO] [stdout] 
[INFO] [stderr]    |
[INFO] [stdout] thread 'defined_failures' (1109) panicked at /opt/rustwide/cargo-home/registry/src/index.crates.io-1949cf8c6b5b557f/trybuild-1.0.110/src/run.rs:102:13:
[INFO] [stderr] 19 |         value: "test".into(),
[INFO] [stdout] 1 of 2 tests failed
[INFO] [stderr]    |                ^^^^^^^^^^^^^ the trait `SealedSomeGeneric` is not implemented for `String`
[INFO] [stdout] stack backtrace:
[INFO] [stderr]    |
[INFO] [stdout]    0:     0x5d724693bcd1 - <<std[617be2ca0a6fd877]::sys::backtrace::BacktraceLock>::print::DisplayBacktrace as core[a373ad73a504971]::fmt::Display>::fmt
[INFO] [stderr]    = help: the trait `SealedSomeGeneric` is implemented for `i32`
[INFO] [stdout]    1:     0x5d724695206a - core[a373ad73a504971]::fmt::write
[INFO] [stderr] note: required by a bound in `SomeGeneric`
[INFO] [stdout]    2:     0x5d72469405cc - <alloc[2e1b2a31b91974c5]::vec::Vec<u8> as core[a373ad73a504971]::io::write::Write>::write_fmt
[INFO] [stderr]   --> tests/fail/seal.rs:13:27
[INFO] [stdout]    3:     0x5d7246915136 - std[617be2ca0a6fd877]::panicking::default_hook::{closure#0}
[INFO] [stderr]    |
[INFO] [stdout]    4:     0x5d7246933279 - std[617be2ca0a6fd877]::panicking::default_hook
[INFO] [stderr] 13 | pub struct SomeGeneric<T: SealedSomeGeneric> {
[INFO] [stdout]    5:     0x5d72468cc820 - test[aada8e7e76ba119b]::test_main_inner::{closure#0}
[INFO] [stderr]    |                           ^^^^^^^^^^^^^^^^^ required by this bound in `SomeGeneric`
[INFO] [stdout]    6:     0x5d7246933432 - std[617be2ca0a6fd877]::panicking::panic_with_hook
[INFO] [stderr] ┈┈┈┈┈┈┈┈┈┈┈┈┈┈┈┈┈┈┈┈┈┈┈┈┈┈┈┈┈┈┈┈┈┈┈┈┈┈┈┈┈┈┈┈┈┈┈┈┈┈┈┈┈┈┈┈┈┈┈┈
[INFO] [stdout]    7:     0x5d72469151e2 - std[617be2ca0a6fd877]::panicking::panic_handler::{closure#0}
[INFO] [stderr] 
[INFO] [stdout]    8:     0x5d724690da09 - std[617be2ca0a6fd877]::sys::backtrace::__rust_end_short_backtrace::<std[617be2ca0a6fd877]::panicking::panic_handler::{closure#0}, !>
[INFO] [stderr] ACTUAL OUTPUT:
[INFO] [stdout]    9:     0x5d7246915ded - __rustc[ea4f61d10b84890b]::rust_begin_unwind
[INFO] [stderr] ┈┈┈┈┈┈┈┈┈┈┈┈┈┈┈┈┈┈┈┈┈┈┈┈┈┈┈┈┈┈┈┈┈┈┈┈┈┈┈┈┈┈┈┈┈┈┈┈┈┈┈┈┈┈┈┈┈┈┈┈
[INFO] [stdout]   10:     0x5d72469527dc - core[a373ad73a504971]::panicking::panic_fmt
[INFO] [stderr] error[E0277]: the trait bound `String: SealedSomeGeneric` is not satisfied
[INFO] [stdout]   11:     0x5d724681df8d - <trybuild[c2a036ca5c5bd102]::Runner>::run
[INFO] [stderr]   --> tests/fail/seal.rs:19:16
[INFO] [stdout]   12:     0x5d7246821020 - <trybuild[c2a036ca5c5bd102]::TestCases as core[a373ad73a504971]::ops::drop::Drop>::drop
[INFO] [stderr]    |
[INFO] [stdout]   13:     0x5d72468186d8 - fail[fbc72a29f7ed507]::defined_failures
[INFO] [stderr] 19 |         value: "test".into(),
[INFO] [stdout]   14:     0x5d72468188d9 - <fail[fbc72a29f7ed507]::defined_failures::{closure#0} as core[a373ad73a504971]::ops::function::FnOnce<()>>::call_once
[INFO] [stderr]    |                ^^^^^^^^^^^^^ the trait `SealedSomeGeneric` is not implemented for `String`
[INFO] [stdout]   15:     0x5d72468bfc6b - test[aada8e7e76ba119b]::__rust_begin_short_backtrace::<core[a373ad73a504971]::result::Result<(), alloc[2e1b2a31b91974c5]::string::String>, fn() -> core[a373ad73a504971]::result::Result<(), alloc[2e1b2a31b91974c5]::string::String>>
[INFO] [stderr]    |
[INFO] [stdout]   16:     0x5d72468cce45 - test[aada8e7e76ba119b]::run_test::{closure#0}
[INFO] [stderr] help: the trait `SealedSomeGeneric` is implemented for `i32`
[INFO] [stdout]   17:     0x5d72468c6734 - std[617be2ca0a6fd877]::sys::backtrace::__rust_begin_short_backtrace::<test[aada8e7e76ba119b]::run_test::{closure#1}, ()>
[INFO] [stderr]   --> tests/fail/seal.rs:8:10
[INFO] [stdout]   18:     0x5d72468cfed2 - <std[617be2ca0a6fd877]::thread::lifecycle::spawn_unchecked<test[aada8e7e76ba119b]::run_test::{closure#1}, ()>::{closure#1} as core[a373ad73a504971]::ops::function::FnOnce<()>>::call_once::{shim:vtable#0}
[INFO] [stderr]    |
[INFO] [stdout]   19:     0x5d724693af2f - <std[617be2ca0a6fd877]::sys::thread::unix::Thread>::new::thread_start
[INFO] [stderr]  8 | #[derive(SealedGeneric)]
[INFO] [stdout]   20:     0x778897dcadfa - <unknown>
[INFO] [stderr]    |          ^^^^^^^^^^^^^
[INFO] [stdout]   21:     0x778897e5e3d4 - clone
[INFO] [stderr] note: required by a bound in `SomeGeneric`
[INFO] [stdout]   22:                0x0 - <unknown>
[INFO] [stderr]   --> tests/fail/seal.rs:13:27
[INFO] [stdout] 
[INFO] [stderr]    |
[INFO] [stdout] 
[INFO] [stderr] 13 | pub struct SomeGeneric<T: SealedSomeGeneric> {
[INFO] [stdout] failures:
[INFO] [stderr]    |                           ^^^^^^^^^^^^^^^^^ required by this bound in `SomeGeneric`
[INFO] [stdout]     defined_failures
[INFO] [stderr]    = note: this error originates in the derive macro `SealedGeneric` (in Nightly builds, run with -Z macro-backtrace for more info)
[INFO] [stdout] 
[INFO] [stderr] ┈┈┈┈┈┈┈┈┈┈┈┈┈┈┈┈┈┈┈┈┈┈┈┈┈┈┈┈┈┈┈┈┈┈┈┈┈┈┈┈┈┈┈┈┈┈┈┈┈┈┈┈┈┈┈┈┈┈┈┈
[INFO] [stdout] test result: FAILED. 0 passed; 1 failed; 0 ignored; 0 measured; 0 filtered out; finished in 18.75s
[INFO] [stderr] note: If the actual output is the correct output you can bless it by rerunning
[INFO] [stdout] 
[INFO] [stderr]       your test with the environment variable TRYBUILD=overwrite
[INFO] [stderr] 
[INFO] [stderr] test tests/fail/slice.rs ... ok
[INFO] [stderr] 
[INFO] [stderr] 
[INFO] [stderr] error: test failed, to rerun pass `--test fail`
[INFO] running `Command { std: "docker" "inspect" "aa17bffd7658f4b5aad40302194d35776815466db1789b45f4eb9de1f83b53c9", kill_on_drop: false }`
[INFO] running `Command { std: "docker" "rm" "-f" "aa17bffd7658f4b5aad40302194d35776815466db1789b45f4eb9de1f83b53c9", kill_on_drop: false }`
[INFO] [stdout] aa17bffd7658f4b5aad40302194d35776815466db1789b45f4eb9de1f83b53c9
