[INFO] fetching crate sea-orm-spanner 0.1.0...
[INFO] testing sea-orm-spanner-0.1.0 against 1.100.0-beta.1+cargoflags=--release for beta-release-1.100-2
[INFO] extracting crate sea-orm-spanner 0.1.0 into /workspace/builds/worker-0-tc2/source
[INFO] started tweaking crates.io crate sea-orm-spanner 0.1.0
[INFO] removed 0 missing tests
[INFO] finished tweaking crates.io crate sea-orm-spanner 0.1.0
[INFO] tweaked toml for crates.io crate sea-orm-spanner 0.1.0 written to /workspace/builds/worker-0-tc2/source/Cargo.toml
[INFO] validating manifest of crates.io crate sea-orm-spanner 0.1.0 on toolchain 1.100.0-beta.1
[INFO] running `Command { std: CARGO_HOME="/workspace/cargo-home" RUSTUP_HOME="/workspace/rustup-home" "/workspace/cargo-home/bin/cargo" "+1.100.0-beta.1" "metadata" "--manifest-path" "Cargo.toml" "--no-deps", kill_on_drop: false }`
[INFO] crate crates.io crate sea-orm-spanner 0.1.0 already has a lockfile, it will not be regenerated
[INFO] running `Command { std: CARGO_HOME="/workspace/cargo-home" RUSTUP_HOME="/workspace/rustup-home" "/workspace/cargo-home/bin/cargo" "+1.100.0-beta.1" "fetch" "--manifest-path" "Cargo.toml", kill_on_drop: false }`
[INFO] running `Command { std: "docker" "create" "-v" "/var/lib/crater-agent-workspace/builds/worker-0-tc2/source:/opt/rustwide/workdir:ro,Z" "-v" "/var/lib/crater-agent-workspace/builds/worker-0-tc2/target:/opt/rustwide/target:rw,Z" "-v" "/var/lib/crater-agent-workspace/cargo-home:/opt/rustwide/cargo-home:ro,Z" "-v" "/var/lib/crater-agent-workspace/rustup-home:/opt/rustwide/rustup-home:ro,Z" "-m" "1610612736" "--network" "none" "ghcr.io/rust-lang/crates-build-env/linux@sha256:77db811e55d90add9212f6832c23229e3de5f1c1f9905e8cb07319ea15df73ac" "sleep" "infinity", kill_on_drop: false }`
[INFO] [stdout] b68073e1b4d47a30f9f3ac7b99a8e2174b4b8cc6be0c34a3802cf342dba8cfdd
[INFO] running `Command { std: "docker" "start" "b68073e1b4d47a30f9f3ac7b99a8e2174b4b8cc6be0c34a3802cf342dba8cfdd", kill_on_drop: false }`
[INFO] running `Command { std: "docker" "inspect" "b68073e1b4d47a30f9f3ac7b99a8e2174b4b8cc6be0c34a3802cf342dba8cfdd", kill_on_drop: false }`
[INFO] running `Command { std: "docker" "exec" "-e" "SOURCE_DIR=/opt/rustwide/workdir" "-e" "CARGO_HOME=/opt/rustwide/cargo-home" "-e" "RUSTUP_HOME=/opt/rustwide/rustup-home" "-e" "CARGO_TARGET_DIR=/opt/rustwide/target" "-w" "/opt/rustwide/workdir" "--user" "0:0" "b68073e1b4d47a30f9f3ac7b99a8e2174b4b8cc6be0c34a3802cf342dba8cfdd" "/opt/rustwide/cargo-home/bin/cargo" "+1.100.0-beta.1" "metadata" "--no-deps" "--format-version=1", kill_on_drop: false }`
[INFO] running `Command { std: "docker" "inspect" "b68073e1b4d47a30f9f3ac7b99a8e2174b4b8cc6be0c34a3802cf342dba8cfdd", kill_on_drop: false }`
[INFO] running `Command { std: "docker" "exec" "-e" "SOURCE_DIR=/opt/rustwide/workdir" "-e" "CARGO_HOME=/opt/rustwide/cargo-home" "-e" "RUSTUP_HOME=/opt/rustwide/rustup-home" "-e" "CARGO_TARGET_DIR=/opt/rustwide/target" "-e" "CARGO_INCREMENTAL=0" "-e" "RUST_BACKTRACE=full" "-e" "RUSTFLAGS=--cap-lints=warn" "-e" "RUSTDOCFLAGS=--cap-lints=warn" "-w" "/opt/rustwide/workdir" "--user" "0:0" "b68073e1b4d47a30f9f3ac7b99a8e2174b4b8cc6be0c34a3802cf342dba8cfdd" "/opt/rustwide/cargo-home/bin/cargo" "+1.100.0-beta.1" "build" "--frozen" "--message-format=json" "--release", kill_on_drop: false }`
[INFO] [stderr]    Compiling proc-macro2 v1.0.106
[INFO] [stderr]    Compiling serde_core v1.0.228
[INFO] [stderr]    Compiling libc v0.2.180
[INFO] [stderr]    Compiling aws-lc-rs v1.15.4
[INFO] [stderr]    Compiling rustls v0.23.36
[INFO] [stderr]    Compiling cc v1.2.54
[INFO] [stderr]    Compiling either v1.15.0
[INFO] [stderr]    Compiling crc32fast v1.5.0
[INFO] [stderr]    Compiling anyhow v1.0.100
[INFO] [stderr]    Compiling simd-adler32 v0.3.8
[INFO] [stderr]    Compiling axum-core v0.5.6
[INFO] [stderr]    Compiling webpki-roots v1.0.5
[INFO] [stderr]    Compiling time-core v0.1.8
[INFO] [stderr]    Compiling memchr v2.7.6
[INFO] [stderr]    Compiling num-conv v0.2.0
[INFO] [stderr]    Compiling thiserror v2.0.18
[INFO] [stderr]    Compiling miniz_oxide v0.8.9
[INFO] [stderr]    Compiling rustls-native-certs v0.8.3
[INFO] [stderr]    Compiling proc-macro2-diagnostics v0.10.1
[INFO] [stderr]    Compiling time-macros v0.2.26
[INFO] [stderr]    Compiling itertools v0.14.0
[INFO] [stderr]    Compiling num-bigint v0.4.6
[INFO] [stderr]    Compiling regex-syntax v0.8.9
[INFO] [stderr]    Compiling rust_decimal v1.40.0
[INFO] [stderr]    Compiling quote v1.0.44
[INFO] [stderr]    Compiling syn v2.0.114
[INFO] [stderr]    Compiling gcloud-googleapis v1.3.0
[INFO] [stderr]    Compiling yansi v1.0.1
[INFO] [stderr]    Compiling ordered-float v4.6.0
[INFO] [stderr]    Compiling bigdecimal v0.4.10
[INFO] [stderr]    Compiling flate2 v1.1.8
[INFO] [stderr]    Compiling aho-corasick v1.1.4
[INFO] [stderr]    Compiling once_cell v1.21.3
[INFO] [stderr]    Compiling urlencoding v2.1.3
[INFO] [stderr]    Compiling aliasable v0.1.3
[INFO] [stderr]    Compiling cmake v0.1.57
[INFO] [stderr]    Compiling home v0.5.12
[INFO] [stderr]    Compiling strum v0.27.2
[INFO] [stderr]    Compiling parking_lot_core v0.9.12
[INFO] [stderr]    Compiling errno v0.3.14
[INFO] [stderr]    Compiling mio v1.1.1
[INFO] [stderr]    Compiling socket2 v0.6.2
[INFO] [stderr]    Compiling signal-hook-registry v1.4.8
[INFO] [stderr]    Compiling time v0.3.46
[INFO] [stderr]    Compiling getrandom v0.3.4
[INFO] [stderr]    Compiling aws-lc-sys v0.37.0
[INFO] [stderr]    Compiling parking_lot v0.12.5
[INFO] [stderr]    Compiling serde_json v1.0.149
[INFO] [stderr]    Compiling uuid v1.19.0
[INFO] [stderr]    Compiling regex-automata v0.4.14
[INFO] [stderr]    Compiling synstructure v0.13.2
[INFO] [stderr]    Compiling darling_core v0.20.11
[INFO] [stderr]    Compiling regex v1.12.3
[INFO] [stderr]    Compiling pluralizer v0.5.0
[INFO] [stderr]    Compiling tokio-macros v2.6.0
[INFO] [stderr]    Compiling zerofrom-derive v0.1.6
[INFO] [stderr]    Compiling futures-macro v0.3.31
[INFO] [stderr]    Compiling tracing-attributes v0.1.31
[INFO] [stderr]    Compiling yoke-derive v0.8.1
[INFO] [stderr]    Compiling zerovec-derive v0.11.2
[INFO] [stderr]    Compiling displaydoc v0.2.5
[INFO] [stderr]    Compiling tokio v1.49.0
[INFO] [stderr]    Compiling thiserror-impl v2.0.18
[INFO] [stderr]    Compiling serde_derive v1.0.228
[INFO] [stderr]    Compiling async-trait v0.1.89
[INFO] [stderr]    Compiling pin-project-internal v1.1.10
[INFO] [stderr]    Compiling prost-derive v0.14.3
[INFO] [stderr]    Compiling futures-util v0.3.31
[INFO] [stderr]    Compiling inherent v1.0.13
[INFO] [stderr]    Compiling derive_more-impl v2.1.1
[INFO] [stderr]    Compiling zerofrom v0.1.6
[INFO] [stderr]    Compiling yoke v0.8.1
[INFO] [stderr]    Compiling ouroboros_macro v0.18.5
[INFO] [stderr]    Compiling async-stream-impl v0.3.6
[INFO] [stderr]    Compiling zerovec v0.11.5
[INFO] [stderr]    Compiling tracing v0.1.44
[INFO] [stderr]    Compiling zerotrie v0.2.3
[INFO] [stderr]    Compiling token-source v1.0.0
[INFO] [stderr]    Compiling async-stream v0.3.6
[INFO] [stderr]    Compiling simple_asn1 v0.6.3
[INFO] [stderr]    Compiling sea-orm-macros v2.0.0-rc.37
[INFO] [stderr]    Compiling pin-project v1.1.10
[INFO] [stderr]    Compiling darling_macro v0.20.11
[INFO] [stderr]    Compiling ouroboros v0.18.5
[INFO] [stderr]    Compiling tinystr v0.8.2
[INFO] [stderr]    Compiling potential_utf v0.1.4
[INFO] [stderr]    Compiling icu_locale_core v2.1.1
[INFO] [stderr]    Compiling icu_collections v2.1.1
[INFO] [stderr]    Compiling darling v0.20.11
[INFO] [stderr]    Compiling sea-query-derive v1.0.0-rc.12
[INFO] [stderr]    Compiling derive_more v2.1.1
[INFO] [stderr]    Compiling prost v0.14.3
[INFO] [stderr]    Compiling prost-types v0.14.3
[INFO] [stderr]    Compiling icu_provider v2.1.1
[INFO] [stderr]    Compiling icu_properties v2.1.2
[INFO] [stderr]    Compiling icu_normalizer v2.1.1
[INFO] [stderr]    Compiling serde v1.0.228
[INFO] [stderr]    Compiling serde_urlencoded v0.7.1
[INFO] [stderr]    Compiling chrono v0.4.43
[INFO] [stderr]    Compiling futures-executor v0.3.31
[INFO] [stderr]    Compiling futures v0.3.31
[INFO] [stderr]    Compiling idna_adapter v1.2.1
[INFO] [stderr]    Compiling idna v1.1.0
[INFO] [stderr]    Compiling url v2.5.8
[INFO] [stderr]    Compiling sea-query v1.0.0-rc.31
[INFO] [stderr]    Compiling tokio-util v0.7.18
[INFO] [stderr]    Compiling tokio-stream v0.1.18
[INFO] [stderr]    Compiling tokio-retry2 v0.6.2
[INFO] [stderr]    Compiling h2 v0.4.13
[INFO] [stderr]    Compiling tower v0.5.3
[INFO] [stderr]    Compiling sea-orm v2.0.0-rc.37
[INFO] [stderr]    Compiling sea-query-spanner v0.1.0
[INFO] [stderr]    Compiling axum v0.8.8
[INFO] [stderr]    Compiling tower-http v0.6.8
[INFO] [stderr]    Compiling hyper v1.8.1
[INFO] [stderr]    Compiling hyper-util v0.1.19
[INFO] [stderr]    Compiling hyper-timeout v0.5.2
[INFO] [stderr]    Compiling rustls-webpki v0.103.9
[INFO] [stderr]    Compiling jsonwebtoken v10.2.0
[INFO] [stderr]    Compiling tokio-rustls v0.26.4
[INFO] [stderr]    Compiling rustls-platform-verifier v0.6.2
[INFO] [stderr]    Compiling tonic v0.14.2
[INFO] [stderr]    Compiling hyper-rustls v0.27.7
[INFO] [stderr]    Compiling reqwest v0.13.2
[INFO] [stderr]    Compiling gcloud-metadata v1.0.2
[INFO] [stderr]    Compiling gcloud-auth v1.3.0
[INFO] [stderr]    Compiling tonic-prost v0.14.2
[INFO] [stderr]    Compiling gcloud-gax v1.4.0
[INFO] [stderr]    Compiling gcloud-longrunning v1.4.0
[INFO] [stderr]    Compiling gcloud-spanner v1.8.0
[INFO] [stderr]    Compiling sea-orm-spanner v0.1.0 (/opt/rustwide/workdir)
[INFO] [stderr]     Finished `release` profile [optimized] target(s) in 3m 27s
[INFO] running `Command { std: "docker" "inspect" "b68073e1b4d47a30f9f3ac7b99a8e2174b4b8cc6be0c34a3802cf342dba8cfdd", kill_on_drop: false }`
[INFO] running `Command { std: "docker" "exec" "-e" "SOURCE_DIR=/opt/rustwide/workdir" "-e" "CARGO_HOME=/opt/rustwide/cargo-home" "-e" "RUSTUP_HOME=/opt/rustwide/rustup-home" "-e" "CARGO_TARGET_DIR=/opt/rustwide/target" "-e" "CARGO_INCREMENTAL=0" "-e" "RUST_BACKTRACE=full" "-e" "RUSTFLAGS=--cap-lints=warn" "-e" "RUSTDOCFLAGS=--cap-lints=warn" "-w" "/opt/rustwide/workdir" "--user" "0:0" "b68073e1b4d47a30f9f3ac7b99a8e2174b4b8cc6be0c34a3802cf342dba8cfdd" "/opt/rustwide/cargo-home/bin/cargo" "+1.100.0-beta.1" "test" "--frozen" "--no-run" "--message-format=json" "--release", kill_on_drop: false }`
[INFO] [stderr]    Compiling serde_core v1.0.228
[INFO] [stderr]    Compiling tokio v1.49.0
[INFO] [stderr]    Compiling time-macros v0.2.26
[INFO] [stderr]    Compiling proc-macro-error-attr2 v2.0.0
[INFO] [stderr]    Compiling sdd v3.0.10
[INFO] [stderr]    Compiling serial_test_derive v3.3.1
[INFO] [stderr]    Compiling rust_decimal_macros v1.40.0
[INFO] [stderr]    Compiling proc-macro-error2 v2.0.1
[INFO] [stderr]    Compiling scc v2.4.0
[INFO] [stderr]    Compiling sea-bae v0.2.1
[INFO] [stderr]    Compiling sea-orm-macros v2.0.0-rc.37
[INFO] [stderr]    Compiling serial_test v3.3.1
[INFO] [stderr]    Compiling serde v1.0.228
[INFO] [stderr]    Compiling deranged v0.5.5
[INFO] [stderr]    Compiling serde_json v1.0.149
[INFO] [stderr]    Compiling uuid v1.19.0
[INFO] [stderr]    Compiling serde_urlencoded v0.7.1
[INFO] [stderr]    Compiling rust_decimal v1.40.0
[INFO] [stderr]    Compiling chrono v0.4.43
[INFO] [stderr]    Compiling bigdecimal v0.4.10
[INFO] [stderr]    Compiling time v0.3.46
[INFO] [stderr]    Compiling tokio-util v0.7.18
[INFO] [stderr]    Compiling tokio-rustls v0.26.4
[INFO] [stderr]    Compiling tokio-stream v0.1.18
[INFO] [stderr]    Compiling tokio-retry2 v0.6.2
[INFO] [stderr]    Compiling tokio-test v0.4.5
[INFO] [stderr]    Compiling h2 v0.4.13
[INFO] [stderr]    Compiling tower v0.5.3
[INFO] [stderr]    Compiling simple_asn1 v0.6.3
[INFO] [stderr]    Compiling sea-query v1.0.0-rc.31
[INFO] [stderr]    Compiling jsonwebtoken v10.2.0
[INFO] [stderr]    Compiling axum v0.8.8
[INFO] [stderr]    Compiling tower-http v0.6.8
[INFO] [stderr]    Compiling sea-orm v2.0.0-rc.37
[INFO] [stderr]    Compiling sea-query-spanner v0.1.0
[INFO] [stderr]    Compiling hyper v1.8.1
[INFO] [stderr]    Compiling hyper-util v0.1.19
[INFO] [stderr]    Compiling hyper-timeout v0.5.2
[INFO] [stderr]    Compiling hyper-rustls v0.27.7
[INFO] [stderr]    Compiling reqwest v0.13.2
[INFO] [stderr]    Compiling tonic v0.14.2
[INFO] [stderr]    Compiling gcloud-metadata v1.0.2
[INFO] [stderr]    Compiling gcloud-auth v1.3.0
[INFO] [stderr]    Compiling tonic-prost v0.14.2
[INFO] [stderr]    Compiling gcloud-gax v1.4.0
[INFO] [stderr]    Compiling gcloud-googleapis v1.3.0
[INFO] [stderr]    Compiling gcloud-longrunning v1.4.0
[INFO] [stderr]    Compiling gcloud-spanner v1.8.0
[INFO] [stderr]    Compiling sea-orm-spanner v0.1.0 (/opt/rustwide/workdir)
[INFO] [stderr]     Finished `release` profile [optimized] target(s) in 3m 36s
[INFO] [stderr] warning: the following packages contain code that will be rejected by a future version of Rust: proc-macro-error2 v2.0.1
[INFO] [stderr] note: to see what the problems were, use the option `--future-incompat-report`, or run `cargo report future-incompatibilities --id 4`
[INFO] running `Command { std: "docker" "inspect" "b68073e1b4d47a30f9f3ac7b99a8e2174b4b8cc6be0c34a3802cf342dba8cfdd", kill_on_drop: false }`
[INFO] running `Command { std: "docker" "exec" "-e" "SOURCE_DIR=/opt/rustwide/workdir" "-e" "CARGO_HOME=/opt/rustwide/cargo-home" "-e" "RUSTUP_HOME=/opt/rustwide/rustup-home" "-e" "CARGO_TARGET_DIR=/opt/rustwide/target" "-e" "CARGO_INCREMENTAL=0" "-e" "RUST_BACKTRACE=full" "-e" "RUSTFLAGS=--cap-lints=warn" "-e" "RUSTDOCFLAGS=--cap-lints=warn" "-w" "/opt/rustwide/workdir" "--user" "0:0" "b68073e1b4d47a30f9f3ac7b99a8e2174b4b8cc6be0c34a3802cf342dba8cfdd" "/opt/rustwide/cargo-home/bin/cargo" "+1.100.0-beta.1" "test" "--frozen" "--release", kill_on_drop: false }`
[INFO] [stderr]     Finished `release` profile [optimized] target(s) in 0.58s
[INFO] [stderr] warning: the following packages contain code that will be rejected by a future version of Rust: proc-macro-error2 v2.0.1
[INFO] [stderr] note: to see what the problems were, use the option `--future-incompat-report`, or run `cargo report future-incompatibilities --id 4`
[INFO] [stderr]      Running unittests src/lib.rs (/opt/rustwide/target/release/build/sea-orm-spanner/85528dbfb4451e8c/out/sea_orm_spanner-85528dbfb4451e8c)
[INFO] [stdout] 
[INFO] [stdout] running 3 tests
[INFO] [stdout] test database::tests::test_database_path_parse ... ok
[INFO] [stdout] test database::tests::test_database_path_parse_invalid ... ok
[INFO] [stdout] test database::tests::test_create_options_default ... ok
[INFO] [stdout] 
[INFO] [stdout] test result: ok. 3 passed; 0 failed; 0 ignored; 0 measured; 0 filtered out; finished in 0.01s
[INFO] [stdout] 
[INFO] [stderr]      Running tests/activerecord_tests.rs (/opt/rustwide/target/release/build/sea-orm-spanner/7e2f9d4edc7b30ec/out/activerecord_tests-7e2f9d4edc7b30ec)
[INFO] [stdout] 
[INFO] [stdout] running 28 tests
[INFO] [stdout] test delete_tests::test_delete_single_entity ... FAILED
[INFO] [stdout] test complex_query_tests::test_or_filter ... FAILED
[INFO] [stdout] test complex_query_tests::test_select_only ... FAILED
[INFO] [stdout] test complex_query_tests::test_complex_filter ... FAILED
[INFO] [stdout] test delete_tests::test_delete_by_filter ... FAILED
[INFO] [stdout] test select_tests::test_find_with_filter ... FAILED
[INFO] [stdout] test aggregate_tests::test_count_as_column ... FAILED
[INFO] [stdout] test insert_tests::test_insert_multiple_entities ... FAILED
[INFO] [stdout] test select_tests::test_count ... FAILED
[INFO] [stdout] test select_tests::test_find_with_is_null ... FAILED
[INFO] [stdout] test select_tests::test_find_with_limit ... FAILED
[INFO] [stdout] test select_tests::test_find_all ... FAILED
[INFO] [stdout] test aggregate_tests::test_count_without_group_by ... FAILED
[INFO] [stdout] test insert_tests::test_insert_single_entity ... FAILED
[INFO] [stdout] test select_tests::test_find_with_in_list ... FAILED
[INFO] [stdout] test update_tests::test_update_single_field ... FAILED
[INFO] [stdout] test insert_tests::test_insert_with_null_fields ... FAILED
[INFO] [stdout] test update_tests::test_update_to_null ... FAILED
[INFO] [stdout] test relation_tests::test_find_related ... FAILED
[INFO] [stdout] test select_tests::test_find_by_id ... FAILED
[INFO] [stdout] test select_tests::test_find_with_contains ... FAILED
[INFO] [stdout] test select_tests::test_find_with_offset ... FAILED
[INFO] [stdout] test aggregate_tests::test_count_with_group_by ... FAILED
[INFO] [stdout] test update_tests::test_update_multiple_fields ... FAILED
[INFO] [stdout] test pagination_tests::test_paginator ... FAILED
[INFO] [stdout] test select_tests::test_find_one ... FAILED
[INFO] [stdout] test select_tests::test_find_with_order_by ... FAILED
[INFO] [stdout] test relation_tests::test_find_with_related ... FAILED
[INFO] [stdout] 
[INFO] [stdout] failures:
[INFO] [stdout] 
[INFO] [stdout] ---- delete_tests::test_delete_single_entity stdout ----
[INFO] [stdout] 
[INFO] [stdout] thread 'delete_tests::test_delete_single_entity' (5246) panicked at tests/common/mod.rs:107:9:
[INFO] [stdout] SPANNER_EMULATOR_HOST not set. Run: export SPANNER_EMULATOR_HOST=localhost:9010
[INFO] [stdout] stack backtrace:
[INFO] [stdout]    0:     0x582b4f618421 - <<std[617be2ca0a6fd877]::sys::backtrace::BacktraceLock>::print::DisplayBacktrace as core[a373ad73a504971]::fmt::Display>::fmt
[INFO] [stdout]    1:     0x582b4f631aaa - core[a373ad73a504971]::fmt::write
[INFO] [stdout]    2:     0x582b4f61d5dc - <alloc[2e1b2a31b91974c5]::vec::Vec<u8> as core[a373ad73a504971]::io::write::Write>::write_fmt
[INFO] [stdout]    3:     0x582b4f5f27a6 - std[617be2ca0a6fd877]::panicking::default_hook::{closure#0}
[INFO] [stdout]    4:     0x582b4f60f879 - std[617be2ca0a6fd877]::panicking::default_hook
[INFO] [stdout]    5:     0x582b4ef8fba0 - test[aada8e7e76ba119b]::test_main_inner::{closure#0}
[INFO] [stdout]    6:     0x582b4f60fba2 - std[617be2ca0a6fd877]::panicking::panic_with_hook
[INFO] [stdout]    7:     0x582b4f5f2884 - std[617be2ca0a6fd877]::panicking::panic_handler::{closure#0}
[INFO] [stdout]    8:     0x582b4f5eb259 - std[617be2ca0a6fd877]::sys::backtrace::__rust_end_short_backtrace::<std[617be2ca0a6fd877]::panicking::panic_handler::{closure#0}, !>
[INFO] [stdout]    9:     0x582b4f5f364d - __rustc[ea4f61d10b84890b]::rust_begin_unwind
[INFO] [stdout]   10:     0x582b4f63220c - core[a373ad73a504971]::panicking::panic_fmt
[INFO] [stdout]   11:     0x582b4ee30f53 - activerecord_tests[4b8ed0ff5dc7e202]::common::setup_test_database::{closure#0}
[INFO] [stdout]   12:     0x582b4ee2387d - activerecord_tests[4b8ed0ff5dc7e202]::delete_tests::test_delete_single_entity::{closure#0}::{closure#0}
[INFO] [stdout]   13:     0x582b4edaa365 - <tokio[cf35e7e9721334c6]::runtime::scheduler::current_thread::CurrentThread>::block_on::<core[a373ad73a504971]::pin::Pin<&mut dyn core[a373ad73a504971]::future::future::Future<Output = ()>>>
[INFO] [stdout]   14:     0x582b4ed65892 - <tokio[cf35e7e9721334c6]::runtime::runtime::Runtime>::block_on::<core[a373ad73a504971]::pin::Pin<&mut dyn core[a373ad73a504971]::future::future::Future<Output = ()>>>
[INFO] [stdout]   15:     0x582b4ee37cfa - <activerecord_tests[4b8ed0ff5dc7e202]::delete_tests::test_delete_single_entity::{closure#0} as core[a373ad73a504971]::ops::function::FnOnce<()>>::call_once
[INFO] [stdout]   16:     0x582b4efc4447 - serial_test[b928aa2d80f163c8]::serial_code_lock::local_serial_core
[INFO] [stdout]   17:     0x582b4ee37acd - <activerecord_tests[4b8ed0ff5dc7e202]::delete_tests::test_delete_single_entity::{closure#0} as core[a373ad73a504971]::ops::function::FnOnce<()>>::call_once
[INFO] [stdout]   18:     0x582b4ef82feb - test[aada8e7e76ba119b]::__rust_begin_short_backtrace::<core[a373ad73a504971]::result::Result<(), alloc[2e1b2a31b91974c5]::string::String>, fn() -> core[a373ad73a504971]::result::Result<(), alloc[2e1b2a31b91974c5]::string::String>>
[INFO] [stdout]   19:     0x582b4ef901c5 - test[aada8e7e76ba119b]::run_test::{closure#0}
[INFO] [stdout]   20:     0x582b4ef89ab4 - std[617be2ca0a6fd877]::sys::backtrace::__rust_begin_short_backtrace::<test[aada8e7e76ba119b]::run_test::{closure#1}, ()>
[INFO] [stdout]   21:     0x582b4ef93252 - <std[617be2ca0a6fd877]::thread::lifecycle::spawn_unchecked<test[aada8e7e76ba119b]::run_test::{closure#1}, ()>::{closure#1} as core[a373ad73a504971]::ops::function::FnOnce<()>>::call_once::{shim:vtable#0}
[INFO] [stdout]   22:     0x582b4f6175bf - <std[617be2ca0a6fd877]::sys::thread::unix::Thread>::new::thread_start
[INFO] [stdout]   23:     0x712a36ea5dfa - <unknown>
[INFO] [stdout]   24:     0x712a36f393d4 - clone
[INFO] [stdout]   25:                0x0 - <unknown>
[INFO] [stdout] 
[INFO] [stdout] ---- complex_query_tests::test_or_filter stdout ----
[INFO] [stdout] 
[INFO] [stdout] thread 'complex_query_tests::test_or_filter' (5243) panicked at tests/common/mod.rs:107:9:
[INFO] [stdout] SPANNER_EMULATOR_HOST not set. Run: export SPANNER_EMULATOR_HOST=localhost:9010
[INFO] [stdout] stack backtrace:
[INFO] [stdout]    0:     0x582b4f618421 - <<std[617be2ca0a6fd877]::sys::backtrace::BacktraceLock>::print::DisplayBacktrace as core[a373ad73a504971]::fmt::Display>::fmt
[INFO] [stdout]    1:     0x582b4f631aaa - core[a373ad73a504971]::fmt::write
[INFO] [stdout]    2:     0x582b4f61d5dc - <alloc[2e1b2a31b91974c5]::vec::Vec<u8> as core[a373ad73a504971]::io::write::Write>::write_fmt
[INFO] [stdout]    3:     0x582b4f5f27a6 - std[617be2ca0a6fd877]::panicking::default_hook::{closure#0}
[INFO] [stdout]    4:     0x582b4f60f879 - std[617be2ca0a6fd877]::panicking::default_hook
[INFO] [stdout]    5:     0x582b4ef8fba0 - test[aada8e7e76ba119b]::test_main_inner::{closure#0}
[INFO] [stdout]    6:     0x582b4f60fba2 - std[617be2ca0a6fd877]::panicking::panic_with_hook
[INFO] [stdout]    7:     0x582b4f5f2884 - std[617be2ca0a6fd877]::panicking::panic_handler::{closure#0}
[INFO] [stdout]    8:     0x582b4f5eb259 - std[617be2ca0a6fd877]::sys::backtrace::__rust_end_short_backtrace::<std[617be2ca0a6fd877]::panicking::panic_handler::{closure#0}, !>
[INFO] [stdout]    9:     0x582b4f5f364d - __rustc[ea4f61d10b84890b]::rust_begin_unwind
[INFO] [stdout]   10:     0x582b4f63220c - core[a373ad73a504971]::panicking::panic_fmt
[INFO] [stdout]   11:     0x582b4eebbbd3 - activerecord_tests[4b8ed0ff5dc7e202]::common::setup_test_database::{closure#0}
[INFO] [stdout]   12:     0x582b4eead02e - activerecord_tests[4b8ed0ff5dc7e202]::complex_query_tests::test_or_filter::{closure#0}::{closure#0}
[INFO] [stdout]   13:     0x582b4edaa365 - <tokio[cf35e7e9721334c6]::runtime::scheduler::current_thread::CurrentThread>::block_on::<core[a373ad73a504971]::pin::Pin<&mut dyn core[a373ad73a504971]::future::future::Future<Output = ()>>>
[INFO] [stdout]   14:     0x582b4ed65892 - <tokio[cf35e7e9721334c6]::runtime::runtime::Runtime>::block_on::<core[a373ad73a504971]::pin::Pin<&mut dyn core[a373ad73a504971]::future::future::Future<Output = ()>>>
[INFO] [stdout]   15:     0x582b4eec28fa - <activerecord_tests[4b8ed0ff5dc7e202]::complex_query_tests::test_or_filter::{closure#0} as core[a373ad73a504971]::ops::function::FnOnce<()>>::call_once
[INFO] [stdout]   16:     0x582b4efc4447 - serial_test[b928aa2d80f163c8]::serial_code_lock::local_serial_core
[INFO] [stdout]   17:     0x582b4eec272d - <activerecord_tests[4b8ed0ff5dc7e202]::complex_query_tests::test_or_filter::{closure#0} as core[a373ad73a504971]::ops::function::FnOnce<()>>::call_once
[INFO] [stdout]   18:     0x582b4ef82feb - test[aada8e7e76ba119b]::__rust_begin_short_backtrace::<core[a373ad73a504971]::result::Result<(), alloc[2e1b2a31b91974c5]::string::String>, fn() -> core[a373ad73a504971]::result::Result<(), alloc[2e1b2a31b91974c5]::string::String>>
[INFO] [stdout]   19:     0x582b4ef901c5 - test[aada8e7e76ba119b]::run_test::{closure#0}
[INFO] [stdout]   20:     0x582b4ef89ab4 - std[617be2ca0a6fd877]::sys::backtrace::__rust_begin_short_backtrace::<test[aada8e7e76ba119b]::run_test::{closure#1}, ()>
[INFO] [stdout]   21:     0x582b4ef93252 - <std[617be2ca0a6fd877]::thread::lifecycle::spawn_unchecked<test[aada8e7e76ba119b]::run_test::{closure#1}, ()>::{closure#1} as core[a373ad73a504971]::ops::function::FnOnce<()>>::call_once::{shim:vtable#0}
[INFO] [stdout]   22:     0x582b4f6175bf - <std[617be2ca0a6fd877]::sys::thread::unix::Thread>::new::thread_start
[INFO] [stdout]   23:     0x712a36ea5dfa - <unknown>
[INFO] [stdout]   24:     0x712a36f393d4 - clone
[INFO] [stdout]   25:                0x0 - <unknown>
[INFO] [stdout] 
[INFO] [stdout] ---- complex_query_tests::test_select_only stdout ----
[INFO] [stdout] 
[INFO] [stdout] thread 'complex_query_tests::test_select_only' (5244) panicked at tests/common/mod.rs:107:9:
[INFO] [stdout] SPANNER_EMULATOR_HOST not set. Run: export SPANNER_EMULATOR_HOST=localhost:9010
[INFO] [stdout] stack backtrace:
[INFO] [stdout]    0:     0x582b4f618421 - <<std[617be2ca0a6fd877]::sys::backtrace::BacktraceLock>::print::DisplayBacktrace as core[a373ad73a504971]::fmt::Display>::fmt
[INFO] [stdout]    1:     0x582b4f631aaa - core[a373ad73a504971]::fmt::write
[INFO] [stdout]    2:     0x582b4f61d5dc - <alloc[2e1b2a31b91974c5]::vec::Vec<u8> as core[a373ad73a504971]::io::write::Write>::write_fmt
[INFO] [stdout]    3:     0x582b4f5f27a6 - std[617be2ca0a6fd877]::panicking::default_hook::{closure#0}
[INFO] [stdout]    4:     0x582b4f60f879 - std[617be2ca0a6fd877]::panicking::default_hook
[INFO] [stdout]    5:     0x582b4ef8fba0 - test[aada8e7e76ba119b]::test_main_inner::{closure#0}
[INFO] [stdout]    6:     0x582b4f60fba2 - std[617be2ca0a6fd877]::panicking::panic_with_hook
[INFO] [stdout]    7:     0x582b4f5f2884 - std[617be2ca0a6fd877]::panicking::panic_handler::{closure#0}
[INFO] [stdout]    8:     0x582b4f5eb259 - std[617be2ca0a6fd877]::sys::backtrace::__rust_end_short_backtrace::<std[617be2ca0a6fd877]::panicking::panic_handler::{closure#0}, !>
[INFO] [stdout]    9:     0x582b4f5f364d - __rustc[ea4f61d10b84890b]::rust_begin_unwind
[INFO] [stdout]   10:     0x582b4f63220c - core[a373ad73a504971]::panicking::panic_fmt
[INFO] [stdout]   11:     0x582b4eebbbd3 - activerecord_tests[4b8ed0ff5dc7e202]::common::setup_test_database::{closure#0}
[INFO] [stdout]   12:     0x582b4eead4ce - activerecord_tests[4b8ed0ff5dc7e202]::complex_query_tests::test_select_only::{closure#0}::{closure#0}
[INFO] [stdout]   13:     0x582b4edaa365 - <tokio[cf35e7e9721334c6]::runtime::scheduler::current_thread::CurrentThread>::block_on::<core[a373ad73a504971]::pin::Pin<&mut dyn core[a373ad73a504971]::future::future::Future<Output = ()>>>
[INFO] [stdout]   14:     0x582b4ed65892 - <tokio[cf35e7e9721334c6]::runtime::runtime::Runtime>::block_on::<core[a373ad73a504971]::pin::Pin<&mut dyn core[a373ad73a504971]::future::future::Future<Output = ()>>>
[INFO] [stdout]   15:     0x582b4eec2a5a - <activerecord_tests[4b8ed0ff5dc7e202]::complex_query_tests::test_select_only::{closure#0} as core[a373ad73a504971]::ops::function::FnOnce<()>>::call_once
[INFO] [stdout]   16:     0x582b4efc4447 - serial_test[b928aa2d80f163c8]::serial_code_lock::local_serial_core
[INFO] [stdout]   17:     0x582b4eec27ad - <activerecord_tests[4b8ed0ff5dc7e202]::complex_query_tests::test_select_only::{closure#0} as core[a373ad73a504971]::ops::function::FnOnce<()>>::call_once
[INFO] [stdout]   18:     0x582b4ef82feb - test[aada8e7e76ba119b]::__rust_begin_short_backtrace::<core[a373ad73a504971]::result::Result<(), alloc[2e1b2a31b91974c5]::string::String>, fn() -> core[a373ad73a504971]::result::Result<(), alloc[2e1b2a31b91974c5]::string::String>>
[INFO] [stdout]   19:     0x582b4ef901c5 - test[aada8e7e76ba119b]::run_test::{closure#0}
[INFO] [stdout]   20:     0x582b4ef89ab4 - std[617be2ca0a6fd877]::sys::backtrace::__rust_begin_short_backtrace::<test[aada8e7e76ba119b]::run_test::{closure#1}, ()>
[INFO] [stdout]   21:     0x582b4ef93252 - <std[617be2ca0a6fd877]::thread::lifecycle::spawn_unchecked<test[aada8e7e76ba119b]::run_test::{closure#1}, ()>::{closure#1} as core[a373ad73a504971]::ops::function::FnOnce<()>>::call_once::{shim:vtable#0}
[INFO] [stdout]   22:     0x582b4f6175bf - <std[617be2ca0a6fd877]::sys::thread::unix::Thread>::new::thread_start
[INFO] [stdout]   23:     0x712a36ea5dfa - <unknown>
[INFO] [stdout]   24:     0x712a36f393d4 - clone
[INFO] [stdout]   25:                0x0 - <unknown>
[INFO] [stdout] 
[INFO] [stdout] ---- complex_query_tests::test_complex_filter stdout ----
[INFO] [stdout] 
[INFO] [stdout] thread 'complex_query_tests::test_complex_filter' (5242) panicked at tests/common/mod.rs:107:9:
[INFO] [stdout] SPANNER_EMULATOR_HOST not set. Run: export SPANNER_EMULATOR_HOST=localhost:9010
[INFO] [stdout] stack backtrace:
[INFO] [stdout]    0:     0x582b4f618421 - <<std[617be2ca0a6fd877]::sys::backtrace::BacktraceLock>::print::DisplayBacktrace as core[a373ad73a504971]::fmt::Display>::fmt
[INFO] [stdout]    1:     0x582b4f631aaa - core[a373ad73a504971]::fmt::write
[INFO] [stdout]    2:     0x582b4f61d5dc - <alloc[2e1b2a31b91974c5]::vec::Vec<u8> as core[a373ad73a504971]::io::write::Write>::write_fmt
[INFO] [stdout]    3:     0x582b4f5f27a6 - std[617be2ca0a6fd877]::panicking::default_hook::{closure#0}
[INFO] [stdout]    4:     0x582b4f60f879 - std[617be2ca0a6fd877]::panicking::default_hook
[INFO] [stdout]    5:     0x582b4ef8fba0 - test[aada8e7e76ba119b]::test_main_inner::{closure#0}
[INFO] [stdout]    6:     0x582b4f60fba2 - std[617be2ca0a6fd877]::panicking::panic_with_hook
[INFO] [stdout]    7:     0x582b4f5f2884 - std[617be2ca0a6fd877]::panicking::panic_handler::{closure#0}
[INFO] [stdout]    8:     0x582b4f5eb259 - std[617be2ca0a6fd877]::sys::backtrace::__rust_end_short_backtrace::<std[617be2ca0a6fd877]::panicking::panic_handler::{closure#0}, !>
[INFO] [stdout]    9:     0x582b4f5f364d - __rustc[ea4f61d10b84890b]::rust_begin_unwind
[INFO] [stdout]   10:     0x582b4f63220c - core[a373ad73a504971]::panicking::panic_fmt
[INFO] [stdout]   11:     0x582b4eebbbd3 - activerecord_tests[4b8ed0ff5dc7e202]::common::setup_test_database::{closure#0}
[INFO] [stdout]   12:     0x582b4eeadbde - activerecord_tests[4b8ed0ff5dc7e202]::complex_query_tests::test_complex_filter::{closure#0}::{closure#0}
[INFO] [stdout]   13:     0x582b4edaa365 - <tokio[cf35e7e9721334c6]::runtime::scheduler::current_thread::CurrentThread>::block_on::<core[a373ad73a504971]::pin::Pin<&mut dyn core[a373ad73a504971]::future::future::Future<Output = ()>>>
[INFO] [stdout]   14:     0x582b4ed65892 - <tokio[cf35e7e9721334c6]::runtime::runtime::Runtime>::block_on::<core[a373ad73a504971]::pin::Pin<&mut dyn core[a373ad73a504971]::future::future::Future<Output = ()>>>
[INFO] [stdout]   15:     0x582b4eec2bba - <activerecord_tests[4b8ed0ff5dc7e202]::complex_query_tests::test_complex_filter::{closure#0} as core[a373ad73a504971]::ops::function::FnOnce<()>>::call_once
[INFO] [stdout]   16:     0x582b4efc4447 - serial_test[b928aa2d80f163c8]::serial_code_lock::local_serial_core
[INFO] [stdout]   17:     0x582b4eec282d - <activerecord_tests[4b8ed0ff5dc7e202]::complex_query_tests::test_complex_filter::{closure#0} as core[a373ad73a504971]::ops::function::FnOnce<()>>::call_once
[INFO] [stdout]   18:     0x582b4ef82feb - test[aada8e7e76ba119b]::__rust_begin_short_backtrace::<core[a373ad73a504971]::result::Result<(), alloc[2e1b2a31b91974c5]::string::String>, fn() -> core[a373ad73a504971]::result::Result<(), alloc[2e1b2a31b91974c5]::string::String>>
[INFO] [stdout]   19:     0x582b4ef901c5 - test[aada8e7e76ba119b]::run_test::{closure#0}
[INFO] [stdout]   20:     0x582b4ef89ab4 - std[617be2ca0a6fd877]::sys::backtrace::__rust_begin_short_backtrace::<test[aada8e7e76ba119b]::run_test::{closure#1}, ()>
[INFO] [stdout]   21:     0x582b4ef93252 - <std[617be2ca0a6fd877]::thread::lifecycle::spawn_unchecked<test[aada8e7e76ba119b]::run_test::{closure#1}, ()>::{closure#1} as core[a373ad73a504971]::ops::function::FnOnce<()>>::call_once::{shim:vtable#0}
[INFO] [stdout]   22:     0x582b4f6175bf - <std[617be2ca0a6fd877]::sys::thread::unix::Thread>::new::thread_start
[INFO] [stdout]   23:     0x712a36ea5dfa - <unknown>
[INFO] [stdout]   24:     0x712a36f393d4 - clone
[INFO] [stdout]   25:                0x0 - <unknown>
[INFO] [stdout] 
[INFO] [stdout] ---- delete_tests::test_delete_by_filter stdout ----
[INFO] [stdout] 
[INFO] [stdout] thread 'delete_tests::test_delete_by_filter' (5245) panicked at tests/common/mod.rs:107:9:
[INFO] [stdout] SPANNER_EMULATOR_HOST not set. Run: export SPANNER_EMULATOR_HOST=localhost:9010
[INFO] [stdout] stack backtrace:
[INFO] [stdout]    0:     0x582b4f618421 - <<std[617be2ca0a6fd877]::sys::backtrace::BacktraceLock>::print::DisplayBacktrace as core[a373ad73a504971]::fmt::Display>::fmt
[INFO] [stdout]    1:     0x582b4f631aaa - core[a373ad73a504971]::fmt::write
[INFO] [stdout]    2:     0x582b4f61d5dc - <alloc[2e1b2a31b91974c5]::vec::Vec<u8> as core[a373ad73a504971]::io::write::Write>::write_fmt
[INFO] [stdout]    3:     0x582b4f5f27a6 - std[617be2ca0a6fd877]::panicking::default_hook::{closure#0}
[INFO] [stdout]    4:     0x582b4f60f879 - std[617be2ca0a6fd877]::panicking::default_hook
[INFO] [stdout]    5:     0x582b4ef8fba0 - test[aada8e7e76ba119b]::test_main_inner::{closure#0}
[INFO] [stdout]    6:     0x582b4f60fba2 - std[617be2ca0a6fd877]::panicking::panic_with_hook
[INFO] [stdout]    7:     0x582b4f5f2884 - std[617be2ca0a6fd877]::panicking::panic_handler::{closure#0}
[INFO] [stdout]    8:     0x582b4f5eb259 - std[617be2ca0a6fd877]::sys::backtrace::__rust_end_short_backtrace::<std[617be2ca0a6fd877]::panicking::panic_handler::{closure#0}, !>
[INFO] [stdout]    9:     0x582b4f5f364d - __rustc[ea4f61d10b84890b]::rust_begin_unwind
[INFO] [stdout]   10:     0x582b4f63220c - core[a373ad73a504971]::panicking::panic_fmt
[INFO] [stdout]   11:     0x582b4ee30f53 - activerecord_tests[4b8ed0ff5dc7e202]::common::setup_test_database::{closure#0}
[INFO] [stdout]   12:     0x582b4ee22386 - activerecord_tests[4b8ed0ff5dc7e202]::delete_tests::test_delete_by_filter::{closure#0}::{closure#0}
[INFO] [stdout]   13:     0x582b4edaa365 - <tokio[cf35e7e9721334c6]::runtime::scheduler::current_thread::CurrentThread>::block_on::<core[a373ad73a504971]::pin::Pin<&mut dyn core[a373ad73a504971]::future::future::Future<Output = ()>>>
[INFO] [stdout]   14:     0x582b4ed65892 - <tokio[cf35e7e9721334c6]::runtime::runtime::Runtime>::block_on::<core[a373ad73a504971]::pin::Pin<&mut dyn core[a373ad73a504971]::future::future::Future<Output = ()>>>
[INFO] [stdout]   15:     0x582b4ee37b9a - <activerecord_tests[4b8ed0ff5dc7e202]::delete_tests::test_delete_by_filter::{closure#0} as core[a373ad73a504971]::ops::function::FnOnce<()>>::call_once
[INFO] [stdout]   16:     0x582b4efc4447 - serial_test[b928aa2d80f163c8]::serial_code_lock::local_serial_core
[INFO] [stdout]   17:     0x582b4ee37a4d - <activerecord_tests[4b8ed0ff5dc7e202]::delete_tests::test_delete_by_filter::{closure#0} as core[a373ad73a504971]::ops::function::FnOnce<()>>::call_once
[INFO] [stdout]   18:     0x582b4ef82feb - test[aada8e7e76ba119b]::__rust_begin_short_backtrace::<core[a373ad73a504971]::result::Result<(), alloc[2e1b2a31b91974c5]::string::String>, fn() -> core[a373ad73a504971]::result::Result<(), alloc[2e1b2a31b91974c5]::string::String>>
[INFO] [stdout]   19:     0x582b4ef901c5 - test[aada8e7e76ba119b]::run_test::{closure#0}
[INFO] [stdout]   20:     0x582b4ef89ab4 - std[617be2ca0a6fd877]::sys::backtrace::__rust_begin_short_backtrace::<test[aada8e7e76ba119b]::run_test::{closure#1}, ()>
[INFO] [stdout]   21:     0x582b4ef93252 - <std[617be2ca0a6fd877]::thread::lifecycle::spawn_unchecked<test[aada8e7e76ba119b]::run_test::{closure#1}, ()>::{closure#1} as core[a373ad73a504971]::ops::function::FnOnce<()>>::call_once::{shim:vtable#0}
[INFO] [stdout]   22:     0x582b4f6175bf - <std[617be2ca0a6fd877]::sys::thread::unix::Thread>::new::thread_start
[INFO] [stdout]   23:     0x712a36ea5dfa - <unknown>
[INFO] [stdout]   24:     0x712a36f393d4 - clone
[INFO] [stdout]   25:                0x0 - <unknown>
[INFO] [stdout] 
[INFO] [stdout] ---- select_tests::test_find_with_filter stdout ----
[INFO] [stdout] 
[INFO] [stdout] thread 'select_tests::test_find_with_filter' (5258) panicked at tests/common/mod.rs:107:9:
[INFO] [stdout] SPANNER_EMULATOR_HOST not set. Run: export SPANNER_EMULATOR_HOST=localhost:9010
[INFO] [stdout] stack backtrace:
[INFO] [stdout]    0:     0x582b4f618421 - <<std[617be2ca0a6fd877]::sys::backtrace::BacktraceLock>::print::DisplayBacktrace as core[a373ad73a504971]::fmt::Display>::fmt
[INFO] [stdout]    1:     0x582b4f631aaa - core[a373ad73a504971]::fmt::write
[INFO] [stdout]    2:     0x582b4f61d5dc - <alloc[2e1b2a31b91974c5]::vec::Vec<u8> as core[a373ad73a504971]::io::write::Write>::write_fmt
[INFO] [stdout]    3:     0x582b4f5f27a6 - std[617be2ca0a6fd877]::panicking::default_hook::{closure#0}
[INFO] [stdout]    4:     0x582b4f60f879 - std[617be2ca0a6fd877]::panicking::default_hook
[INFO] [stdout]    5:     0x582b4ef8fba0 - test[aada8e7e76ba119b]::test_main_inner::{closure#0}
[INFO] [stdout]    6:     0x582b4f60fba2 - std[617be2ca0a6fd877]::panicking::panic_with_hook
[INFO] [stdout]    7:     0x582b4f5f2884 - std[617be2ca0a6fd877]::panicking::panic_handler::{closure#0}
[INFO] [stdout]    8:     0x582b4f5eb259 - std[617be2ca0a6fd877]::sys::backtrace::__rust_end_short_backtrace::<std[617be2ca0a6fd877]::panicking::panic_handler::{closure#0}, !>
[INFO] [stdout]    9:     0x582b4f5f364d - __rustc[ea4f61d10b84890b]::rust_begin_unwind
[INFO] [stdout]   10:     0x582b4f63220c - core[a373ad73a504971]::panicking::panic_fmt
[INFO] [stdout]   11:     0x582b4eda2233 - activerecord_tests[4b8ed0ff5dc7e202]::common::setup_test_database::{closure#0}
[INFO] [stdout]   12:     0x582b4ed92fde - activerecord_tests[4b8ed0ff5dc7e202]::select_tests::test_find_with_filter::{closure#0}::{closure#0}
[INFO] [stdout]   13:     0x582b4edaa365 - <tokio[cf35e7e9721334c6]::runtime::scheduler::current_thread::CurrentThread>::block_on::<core[a373ad73a504971]::pin::Pin<&mut dyn core[a373ad73a504971]::future::future::Future<Output = ()>>>
[INFO] [stdout]   14:     0x582b4ed65892 - <tokio[cf35e7e9721334c6]::runtime::runtime::Runtime>::block_on::<core[a373ad73a504971]::pin::Pin<&mut dyn core[a373ad73a504971]::future::future::Future<Output = ()>>>
[INFO] [stdout]   15:     0x582b4eda96fa - <activerecord_tests[4b8ed0ff5dc7e202]::select_tests::test_find_with_filter::{closure#0} as core[a373ad73a504971]::ops::function::FnOnce<()>>::call_once
[INFO] [stdout]   16:     0x582b4efc4447 - serial_test[b928aa2d80f163c8]::serial_code_lock::local_serial_core
[INFO] [stdout]   17:     0x582b4eda8ccd - <activerecord_tests[4b8ed0ff5dc7e202]::select_tests::test_find_with_filter::{closure#0} as core[a373ad73a504971]::ops::function::FnOnce<()>>::call_once
[INFO] [stdout]   18:     0x582b4ef82feb - test[aada8e7e76ba119b]::__rust_begin_short_backtrace::<core[a373ad73a504971]::result::Result<(), alloc[2e1b2a31b91974c5]::string::String>, fn() -> core[a373ad73a504971]::result::Result<(), alloc[2e1b2a31b91974c5]::string::String>>
[INFO] [stdout]   19:     0x582b4ef901c5 - test[aada8e7e76ba119b]::run_test::{closure#0}
[INFO] [stdout]   20:     0x582b4ef89ab4 - std[617be2ca0a6fd877]::sys::backtrace::__rust_begin_short_backtrace::<test[aada8e7e76ba119b]::run_test::{closure#1}, ()>
[INFO] [stdout]   21:     0x582b4ef93252 - <std[617be2ca0a6fd877]::thread::lifecycle::spawn_unchecked<test[aada8e7e76ba119b]::run_test::{closure#1}, ()>::{closure#1} as core[a373ad73a504971]::ops::function::FnOnce<()>>::call_once::{shim:vtable#0}
[INFO] [stdout]   22:     0x582b4f6175bf - <std[617be2ca0a6fd877]::sys::thread::unix::Thread>::new::thread_start
[INFO] [stdout]   23:     0x712a36ea5dfa - <unknown>
[INFO] [stdout]   24:     0x712a36f393d4 - clone
[INFO] [stdout]   25:                0x0 - <unknown>
[INFO] [stdout] 
[INFO] [stdout] ---- aggregate_tests::test_count_as_column stdout ----
[INFO] [stdout] 
[INFO] [stdout] thread 'aggregate_tests::test_count_as_column' (5239) panicked at tests/common/mod.rs:107:9:
[INFO] [stdout] SPANNER_EMULATOR_HOST not set. Run: export SPANNER_EMULATOR_HOST=localhost:9010
[INFO] [stdout] stack backtrace:
[INFO] [stdout]    0:     0x582b4f618421 - <<std[617be2ca0a6fd877]::sys::backtrace::BacktraceLock>::print::DisplayBacktrace as core[a373ad73a504971]::fmt::Display>::fmt
[INFO] [stdout]    1:     0x582b4f631aaa - core[a373ad73a504971]::fmt::write
[INFO] [stdout]    2:     0x582b4f61d5dc - <alloc[2e1b2a31b91974c5]::vec::Vec<u8> as core[a373ad73a504971]::io::write::Write>::write_fmt
[INFO] [stdout]    3:     0x582b4f5f27a6 - std[617be2ca0a6fd877]::panicking::default_hook::{closure#0}
[INFO] [stdout]    4:     0x582b4f60f879 - std[617be2ca0a6fd877]::panicking::default_hook
[INFO] [stdout]    5:     0x582b4ef8fba0 - test[aada8e7e76ba119b]::test_main_inner::{closure#0}
[INFO] [stdout]    6:     0x582b4f60fba2 - std[617be2ca0a6fd877]::panicking::panic_with_hook
[INFO] [stdout]    7:     0x582b4f5f2884 - std[617be2ca0a6fd877]::panicking::panic_handler::{closure#0}
[INFO] [stdout]    8:     0x582b4f5eb259 - std[617be2ca0a6fd877]::sys::backtrace::__rust_end_short_backtrace::<std[617be2ca0a6fd877]::panicking::panic_handler::{closure#0}, !>
[INFO] [stdout]    9:     0x582b4f5f364d - __rustc[ea4f61d10b84890b]::rust_begin_unwind
[INFO] [stdout]   10:     0x582b4f63220c - core[a373ad73a504971]::panicking::panic_fmt
[INFO] [stdout]   11:     0x582b4ee55fc3 - activerecord_tests[4b8ed0ff5dc7e202]::common::setup_test_database::{closure#0}
[INFO] [stdout]   12:     0x582b4ee471de - activerecord_tests[4b8ed0ff5dc7e202]::aggregate_tests::test_count_as_column::{closure#0}::{closure#0}
[INFO] [stdout]   13:     0x582b4edaa365 - <tokio[cf35e7e9721334c6]::runtime::scheduler::current_thread::CurrentThread>::block_on::<core[a373ad73a504971]::pin::Pin<&mut dyn core[a373ad73a504971]::future::future::Future<Output = ()>>>
[INFO] [stdout]   14:     0x582b4ed65892 - <tokio[cf35e7e9721334c6]::runtime::runtime::Runtime>::block_on::<core[a373ad73a504971]::pin::Pin<&mut dyn core[a373ad73a504971]::future::future::Future<Output = ()>>>
[INFO] [stdout]   15:     0x582b4ee5cdba - <activerecord_tests[4b8ed0ff5dc7e202]::aggregate_tests::test_count_as_column::{closure#0} as core[a373ad73a504971]::ops::function::FnOnce<()>>::call_once
[INFO] [stdout]   16:     0x582b4efc4447 - serial_test[b928aa2d80f163c8]::serial_code_lock::local_serial_core
[INFO] [stdout]   17:     0x582b4ee5cbed - <activerecord_tests[4b8ed0ff5dc7e202]::aggregate_tests::test_count_as_column::{closure#0} as core[a373ad73a504971]::ops::function::FnOnce<()>>::call_once
[INFO] [stdout]   18:     0x582b4ef82feb - test[aada8e7e76ba119b]::__rust_begin_short_backtrace::<core[a373ad73a504971]::result::Result<(), alloc[2e1b2a31b91974c5]::string::String>, fn() -> core[a373ad73a504971]::result::Result<(), alloc[2e1b2a31b91974c5]::string::String>>
[INFO] [stdout]   19:     0x582b4ef901c5 - test[aada8e7e76ba119b]::run_test::{closure#0}
[INFO] [stdout]   20:     0x582b4ef89ab4 - std[617be2ca0a6fd877]::sys::backtrace::__rust_begin_short_backtrace::<test[aada8e7e76ba119b]::run_test::{closure#1}, ()>
[INFO] [stdout]   21:     0x582b4ef93252 - <std[617be2ca0a6fd877]::thread::lifecycle::spawn_unchecked<test[aada8e7e76ba119b]::run_test::{closure#1}, ()>::{closure#1} as core[a373ad73a504971]::ops::function::FnOnce<()>>::call_once::{shim:vtable#0}
[INFO] [stdout]   22:     0x582b4f6175bf - <std[617be2ca0a6fd877]::sys::thread::unix::Thread>::new::thread_start
[INFO] [stdout]   23:     0x712a36ea5dfa - <unknown>
[INFO] [stdout]   24:     0x712a36f393d4 - clone
[INFO] [stdout]   25:                0x0 - <unknown>
[INFO] [stdout] 
[INFO] [stdout] ---- insert_tests::test_insert_multiple_entities stdout ----
[INFO] [stdout] 
[INFO] [stdout] thread 'insert_tests::test_insert_multiple_entities' (5247) panicked at tests/common/mod.rs:107:9:
[INFO] [stdout] SPANNER_EMULATOR_HOST not set. Run: export SPANNER_EMULATOR_HOST=localhost:9010
[INFO] [stdout] stack backtrace:
[INFO] [stdout]    0:     0x582b4f618421 - <<std[617be2ca0a6fd877]::sys::backtrace::BacktraceLock>::print::DisplayBacktrace as core[a373ad73a504971]::fmt::Display>::fmt
[INFO] [stdout]    1:     0x582b4f631aaa - core[a373ad73a504971]::fmt::write
[INFO] [stdout]    2:     0x582b4f61d5dc - <alloc[2e1b2a31b91974c5]::vec::Vec<u8> as core[a373ad73a504971]::io::write::Write>::write_fmt
[INFO] [stdout]    3:     0x582b4f5f27a6 - std[617be2ca0a6fd877]::panicking::default_hook::{closure#0}
[INFO] [stdout]    4:     0x582b4f60f879 - std[617be2ca0a6fd877]::panicking::default_hook
[INFO] [stdout]    5:     0x582b4ef8fba0 - test[aada8e7e76ba119b]::test_main_inner::{closure#0}
[INFO] [stdout]    6:     0x582b4f60fba2 - std[617be2ca0a6fd877]::panicking::panic_with_hook
[INFO] [stdout]    7:     0x582b4f5f2884 - std[617be2ca0a6fd877]::panicking::panic_handler::{closure#0}
[INFO] [stdout]    8:     0x582b4f5eb259 - std[617be2ca0a6fd877]::sys::backtrace::__rust_end_short_backtrace::<std[617be2ca0a6fd877]::panicking::panic_handler::{closure#0}, !>
[INFO] [stdout]    9:     0x582b4f5f364d - __rustc[ea4f61d10b84890b]::rust_begin_unwind
[INFO] [stdout]   10:     0x582b4f63220c - core[a373ad73a504971]::panicking::panic_fmt
[INFO] [stdout]   11:     0x582b4ee0b893 - activerecord_tests[4b8ed0ff5dc7e202]::common::setup_test_database::{closure#0}
[INFO] [stdout]   12:     0x582b4edfe117 - activerecord_tests[4b8ed0ff5dc7e202]::insert_tests::test_insert_multiple_entities::{closure#0}::{closure#0}
[INFO] [stdout]   13:     0x582b4edaa365 - <tokio[cf35e7e9721334c6]::runtime::scheduler::current_thread::CurrentThread>::block_on::<core[a373ad73a504971]::pin::Pin<&mut dyn core[a373ad73a504971]::future::future::Future<Output = ()>>>
[INFO] [stdout]   14:     0x582b4ed65892 - <tokio[cf35e7e9721334c6]::runtime::runtime::Runtime>::block_on::<core[a373ad73a504971]::pin::Pin<&mut dyn core[a373ad73a504971]::future::future::Future<Output = ()>>>
[INFO] [stdout]   15:     0x582b4ee1271a - <activerecord_tests[4b8ed0ff5dc7e202]::insert_tests::test_insert_multiple_entities::{closure#0} as core[a373ad73a504971]::ops::function::FnOnce<()>>::call_once
[INFO] [stdout]   16:     0x582b4efc4447 - serial_test[b928aa2d80f163c8]::serial_code_lock::local_serial_core
[INFO] [stdout]   17:     0x582b4ee1238d - <activerecord_tests[4b8ed0ff5dc7e202]::insert_tests::test_insert_multiple_entities::{closure#0} as core[a373ad73a504971]::ops::function::FnOnce<()>>::call_once
[INFO] [stdout]   18:     0x582b4ef82feb - test[aada8e7e76ba119b]::__rust_begin_short_backtrace::<core[a373ad73a504971]::result::Result<(), alloc[2e1b2a31b91974c5]::string::String>, fn() -> core[a373ad73a504971]::result::Result<(), alloc[2e1b2a31b91974c5]::string::String>>
[INFO] [stdout]   19:     0x582b4ef901c5 - test[aada8e7e76ba119b]::run_test::{closure#0}
[INFO] [stdout]   20:     0x582b4ef89ab4 - std[617be2ca0a6fd877]::sys::backtrace::__rust_begin_short_backtrace::<test[aada8e7e76ba119b]::run_test::{closure#1}, ()>
[INFO] [stdout]   21:     0x582b4ef93252 - <std[617be2ca0a6fd877]::thread::lifecycle::spawn_unchecked<test[aada8e7e76ba119b]::run_test::{closure#1}, ()>::{closure#1} as core[a373ad73a504971]::ops::function::FnOnce<()>>::call_once::{shim:vtable#0}
[INFO] [stdout]   22:     0x582b4f6175bf - <std[617be2ca0a6fd877]::sys::thread::unix::Thread>::new::thread_start
[INFO] [stdout]   23:     0x712a36ea5dfa - <unknown>
[INFO] [stdout]   24:     0x712a36f393d4 - clone
[INFO] [stdout]   25:                0x0 - <unknown>
[INFO] [stdout] 
[INFO] [stdout] ---- select_tests::test_count stdout ----
[INFO] [stdout] 
[INFO] [stdout] thread 'select_tests::test_count' (5253) panicked at tests/common/mod.rs:107:9:
[INFO] [stdout] SPANNER_EMULATOR_HOST not set. Run: export SPANNER_EMULATOR_HOST=localhost:9010
[INFO] [stdout] stack backtrace:
[INFO] [stdout]    0:     0x582b4f618421 - <<std[617be2ca0a6fd877]::sys::backtrace::BacktraceLock>::print::DisplayBacktrace as core[a373ad73a504971]::fmt::Display>::fmt
[INFO] [stdout]    1:     0x582b4f631aaa - core[a373ad73a504971]::fmt::write
[INFO] [stdout]    2:     0x582b4f61d5dc - <alloc[2e1b2a31b91974c5]::vec::Vec<u8> as core[a373ad73a504971]::io::write::Write>::write_fmt
[INFO] [stdout]    3:     0x582b4f5f27a6 - std[617be2ca0a6fd877]::panicking::default_hook::{closure#0}
[INFO] [stdout]    4:     0x582b4f60f879 - std[617be2ca0a6fd877]::panicking::default_hook
[INFO] [stdout]    5:     0x582b4ef8fba0 - test[aada8e7e76ba119b]::test_main_inner::{closure#0}
[INFO] [stdout]    6:     0x582b4f60fba2 - std[617be2ca0a6fd877]::panicking::panic_with_hook
[INFO] [stdout]    7:     0x582b4f5f2884 - std[617be2ca0a6fd877]::panicking::panic_handler::{closure#0}
[INFO] [stdout]    8:     0x582b4f5eb259 - std[617be2ca0a6fd877]::sys::backtrace::__rust_end_short_backtrace::<std[617be2ca0a6fd877]::panicking::panic_handler::{closure#0}, !>
[INFO] [stdout]    9:     0x582b4f5f364d - __rustc[ea4f61d10b84890b]::rust_begin_unwind
[INFO] [stdout]   10:     0x582b4f63220c - core[a373ad73a504971]::panicking::panic_fmt
[INFO] [stdout]   11:     0x582b4eda2233 - activerecord_tests[4b8ed0ff5dc7e202]::common::setup_test_database::{closure#0}
[INFO] [stdout]   12:     0x582b4ed9133e - activerecord_tests[4b8ed0ff5dc7e202]::select_tests::test_count::{closure#0}::{closure#0}
[INFO] [stdout]   13:     0x582b4edaa365 - <tokio[cf35e7e9721334c6]::runtime::scheduler::current_thread::CurrentThread>::block_on::<core[a373ad73a504971]::pin::Pin<&mut dyn core[a373ad73a504971]::future::future::Future<Output = ()>>>
[INFO] [stdout]   14:     0x582b4ed65892 - <tokio[cf35e7e9721334c6]::runtime::runtime::Runtime>::block_on::<core[a373ad73a504971]::pin::Pin<&mut dyn core[a373ad73a504971]::future::future::Future<Output = ()>>>
[INFO] [stdout]   15:     0x582b4eda901a - <activerecord_tests[4b8ed0ff5dc7e202]::select_tests::test_count::{closure#0} as core[a373ad73a504971]::ops::function::FnOnce<()>>::call_once
[INFO] [stdout]   16:     0x582b4efc4447 - serial_test[b928aa2d80f163c8]::serial_code_lock::local_serial_core
[INFO] [stdout]   17:     0x582b4eda8a4d - <activerecord_tests[4b8ed0ff5dc7e202]::select_tests::test_count::{closure#0} as core[a373ad73a504971]::ops::function::FnOnce<()>>::call_once
[INFO] [stdout]   18:     0x582b4ef82feb - test[aada8e7e76ba119b]::__rust_begin_short_backtrace::<core[a373ad73a504971]::result::Result<(), alloc[2e1b2a31b91974c5]::string::String>, fn() -> core[a373ad73a504971]::result::Result<(), alloc[2e1b2a31b91974c5]::string::String>>
[INFO] [stdout]   19:     0x582b4ef901c5 - test[aada8e7e76ba119b]::run_test::{closure#0}
[INFO] [stdout]   20:     0x582b4ef89ab4 - std[617be2ca0a6fd877]::sys::backtrace::__rust_begin_short_backtrace::<test[aada8e7e76ba119b]::run_test::{closure#1}, ()>
[INFO] [stdout]   21:     0x582b4ef93252 - <std[617be2ca0a6fd877]::thread::lifecycle::spawn_unchecked<test[aada8e7e76ba119b]::run_test::{closure#1}, ()>::{closure#1} as core[a373ad73a504971]::ops::function::FnOnce<()>>::call_once::{shim:vtable#0}
[INFO] [stdout]   22:     0x582b4f6175bf - <std[617be2ca0a6fd877]::sys::thread::unix::Thread>::new::thread_start
[INFO] [stdout]   23:     0x712a36ea5dfa - <unknown>
[INFO] [stdout]   24:     0x712a36f393d4 - clone
[INFO] [stdout]   25:                0x0 - <unknown>
[INFO] [stdout] 
[INFO] [stdout] ---- select_tests::test_find_with_is_null stdout ----
[INFO] [stdout] 
[INFO] [stdout] thread 'select_tests::test_find_with_is_null' (5260) panicked at tests/common/mod.rs:107:9:
[INFO] [stdout] SPANNER_EMULATOR_HOST not set. Run: export SPANNER_EMULATOR_HOST=localhost:9010
[INFO] [stdout] stack backtrace:
[INFO] [stdout]    0:     0x582b4f618421 - <<std[617be2ca0a6fd877]::sys::backtrace::BacktraceLock>::print::DisplayBacktrace as core[a373ad73a504971]::fmt::Display>::fmt
[INFO] [stdout]    1:     0x582b4f631aaa - core[a373ad73a504971]::fmt::write
[INFO] [stdout]    2:     0x582b4f61d5dc - <alloc[2e1b2a31b91974c5]::vec::Vec<u8> as core[a373ad73a504971]::io::write::Write>::write_fmt
[INFO] [stdout]    3:     0x582b4f5f27a6 - std[617be2ca0a6fd877]::panicking::default_hook::{closure#0}
[INFO] [stdout]    4:     0x582b4f60f879 - std[617be2ca0a6fd877]::panicking::default_hook
[INFO] [stdout]    5:     0x582b4ef8fba0 - test[aada8e7e76ba119b]::test_main_inner::{closure#0}
[INFO] [stdout]    6:     0x582b4f60fba2 - std[617be2ca0a6fd877]::panicking::panic_with_hook
[INFO] [stdout]    7:     0x582b4f5f2884 - std[617be2ca0a6fd877]::panicking::panic_handler::{closure#0}
[INFO] [stdout]    8:     0x582b4f5eb259 - std[617be2ca0a6fd877]::sys::backtrace::__rust_end_short_backtrace::<std[617be2ca0a6fd877]::panicking::panic_handler::{closure#0}, !>
[INFO] [stdout]    9:     0x582b4f5f364d - __rustc[ea4f61d10b84890b]::rust_begin_unwind
[INFO] [stdout]   10:     0x582b4f63220c - core[a373ad73a504971]::panicking::panic_fmt
[INFO] [stdout]   11:     0x582b4eda2233 - activerecord_tests[4b8ed0ff5dc7e202]::common::setup_test_database::{closure#0}
[INFO] [stdout]   12:     0x582b4ed93fde - activerecord_tests[4b8ed0ff5dc7e202]::select_tests::test_find_with_is_null::{closure#0}::{closure#0}
[INFO] [stdout]   13:     0x582b4edaa365 - <tokio[cf35e7e9721334c6]::runtime::scheduler::current_thread::CurrentThread>::block_on::<core[a373ad73a504971]::pin::Pin<&mut dyn core[a373ad73a504971]::future::future::Future<Output = ()>>>
[INFO] [stdout]   14:     0x582b4ed65892 - <tokio[cf35e7e9721334c6]::runtime::runtime::Runtime>::block_on::<core[a373ad73a504971]::pin::Pin<&mut dyn core[a373ad73a504971]::future::future::Future<Output = ()>>>
[INFO] [stdout]   15:     0x582b4eda9b1a - <activerecord_tests[4b8ed0ff5dc7e202]::select_tests::test_find_with_is_null::{closure#0} as core[a373ad73a504971]::ops::function::FnOnce<()>>::call_once
[INFO] [stdout]   16:     0x582b4efc4447 - serial_test[b928aa2d80f163c8]::serial_code_lock::local_serial_core
[INFO] [stdout]   17:     0x582b4eda8e4d - <activerecord_tests[4b8ed0ff5dc7e202]::select_tests::test_find_with_is_null::{closure#0} as core[a373ad73a504971]::ops::function::FnOnce<()>>::call_once
[INFO] [stdout]   18:     0x582b4ef82feb - test[aada8e7e76ba119b]::__rust_begin_short_backtrace::<core[a373ad73a504971]::result::Result<(), alloc[2e1b2a31b91974c5]::string::String>, fn() -> core[a373ad73a504971]::result::Result<(), alloc[2e1b2a31b91974c5]::string::String>>
[INFO] [stdout]   19:     0x582b4ef901c5 - test[aada8e7e76ba119b]::run_test::{closure#0}
[INFO] [stdout]   20:     0x582b4ef89ab4 - std[617be2ca0a6fd877]::sys::backtrace::__rust_begin_short_backtrace::<test[aada8e7e76ba119b]::run_test::{closure#1}, ()>
[INFO] [stdout]   21:     0x582b4ef93252 - <std[617be2ca0a6fd877]::thread::lifecycle::spawn_unchecked<test[aada8e7e76ba119b]::run_test::{closure#1}, ()>::{closure#1} as core[a373ad73a504971]::ops::function::FnOnce<()>>::call_once::{shim:vtable#0}
[INFO] [stdout]   22:     0x582b4f6175bf - <std[617be2ca0a6fd877]::sys::thread::unix::Thread>::new::thread_start
[INFO] [stdout]   23:     0x712a36ea5dfa - <unknown>
[INFO] [stdout]   24:     0x712a36f393d4 - clone
[INFO] [stdout]   25:                0x0 - <unknown>
[INFO] [stdout] 
[INFO] [stdout] ---- select_tests::test_find_with_limit stdout ----
[INFO] [stdout] 
[INFO] [stdout] thread 'select_tests::test_find_with_limit' (5261) panicked at tests/common/mod.rs:107:9:
[INFO] [stdout] SPANNER_EMULATOR_HOST not set. Run: export SPANNER_EMULATOR_HOST=localhost:9010
[INFO] [stdout] stack backtrace:
[INFO] [stdout]    0:     0x582b4f618421 - <<std[617be2ca0a6fd877]::sys::backtrace::BacktraceLock>::print::DisplayBacktrace as core[a373ad73a504971]::fmt::Display>::fmt
[INFO] [stdout]    1:     0x582b4f631aaa - core[a373ad73a504971]::fmt::write
[INFO] [stdout]    2:     0x582b4f61d5dc - <alloc[2e1b2a31b91974c5]::vec::Vec<u8> as core[a373ad73a504971]::io::write::Write>::write_fmt
[INFO] [stdout]    3:     0x582b4f5f27a6 - std[617be2ca0a6fd877]::panicking::default_hook::{closure#0}
[INFO] [stdout]    4:     0x582b4f60f879 - std[617be2ca0a6fd877]::panicking::default_hook
[INFO] [stdout]    5:     0x582b4ef8fba0 - test[aada8e7e76ba119b]::test_main_inner::{closure#0}
[INFO] [stdout]    6:     0x582b4f60fba2 - std[617be2ca0a6fd877]::panicking::panic_with_hook
[INFO] [stdout]    7:     0x582b4f5f2884 - std[617be2ca0a6fd877]::panicking::panic_handler::{closure#0}
[INFO] [stdout]    8:     0x582b4f5eb259 - std[617be2ca0a6fd877]::sys::backtrace::__rust_end_short_backtrace::<std[617be2ca0a6fd877]::panicking::panic_handler::{closure#0}, !>
[INFO] [stdout]    9:     0x582b4f5f364d - __rustc[ea4f61d10b84890b]::rust_begin_unwind
[INFO] [stdout]   10:     0x582b4f63220c - core[a373ad73a504971]::panicking::panic_fmt
[INFO] [stdout]   11:     0x582b4eda2233 - activerecord_tests[4b8ed0ff5dc7e202]::common::setup_test_database::{closure#0}
[INFO] [stdout]   12:     0x582b4ed92b6e - activerecord_tests[4b8ed0ff5dc7e202]::select_tests::test_find_with_limit::{closure#0}::{closure#0}
[INFO] [stdout]   13:     0x582b4edaa365 - <tokio[cf35e7e9721334c6]::runtime::scheduler::current_thread::CurrentThread>::block_on::<core[a373ad73a504971]::pin::Pin<&mut dyn core[a373ad73a504971]::future::future::Future<Output = ()>>>
[INFO] [stdout]   14:     0x582b4ed65892 - <tokio[cf35e7e9721334c6]::runtime::runtime::Runtime>::block_on::<core[a373ad73a504971]::pin::Pin<&mut dyn core[a373ad73a504971]::future::future::Future<Output = ()>>>
[INFO] [stdout]   15:     0x582b4eda959a - <activerecord_tests[4b8ed0ff5dc7e202]::select_tests::test_find_with_limit::{closure#0} as core[a373ad73a504971]::ops::function::FnOnce<()>>::call_once
[INFO] [stdout]   16:     0x582b4efc4447 - serial_test[b928aa2d80f163c8]::serial_code_lock::local_serial_core
[INFO] [stdout]   17:     0x582b4eda8c4d - <activerecord_tests[4b8ed0ff5dc7e202]::select_tests::test_find_with_limit::{closure#0} as core[a373ad73a504971]::ops::function::FnOnce<()>>::call_once
[INFO] [stdout]   18:     0x582b4ef82feb - test[aada8e7e76ba119b]::__rust_begin_short_backtrace::<core[a373ad73a504971]::result::Result<(), alloc[2e1b2a31b91974c5]::string::String>, fn() -> core[a373ad73a504971]::result::Result<(), alloc[2e1b2a31b91974c5]::string::String>>
[INFO] [stdout]   19:     0x582b4ef901c5 - test[aada8e7e76ba119b]::run_test::{closure#0}
[INFO] [stdout]   20:     0x582b4ef89ab4 - std[617be2ca0a6fd877]::sys::backtrace::__rust_begin_short_backtrace::<test[aada8e7e76ba119b]::run_test::{closure#1}, ()>
[INFO] [stdout]   21:     0x582b4ef93252 - <std[617be2ca0a6fd877]::thread::lifecycle::spawn_unchecked<test[aada8e7e76ba119b]::run_test::{closure#1}, ()>::{closure#1} as core[a373ad73a504971]::ops::function::FnOnce<()>>::call_once::{shim:vtable#0}
[INFO] [stdout]   22:     0x582b4f6175bf - <std[617be2ca0a6fd877]::sys::thread::unix::Thread>::new::thread_start
[INFO] [stdout]   23:     0x712a36ea5dfa - <unknown>
[INFO] [stdout]   24:     0x712a36f393d4 - clone
[INFO] [stdout]   25:                0x0 - <unknown>
[INFO] [stdout] 
[INFO] [stdout] ---- select_tests::test_find_all stdout ----
[INFO] [stdout] 
[INFO] [stdout] thread 'select_tests::test_find_all' (5254) panicked at tests/common/mod.rs:107:9:
[INFO] [stdout] SPANNER_EMULATOR_HOST not set. Run: export SPANNER_EMULATOR_HOST=localhost:9010
[INFO] [stdout] stack backtrace:
[INFO] [stdout]    0:     0x582b4f618421 - <<std[617be2ca0a6fd877]::sys::backtrace::BacktraceLock>::print::DisplayBacktrace as core[a373ad73a504971]::fmt::Display>::fmt
[INFO] [stdout]    1:     0x582b4f631aaa - core[a373ad73a504971]::fmt::write
[INFO] [stdout]    2:     0x582b4f61d5dc - <alloc[2e1b2a31b91974c5]::vec::Vec<u8> as core[a373ad73a504971]::io::write::Write>::write_fmt
[INFO] [stdout]    3:     0x582b4f5f27a6 - std[617be2ca0a6fd877]::panicking::default_hook::{closure#0}
[INFO] [stdout]    4:     0x582b4f60f879 - std[617be2ca0a6fd877]::panicking::default_hook
[INFO] [stdout]    5:     0x582b4ef8fba0 - test[aada8e7e76ba119b]::test_main_inner::{closure#0}
[INFO] [stdout]    6:     0x582b4f60fba2 - std[617be2ca0a6fd877]::panicking::panic_with_hook
[INFO] [stdout]    7:     0x582b4f5f2884 - std[617be2ca0a6fd877]::panicking::panic_handler::{closure#0}
[INFO] [stdout]    8:     0x582b4f5eb259 - std[617be2ca0a6fd877]::sys::backtrace::__rust_end_short_backtrace::<std[617be2ca0a6fd877]::panicking::panic_handler::{closure#0}, !>
[INFO] [stdout]    9:     0x582b4f5f364d - __rustc[ea4f61d10b84890b]::rust_begin_unwind
[INFO] [stdout]   10:     0x582b4f63220c - core[a373ad73a504971]::panicking::panic_fmt
[INFO] [stdout]   11:     0x582b4eda2233 - activerecord_tests[4b8ed0ff5dc7e202]::common::setup_test_database::{closure#0}
[INFO] [stdout]   12:     0x582b4ed91b3e - activerecord_tests[4b8ed0ff5dc7e202]::select_tests::test_find_all::{closure#0}::{closure#0}
[INFO] [stdout]   13:     0x582b4edaa365 - <tokio[cf35e7e9721334c6]::runtime::scheduler::current_thread::CurrentThread>::block_on::<core[a373ad73a504971]::pin::Pin<&mut dyn core[a373ad73a504971]::future::future::Future<Output = ()>>>
[INFO] [stdout]   14:     0x582b4ed65892 - <tokio[cf35e7e9721334c6]::runtime::runtime::Runtime>::block_on::<core[a373ad73a504971]::pin::Pin<&mut dyn core[a373ad73a504971]::future::future::Future<Output = ()>>>
[INFO] [stdout]   15:     0x582b4eda917a - <activerecord_tests[4b8ed0ff5dc7e202]::select_tests::test_find_all::{closure#0} as core[a373ad73a504971]::ops::function::FnOnce<()>>::call_once
[INFO] [stdout]   16:     0x582b4efc4447 - serial_test[b928aa2d80f163c8]::serial_code_lock::local_serial_core
[INFO] [stdout]   17:     0x582b4eda8acd - <activerecord_tests[4b8ed0ff5dc7e202]::select_tests::test_find_all::{closure#0} as core[a373ad73a504971]::ops::function::FnOnce<()>>::call_once
[INFO] [stdout]   18:     0x582b4ef82feb - test[aada8e7e76ba119b]::__rust_begin_short_backtrace::<core[a373ad73a504971]::result::Result<(), alloc[2e1b2a31b91974c5]::string::String>, fn() -> core[a373ad73a504971]::result::Result<(), alloc[2e1b2a31b91974c5]::string::String>>
[INFO] [stdout]   19:     0x582b4ef901c5 - test[aada8e7e76ba119b]::run_test::{closure#0}
[INFO] [stdout]   20:     0x582b4ef89ab4 - std[617be2ca0a6fd877]::sys::backtrace::__rust_begin_short_backtrace::<test[aada8e7e76ba119b]::run_test::{closure#1}, ()>
[INFO] [stdout]   21:     0x582b4ef93252 - <std[617be2ca0a6fd877]::thread::lifecycle::spawn_unchecked<test[aada8e7e76ba119b]::run_test::{closure#1}, ()>::{closure#1} as core[a373ad73a504971]::ops::function::FnOnce<()>>::call_once::{shim:vtable#0}
[INFO] [stdout]   22:     0x582b4f6175bf - <std[617be2ca0a6fd877]::sys::thread::unix::Thread>::new::thread_start
[INFO] [stdout]   23:     0x712a36ea5dfa - <unknown>
[INFO] [stdout]   24:     0x712a36f393d4 - clone
[INFO] [stdout]   25:                0x0 - <unknown>
[INFO] [stdout] 
[INFO] [stdout] ---- aggregate_tests::test_count_without_group_by stdout ----
[INFO] [stdout] 
[INFO] [stdout] thread 'aggregate_tests::test_count_without_group_by' (5241) panicked at tests/common/mod.rs:107:9:
[INFO] [stdout] SPANNER_EMULATOR_HOST not set. Run: export SPANNER_EMULATOR_HOST=localhost:9010
[INFO] [stdout] stack backtrace:
[INFO] [stdout]    0:     0x582b4f618421 - <<std[617be2ca0a6fd877]::sys::backtrace::BacktraceLock>::print::DisplayBacktrace as core[a373ad73a504971]::fmt::Display>::fmt
[INFO] [stdout]    1:     0x582b4f631aaa - core[a373ad73a504971]::fmt::write
[INFO] [stdout]    2:     0x582b4f61d5dc - <alloc[2e1b2a31b91974c5]::vec::Vec<u8> as core[a373ad73a504971]::io::write::Write>::write_fmt
[INFO] [stdout]    3:     0x582b4f5f27a6 - std[617be2ca0a6fd877]::panicking::default_hook::{closure#0}
[INFO] [stdout]    4:     0x582b4f60f879 - std[617be2ca0a6fd877]::panicking::default_hook
[INFO] [stdout]    5:     0x582b4ef8fba0 - test[aada8e7e76ba119b]::test_main_inner::{closure#0}
[INFO] [stdout]    6:     0x582b4f60fba2 - std[617be2ca0a6fd877]::panicking::panic_with_hook
[INFO] [stdout]    7:     0x582b4f5f2884 - std[617be2ca0a6fd877]::panicking::panic_handler::{closure#0}
[INFO] [stdout]    8:     0x582b4f5eb259 - std[617be2ca0a6fd877]::sys::backtrace::__rust_end_short_backtrace::<std[617be2ca0a6fd877]::panicking::panic_handler::{closure#0}, !>
[INFO] [stdout]    9:     0x582b4f5f364d - __rustc[ea4f61d10b84890b]::rust_begin_unwind
[INFO] [stdout]   10:     0x582b4f63220c - core[a373ad73a504971]::panicking::panic_fmt
[INFO] [stdout]   11:     0x582b4ee55fc3 - activerecord_tests[4b8ed0ff5dc7e202]::common::setup_test_database::{closure#0}
[INFO] [stdout]   12:     0x582b4ee4837e - activerecord_tests[4b8ed0ff5dc7e202]::aggregate_tests::test_count_without_group_by::{closure#0}::{closure#0}
[INFO] [stdout]   13:     0x582b4edaa365 - <tokio[cf35e7e9721334c6]::runtime::scheduler::current_thread::CurrentThread>::block_on::<core[a373ad73a504971]::pin::Pin<&mut dyn core[a373ad73a504971]::future::future::Future<Output = ()>>>
[INFO] [stdout]   14:     0x582b4ed65892 - <tokio[cf35e7e9721334c6]::runtime::runtime::Runtime>::block_on::<core[a373ad73a504971]::pin::Pin<&mut dyn core[a373ad73a504971]::future::future::Future<Output = ()>>>
[INFO] [stdout]   15:     0x582b4ee5d07a - <activerecord_tests[4b8ed0ff5dc7e202]::aggregate_tests::test_count_without_group_by::{closure#0} as core[a373ad73a504971]::ops::function::FnOnce<()>>::call_once
[INFO] [stdout]   16:     0x582b4efc4447 - serial_test[b928aa2d80f163c8]::serial_code_lock::local_serial_core
[INFO] [stdout]   17:     0x582b4ee5cced - <activerecord_tests[4b8ed0ff5dc7e202]::aggregate_tests::test_count_without_group_by::{closure#0} as core[a373ad73a504971]::ops::function::FnOnce<()>>::call_once
[INFO] [stdout]   18:     0x582b4ef82feb - test[aada8e7e76ba119b]::__rust_begin_short_backtrace::<core[a373ad73a504971]::result::Result<(), alloc[2e1b2a31b91974c5]::string::String>, fn() -> core[a373ad73a504971]::result::Result<(), alloc[2e1b2a31b91974c5]::string::String>>
[INFO] [stdout]   19:     0x582b4ef901c5 - test[aada8e7e76ba119b]::run_test::{closure#0}
[INFO] [stdout]   20:     0x582b4ef89ab4 - std[617be2ca0a6fd877]::sys::backtrace::__rust_begin_short_backtrace::<test[aada8e7e76ba119b]::run_test::{closure#1}, ()>
[INFO] [stdout]   21:     0x582b4ef93252 - <std[617be2ca0a6fd877]::thread::lifecycle::spawn_unchecked<test[aada8e7e76ba119b]::run_test::{closure#1}, ()>::{closure#1} as core[a373ad73a504971]::ops::function::FnOnce<()>>::call_once::{shim:vtable#0}
[INFO] [stdout]   22:     0x582b4f6175bf - <std[617be2ca0a6fd877]::sys::thread::unix::Thread>::new::thread_start
[INFO] [stdout]   23:     0x712a36ea5dfa - <unknown>
[INFO] [stdout]   24:     0x712a36f393d4 - clone
[INFO] [stdout]   25:                0x0 - <unknown>
[INFO] [stdout] 
[INFO] [stdout] ---- insert_tests::test_insert_single_entity stdout ----
[INFO] [stdout] 
[INFO] [stdout] thread 'insert_tests::test_insert_single_entity' (5248) panicked at tests/common/mod.rs:107:9:
[INFO] [stdout] SPANNER_EMULATOR_HOST not set. Run: export SPANNER_EMULATOR_HOST=localhost:9010
[INFO] [stdout] stack backtrace:
[INFO] [stdout]    0:     0x582b4f618421 - <<std[617be2ca0a6fd877]::sys::backtrace::BacktraceLock>::print::DisplayBacktrace as core[a373ad73a504971]::fmt::Display>::fmt
[INFO] [stdout]    1:     0x582b4f631aaa - core[a373ad73a504971]::fmt::write
[INFO] [stdout]    2:     0x582b4f61d5dc - <alloc[2e1b2a31b91974c5]::vec::Vec<u8> as core[a373ad73a504971]::io::write::Write>::write_fmt
[INFO] [stdout]    3:     0x582b4f5f27a6 - std[617be2ca0a6fd877]::panicking::default_hook::{closure#0}
[INFO] [stdout]    4:     0x582b4f60f879 - std[617be2ca0a6fd877]::panicking::default_hook
[INFO] [stdout]    5:     0x582b4ef8fba0 - test[aada8e7e76ba119b]::test_main_inner::{closure#0}
[INFO] [stdout]    6:     0x582b4f60fba2 - std[617be2ca0a6fd877]::panicking::panic_with_hook
[INFO] [stdout]    7:     0x582b4f5f2884 - std[617be2ca0a6fd877]::panicking::panic_handler::{closure#0}
[INFO] [stdout]    8:     0x582b4f5eb259 - std[617be2ca0a6fd877]::sys::backtrace::__rust_end_short_backtrace::<std[617be2ca0a6fd877]::panicking::panic_handler::{closure#0}, !>
[INFO] [stdout]    9:     0x582b4f5f364d - __rustc[ea4f61d10b84890b]::rust_begin_unwind
[INFO] [stdout]   10:     0x582b4f63220c - core[a373ad73a504971]::panicking::panic_fmt
[INFO] [stdout]   11:     0x582b4ee0b893 - activerecord_tests[4b8ed0ff5dc7e202]::common::setup_test_database::{closure#0}
[INFO] [stdout]   12:     0x582b4edfd3cd - activerecord_tests[4b8ed0ff5dc7e202]::insert_tests::test_insert_single_entity::{closure#0}::{closure#0}
[INFO] [stdout]   13:     0x582b4edaa365 - <tokio[cf35e7e9721334c6]::runtime::scheduler::current_thread::CurrentThread>::block_on::<core[a373ad73a504971]::pin::Pin<&mut dyn core[a373ad73a504971]::future::future::Future<Output = ()>>>
[INFO] [stdout]   14:     0x582b4ed65892 - <tokio[cf35e7e9721334c6]::runtime::runtime::Runtime>::block_on::<core[a373ad73a504971]::pin::Pin<&mut dyn core[a373ad73a504971]::future::future::Future<Output = ()>>>
[INFO] [stdout]   15:     0x582b4ee1245a - <activerecord_tests[4b8ed0ff5dc7e202]::insert_tests::test_insert_single_entity::{closure#0} as core[a373ad73a504971]::ops::function::FnOnce<()>>::call_once
[INFO] [stdout]   16:     0x582b4efc4447 - serial_test[b928aa2d80f163c8]::serial_code_lock::local_serial_core
[INFO] [stdout]   17:     0x582b4ee1228d - <activerecord_tests[4b8ed0ff5dc7e202]::insert_tests::test_insert_single_entity::{closure#0} as core[a373ad73a504971]::ops::function::FnOnce<()>>::call_once
[INFO] [stdout]   18:     0x582b4ef82feb - test[aada8e7e76ba119b]::__rust_begin_short_backtrace::<core[a373ad73a504971]::result::Result<(), alloc[2e1b2a31b91974c5]::string::String>, fn() -> core[a373ad73a504971]::result::Result<(), alloc[2e1b2a31b91974c5]::string::String>>
[INFO] [stdout]   19:     0x582b4ef901c5 - test[aada8e7e76ba119b]::run_test::{closure#0}
[INFO] [stdout]   20:     0x582b4ef89ab4 - std[617be2ca0a6fd877]::sys::backtrace::__rust_begin_short_backtrace::<test[aada8e7e76ba119b]::run_test::{closure#1}, ()>
[INFO] [stdout]   21:     0x582b4ef93252 - <std[617be2ca0a6fd877]::thread::lifecycle::spawn_unchecked<test[aada8e7e76ba119b]::run_test::{closure#1}, ()>::{closure#1} as core[a373ad73a504971]::ops::function::FnOnce<()>>::call_once::{shim:vtable#0}
[INFO] [stdout]   22:     0x582b4f6175bf - <std[617be2ca0a6fd877]::sys::thread::unix::Thread>::new::thread_start
[INFO] [stdout]   23:     0x712a36ea5dfa - <unknown>
[INFO] [stdout]   24:     0x712a36f393d4 - clone
[INFO] [stdout]   25:                0x0 - <unknown>
[INFO] [stdout] 
[INFO] [stdout] ---- select_tests::test_find_with_in_list stdout ----
[INFO] [stdout] 
[INFO] [stdout] thread 'select_tests::test_find_with_in_list' (5259) panicked at tests/common/mod.rs:107:9:
[INFO] [stdout] SPANNER_EMULATOR_HOST not set. Run: export SPANNER_EMULATOR_HOST=localhost:9010
[INFO] [stdout] stack backtrace:
[INFO] [stdout]    0:     0x582b4f618421 - <<std[617be2ca0a6fd877]::sys::backtrace::BacktraceLock>::print::DisplayBacktrace as core[a373ad73a504971]::fmt::Display>::fmt
[INFO] [stdout]    1:     0x582b4f631aaa - core[a373ad73a504971]::fmt::write
[INFO] [stdout]    2:     0x582b4f61d5dc - <alloc[2e1b2a31b91974c5]::vec::Vec<u8> as core[a373ad73a504971]::io::write::Write>::write_fmt
[INFO] [stdout]    3:     0x582b4f5f27a6 - std[617be2ca0a6fd877]::panicking::default_hook::{closure#0}
[INFO] [stdout]    4:     0x582b4f60f879 - std[617be2ca0a6fd877]::panicking::default_hook
[INFO] [stdout]    5:     0x582b4ef8fba0 - test[aada8e7e76ba119b]::test_main_inner::{closure#0}
[INFO] [stdout]    6:     0x582b4f60fba2 - std[617be2ca0a6fd877]::panicking::panic_with_hook
[INFO] [stdout]    7:     0x582b4f5f2884 - std[617be2ca0a6fd877]::panicking::panic_handler::{closure#0}
[INFO] [stdout]    8:     0x582b4f5eb259 - std[617be2ca0a6fd877]::sys::backtrace::__rust_end_short_backtrace::<std[617be2ca0a6fd877]::panicking::panic_handler::{closure#0}, !>
[INFO] [stdout]    9:     0x582b4f5f364d - __rustc[ea4f61d10b84890b]::rust_begin_unwind
[INFO] [stdout]   10:     0x582b4f63220c - core[a373ad73a504971]::panicking::panic_fmt
[INFO] [stdout]   11:     0x582b4eda2233 - activerecord_tests[4b8ed0ff5dc7e202]::common::setup_test_database::{closure#0}
[INFO] [stdout]   12:     0x582b4ed93a6e - activerecord_tests[4b8ed0ff5dc7e202]::select_tests::test_find_with_in_list::{closure#0}::{closure#0}
[INFO] [stdout]   13:     0x582b4edaa365 - <tokio[cf35e7e9721334c6]::runtime::scheduler::current_thread::CurrentThread>::block_on::<core[a373ad73a504971]::pin::Pin<&mut dyn core[a373ad73a504971]::future::future::Future<Output = ()>>>
[INFO] [stdout]   14:     0x582b4ed65892 - <tokio[cf35e7e9721334c6]::runtime::runtime::Runtime>::block_on::<core[a373ad73a504971]::pin::Pin<&mut dyn core[a373ad73a504971]::future::future::Future<Output = ()>>>
[INFO] [stdout]   15:     0x582b4eda99ba - <activerecord_tests[4b8ed0ff5dc7e202]::select_tests::test_find_with_in_list::{closure#0} as core[a373ad73a504971]::ops::function::FnOnce<()>>::call_once
[INFO] [stdout]   16:     0x582b4efc4447 - serial_test[b928aa2d80f163c8]::serial_code_lock::local_serial_core
[INFO] [stdout]   17:     0x582b4eda8dcd - <activerecord_tests[4b8ed0ff5dc7e202]::select_tests::test_find_with_in_list::{closure#0} as core[a373ad73a504971]::ops::function::FnOnce<()>>::call_once
[INFO] [stdout]   18:     0x582b4ef82feb - test[aada8e7e76ba119b]::__rust_begin_short_backtrace::<core[a373ad73a504971]::result::Result<(), alloc[2e1b2a31b91974c5]::string::String>, fn() -> core[a373ad73a504971]::result::Result<(), alloc[2e1b2a31b91974c5]::string::String>>
[INFO] [stdout]   19:     0x582b4ef901c5 - test[aada8e7e76ba119b]::run_test::{closure#0}
[INFO] [stdout]   20:     0x582b4ef89ab4 - std[617be2ca0a6fd877]::sys::backtrace::__rust_begin_short_backtrace::<test[aada8e7e76ba119b]::run_test::{closure#1}, ()>
[INFO] [stdout]   21:     0x582b4ef93252 - <std[617be2ca0a6fd877]::thread::lifecycle::spawn_unchecked<test[aada8e7e76ba119b]::run_test::{closure#1}, ()>::{closure#1} as core[a373ad73a504971]::ops::function::FnOnce<()>>::call_once::{shim:vtable#0}
[INFO] [stdout]   22:     0x582b4f6175bf - <std[617be2ca0a6fd877]::sys::thread::unix::Thread>::new::thread_start
[INFO] [stdout]   23:     0x712a36ea5dfa - <unknown>
[INFO] [stdout]   24:     0x712a36f393d4 - clone
[INFO] [stdout]   25:                0x0 - <unknown>
[INFO] [stdout] 
[INFO] [stdout] ---- update_tests::test_update_single_field stdout ----
[INFO] [stdout] 
[INFO] [stdout] thread 'update_tests::test_update_single_field' (5265) panicked at tests/common/mod.rs:107:9:
[INFO] [stdout] SPANNER_EMULATOR_HOST not set. Run: export SPANNER_EMULATOR_HOST=localhost:9010
[INFO] [stdout] stack backtrace:
[INFO] [stdout]    0:     0x582b4f618421 - <<std[617be2ca0a6fd877]::sys::backtrace::BacktraceLock>::print::DisplayBacktrace as core[a373ad73a504971]::fmt::Display>::fmt
[INFO] [stdout]    1:     0x582b4f631aaa - core[a373ad73a504971]::fmt::write
[INFO] [stdout]    2:     0x582b4f61d5dc - <alloc[2e1b2a31b91974c5]::vec::Vec<u8> as core[a373ad73a504971]::io::write::Write>::write_fmt
[INFO] [stdout]    3:     0x582b4f5f27a6 - std[617be2ca0a6fd877]::panicking::default_hook::{closure#0}
[INFO] [stdout]    4:     0x582b4f60f879 - std[617be2ca0a6fd877]::panicking::default_hook
[INFO] [stdout]    5:     0x582b4ef8fba0 - test[aada8e7e76ba119b]::test_main_inner::{closure#0}
[INFO] [stdout]    6:     0x582b4f60fba2 - std[617be2ca0a6fd877]::panicking::panic_with_hook
[INFO] [stdout]    7:     0x582b4f5f2884 - std[617be2ca0a6fd877]::panicking::panic_handler::{closure#0}
[INFO] [stdout]    8:     0x582b4f5eb259 - std[617be2ca0a6fd877]::sys::backtrace::__rust_end_short_backtrace::<std[617be2ca0a6fd877]::panicking::panic_handler::{closure#0}, !>
[INFO] [stdout]    9:     0x582b4f5f364d - __rustc[ea4f61d10b84890b]::rust_begin_unwind
[INFO] [stdout]   10:     0x582b4f63220c - core[a373ad73a504971]::panicking::panic_fmt
[INFO] [stdout]   11:     0x582b4ef5f543 - activerecord_tests[4b8ed0ff5dc7e202]::common::setup_test_database::{closure#0}
[INFO] [stdout]   12:     0x582b4ef508ef - activerecord_tests[4b8ed0ff5dc7e202]::update_tests::test_update_single_field::{closure#0}::{closure#0}
[INFO] [stdout]   13:     0x582b4edaa365 - <tokio[cf35e7e9721334c6]::runtime::scheduler::current_thread::CurrentThread>::block_on::<core[a373ad73a504971]::pin::Pin<&mut dyn core[a373ad73a504971]::future::future::Future<Output = ()>>>
[INFO] [stdout]   14:     0x582b4ed65892 - <tokio[cf35e7e9721334c6]::runtime::runtime::Runtime>::block_on::<core[a373ad73a504971]::pin::Pin<&mut dyn core[a373ad73a504971]::future::future::Future<Output = ()>>>
[INFO] [stdout]   15:     0x582b4ef66bca - <activerecord_tests[4b8ed0ff5dc7e202]::update_tests::test_update_single_field::{closure#0} as core[a373ad73a504971]::ops::function::FnOnce<()>>::call_once
[INFO] [stdout]   16:     0x582b4efc4447 - serial_test[b928aa2d80f163c8]::serial_code_lock::local_serial_core
[INFO] [stdout]   17:     0x582b4ef6691d - <activerecord_tests[4b8ed0ff5dc7e202]::update_tests::test_update_single_field::{closure#0} as core[a373ad73a504971]::ops::function::FnOnce<()>>::call_once
[INFO] [stdout]   18:     0x582b4ef82feb - test[aada8e7e76ba119b]::__rust_begin_short_backtrace::<core[a373ad73a504971]::result::Result<(), alloc[2e1b2a31b91974c5]::string::String>, fn() -> core[a373ad73a504971]::result::Result<(), alloc[2e1b2a31b91974c5]::string::String>>
[INFO] [stdout]   19:     0x582b4ef901c5 - test[aada8e7e76ba119b]::run_test::{closure#0}
[INFO] [stdout]   20:     0x582b4ef89ab4 - std[617be2ca0a6fd877]::sys::backtrace::__rust_begin_short_backtrace::<test[aada8e7e76ba119b]::run_test::{closure#1}, ()>
[INFO] [stdout]   21:     0x582b4ef93252 - <std[617be2ca0a6fd877]::thread::lifecycle::spawn_unchecked<test[aada8e7e76ba119b]::run_test::{closure#1}, ()>::{closure#1} as core[a373ad73a504971]::ops::function::FnOnce<()>>::call_once::{shim:vtable#0}
[INFO] [stdout]   22:     0x582b4f6175bf - <std[617be2ca0a6fd877]::sys::thread::unix::Thread>::new::thread_start
[INFO] [stdout]   23:     0x712a36ea5dfa - <unknown>
[INFO] [stdout]   24:     0x712a36f393d4 - clone
[INFO] [stdout]   25:                0x0 - <unknown>
[INFO] [stdout] 
[INFO] [stdout] ---- insert_tests::test_insert_with_null_fields stdout ----
[INFO] [stdout] 
[INFO] [stdout] thread 'insert_tests::test_insert_with_null_fields' (5249) panicked at tests/common/mod.rs:107:9:
[INFO] [stdout] SPANNER_EMULATOR_HOST not set. Run: export SPANNER_EMULATOR_HOST=localhost:9010
[INFO] [stdout] stack backtrace:
[INFO] [stdout]    0:     0x582b4f618421 - <<std[617be2ca0a6fd877]::sys::backtrace::BacktraceLock>::print::DisplayBacktrace as core[a373ad73a504971]::fmt::Display>::fmt
[INFO] [stdout]    1:     0x582b4f631aaa - core[a373ad73a504971]::fmt::write
[INFO] [stdout]    2:     0x582b4f61d5dc - <alloc[2e1b2a31b91974c5]::vec::Vec<u8> as core[a373ad73a504971]::io::write::Write>::write_fmt
[INFO] [stdout]    3:     0x582b4f5f27a6 - std[617be2ca0a6fd877]::panicking::default_hook::{closure#0}
[INFO] [stdout]    4:     0x582b4f60f879 - std[617be2ca0a6fd877]::panicking::default_hook
[INFO] [stdout]    5:     0x582b4ef8fba0 - test[aada8e7e76ba119b]::test_main_inner::{closure#0}
[INFO] [stdout]    6:     0x582b4f60fba2 - std[617be2ca0a6fd877]::panicking::panic_with_hook
[INFO] [stdout]    7:     0x582b4f5f2884 - std[617be2ca0a6fd877]::panicking::panic_handler::{closure#0}
[INFO] [stdout]    8:     0x582b4f5eb259 - std[617be2ca0a6fd877]::sys::backtrace::__rust_end_short_backtrace::<std[617be2ca0a6fd877]::panicking::panic_handler::{closure#0}, !>
[INFO] [stdout]    9:     0x582b4f5f364d - __rustc[ea4f61d10b84890b]::rust_begin_unwind
[INFO] [stdout]   10:     0x582b4f63220c - core[a373ad73a504971]::panicking::panic_fmt
[INFO] [stdout]   11:     0x582b4ee0b893 - activerecord_tests[4b8ed0ff5dc7e202]::common::setup_test_database::{closure#0}
[INFO] [stdout]   12:     0x582b4edfdaed - activerecord_tests[4b8ed0ff5dc7e202]::insert_tests::test_insert_with_null_fields::{closure#0}::{closure#0}
[INFO] [stdout]   13:     0x582b4edaa365 - <tokio[cf35e7e9721334c6]::runtime::scheduler::current_thread::CurrentThread>::block_on::<core[a373ad73a504971]::pin::Pin<&mut dyn core[a373ad73a504971]::future::future::Future<Output = ()>>>
[INFO] [stdout]   14:     0x582b4ed65892 - <tokio[cf35e7e9721334c6]::runtime::runtime::Runtime>::block_on::<core[a373ad73a504971]::pin::Pin<&mut dyn core[a373ad73a504971]::future::future::Future<Output = ()>>>
[INFO] [stdout]   15:     0x582b4ee125ba - <activerecord_tests[4b8ed0ff5dc7e202]::insert_tests::test_insert_with_null_fields::{closure#0} as core[a373ad73a504971]::ops::function::FnOnce<()>>::call_once
[INFO] [stdout]   16:     0x582b4efc4447 - serial_test[b928aa2d80f163c8]::serial_code_lock::local_serial_core
[INFO] [stdout]   17:     0x582b4ee1230d - <activerecord_tests[4b8ed0ff5dc7e202]::insert_tests::test_insert_with_null_fields::{closure#0} as core[a373ad73a504971]::ops::function::FnOnce<()>>::call_once
[INFO] [stdout]   18:     0x582b4ef82feb - test[aada8e7e76ba119b]::__rust_begin_short_backtrace::<core[a373ad73a504971]::result::Result<(), alloc[2e1b2a31b91974c5]::string::String>, fn() -> core[a373ad73a504971]::result::Result<(), alloc[2e1b2a31b91974c5]::string::String>>
[INFO] [stdout]   19:     0x582b4ef901c5 - test[aada8e7e76ba119b]::run_test::{closure#0}
[INFO] [stdout]   20:     0x582b4ef89ab4 - std[617be2ca0a6fd877]::sys::backtrace::__rust_begin_short_backtrace::<test[aada8e7e76ba119b]::run_test::{closure#1}, ()>
[INFO] [stdout]   21:     0x582b4ef93252 - <std[617be2ca0a6fd877]::thread::lifecycle::spawn_unchecked<test[aada8e7e76ba119b]::run_test::{closure#1}, ()>::{closure#1} as core[a373ad73a504971]::ops::function::FnOnce<()>>::call_once::{shim:vtable#0}
[INFO] [stdout]   22:     0x582b4f6175bf - <std[617be2ca0a6fd877]::sys::thread::unix::Thread>::new::thread_start
[INFO] [stdout]   23:     0x712a36ea5dfa - <unknown>
[INFO] [stdout]   24:     0x712a36f393d4 - clone
[INFO] [stdout]   25:                0x0 - <unknown>
[INFO] [stdout] 
[INFO] [stdout] ---- update_tests::test_update_to_null stdout ----
[INFO] [stdout] 
[INFO] [stdout] thread 'update_tests::test_update_to_null' (5266) panicked at tests/common/mod.rs:107:9:
[INFO] [stdout] SPANNER_EMULATOR_HOST not set. Run: export SPANNER_EMULATOR_HOST=localhost:9010
[INFO] [stdout] stack backtrace:
[INFO] [stdout]    0:     0x582b4f618421 - <<std[617be2ca0a6fd877]::sys::backtrace::BacktraceLock>::print::DisplayBacktrace as core[a373ad73a504971]::fmt::Display>::fmt
[INFO] [stdout]    1:     0x582b4f631aaa - core[a373ad73a504971]::fmt::write
[INFO] [stdout]    2:     0x582b4f61d5dc - <alloc[2e1b2a31b91974c5]::vec::Vec<u8> as core[a373ad73a504971]::io::write::Write>::write_fmt
[INFO] [stdout]    3:     0x582b4f5f27a6 - std[617be2ca0a6fd877]::panicking::default_hook::{closure#0}
[INFO] [stdout]    4:     0x582b4f60f879 - std[617be2ca0a6fd877]::panicking::default_hook
[INFO] [stdout]    5:     0x582b4ef8fba0 - test[aada8e7e76ba119b]::test_main_inner::{closure#0}
[INFO] [stdout]    6:     0x582b4f60fba2 - std[617be2ca0a6fd877]::panicking::panic_with_hook
[INFO] [stdout]    7:     0x582b4f5f2884 - std[617be2ca0a6fd877]::panicking::panic_handler::{closure#0}
[INFO] [stdout]    8:     0x582b4f5eb259 - std[617be2ca0a6fd877]::sys::backtrace::__rust_end_short_backtrace::<std[617be2ca0a6fd877]::panicking::panic_handler::{closure#0}, !>
[INFO] [stdout]    9:     0x582b4f5f364d - __rustc[ea4f61d10b84890b]::rust_begin_unwind
[INFO] [stdout]   10:     0x582b4f63220c - core[a373ad73a504971]::panicking::panic_fmt
[INFO] [stdout]   11:     0x582b4ef5f543 - activerecord_tests[4b8ed0ff5dc7e202]::common::setup_test_database::{closure#0}
[INFO] [stdout]   12:     0x582b4ef4fa7d - activerecord_tests[4b8ed0ff5dc7e202]::update_tests::test_update_to_null::{closure#0}::{closure#0}
[INFO] [stdout]   13:     0x582b4edaa365 - <tokio[cf35e7e9721334c6]::runtime::scheduler::current_thread::CurrentThread>::block_on::<core[a373ad73a504971]::pin::Pin<&mut dyn core[a373ad73a504971]::future::future::Future<Output = ()>>>
[INFO] [stdout]   14:     0x582b4ed65892 - <tokio[cf35e7e9721334c6]::runtime::runtime::Runtime>::block_on::<core[a373ad73a504971]::pin::Pin<&mut dyn core[a373ad73a504971]::future::future::Future<Output = ()>>>
[INFO] [stdout]   15:     0x582b4ef66a6a - <activerecord_tests[4b8ed0ff5dc7e202]::update_tests::test_update_to_null::{closure#0} as core[a373ad73a504971]::ops::function::FnOnce<()>>::call_once
[INFO] [stdout]   16:     0x582b4efc4447 - serial_test[b928aa2d80f163c8]::serial_code_lock::local_serial_core
[INFO] [stdout]   17:     0x582b4ef6689d - <activerecord_tests[4b8ed0ff5dc7e202]::update_tests::test_update_to_null::{closure#0} as core[a373ad73a504971]::ops::function::FnOnce<()>>::call_once
[INFO] [stdout]   18:     0x582b4ef82feb - test[aada8e7e76ba119b]::__rust_begin_short_backtrace::<core[a373ad73a504971]::result::Result<(), alloc[2e1b2a31b91974c5]::string::String>, fn() -> core[a373ad73a504971]::result::Result<(), alloc[2e1b2a31b91974c5]::string::String>>
[INFO] [stdout]   19:     0x582b4ef901c5 - test[aada8e7e76ba119b]::run_test::{closure#0}
[INFO] [stdout]   20:     0x582b4ef89ab4 - std[617be2ca0a6fd877]::sys::backtrace::__rust_begin_short_backtrace::<test[aada8e7e76ba119b]::run_test::{closure#1}, ()>
[INFO] [stdout]   21:     0x582b4ef93252 - <std[617be2ca0a6fd877]::thread::lifecycle::spawn_unchecked<test[aada8e7e76ba119b]::run_test::{closure#1}, ()>::{closure#1} as core[a373ad73a504971]::ops::function::FnOnce<()>>::call_once::{shim:vtable#0}
[INFO] [stdout]   22:     0x582b4f6175bf - <std[617be2ca0a6fd877]::sys::thread::unix::Thread>::new::thread_start
[INFO] [stdout]   23:     0x712a36ea5dfa - <unknown>
[INFO] [stdout]   24:     0x712a36f393d4 - clone
[INFO] [stdout]   25:                0x0 - <unknown>
[INFO] [stdout] 
[INFO] [stdout] ---- relation_tests::test_find_related stdout ----
[INFO] [stdout] 
[INFO] [stdout] thread 'relation_tests::test_find_related' (5251) panicked at tests/common/mod.rs:107:9:
[INFO] [stdout] SPANNER_EMULATOR_HOST not set. Run: export SPANNER_EMULATOR_HOST=localhost:9010
[INFO] [stdout] stack backtrace:
[INFO] [stdout]    0:     0x582b4f618421 - <<std[617be2ca0a6fd877]::sys::backtrace::BacktraceLock>::print::DisplayBacktrace as core[a373ad73a504971]::fmt::Display>::fmt
[INFO] [stdout]    1:     0x582b4f631aaa - core[a373ad73a504971]::fmt::write
[INFO] [stdout]    2:     0x582b4f61d5dc - <alloc[2e1b2a31b91974c5]::vec::Vec<u8> as core[a373ad73a504971]::io::write::Write>::write_fmt
[INFO] [stdout]    3:     0x582b4f5f27a6 - std[617be2ca0a6fd877]::panicking::default_hook::{closure#0}
[INFO] [stdout]    4:     0x582b4f60f879 - std[617be2ca0a6fd877]::panicking::default_hook
[INFO] [stdout]    5:     0x582b4ef8fba0 - test[aada8e7e76ba119b]::test_main_inner::{closure#0}
[INFO] [stdout]    6:     0x582b4f60fba2 - std[617be2ca0a6fd877]::panicking::panic_with_hook
[INFO] [stdout]    7:     0x582b4f5f2884 - std[617be2ca0a6fd877]::panicking::panic_handler::{closure#0}
[INFO] [stdout]    8:     0x582b4f5eb259 - std[617be2ca0a6fd877]::sys::backtrace::__rust_end_short_backtrace::<std[617be2ca0a6fd877]::panicking::panic_handler::{closure#0}, !>
[INFO] [stdout]    9:     0x582b4f5f364d - __rustc[ea4f61d10b84890b]::rust_begin_unwind
[INFO] [stdout]   10:     0x582b4f63220c - core[a373ad73a504971]::panicking::panic_fmt
[INFO] [stdout]   11:     0x582b4ee96b53 - activerecord_tests[4b8ed0ff5dc7e202]::common::setup_test_database::{closure#0}
[INFO] [stdout]   12:     0x582b4ee87991 - activerecord_tests[4b8ed0ff5dc7e202]::relation_tests::test_find_related::{closure#0}::{closure#0}
[INFO] [stdout]   13:     0x582b4edaa365 - <tokio[cf35e7e9721334c6]::runtime::scheduler::current_thread::CurrentThread>::block_on::<core[a373ad73a504971]::pin::Pin<&mut dyn core[a373ad73a504971]::future::future::Future<Output = ()>>>
[INFO] [stdout]   14:     0x582b4ed65892 - <tokio[cf35e7e9721334c6]::runtime::runtime::Runtime>::block_on::<core[a373ad73a504971]::pin::Pin<&mut dyn core[a373ad73a504971]::future::future::Future<Output = ()>>>
[INFO] [stdout]   15:     0x582b4ee9d5ba - <activerecord_tests[4b8ed0ff5dc7e202]::relation_tests::test_find_related::{closure#0} as core[a373ad73a504971]::ops::function::FnOnce<()>>::call_once
[INFO] [stdout]   16:     0x582b4efc4447 - serial_test[b928aa2d80f163c8]::serial_code_lock::local_serial_core
[INFO] [stdout]   17:     0x582b4ee9d46d - <activerecord_tests[4b8ed0ff5dc7e202]::relation_tests::test_find_related::{closure#0} as core[a373ad73a504971]::ops::function::FnOnce<()>>::call_once
[INFO] [stdout]   18:     0x582b4ef82feb - test[aada8e7e76ba119b]::__rust_begin_short_backtrace::<core[a373ad73a504971]::result::Result<(), alloc[2e1b2a31b91974c5]::string::String>, fn() -> core[a373ad73a504971]::result::Result<(), alloc[2e1b2a31b91974c5]::string::String>>
[INFO] [stdout]   19:     0x582b4ef901c5 - test[aada8e7e76ba119b]::run_test::{closure#0}
[INFO] [stdout]   20:     0x582b4ef89ab4 - std[617be2ca0a6fd877]::sys::backtrace::__rust_begin_short_backtrace::<test[aada8e7e76ba119b]::run_test::{closure#1}, ()>
[INFO] [stdout]   21:     0x582b4ef93252 - <std[617be2ca0a6fd877]::thread::lifecycle::spawn_unchecked<test[aada8e7e76ba119b]::run_test::{closure#1}, ()>::{closure#1} as core[a373ad73a504971]::ops::function::FnOnce<()>>::call_once::{shim:vtable#0}
[INFO] [stdout]   22:     0x582b4f6175bf - <std[617be2ca0a6fd877]::sys::thread::unix::Thread>::new::thread_start
[INFO] [stdout]   23:     0x712a36ea5dfa - <unknown>
[INFO] [stdout]   24:     0x712a36f393d4 - clone
[INFO] [stdout]   25:                0x0 - <unknown>
[INFO] [stdout] 
[INFO] [stdout] ---- select_tests::test_find_by_id stdout ----
[INFO] [stdout] 
[INFO] [stdout] thread 'select_tests::test_find_by_id' (5255) panicked at tests/common/mod.rs:107:9:
[INFO] [stdout] SPANNER_EMULATOR_HOST not set. Run: export SPANNER_EMULATOR_HOST=localhost:9010
[INFO] [stdout] stack backtrace:
[INFO] [stdout]    0:     0x582b4f618421 - <<std[617be2ca0a6fd877]::sys::backtrace::BacktraceLock>::print::DisplayBacktrace as core[a373ad73a504971]::fmt::Display>::fmt
[INFO] [stdout]    1:     0x582b4f631aaa - core[a373ad73a504971]::fmt::write
[INFO] [stdout]    2:     0x582b4f61d5dc - <alloc[2e1b2a31b91974c5]::vec::Vec<u8> as core[a373ad73a504971]::io::write::Write>::write_fmt
[INFO] [stdout]    3:     0x582b4f5f27a6 - std[617be2ca0a6fd877]::panicking::default_hook::{closure#0}
[INFO] [stdout]    4:     0x582b4f60f879 - std[617be2ca0a6fd877]::panicking::default_hook
[INFO] [stdout]    5:     0x582b4ef8fba0 - test[aada8e7e76ba119b]::test_main_inner::{closure#0}
[INFO] [stdout]    6:     0x582b4f60fba2 - std[617be2ca0a6fd877]::panicking::panic_with_hook
[INFO] [stdout]    7:     0x582b4f5f2884 - std[617be2ca0a6fd877]::panicking::panic_handler::{closure#0}
[INFO] [stdout]    8:     0x582b4f5eb259 - std[617be2ca0a6fd877]::sys::backtrace::__rust_end_short_backtrace::<std[617be2ca0a6fd877]::panicking::panic_handler::{closure#0}, !>
[INFO] [stderr] error: test failed, to rerun pass `--test activerecord_tests`
[INFO] [stdout]    9:     0x582b4f5f364d - __rustc[ea4f61d10b84890b]::rust_begin_unwind
[INFO] [stdout]   10:     0x582b4f63220c - core[a373ad73a504971]::panicking::panic_fmt
[INFO] [stdout]   11:     0x582b4eda2233 - activerecord_tests[4b8ed0ff5dc7e202]::common::setup_test_database::{closure#0}
[INFO] [stdout]   12:     0x582b4ed9265e - activerecord_tests[4b8ed0ff5dc7e202]::select_tests::test_find_by_id::{closure#0}::{closure#0}
[INFO] [stdout]   13:     0x582b4edaa365 - <tokio[cf35e7e9721334c6]::runtime::scheduler::current_thread::CurrentThread>::block_on::<core[a373ad73a504971]::pin::Pin<&mut dyn core[a373ad73a504971]::future::future::Future<Output = ()>>>
[INFO] [stdout]   14:     0x582b4ed65892 - <tokio[cf35e7e9721334c6]::runtime::runtime::Runtime>::block_on::<core[a373ad73a504971]::pin::Pin<&mut dyn core[a373ad73a504971]::future::future::Future<Output = ()>>>
[INFO] [stdout]   15:     0x582b4eda943a - <activerecord_tests[4b8ed0ff5dc7e202]::select_tests::test_find_by_id::{closure#0} as core[a373ad73a504971]::ops::function::FnOnce<()>>::call_once
[INFO] [stdout]   16:     0x582b4efc4447 - serial_test[b928aa2d80f163c8]::serial_code_lock::local_serial_core
[INFO] [stdout]   17:     0x582b4eda8bcd - <activerecord_tests[4b8ed0ff5dc7e202]::select_tests::test_find_by_id::{closure#0} as core[a373ad73a504971]::ops::function::FnOnce<()>>::call_once
[INFO] [stdout]   18:     0x582b4ef82feb - test[aada8e7e76ba119b]::__rust_begin_short_backtrace::<core[a373ad73a504971]::result::Result<(), alloc[2e1b2a31b91974c5]::string::String>, fn() -> core[a373ad73a504971]::result::Result<(), alloc[2e1b2a31b91974c5]::string::String>>
[INFO] [stdout]   19:     0x582b4ef901c5 - test[aada8e7e76ba119b]::run_test::{closure#0}
[INFO] [stdout]   20:     0x582b4ef89ab4 - std[617be2ca0a6fd877]::sys::backtrace::__rust_begin_short_backtrace::<test[aada8e7e76ba119b]::run_test::{closure#1}, ()>
[INFO] [stdout]   21:     0x582b4ef93252 - <std[617be2ca0a6fd877]::thread::lifecycle::spawn_unchecked<test[aada8e7e76ba119b]::run_test::{closure#1}, ()>::{closure#1} as core[a373ad73a504971]::ops::function::FnOnce<()>>::call_once::{shim:vtable#0}
[INFO] [stdout]   22:     0x582b4f6175bf - <std[617be2ca0a6fd877]::sys::thread::unix::Thread>::new::thread_start
[INFO] [stdout]   23:     0x712a36ea5dfa - <unknown>
[INFO] [stdout]   24:     0x712a36f393d4 - clone
[INFO] [stdout]   25:                0x0 - <unknown>
[INFO] [stdout] 
[INFO] [stdout] ---- select_tests::test_find_with_contains stdout ----
[INFO] [stdout] 
[INFO] [stdout] thread 'select_tests::test_find_with_contains' (5257) panicked at tests/common/mod.rs:107:9:
[INFO] [stdout] SPANNER_EMULATOR_HOST not set. Run: export SPANNER_EMULATOR_HOST=localhost:9010
[INFO] [stdout] stack backtrace:
[INFO] [stdout]    0:     0x582b4f618421 - <<std[617be2ca0a6fd877]::sys::backtrace::BacktraceLock>::print::DisplayBacktrace as core[a373ad73a504971]::fmt::Display>::fmt
[INFO] [stdout]    1:     0x582b4f631aaa - core[a373ad73a504971]::fmt::write
[INFO] [stdout]    2:     0x582b4f61d5dc - <alloc[2e1b2a31b91974c5]::vec::Vec<u8> as core[a373ad73a504971]::io::write::Write>::write_fmt
[INFO] [stdout]    3:     0x582b4f5f27a6 - std[617be2ca0a6fd877]::panicking::default_hook::{closure#0}
[INFO] [stdout]    4:     0x582b4f60f879 - std[617be2ca0a6fd877]::panicking::default_hook
[INFO] [stdout]    5:     0x582b4ef8fba0 - test[aada8e7e76ba119b]::test_main_inner::{closure#0}
[INFO] [stdout]    6:     0x582b4f60fba2 - std[617be2ca0a6fd877]::panicking::panic_with_hook
[INFO] [stdout]    7:     0x582b4f5f2884 - std[617be2ca0a6fd877]::panicking::panic_handler::{closure#0}
[INFO] [stdout]    8:     0x582b4f5eb259 - std[617be2ca0a6fd877]::sys::backtrace::__rust_end_short_backtrace::<std[617be2ca0a6fd877]::panicking::panic_handler::{closure#0}, !>
[INFO] [stdout]    9:     0x582b4f5f364d - __rustc[ea4f61d10b84890b]::rust_begin_unwind
[INFO] [stdout]   10:     0x582b4f63220c - core[a373ad73a504971]::panicking::panic_fmt
[INFO] [stdout]   11:     0x582b4eda2233 - activerecord_tests[4b8ed0ff5dc7e202]::common::setup_test_database::{closure#0}
[INFO] [stdout]   12:     0x582b4ed944fe - activerecord_tests[4b8ed0ff5dc7e202]::select_tests::test_find_with_contains::{closure#0}::{closure#0}
[INFO] [stdout]   13:     0x582b4edaa365 - <tokio[cf35e7e9721334c6]::runtime::scheduler::current_thread::CurrentThread>::block_on::<core[a373ad73a504971]::pin::Pin<&mut dyn core[a373ad73a504971]::future::future::Future<Output = ()>>>
[INFO] [stdout]   14:     0x582b4ed65892 - <tokio[cf35e7e9721334c6]::runtime::runtime::Runtime>::block_on::<core[a373ad73a504971]::pin::Pin<&mut dyn core[a373ad73a504971]::future::future::Future<Output = ()>>>
[INFO] [stdout]   15:     0x582b4eda9c7a - <activerecord_tests[4b8ed0ff5dc7e202]::select_tests::test_find_with_contains::{closure#0} as core[a373ad73a504971]::ops::function::FnOnce<()>>::call_once
[INFO] [stdout]   16:     0x582b4efc4447 - serial_test[b928aa2d80f163c8]::serial_code_lock::local_serial_core
[INFO] [stdout]   17:     0x582b4eda8ecd - <activerecord_tests[4b8ed0ff5dc7e202]::select_tests::test_find_with_contains::{closure#0} as core[a373ad73a504971]::ops::function::FnOnce<()>>::call_once
[INFO] [stdout]   18:     0x582b4ef82feb - test[aada8e7e76ba119b]::__rust_begin_short_backtrace::<core[a373ad73a504971]::result::Result<(), alloc[2e1b2a31b91974c5]::string::String>, fn() -> core[a373ad73a504971]::result::Result<(), alloc[2e1b2a31b91974c5]::string::String>>
[INFO] [stdout]   19:     0x582b4ef901c5 - test[aada8e7e76ba119b]::run_test::{closure#0}
[INFO] [stdout]   20:     0x582b4ef89ab4 - std[617be2ca0a6fd877]::sys::backtrace::__rust_begin_short_backtrace::<test[aada8e7e76ba119b]::run_test::{closure#1}, ()>
[INFO] [stdout]   21:     0x582b4ef93252 - <std[617be2ca0a6fd877]::thread::lifecycle::spawn_unchecked<test[aada8e7e76ba119b]::run_test::{closure#1}, ()>::{closure#1} as core[a373ad73a504971]::ops::function::FnOnce<()>>::call_once::{shim:vtable#0}
[INFO] [stdout]   22:     0x582b4f6175bf - <std[617be2ca0a6fd877]::sys::thread::unix::Thread>::new::thread_start
[INFO] [stdout]   23:     0x712a36ea5dfa - <unknown>
[INFO] [stdout]   24:     0x712a36f393d4 - clone
[INFO] [stdout]   25:                0x0 - <unknown>
[INFO] [stdout] 
[INFO] [stdout] ---- select_tests::test_find_with_offset stdout ----
[INFO] [stdout] 
[INFO] [stdout] thread 'select_tests::test_find_with_offset' (5262) panicked at tests/common/mod.rs:107:9:
[INFO] [stdout] SPANNER_EMULATOR_HOST not set. Run: export SPANNER_EMULATOR_HOST=localhost:9010
[INFO] [stdout] stack backtrace:
[INFO] [stdout]    0:     0x582b4f618421 - <<std[617be2ca0a6fd877]::sys::backtrace::BacktraceLock>::print::DisplayBacktrace as core[a373ad73a504971]::fmt::Display>::fmt
[INFO] [stdout]    1:     0x582b4f631aaa - core[a373ad73a504971]::fmt::write
[INFO] [stdout]    2:     0x582b4f61d5dc - <alloc[2e1b2a31b91974c5]::vec::Vec<u8> as core[a373ad73a504971]::io::write::Write>::write_fmt
[INFO] [stdout]    3:     0x582b4f5f27a6 - std[617be2ca0a6fd877]::panicking::default_hook::{closure#0}
[INFO] [stdout]    4:     0x582b4f60f879 - std[617be2ca0a6fd877]::panicking::default_hook
[INFO] [stdout]    5:     0x582b4ef8fba0 - test[aada8e7e76ba119b]::test_main_inner::{closure#0}
[INFO] [stdout]    6:     0x582b4f60fba2 - std[617be2ca0a6fd877]::panicking::panic_with_hook
[INFO] [stdout]    7:     0x582b4f5f2884 - std[617be2ca0a6fd877]::panicking::panic_handler::{closure#0}
[INFO] [stdout]    8:     0x582b4f5eb259 - std[617be2ca0a6fd877]::sys::backtrace::__rust_end_short_backtrace::<std[617be2ca0a6fd877]::panicking::panic_handler::{closure#0}, !>
[INFO] [stdout]    9:     0x582b4f5f364d - __rustc[ea4f61d10b84890b]::rust_begin_unwind
[INFO] [stdout]   10:     0x582b4f63220c - core[a373ad73a504971]::panicking::panic_fmt
[INFO] [stdout]   11:     0x582b4eda2233 - activerecord_tests[4b8ed0ff5dc7e202]::common::setup_test_database::{closure#0}
[INFO] [stdout]   12:     0x582b4ed9356e - activerecord_tests[4b8ed0ff5dc7e202]::select_tests::test_find_with_offset::{closure#0}::{closure#0}
[INFO] [stdout]   13:     0x582b4edaa365 - <tokio[cf35e7e9721334c6]::runtime::scheduler::current_thread::CurrentThread>::block_on::<core[a373ad73a504971]::pin::Pin<&mut dyn core[a373ad73a504971]::future::future::Future<Output = ()>>>
[INFO] [stdout]   14:     0x582b4ed65892 - <tokio[cf35e7e9721334c6]::runtime::runtime::Runtime>::block_on::<core[a373ad73a504971]::pin::Pin<&mut dyn core[a373ad73a504971]::future::future::Future<Output = ()>>>
[INFO] [stdout]   15:     0x582b4eda985a - <activerecord_tests[4b8ed0ff5dc7e202]::select_tests::test_find_with_offset::{closure#0} as core[a373ad73a504971]::ops::function::FnOnce<()>>::call_once
[INFO] [stdout]   16:     0x582b4efc4447 - serial_test[b928aa2d80f163c8]::serial_code_lock::local_serial_core
[INFO] [stdout]   17:     0x582b4eda8d4d - <activerecord_tests[4b8ed0ff5dc7e202]::select_tests::test_find_with_offset::{closure#0} as core[a373ad73a504971]::ops::function::FnOnce<()>>::call_once
[INFO] [stdout]   18:     0x582b4ef82feb - test[aada8e7e76ba119b]::__rust_begin_short_backtrace::<core[a373ad73a504971]::result::Result<(), alloc[2e1b2a31b91974c5]::string::String>, fn() -> core[a373ad73a504971]::result::Result<(), alloc[2e1b2a31b91974c5]::string::String>>
[INFO] [stdout]   19:     0x582b4ef901c5 - test[aada8e7e76ba119b]::run_test::{closure#0}
[INFO] [stdout]   20:     0x582b4ef89ab4 - std[617be2ca0a6fd877]::sys::backtrace::__rust_begin_short_backtrace::<test[aada8e7e76ba119b]::run_test::{closure#1}, ()>
[INFO] [stdout]   21:     0x582b4ef93252 - <std[617be2ca0a6fd877]::thread::lifecycle::spawn_unchecked<test[aada8e7e76ba119b]::run_test::{closure#1}, ()>::{closure#1} as core[a373ad73a504971]::ops::function::FnOnce<()>>::call_once::{shim:vtable#0}
[INFO] [stdout]   22:     0x582b4f6175bf - <std[617be2ca0a6fd877]::sys::thread::unix::Thread>::new::thread_start
[INFO] [stdout]   23:     0x712a36ea5dfa - <unknown>
[INFO] [stdout]   24:     0x712a36f393d4 - clone
[INFO] [stdout]   25:                0x0 - <unknown>
[INFO] [stdout] 
[INFO] [stdout] ---- aggregate_tests::test_count_with_group_by stdout ----
[INFO] [stdout] 
[INFO] [stdout] thread 'aggregate_tests::test_count_with_group_by' (5240) panicked at tests/common/mod.rs:107:9:
[INFO] [stdout] SPANNER_EMULATOR_HOST not set. Run: export SPANNER_EMULATOR_HOST=localhost:9010
[INFO] [stdout] stack backtrace:
[INFO] [stdout]    0:     0x582b4f618421 - <<std[617be2ca0a6fd877]::sys::backtrace::BacktraceLock>::print::DisplayBacktrace as core[a373ad73a504971]::fmt::Display>::fmt
[INFO] [stdout]    1:     0x582b4f631aaa - core[a373ad73a504971]::fmt::write
[INFO] [stdout]    2:     0x582b4f61d5dc - <alloc[2e1b2a31b91974c5]::vec::Vec<u8> as core[a373ad73a504971]::io::write::Write>::write_fmt
[INFO] [stdout]    3:     0x582b4f5f27a6 - std[617be2ca0a6fd877]::panicking::default_hook::{closure#0}
[INFO] [stdout]    4:     0x582b4f60f879 - std[617be2ca0a6fd877]::panicking::default_hook
[INFO] [stdout]    5:     0x582b4ef8fba0 - test[aada8e7e76ba119b]::test_main_inner::{closure#0}
[INFO] [stdout]    6:     0x582b4f60fba2 - std[617be2ca0a6fd877]::panicking::panic_with_hook
[INFO] [stdout]    7:     0x582b4f5f2884 - std[617be2ca0a6fd877]::panicking::panic_handler::{closure#0}
[INFO] [stdout]    8:     0x582b4f5eb259 - std[617be2ca0a6fd877]::sys::backtrace::__rust_end_short_backtrace::<std[617be2ca0a6fd877]::panicking::panic_handler::{closure#0}, !>
[INFO] [stdout]    9:     0x582b4f5f364d - __rustc[ea4f61d10b84890b]::rust_begin_unwind
[INFO] [stdout]   10:     0x582b4f63220c - core[a373ad73a504971]::panicking::panic_fmt
[INFO] [stdout]   11:     0x582b4ee55fc3 - activerecord_tests[4b8ed0ff5dc7e202]::common::setup_test_database::{closure#0}
[INFO] [stdout]   12:     0x582b4ee4791e - activerecord_tests[4b8ed0ff5dc7e202]::aggregate_tests::test_count_with_group_by::{closure#0}::{closure#0}
[INFO] [stdout]   13:     0x582b4edaa365 - <tokio[cf35e7e9721334c6]::runtime::scheduler::current_thread::CurrentThread>::block_on::<core[a373ad73a504971]::pin::Pin<&mut dyn core[a373ad73a504971]::future::future::Future<Output = ()>>>
[INFO] [stdout]   14:     0x582b4ed65892 - <tokio[cf35e7e9721334c6]::runtime::runtime::Runtime>::block_on::<core[a373ad73a504971]::pin::Pin<&mut dyn core[a373ad73a504971]::future::future::Future<Output = ()>>>
[INFO] [stdout]   15:     0x582b4ee5cf1a - <activerecord_tests[4b8ed0ff5dc7e202]::aggregate_tests::test_count_with_group_by::{closure#0} as core[a373ad73a504971]::ops::function::FnOnce<()>>::call_once
[INFO] [stdout]   16:     0x582b4efc4447 - serial_test[b928aa2d80f163c8]::serial_code_lock::local_serial_core
[INFO] [stdout]   17:     0x582b4ee5cc6d - <activerecord_tests[4b8ed0ff5dc7e202]::aggregate_tests::test_count_with_group_by::{closure#0} as core[a373ad73a504971]::ops::function::FnOnce<()>>::call_once
[INFO] [stdout]   18:     0x582b4ef82feb - test[aada8e7e76ba119b]::__rust_begin_short_backtrace::<core[a373ad73a504971]::result::Result<(), alloc[2e1b2a31b91974c5]::string::String>, fn() -> core[a373ad73a504971]::result::Result<(), alloc[2e1b2a31b91974c5]::string::String>>
[INFO] [stdout]   19:     0x582b4ef901c5 - test[aada8e7e76ba119b]::run_test::{closure#0}
[INFO] [stdout]   20:     0x582b4ef89ab4 - std[617be2ca0a6fd877]::sys::backtrace::__rust_begin_short_backtrace::<test[aada8e7e76ba119b]::run_test::{closure#1}, ()>
[INFO] [stdout]   21:     0x582b4ef93252 - <std[617be2ca0a6fd877]::thread::lifecycle::spawn_unchecked<test[aada8e7e76ba119b]::run_test::{closure#1}, ()>::{closure#1} as core[a373ad73a504971]::ops::function::FnOnce<()>>::call_once::{shim:vtable#0}
[INFO] [stdout]   22:     0x582b4f6175bf - <std[617be2ca0a6fd877]::sys::thread::unix::Thread>::new::thread_start
[INFO] [stdout]   23:     0x712a36ea5dfa - <unknown>
[INFO] [stdout]   24:     0x712a36f393d4 - clone
[INFO] [stdout]   25:                0x0 - <unknown>
[INFO] [stdout] 
[INFO] [stdout] ---- update_tests::test_update_multiple_fields stdout ----
[INFO] [stdout] 
[INFO] [stdout] thread 'update_tests::test_update_multiple_fields' (5264) panicked at tests/common/mod.rs:107:9:
[INFO] [stdout] SPANNER_EMULATOR_HOST not set. Run: export SPANNER_EMULATOR_HOST=localhost:9010
[INFO] [stdout] stack backtrace:
[INFO] [stdout]    0:     0x582b4f618421 - <<std[617be2ca0a6fd877]::sys::backtrace::BacktraceLock>::print::DisplayBacktrace as core[a373ad73a504971]::fmt::Display>::fmt
[INFO] [stdout]    1:     0x582b4f631aaa - core[a373ad73a504971]::fmt::write
[INFO] [stdout]    2:     0x582b4f61d5dc - <alloc[2e1b2a31b91974c5]::vec::Vec<u8> as core[a373ad73a504971]::io::write::Write>::write_fmt
[INFO] [stdout]    3:     0x582b4f5f27a6 - std[617be2ca0a6fd877]::panicking::default_hook::{closure#0}
[INFO] [stdout]    4:     0x582b4f60f879 - std[617be2ca0a6fd877]::panicking::default_hook
[INFO] [stdout]    5:     0x582b4ef8fba0 - test[aada8e7e76ba119b]::test_main_inner::{closure#0}
[INFO] [stdout]    6:     0x582b4f60fba2 - std[617be2ca0a6fd877]::panicking::panic_with_hook
[INFO] [stdout]    7:     0x582b4f5f2884 - std[617be2ca0a6fd877]::panicking::panic_handler::{closure#0}
[INFO] [stdout]    8:     0x582b4f5eb259 - std[617be2ca0a6fd877]::sys::backtrace::__rust_end_short_backtrace::<std[617be2ca0a6fd877]::panicking::panic_handler::{closure#0}, !>
[INFO] [stdout]    9:     0x582b4f5f364d - __rustc[ea4f61d10b84890b]::rust_begin_unwind
[INFO] [stdout]   10:     0x582b4f63220c - core[a373ad73a504971]::panicking::panic_fmt
[INFO] [stdout]   11:     0x582b4ef5f543 - activerecord_tests[4b8ed0ff5dc7e202]::common::setup_test_database::{closure#0}
[INFO] [stdout]   12:     0x582b4ef51a06 - activerecord_tests[4b8ed0ff5dc7e202]::update_tests::test_update_multiple_fields::{closure#0}::{closure#0}
[INFO] [stdout]   13:     0x582b4edaa365 - <tokio[cf35e7e9721334c6]::runtime::scheduler::current_thread::CurrentThread>::block_on::<core[a373ad73a504971]::pin::Pin<&mut dyn core[a373ad73a504971]::future::future::Future<Output = ()>>>
[INFO] [stdout]   14:     0x582b4ed65892 - <tokio[cf35e7e9721334c6]::runtime::runtime::Runtime>::block_on::<core[a373ad73a504971]::pin::Pin<&mut dyn core[a373ad73a504971]::future::future::Future<Output = ()>>>
[INFO] [stdout]   15:     0x582b4ef66d2a - <activerecord_tests[4b8ed0ff5dc7e202]::update_tests::test_update_multiple_fields::{closure#0} as core[a373ad73a504971]::ops::function::FnOnce<()>>::call_once
[INFO] [stdout]   16:     0x582b4efc4447 - serial_test[b928aa2d80f163c8]::serial_code_lock::local_serial_core
[INFO] [stdout]   17:     0x582b4ef6699d - <activerecord_tests[4b8ed0ff5dc7e202]::update_tests::test_update_multiple_fields::{closure#0} as core[a373ad73a504971]::ops::function::FnOnce<()>>::call_once
[INFO] [stdout]   18:     0x582b4ef82feb - test[aada8e7e76ba119b]::__rust_begin_short_backtrace::<core[a373ad73a504971]::result::Result<(), alloc[2e1b2a31b91974c5]::string::String>, fn() -> core[a373ad73a504971]::result::Result<(), alloc[2e1b2a31b91974c5]::string::String>>
[INFO] [stdout]   19:     0x582b4ef901c5 - test[aada8e7e76ba119b]::run_test::{closure#0}
[INFO] [stdout]   20:     0x582b4ef89ab4 - std[617be2ca0a6fd877]::sys::backtrace::__rust_begin_short_backtrace::<test[aada8e7e76ba119b]::run_test::{closure#1}, ()>
[INFO] [stdout]   21:     0x582b4ef93252 - <std[617be2ca0a6fd877]::thread::lifecycle::spawn_unchecked<test[aada8e7e76ba119b]::run_test::{closure#1}, ()>::{closure#1} as core[a373ad73a504971]::ops::function::FnOnce<()>>::call_once::{shim:vtable#0}
[INFO] [stdout]   22:     0x582b4f6175bf - <std[617be2ca0a6fd877]::sys::thread::unix::Thread>::new::thread_start
[INFO] [stdout]   23:     0x712a36ea5dfa - <unknown>
[INFO] [stdout]   24:     0x712a36f393d4 - clone
[INFO] [stdout]   25:                0x0 - <unknown>
[INFO] [stdout] 
[INFO] [stdout] ---- pagination_tests::test_paginator stdout ----
[INFO] [stdout] 
[INFO] [stdout] thread 'pagination_tests::test_paginator' (5250) panicked at tests/common/mod.rs:107:9:
[INFO] [stdout] SPANNER_EMULATOR_HOST not set. Run: export SPANNER_EMULATOR_HOST=localhost:9010
[INFO] [stdout] stack backtrace:
[INFO] [stdout]    0:     0x582b4f618421 - <<std[617be2ca0a6fd877]::sys::backtrace::BacktraceLock>::print::DisplayBacktrace as core[a373ad73a504971]::fmt::Display>::fmt
[INFO] [stdout]    1:     0x582b4f631aaa - core[a373ad73a504971]::fmt::write
[INFO] [stdout]    2:     0x582b4f61d5dc - <alloc[2e1b2a31b91974c5]::vec::Vec<u8> as core[a373ad73a504971]::io::write::Write>::write_fmt
[INFO] [stdout]    3:     0x582b4f5f27a6 - std[617be2ca0a6fd877]::panicking::default_hook::{closure#0}
[INFO] [stdout]    4:     0x582b4f60f879 - std[617be2ca0a6fd877]::panicking::default_hook
[INFO] [stdout]    5:     0x582b4ef8fba0 - test[aada8e7e76ba119b]::test_main_inner::{closure#0}
[INFO] [stdout]    6:     0x582b4f60fba2 - std[617be2ca0a6fd877]::panicking::panic_with_hook
[INFO] [stdout]    7:     0x582b4f5f2884 - std[617be2ca0a6fd877]::panicking::panic_handler::{closure#0}
[INFO] [stdout]    8:     0x582b4f5eb259 - std[617be2ca0a6fd877]::sys::backtrace::__rust_end_short_backtrace::<std[617be2ca0a6fd877]::panicking::panic_handler::{closure#0}, !>
[INFO] [stdout]    9:     0x582b4f5f364d - __rustc[ea4f61d10b84890b]::rust_begin_unwind
[INFO] [stdout]   10:     0x582b4f63220c - core[a373ad73a504971]::panicking::panic_fmt
[INFO] [stdout]   11:     0x582b4ede2503 - activerecord_tests[4b8ed0ff5dc7e202]::common::setup_test_database::{closure#0}
[INFO] [stdout]   12:     0x582b4edd457c - activerecord_tests[4b8ed0ff5dc7e202]::pagination_tests::test_paginator::{closure#0}::{closure#0}
[INFO] [stdout]   13:     0x582b4edaa365 - <tokio[cf35e7e9721334c6]::runtime::scheduler::current_thread::CurrentThread>::block_on::<core[a373ad73a504971]::pin::Pin<&mut dyn core[a373ad73a504971]::future::future::Future<Output = ()>>>
[INFO] [stdout]   14:     0x582b4ed65892 - <tokio[cf35e7e9721334c6]::runtime::runtime::Runtime>::block_on::<core[a373ad73a504971]::pin::Pin<&mut dyn core[a373ad73a504971]::future::future::Future<Output = ()>>>
[INFO] [stdout]   15:     0x582b4eded65a - <activerecord_tests[4b8ed0ff5dc7e202]::pagination_tests::test_paginator::{closure#0} as core[a373ad73a504971]::ops::function::FnOnce<()>>::call_once
[INFO] [stdout]   16:     0x582b4efc4447 - serial_test[b928aa2d80f163c8]::serial_code_lock::local_serial_core
[INFO] [stdout]   17:     0x582b4eded58d - <activerecord_tests[4b8ed0ff5dc7e202]::pagination_tests::test_paginator::{closure#0} as core[a373ad73a504971]::ops::function::FnOnce<()>>::call_once
[INFO] [stdout]   18:     0x582b4ef82feb - test[aada8e7e76ba119b]::__rust_begin_short_backtrace::<core[a373ad73a504971]::result::Result<(), alloc[2e1b2a31b91974c5]::string::String>, fn() -> core[a373ad73a504971]::result::Result<(), alloc[2e1b2a31b91974c5]::string::String>>
[INFO] [stdout]   19:     0x582b4ef901c5 - test[aada8e7e76ba119b]::run_test::{closure#0}
[INFO] [stdout]   20:     0x582b4ef89ab4 - std[617be2ca0a6fd877]::sys::backtrace::__rust_begin_short_backtrace::<test[aada8e7e76ba119b]::run_test::{closure#1}, ()>
[INFO] [stdout]   21:     0x582b4ef93252 - <std[617be2ca0a6fd877]::thread::lifecycle::spawn_unchecked<test[aada8e7e76ba119b]::run_test::{closure#1}, ()>::{closure#1} as core[a373ad73a504971]::ops::function::FnOnce<()>>::call_once::{shim:vtable#0}
[INFO] [stdout]   22:     0x582b4f6175bf - <std[617be2ca0a6fd877]::sys::thread::unix::Thread>::new::thread_start
[INFO] [stdout]   23:     0x712a36ea5dfa - <unknown>
[INFO] [stdout]   24:     0x712a36f393d4 - clone
[INFO] [stdout]   25:                0x0 - <unknown>
[INFO] [stdout] 
[INFO] [stdout] ---- select_tests::test_find_one stdout ----
[INFO] [stdout] 
[INFO] [stdout] thread 'select_tests::test_find_one' (5256) panicked at tests/common/mod.rs:107:9:
[INFO] [stdout] SPANNER_EMULATOR_HOST not set. Run: export SPANNER_EMULATOR_HOST=localhost:9010
[INFO] [stdout] stack backtrace:
[INFO] [stdout]    0:     0x582b4f618421 - <<std[617be2ca0a6fd877]::sys::backtrace::BacktraceLock>::print::DisplayBacktrace as core[a373ad73a504971]::fmt::Display>::fmt
[INFO] [stdout]    1:     0x582b4f631aaa - core[a373ad73a504971]::fmt::write
[INFO] [stdout]    2:     0x582b4f61d5dc - <alloc[2e1b2a31b91974c5]::vec::Vec<u8> as core[a373ad73a504971]::io::write::Write>::write_fmt
[INFO] [stdout]    3:     0x582b4f5f27a6 - std[617be2ca0a6fd877]::panicking::default_hook::{closure#0}
[INFO] [stdout]    4:     0x582b4f60f879 - std[617be2ca0a6fd877]::panicking::default_hook
[INFO] [stdout]    5:     0x582b4ef8fba0 - test[aada8e7e76ba119b]::test_main_inner::{closure#0}
[INFO] [stdout]    6:     0x582b4f60fba2 - std[617be2ca0a6fd877]::panicking::panic_with_hook
[INFO] [stdout]    7:     0x582b4f5f2884 - std[617be2ca0a6fd877]::panicking::panic_handler::{closure#0}
[INFO] [stdout]    8:     0x582b4f5eb259 - std[617be2ca0a6fd877]::sys::backtrace::__rust_end_short_backtrace::<std[617be2ca0a6fd877]::panicking::panic_handler::{closure#0}, !>
[INFO] [stdout]    9:     0x582b4f5f364d - __rustc[ea4f61d10b84890b]::rust_begin_unwind
[INFO] [stdout]   10:     0x582b4f63220c - core[a373ad73a504971]::panicking::panic_fmt
[INFO] [stdout]   11:     0x582b4eda2233 - activerecord_tests[4b8ed0ff5dc7e202]::common::setup_test_database::{closure#0}
[INFO] [stdout]   12:     0x582b4ed9206e - activerecord_tests[4b8ed0ff5dc7e202]::select_tests::test_find_one::{closure#0}::{closure#0}
[INFO] [stdout]   13:     0x582b4edaa365 - <tokio[cf35e7e9721334c6]::runtime::scheduler::current_thread::CurrentThread>::block_on::<core[a373ad73a504971]::pin::Pin<&mut dyn core[a373ad73a504971]::future::future::Future<Output = ()>>>
[INFO] [stdout]   14:     0x582b4ed65892 - <tokio[cf35e7e9721334c6]::runtime::runtime::Runtime>::block_on::<core[a373ad73a504971]::pin::Pin<&mut dyn core[a373ad73a504971]::future::future::Future<Output = ()>>>
[INFO] [stdout]   15:     0x582b4eda92da - <activerecord_tests[4b8ed0ff5dc7e202]::select_tests::test_find_one::{closure#0} as core[a373ad73a504971]::ops::function::FnOnce<()>>::call_once
[INFO] [stdout]   16:     0x582b4efc4447 - serial_test[b928aa2d80f163c8]::serial_code_lock::local_serial_core
[INFO] [stdout]   17:     0x582b4eda8b4d - <activerecord_tests[4b8ed0ff5dc7e202]::select_tests::test_find_one::{closure#0} as core[a373ad73a504971]::ops::function::FnOnce<()>>::call_once
[INFO] [stdout]   18:     0x582b4ef82feb - test[aada8e7e76ba119b]::__rust_begin_short_backtrace::<core[a373ad73a504971]::result::Result<(), alloc[2e1b2a31b91974c5]::string::String>, fn() -> core[a373ad73a504971]::result::Result<(), alloc[2e1b2a31b91974c5]::string::String>>
[INFO] [stdout]   19:     0x582b4ef901c5 - test[aada8e7e76ba119b]::run_test::{closure#0}
[INFO] [stdout]   20:     0x582b4ef89ab4 - std[617be2ca0a6fd877]::sys::backtrace::__rust_begin_short_backtrace::<test[aada8e7e76ba119b]::run_test::{closure#1}, ()>
[INFO] [stdout]   21:     0x582b4ef93252 - <std[617be2ca0a6fd877]::thread::lifecycle::spawn_unchecked<test[aada8e7e76ba119b]::run_test::{closure#1}, ()>::{closure#1} as core[a373ad73a504971]::ops::function::FnOnce<()>>::call_once::{shim:vtable#0}
[INFO] [stdout]   22:     0x582b4f6175bf - <std[617be2ca0a6fd877]::sys::thread::unix::Thread>::new::thread_start
[INFO] [stdout]   23:     0x712a36ea5dfa - <unknown>
[INFO] [stdout]   24:     0x712a36f393d4 - clone
[INFO] [stdout]   25:                0x0 - <unknown>
[INFO] [stdout] 
[INFO] [stdout] ---- select_tests::test_find_with_order_by stdout ----
[INFO] [stdout] 
[INFO] [stdout] thread 'select_tests::test_find_with_order_by' (5263) panicked at tests/common/mod.rs:107:9:
[INFO] [stdout] SPANNER_EMULATOR_HOST not set. Run: export SPANNER_EMULATOR_HOST=localhost:9010
[INFO] [stdout] stack backtrace:
[INFO] [stdout]    0:     0x582b4f618421 - <<std[617be2ca0a6fd877]::sys::backtrace::BacktraceLock>::print::DisplayBacktrace as core[a373ad73a504971]::fmt::Display>::fmt
[INFO] [stdout]    1:     0x582b4f631aaa - core[a373ad73a504971]::fmt::write
[INFO] [stdout]    2:     0x582b4f61d5dc - <alloc[2e1b2a31b91974c5]::vec::Vec<u8> as core[a373ad73a504971]::io::write::Write>::write_fmt
[INFO] [stdout]    3:     0x582b4f5f27a6 - std[617be2ca0a6fd877]::panicking::default_hook::{closure#0}
[INFO] [stdout]    4:     0x582b4f60f879 - std[617be2ca0a6fd877]::panicking::default_hook
[INFO] [stdout]    5:     0x582b4ef8fba0 - test[aada8e7e76ba119b]::test_main_inner::{closure#0}
[INFO] [stdout]    6:     0x582b4f60fba2 - std[617be2ca0a6fd877]::panicking::panic_with_hook
[INFO] [stdout]    7:     0x582b4f5f2884 - std[617be2ca0a6fd877]::panicking::panic_handler::{closure#0}
[INFO] [stdout]    8:     0x582b4f5eb259 - std[617be2ca0a6fd877]::sys::backtrace::__rust_end_short_backtrace::<std[617be2ca0a6fd877]::panicking::panic_handler::{closure#0}, !>
[INFO] [stdout]    9:     0x582b4f5f364d - __rustc[ea4f61d10b84890b]::rust_begin_unwind
[INFO] [stdout]   10:     0x582b4f63220c - core[a373ad73a504971]::panicking::panic_fmt
[INFO] [stdout]   11:     0x582b4eda2233 - activerecord_tests[4b8ed0ff5dc7e202]::common::setup_test_database::{closure#0}
[INFO] [stdout]   12:     0x582b4ed949ee - activerecord_tests[4b8ed0ff5dc7e202]::select_tests::test_find_with_order_by::{closure#0}::{closure#0}
[INFO] [stdout]   13:     0x582b4edaa365 - <tokio[cf35e7e9721334c6]::runtime::scheduler::current_thread::CurrentThread>::block_on::<core[a373ad73a504971]::pin::Pin<&mut dyn core[a373ad73a504971]::future::future::Future<Output = ()>>>
[INFO] [stdout]   14:     0x582b4ed65892 - <tokio[cf35e7e9721334c6]::runtime::runtime::Runtime>::block_on::<core[a373ad73a504971]::pin::Pin<&mut dyn core[a373ad73a504971]::future::future::Future<Output = ()>>>
[INFO] [stdout]   15:     0x582b4eda9dda - <activerecord_tests[4b8ed0ff5dc7e202]::select_tests::test_find_with_order_by::{closure#0} as core[a373ad73a504971]::ops::function::FnOnce<()>>::call_once
[INFO] [stdout]   16:     0x582b4efc4447 - serial_test[b928aa2d80f163c8]::serial_code_lock::local_serial_core
[INFO] [stdout]   17:     0x582b4eda8f4d - <activerecord_tests[4b8ed0ff5dc7e202]::select_tests::test_find_with_order_by::{closure#0} as core[a373ad73a504971]::ops::function::FnOnce<()>>::call_once
[INFO] [stdout]   18:     0x582b4ef82feb - test[aada8e7e76ba119b]::__rust_begin_short_backtrace::<core[a373ad73a504971]::result::Result<(), alloc[2e1b2a31b91974c5]::string::String>, fn() -> core[a373ad73a504971]::result::Result<(), alloc[2e1b2a31b91974c5]::string::String>>
[INFO] [stdout]   19:     0x582b4ef901c5 - test[aada8e7e76ba119b]::run_test::{closure#0}
[INFO] [stdout]   20:     0x582b4ef89ab4 - std[617be2ca0a6fd877]::sys::backtrace::__rust_begin_short_backtrace::<test[aada8e7e76ba119b]::run_test::{closure#1}, ()>
[INFO] [stdout]   21:     0x582b4ef93252 - <std[617be2ca0a6fd877]::thread::lifecycle::spawn_unchecked<test[aada8e7e76ba119b]::run_test::{closure#1}, ()>::{closure#1} as core[a373ad73a504971]::ops::function::FnOnce<()>>::call_once::{shim:vtable#0}
[INFO] [stdout]   22:     0x582b4f6175bf - <std[617be2ca0a6fd877]::sys::thread::unix::Thread>::new::thread_start
[INFO] [stdout]   23:     0x712a36ea5dfa - <unknown>
[INFO] [stdout]   24:     0x712a36f393d4 - clone
[INFO] [stdout]   25:                0x0 - <unknown>
[INFO] [stdout] 
[INFO] [stdout] ---- relation_tests::test_find_with_related stdout ----
[INFO] [stdout] 
[INFO] [stdout] thread 'relation_tests::test_find_with_related' (5252) panicked at tests/common/mod.rs:107:9:
[INFO] [stdout] SPANNER_EMULATOR_HOST not set. Run: export SPANNER_EMULATOR_HOST=localhost:9010
[INFO] [stdout] stack backtrace:
[INFO] [stdout]    0:     0x582b4f618421 - <<std[617be2ca0a6fd877]::sys::backtrace::BacktraceLock>::print::DisplayBacktrace as core[a373ad73a504971]::fmt::Display>::fmt
[INFO] [stdout]    1:     0x582b4f631aaa - core[a373ad73a504971]::fmt::write
[INFO] [stdout]    2:     0x582b4f61d5dc - <alloc[2e1b2a31b91974c5]::vec::Vec<u8> as core[a373ad73a504971]::io::write::Write>::write_fmt
[INFO] [stdout]    3:     0x582b4f5f27a6 - std[617be2ca0a6fd877]::panicking::default_hook::{closure#0}
[INFO] [stdout]    4:     0x582b4f60f879 - std[617be2ca0a6fd877]::panicking::default_hook
[INFO] [stdout]    5:     0x582b4ef8fba0 - test[aada8e7e76ba119b]::test_main_inner::{closure#0}
[INFO] [stdout]    6:     0x582b4f60fba2 - std[617be2ca0a6fd877]::panicking::panic_with_hook
[INFO] [stdout]    7:     0x582b4f5f2884 - std[617be2ca0a6fd877]::panicking::panic_handler::{closure#0}
[INFO] [stdout]    8:     0x582b4f5eb259 - std[617be2ca0a6fd877]::sys::backtrace::__rust_end_short_backtrace::<std[617be2ca0a6fd877]::panicking::panic_handler::{closure#0}, !>
[INFO] [stdout]    9:     0x582b4f5f364d - __rustc[ea4f61d10b84890b]::rust_begin_unwind
[INFO] [stdout]   10:     0x582b4f63220c - core[a373ad73a504971]::panicking::panic_fmt
[INFO] [stdout]   11:     0x582b4ee96b53 - activerecord_tests[4b8ed0ff5dc7e202]::common::setup_test_database::{closure#0}
[INFO] [stdout]   12:     0x582b4ee88b2e - activerecord_tests[4b8ed0ff5dc7e202]::relation_tests::test_find_with_related::{closure#0}::{closure#0}
[INFO] [stdout]   13:     0x582b4edaa365 - <tokio[cf35e7e9721334c6]::runtime::scheduler::current_thread::CurrentThread>::block_on::<core[a373ad73a504971]::pin::Pin<&mut dyn core[a373ad73a504971]::future::future::Future<Output = ()>>>
[INFO] [stdout]   14:     0x582b4ed65892 - <tokio[cf35e7e9721334c6]::runtime::runtime::Runtime>::block_on::<core[a373ad73a504971]::pin::Pin<&mut dyn core[a373ad73a504971]::future::future::Future<Output = ()>>>
[INFO] [stdout]   15:     0x582b4ee9d71a - <activerecord_tests[4b8ed0ff5dc7e202]::relation_tests::test_find_with_related::{closure#0} as core[a373ad73a504971]::ops::function::FnOnce<()>>::call_once
[INFO] [stdout]   16:     0x582b4efc4447 - serial_test[b928aa2d80f163c8]::serial_code_lock::local_serial_core
[INFO] [stdout]   17:     0x582b4ee9d4ed - <activerecord_tests[4b8ed0ff5dc7e202]::relation_tests::test_find_with_related::{closure#0} as core[a373ad73a504971]::ops::function::FnOnce<()>>::call_once
[INFO] [stdout]   18:     0x582b4ef82feb - test[aada8e7e76ba119b]::__rust_begin_short_backtrace::<core[a373ad73a504971]::result::Result<(), alloc[2e1b2a31b91974c5]::string::String>, fn() -> core[a373ad73a504971]::result::Result<(), alloc[2e1b2a31b91974c5]::string::String>>
[INFO] [stdout]   19:     0x582b4ef901c5 - test[aada8e7e76ba119b]::run_test::{closure#0}
[INFO] [stdout]   20:     0x582b4ef89ab4 - std[617be2ca0a6fd877]::sys::backtrace::__rust_begin_short_backtrace::<test[aada8e7e76ba119b]::run_test::{closure#1}, ()>
[INFO] [stdout]   21:     0x582b4ef93252 - <std[617be2ca0a6fd877]::thread::lifecycle::spawn_unchecked<test[aada8e7e76ba119b]::run_test::{closure#1}, ()>::{closure#1} as core[a373ad73a504971]::ops::function::FnOnce<()>>::call_once::{shim:vtable#0}
[INFO] [stdout]   22:     0x582b4f6175bf - <std[617be2ca0a6fd877]::sys::thread::unix::Thread>::new::thread_start
[INFO] [stdout]   23:     0x712a36ea5dfa - <unknown>
[INFO] [stdout]   24:     0x712a36f393d4 - clone
[INFO] [stdout]   25:                0x0 - <unknown>
[INFO] [stdout] 
[INFO] [stdout] 
[INFO] [stdout] failures:
[INFO] [stdout]     aggregate_tests::test_count_as_column
[INFO] [stdout]     aggregate_tests::test_count_with_group_by
[INFO] [stdout]     aggregate_tests::test_count_without_group_by
[INFO] [stdout]     complex_query_tests::test_complex_filter
[INFO] [stdout]     complex_query_tests::test_or_filter
[INFO] [stdout]     complex_query_tests::test_select_only
[INFO] [stdout]     delete_tests::test_delete_by_filter
[INFO] [stdout]     delete_tests::test_delete_single_entity
[INFO] [stdout]     insert_tests::test_insert_multiple_entities
[INFO] [stdout]     insert_tests::test_insert_single_entity
[INFO] [stdout]     insert_tests::test_insert_with_null_fields
[INFO] [stdout]     pagination_tests::test_paginator
[INFO] [stdout]     relation_tests::test_find_related
[INFO] [stdout]     relation_tests::test_find_with_related
[INFO] [stdout]     select_tests::test_count
[INFO] [stdout]     select_tests::test_find_all
[INFO] [stdout]     select_tests::test_find_by_id
[INFO] [stdout]     select_tests::test_find_one
[INFO] [stdout]     select_tests::test_find_with_contains
[INFO] [stdout]     select_tests::test_find_with_filter
[INFO] [stdout]     select_tests::test_find_with_in_list
[INFO] [stdout]     select_tests::test_find_with_is_null
[INFO] [stdout]     select_tests::test_find_with_limit
[INFO] [stdout]     select_tests::test_find_with_offset
[INFO] [stdout]     select_tests::test_find_with_order_by
[INFO] [stdout]     update_tests::test_update_multiple_fields
[INFO] [stdout]     update_tests::test_update_single_field
[INFO] [stdout]     update_tests::test_update_to_null
[INFO] [stdout] 
[INFO] [stdout] test result: FAILED. 0 passed; 28 failed; 0 ignored; 0 measured; 0 filtered out; finished in 1.01s
[INFO] [stdout] 
[INFO] running `Command { std: "docker" "inspect" "b68073e1b4d47a30f9f3ac7b99a8e2174b4b8cc6be0c34a3802cf342dba8cfdd", kill_on_drop: false }`
[INFO] running `Command { std: "docker" "rm" "-f" "b68073e1b4d47a30f9f3ac7b99a8e2174b4b8cc6be0c34a3802cf342dba8cfdd", kill_on_drop: false }`
[INFO] [stdout] b68073e1b4d47a30f9f3ac7b99a8e2174b4b8cc6be0c34a3802cf342dba8cfdd
