[INFO] fetching crate sea-orm-rocket 0.6.0...
[INFO] testing sea-orm-rocket-0.6.0 against 1.100.0-beta.1+cargoflags=--release for beta-release-1.100-2
[INFO] extracting crate sea-orm-rocket 0.6.0 into /workspace/builds/worker-7-tc2/source
[INFO] started tweaking crates.io crate sea-orm-rocket 0.6.0
[INFO] finished tweaking crates.io crate sea-orm-rocket 0.6.0
[INFO] tweaked toml for crates.io crate sea-orm-rocket 0.6.0 written to /workspace/builds/worker-7-tc2/source/Cargo.toml
[INFO] validating manifest of crates.io crate sea-orm-rocket 0.6.0 on toolchain 1.100.0-beta.1
[INFO] running `Command { std: CARGO_HOME="/workspace/cargo-home" RUSTUP_HOME="/workspace/rustup-home" "/workspace/cargo-home/bin/cargo" "+1.100.0-beta.1" "metadata" "--manifest-path" "Cargo.toml" "--no-deps", kill_on_drop: false }`
[INFO] crate crates.io crate sea-orm-rocket 0.6.0 already has a lockfile, it will not be regenerated
[INFO] running `Command { std: CARGO_HOME="/workspace/cargo-home" RUSTUP_HOME="/workspace/rustup-home" "/workspace/cargo-home/bin/cargo" "+1.100.0-beta.1" "fetch" "--manifest-path" "Cargo.toml", kill_on_drop: false }`
[INFO] running `Command { std: "docker" "create" "-v" "/var/lib/crater-agent-workspace/builds/worker-7-tc2/source:/opt/rustwide/workdir:ro,Z" "-v" "/var/lib/crater-agent-workspace/builds/worker-7-tc2/target:/opt/rustwide/target:rw,Z" "-v" "/var/lib/crater-agent-workspace/cargo-home:/opt/rustwide/cargo-home:ro,Z" "-v" "/var/lib/crater-agent-workspace/rustup-home:/opt/rustwide/rustup-home:ro,Z" "-m" "1610612736" "--network" "none" "ghcr.io/rust-lang/crates-build-env/linux@sha256:77db811e55d90add9212f6832c23229e3de5f1c1f9905e8cb07319ea15df73ac" "sleep" "infinity", kill_on_drop: false }`
[INFO] [stdout] 84068a48b54444a93514a699717d9e87a4f93ccc08b4b155b11847e01c34aaaf
[INFO] running `Command { std: "docker" "start" "84068a48b54444a93514a699717d9e87a4f93ccc08b4b155b11847e01c34aaaf", kill_on_drop: false }`
[INFO] running `Command { std: "docker" "inspect" "84068a48b54444a93514a699717d9e87a4f93ccc08b4b155b11847e01c34aaaf", kill_on_drop: false }`
[INFO] running `Command { std: "docker" "exec" "-e" "SOURCE_DIR=/opt/rustwide/workdir" "-e" "CARGO_HOME=/opt/rustwide/cargo-home" "-e" "RUSTUP_HOME=/opt/rustwide/rustup-home" "-e" "CARGO_TARGET_DIR=/opt/rustwide/target" "-w" "/opt/rustwide/workdir" "--user" "0:0" "84068a48b54444a93514a699717d9e87a4f93ccc08b4b155b11847e01c34aaaf" "/opt/rustwide/cargo-home/bin/cargo" "+1.100.0-beta.1" "metadata" "--no-deps" "--format-version=1", kill_on_drop: false }`
[INFO] running `Command { std: "docker" "inspect" "84068a48b54444a93514a699717d9e87a4f93ccc08b4b155b11847e01c34aaaf", kill_on_drop: false }`
[INFO] running `Command { std: "docker" "exec" "-e" "SOURCE_DIR=/opt/rustwide/workdir" "-e" "CARGO_HOME=/opt/rustwide/cargo-home" "-e" "RUSTUP_HOME=/opt/rustwide/rustup-home" "-e" "CARGO_TARGET_DIR=/opt/rustwide/target" "-e" "CARGO_INCREMENTAL=0" "-e" "RUST_BACKTRACE=full" "-e" "RUSTFLAGS=--cap-lints=warn" "-e" "RUSTDOCFLAGS=--cap-lints=warn" "-w" "/opt/rustwide/workdir" "--user" "0:0" "84068a48b54444a93514a699717d9e87a4f93ccc08b4b155b11847e01c34aaaf" "/opt/rustwide/cargo-home/bin/cargo" "+1.100.0-beta.1" "build" "--frozen" "--message-format=json" "--release", kill_on_drop: false }`
[INFO] [stderr]    Compiling libc v0.2.176
[INFO] [stderr]    Compiling cfg-if v1.0.3
[INFO] [stderr]    Compiling itoa v1.0.15
[INFO] [stderr]    Compiling serde_core v1.0.228
[INFO] [stderr]    Compiling futures-sink v0.3.31
[INFO] [stderr]    Compiling futures-core v0.3.31
[INFO] [stderr]    Compiling bytes v1.10.1
[INFO] [stderr]    Compiling bitflags v2.9.4
[INFO] [stderr]    Compiling hashbrown v0.16.0
[INFO] [stderr]    Compiling futures-io v0.3.31
[INFO] [stderr]    Compiling syn v2.0.106
[INFO] [stderr]    Compiling slab v0.4.11
[INFO] [stderr]    Compiling futures-task v0.3.31
[INFO] [stderr]    Compiling deranged v0.5.4
[INFO] [stderr]    Compiling tracing-core v0.1.34
[INFO] [stderr]    Compiling serde v1.0.228
[INFO] [stderr]    Compiling http v0.2.12
[INFO] [stderr]    Compiling futures-channel v0.3.31
[INFO] [stderr]    Compiling uncased v0.9.10
[INFO] [stderr]    Compiling getrandom v0.3.3
[INFO] [stderr]    Compiling rustix v1.1.2
[INFO] [stderr]    Compiling winnow v0.7.13
[INFO] [stderr]    Compiling log v0.4.28
[INFO] [stderr]    Compiling futures-util v0.3.31
[INFO] [stderr]    Compiling serde_json v1.0.145
[INFO] [stderr]    Compiling http v1.3.1
[INFO] [stderr]    Compiling encoding_rs v0.8.35
[INFO] [stderr]    Compiling rocket v0.5.1
[INFO] [stderr]    Compiling spin v0.9.8
[INFO] [stderr]    Compiling indexmap v2.11.4
[INFO] [stderr]    Compiling either v1.15.0
[INFO] [stderr]    Compiling http-body v0.4.6
[INFO] [stderr]    Compiling socket2 v0.6.0
[INFO] [stderr]    Compiling is-terminal v0.4.16
[INFO] [stderr]    Compiling yansi v1.0.1
[INFO] [stderr]    Compiling mio v1.0.4
[INFO] [stderr]    Compiling signal-hook-registry v1.4.6
[INFO] [stderr]    Compiling time v0.3.44
[INFO] [stderr]    Compiling socket2 v0.5.10
[INFO] [stderr]    Compiling getrandom v0.2.16
[INFO] [stderr]    Compiling rand_core v0.6.4
[INFO] [stderr]    Compiling rand_chacha v0.3.1
[INFO] [stderr]    Compiling parking_lot_core v0.9.12
[INFO] [stderr]    Compiling ryu v1.0.20
[INFO] [stderr]    Compiling tempfile v3.23.0
[INFO] [stderr]    Compiling rand v0.8.5
[INFO] [stderr]    Compiling parking_lot v0.12.5
[INFO] [stderr]    Compiling num_cpus v1.17.0
[INFO] [stderr]    Compiling cookie v0.18.1
[INFO] [stderr]    Compiling futures v0.3.31
[INFO] [stderr]    Compiling proc-macro2-diagnostics v0.10.1
[INFO] [stderr]    Compiling devise_core v0.4.2
[INFO] [stderr]    Compiling serde_derive v1.0.228
[INFO] [stderr]    Compiling tokio-macros v2.5.0
[INFO] [stderr]    Compiling tracing-attributes v0.1.30
[INFO] [stderr]    Compiling pear_codegen v0.2.9
[INFO] [stderr]    Compiling ref-cast-impl v1.0.25
[INFO] [stderr]    Compiling async-stream-impl v0.3.6
[INFO] [stderr]    Compiling async-trait v0.1.89
[INFO] [stderr]    Compiling ref-cast v1.0.25
[INFO] [stderr]    Compiling async-stream v0.3.6
[INFO] [stderr]    Compiling devise_codegen v0.4.2
[INFO] [stderr]    Compiling tokio v1.47.1
[INFO] [stderr]    Compiling pear v0.2.9
[INFO] [stderr]    Compiling devise v0.4.2
[INFO] [stderr]    Compiling sea-orm-rocket-codegen v0.6.0
[INFO] [stderr]    Compiling tracing v0.1.41
[INFO] [stderr]    Compiling serde_spanned v0.6.9
[INFO] [stderr]    Compiling toml_datetime v0.6.11
[INFO] [stderr]    Compiling ubyte v0.10.4
[INFO] [stderr]    Compiling toml_edit v0.22.27
[INFO] [stderr]    Compiling hyper v0.14.32
[INFO] [stderr]    Compiling tokio-util v0.7.16
[INFO] [stderr]    Compiling tokio-stream v0.1.17
[INFO] [stderr]    Compiling toml v0.8.23
[INFO] [stderr]    Compiling multer v3.1.0
[INFO] [stderr]    Compiling figment v0.10.19
[INFO] [stderr]    Compiling rocket_http v0.5.1
[INFO] [stderr]    Compiling rocket_codegen v0.5.1
[INFO] [stderr]    Compiling sea-orm-rocket v0.6.0 (/opt/rustwide/workdir)
[INFO] [stderr]     Finished `release` profile [optimized] target(s) in 1m 27s
[INFO] running `Command { std: "docker" "inspect" "84068a48b54444a93514a699717d9e87a4f93ccc08b4b155b11847e01c34aaaf", kill_on_drop: false }`
[INFO] running `Command { std: "docker" "exec" "-e" "SOURCE_DIR=/opt/rustwide/workdir" "-e" "CARGO_HOME=/opt/rustwide/cargo-home" "-e" "RUSTUP_HOME=/opt/rustwide/rustup-home" "-e" "CARGO_TARGET_DIR=/opt/rustwide/target" "-e" "CARGO_INCREMENTAL=0" "-e" "RUST_BACKTRACE=full" "-e" "RUSTFLAGS=--cap-lints=warn" "-e" "RUSTDOCFLAGS=--cap-lints=warn" "-w" "/opt/rustwide/workdir" "--user" "0:0" "84068a48b54444a93514a699717d9e87a4f93ccc08b4b155b11847e01c34aaaf" "/opt/rustwide/cargo-home/bin/cargo" "+1.100.0-beta.1" "test" "--frozen" "--no-run" "--message-format=json" "--release", kill_on_drop: false }`
[INFO] [stderr]    Compiling sea-orm-rocket v0.6.0 (/opt/rustwide/workdir)
[INFO] [stderr]     Finished `release` profile [optimized] target(s) in 0.66s
[INFO] running `Command { std: "docker" "inspect" "84068a48b54444a93514a699717d9e87a4f93ccc08b4b155b11847e01c34aaaf", kill_on_drop: false }`
[INFO] running `Command { std: "docker" "exec" "-e" "SOURCE_DIR=/opt/rustwide/workdir" "-e" "CARGO_HOME=/opt/rustwide/cargo-home" "-e" "RUSTUP_HOME=/opt/rustwide/rustup-home" "-e" "CARGO_TARGET_DIR=/opt/rustwide/target" "-e" "CARGO_INCREMENTAL=0" "-e" "RUST_BACKTRACE=full" "-e" "RUSTFLAGS=--cap-lints=warn" "-e" "RUSTDOCFLAGS=--cap-lints=warn" "-w" "/opt/rustwide/workdir" "--user" "0:0" "84068a48b54444a93514a699717d9e87a4f93ccc08b4b155b11847e01c34aaaf" "/opt/rustwide/cargo-home/bin/cargo" "+1.100.0-beta.1" "test" "--frozen" "--release", kill_on_drop: false }`
[INFO] [stderr]     Finished `release` profile [optimized] target(s) in 0.15s
[INFO] [stderr]      Running unittests src/lib.rs (/opt/rustwide/target/release/build/sea-orm-rocket/e21c4b1ea0fabcf5/out/sea_orm_rocket-e21c4b1ea0fabcf5)
[INFO] [stderr]    Doc-tests sea_orm_rocket
[INFO] [stdout] 
[INFO] [stdout] running 0 tests
[INFO] [stdout] 
[INFO] [stdout] test result: ok. 0 passed; 0 failed; 0 ignored; 0 measured; 0 filtered out; finished in 0.00s
[INFO] [stdout] 
[INFO] [stdout] 
[INFO] [stdout] running 5 tests
[INFO] [stdout] test src/database.rs - database::Database (line 25) ... ignored
[INFO] [stdout] test src/pool.rs - pool::Pool (line 15) ... ok
[INFO] [stdout] test src/database.rs - database::Database::init (line 59) ... FAILED
[INFO] [stdout] test src/database.rs - database::Database::fetch (line 98) ... FAILED
[INFO] [stdout] test src/config.rs - config::Config (line 28) ... ok
[INFO] [stdout] 
[INFO] [stdout] failures:
[INFO] [stdout] 
[INFO] [stdout] ---- src/database.rs - database::Database::init (line 59) stdout ----
[INFO] [stdout] error[E0433]: cannot find module or crate `rocket_db_pools` in this scope
[INFO] [stdout]   --> src/database.rs:68:11
[INFO] [stdout]    |
[INFO] [stdout] 68 | struct Db(SeaOrmPool);
[INFO] [stdout]    |           ^^^^^^^^^^ use of unresolved module or unlinked crate `rocket_db_pools`
[INFO] [stdout]    |
[INFO] [stdout]    = help: if you wanted to use a crate named `rocket_db_pools`, use `cargo add rocket_db_pools` to add it to your `Cargo.toml`
[INFO] [stdout] 
[INFO] [stdout] error[E0433]: cannot find module or crate `rocket_db_pools` in this scope
[INFO] [stdout]   --> src/database.rs:68:8
[INFO] [stdout]    |
[INFO] [stdout] 68 | struct Db(SeaOrmPool);
[INFO] [stdout]    |        ^^ use of unresolved module or unlinked crate `rocket_db_pools`
[INFO] [stdout]    |
[INFO] [stdout]    = help: if you wanted to use a crate named `rocket_db_pools`, use `cargo add rocket_db_pools` to add it to your `Cargo.toml`
[INFO] [stdout] 
[INFO] [stdout] error[E0433]: cannot find module or crate `rocket_db_pools` in this scope
[INFO] [stdout]   --> src/database.rs:66:10
[INFO] [stdout]    |
[INFO] [stdout] 66 | #[derive(Database)]
[INFO] [stdout]    |          ^^^^^^^^ use of unresolved module or unlinked crate `rocket_db_pools`
[INFO] [stdout]    |
[INFO] [stdout]    = help: if you wanted to use a crate named `rocket_db_pools`, use `cargo add rocket_db_pools` to add it to your `Cargo.toml`
[INFO] [stdout]    = note: this error originates in the derive macro `Database` (in Nightly builds, run with -Z macro-backtrace for more info)
[INFO] [stdout] 
[INFO] [stdout] error: aborting due to 3 previous errors
[INFO] [stdout] 
[INFO] [stdout] For more information about this error, try `rustc --explain E0433`.
[INFO] [stdout] Couldn't compile the test.
[INFO] [stdout] ---- src/database.rs - database::Database::fetch (line 98) stdout ----
[INFO] [stdout] error[E0433]: cannot find module or crate `rocket_db_pools` in this scope
[INFO] [stdout]    --> src/database.rs:110:11
[INFO] [stdout]     |
[INFO] [stdout] 110 | struct Db(SeaOrmPool);
[INFO] [stdout]     |           ^^^^^^^^^^ use of unresolved module or unlinked crate `rocket_db_pools`
[INFO] [stdout]     |
[INFO] [stdout]     = help: if you wanted to use a crate named `rocket_db_pools`, use `cargo add rocket_db_pools` to add it to your `Cargo.toml`
[INFO] [stdout] 
[INFO] [stdout] error[E0433]: cannot find module or crate `rocket_db_pools` in this scope
[INFO] [stdout]    --> src/database.rs:110:8
[INFO] [stdout]     |
[INFO] [stdout] 110 | struct Db(SeaOrmPool);
[INFO] [stdout]     |        ^^ use of unresolved module or unlinked crate `rocket_db_pools`
[INFO] [stdout]     |
[INFO] [stdout]     = help: if you wanted to use a crate named `rocket_db_pools`, use `cargo add rocket_db_pools` to add it to your `Cargo.toml`
[INFO] [stdout] 
[INFO] [stdout] error[E0433]: cannot find module or crate `rocket_db_pools` in this scope
[INFO] [stdout]    --> src/database.rs:108:10
[INFO] [stdout]     |
[INFO] [stdout] 108 | #[derive(Database)]
[INFO] [stdout]     |          ^^^^^^^^ use of unresolved module or unlinked crate `rocket_db_pools`
[INFO] [stdout]     |
[INFO] [stdout]     = help: if you wanted to use a crate named `rocket_db_pools`, use `cargo add rocket_db_pools` to add it to your `Cargo.toml`
[INFO] [stdout]     = note: this error originates in the derive macro `Database` (in Nightly builds, run with -Z macro-backtrace for more info)
[INFO] [stdout] 
[INFO] [stdout] error: aborting due to 3 previous errors
[INFO] [stdout] 
[INFO] [stdout] For more information about this error, try `rustc --explain E0433`.
[INFO] [stdout] Couldn't compile the test.
[INFO] [stdout] 
[INFO] [stdout] failures:
[INFO] [stdout]     src/database.rs - database::Database::fetch (line 98)
[INFO] [stdout]     src/database.rs - database::Database::init (line 59)
[INFO] [stdout] 
[INFO] [stdout] test result: FAILED. 2 passed; 2 failed; 1 ignored; 0 measured; 0 filtered out; finished in 0.26s
[INFO] [stdout] 
[INFO] [stderr] error: doctest failed, to rerun pass `--doc`
[INFO] running `Command { std: "docker" "inspect" "84068a48b54444a93514a699717d9e87a4f93ccc08b4b155b11847e01c34aaaf", kill_on_drop: false }`
[INFO] running `Command { std: "docker" "rm" "-f" "84068a48b54444a93514a699717d9e87a4f93ccc08b4b155b11847e01c34aaaf", kill_on_drop: false }`
[INFO] [stdout] 84068a48b54444a93514a699717d9e87a4f93ccc08b4b155b11847e01c34aaaf
